{"text_format":"1","workbook":"xlsx","n_sheets":8,"sheets":["ENTRETIEN...","Formulaire","Codes postaux par région et dép","Liste client","Liste","Feuil1","Feuil2","Feuil3"],"not_rendered":{"charts":0,"images":3,"macros":1,"external_links":0,"defined_names":6,"comments":0,"pivot_tables":0},"unopened":[],"bounds":{"document_bytes":16777216,"sheet_cells":100000,"rows_first":2000,"rows_last":500,"rows_between":2000,"halvings":0,"cell_chars":16384,"cell_head_chars":4096},"cells_cut":0,"cells_raw":0,"read":"whole","date_system":"1900"}

{"sheet":"ENTRETIEN...","index":0,"n_rows":16,"n_cols":15,"rows_kept":16,"cut":false,"hidden":false,"merged":[]}
["SUIVIS ENTRETIEN CLIENT",null,"NOTE","NOTE2","NOTE3","NOM PRENOM","NOTE5","NOTES","ADRESSE","CODE POSTAL","VILLES","TELEPHONE 1 ","TELEPHONE 2","NOTE4","NOTE6"]
[null,null,null,null,null,"n p",null,null,"adr","cp","vil","t1","t2"]
["DATE DU JOUR",null,null,null,null,"n pp",null,null,"adr","cp","vil","t1","t2"]
[{"$f":"TODAY()","v":"2023-12-22"},null,null,null,null,"n pppppp",null,null,"adr","cp","vil","t1","t2"]
[null,null,null,null,null,"n ppp",null,null,"adr","cp","vil","t1","t2"]
[]
[]
[]
[]
[]
[]
[]
[]
[]
[]
[null,null,null,null,"                        "]

{"sheet":"Formulaire","index":1,"n_rows":38,"n_cols":6,"rows_kept":38,"cut":false,"hidden":false,"merged":[[1,1,1,6]]}
[]
[null,"FORMULAIRE : AJOUT CLIENT"]
[]
[null,null,null,"CLIENT                                   PROSPECT ",null,"PARTICULIER                           PROFESSIONNEL "]
[]
[null,null,null,null,null,"Particulier"]
[]
[null,null,null,"RAISON SOCIALE"]
[]
[null,null,null,"N° SIRET"]
[]
[null,null,null,"PRENOM"]
[]
[null,null,null,"NOM"]
[]
[null,null,null,"TELEPHONE 1"]
[]
[null,null,null,"TELEPHONE 2"]
[]
[null,null,null,"E-MAIL"]
[]
[null,null,null,"ADRESSE"]
[]
[null,null,null,"CODE POSTAL "]
[]
[null,null,null,"VILLE "]
[]
[null,null,null,"DEPUIS LE"]
[]
[null,null,null,"NOTE"]
[]
[null,null,null,"NOTE"]
[]
[null,null,null,"ENTRETIEN"]
[]
[null,null,null,"NOTE"]
[]
[null,null,null,null,null,"AJOUTER"]

{"sheet":"Codes postaux par région et dép","index":2,"n_rows":2867,"n_cols":11,"rows_kept":2867,"cut":false,"hidden":true,"merged":[]}
["Code postal","Commune","Ancienne commune","Département","Nom département","Région",null,"Num ligne ","CP ok ","Num ligne CP ok "]
[11000,"CARCASSONNE","GREZES HERMINIS",11,"Aude","Occitanie",null,{"$f":"ROWS($A$2:A2)","v":1},{"$f":"IF(Formulaire!$F$24='Codes postaux par région et dép'!A2,H2,\"\")","v":""},{"$f":"IFERROR(SMALL($I:$I,H2),\"\")","v":""},{"$f":"IFERROR(INDEX($B$2:$B$2867,J2),\"\")","v":""}]
[11000,"CARCASSONNE","MONTREDON",11,"Aude","Occitanie",null,{"$f":"ROWS($A$2:A3)","v":2},{"$f":"IF(Formulaire!$F$24='Codes postaux par région et dép'!A3,H3,\"\")","v":""},"",""]
[11000,"BERRIAC",null,11,"Aude","Occitanie",null,{"$f":"ROWS($A$2:A4)","v":3},{"$f":"IF(Formulaire!$F$24='Codes postaux par région et dép'!A4,H4,\"\")","v":""},"",""]
[11000,"CARCASSONNE","VILLALBE",11,"Aude","Occitanie",null,{"$f":"ROWS($A$2:A5)","v":4},{"$f":"IF(Formulaire!$F$24='Codes postaux par région et dép'!A5,H5,\"\")","v":""},"",""]
[11000,"CARCASSONNE","MAQUENS",11,"Aude","Occitanie",null,{"$f":"ROWS($A$2:A6)","v":5},{"$f":"IF(Formulaire!$F$24='Codes postaux par région et dép'!A6,H6,\"\")","v":""},"",""]
[11000,"CARCASSONNE","MONTLEGUN",11,"Aude","Occitanie",null,{"$f":"ROWS($A$2:A7)","v":6},{"$f":"IF(Formulaire!$F$24='Codes postaux par région et dép'!A7,H7,\"\")","v":""},"",""]
[11000,"CARCASSONNE",null,11,"Aude","Occitanie",null,{"$f":"ROWS($A$2:A8)","v":7},{"$f":"IF(Formulaire!$F$24='Codes postaux par région et dép'!A8,H8,\"\")","v":""},"",""]
[11100,"BAGES",null,11,"Aude","Occitanie",null,{"$f":"ROWS($A$2:A9)","v":8},{"$f":"IF(Formulaire!$F$24='Codes postaux par région et dép'!A9,H9,\"\")","v":""},"",""]
[11100,"NARBONNE","NARBONNE PLAGE",11,"Aude","Occitanie",null,{"$f":"ROWS($A$2:A10)","v":9},{"$f":"IF(Formulaire!$F$24='Codes postaux par région et dép'!A10,H10,\"\")","v":""},"",""]
[11100,"MONTREDON DES CORBIERES",null,11,"Aude","Occitanie",null,{"$f":"ROWS($A$2:A11)","v":10},{"$f":"IF(Formulaire!$F$24='Codes postaux par région et dép'!A11,H11,\"\")","v":""},"",""]
[11100,"NARBONNE",null,11,"Aude","Occitanie",null,{"$f":"ROWS($A$2:A12)","v":11},{"$f":"IF(Formulaire!$F$24='Codes postaux par région et dép'!A12,H12,\"\")","v":""},"",""]
[11110,"VINASSAN",null,11,"Aude","Occitanie",null,{"$f":"ROWS($A$2:A13)","v":12},{"$f":"IF(Formulaire!$F$24='Codes postaux par région et dép'!A13,H13,\"\")","v":""},"",""]
[11110,"ARMISSAN",null,11,"Aude","Occitanie",null,{"$f":"ROWS($A$2:A14)","v":13},{"$f":"IF(Formulaire!$F$24='Codes postaux par région et dép'!A14,H14,\"\")","v":""},"",""]
[11110,"COURSAN",null,11,"Aude","Occitanie",null,{"$f":"ROWS($A$2:A15)","v":14},{"$f":"IF(Formulaire!$F$24='Codes postaux par région et dép'!A15,H15,\"\")","v":""},"",""]
[11110,"SALLES D AUDE",null,11,"Aude","Occitanie",null,{"$f":"ROWS($A$2:A16)","v":15},{"$f":"IF(Formulaire!$F$24='Codes postaux par région et dép'!A16,H16,\"\")","v":""},"",""]
[11120,"BIZE MINERVOIS",null,11,"Aude","Occitanie",null,{"$f":"ROWS($A$2:A17)","v":16},{"$f":"IF(Formulaire!$F$24='Codes postaux par région et dép'!A17,H17,\"\")","v":""},"",""]
[11120,"GINESTAS",null,11,"Aude","Occitanie",null,{"$f":"ROWS($A$2:A18)","v":17},{"$f":"IF(Formulaire!$F$24='Codes postaux par région et dép'!A18,H18,\"\")","v":""},"",""]
[11120,"MOUSSAN",null,11,"Aude","Occitanie",null,{"$f":"ROWS($A$2:A19)","v":18},{"$f":"IF(Formulaire!$F$24='Codes postaux par région et dép'!A19,H19,\"\")","v":""},"",""]
[11120,"POUZOLS MINERVOIS",null,11,"Aude","Occitanie",null,{"$f":"ROWS($A$2:A20)","v":19},{"$f":"IF(Formulaire!$F$24='Codes postaux par région et dép'!A20,H20,\"\")","v":""},"",""]
[11120,"STE VALIERE",null,11,"Aude","Occitanie",null,{"$f":"ROWS($A$2:A21)","v":20},{"$f":"IF(Formulaire!$F$24='Codes postaux par région et dép'!A21,H21,\"\")","v":""},"",""]
[11120,"VENTENAC EN MINERVOIS",null,11,"Aude","Occitanie",null,{"$f":"ROWS($A$2:A22)","v":21},{"$f":"IF(Formulaire!$F$24='Codes postaux par région et dép'!A22,H22,\"\")","v":""},"",""]
[11120,"ARGELIERS",null,11,"Aude","Occitanie",null,{"$f":"ROWS($A$2:A23)","v":22},{"$f":"IF(Formulaire!$F$24='Codes postaux par région et dép'!A23,H23,\"\")","v":""},"",""]
[11120,"MARCORIGNAN",null,11,"Aude","Occitanie",null,{"$f":"ROWS($A$2:A24)","v":23},{"$f":"IF(Formulaire!$F$24='Codes postaux par région et dép'!A24,H24,\"\")","v":""},"",""]
[11120,"ST NAZAIRE D AUDE",null,11,"Aude","Occitanie",null,{"$f":"ROWS($A$2:A25)","v":24},{"$f":"IF(Formulaire!$F$24='Codes postaux par région et dép'!A25,H25,\"\")","v":""},"",""]
[11120,"MAILHAC",null,11,"Aude","Occitanie",null,{"$f":"ROWS($A$2:A26)","v":25},{"$f":"IF(Formulaire!$F$24='Codes postaux par région et dép'!A26,H26,\"\")","v":""},"",""]
[11120,"MIREPEISSET",null,11,"Aude","Occitanie",null,{"$f":"ROWS($A$2:A27)","v":26},{"$f":"IF(Formulaire!$F$24='Codes postaux par région et dép'!A27,H27,\"\")","v":""},"",""]
[11120,"ST MARCEL SUR AUDE",null,11,"Aude","Occitanie",null,{"$f":"ROWS($A$2:A28)","v":27},{"$f":"IF(Formulaire!$F$24='Codes postaux par région et dép'!A28,H28,\"\")","v":""},"",""]
[11130,"SIGEAN",null,11,"Aude","Occitanie",null,{"$f":"ROWS($A$2:A29)","v":28},{"$f":"IF(Formulaire!$F$24='Codes postaux par région et dép'!A29,H29,\"\")","v":""},"",""]
[11140,"AXAT",null,11,"Aude","Occitanie",null,{"$f":"ROWS($A$2:A30)","v":29},{"$f":"IF(Formulaire!$F$24='Codes postaux par région et dép'!A30,H30,\"\")","v":""},"",""]
[11140,"BESSEDE DE SAULT",null,11,"Aude","Occitanie",null,{"$f":"ROWS($A$2:A31)","v":30},{"$f":"IF(Formulaire!$F$24='Codes postaux par région et dép'!A31,H31,\"\")","v":""},"",""]
[11140,"CAMPAGNA DE SAULT",null,11,"Aude","Occitanie",null,{"$f":"ROWS($A$2:A32)","v":31},{"$f":"IF(Formulaire!$F$24='Codes postaux par région et dép'!A32,H32,\"\")","v":""},"",""]
[11140,"ESCOULOUBRE",null,11,"Aude","Occitanie",null,{"$f":"ROWS($A$2:A33)","v":32},{"$f":"IF(Formulaire!$F$24='Codes postaux par région et dép'!A33,H33,\"\")","v":""},"",""]
[11140,"GALINAGUES",null,11,"Aude","Occitanie",null,{"$f":"ROWS($A$2:A34)","v":33},{"$f":"IF(Formulaire!$F$24='Codes postaux par région et dép'!A34,H34,\"\")","v":""},"",""]
[11140,"JOUCOU",null,11,"Aude","Occitanie",null,{"$f":"ROWS($A$2:A35)","v":34},{"$f":"IF(Formulaire!$F$24='Codes postaux par région et dép'!A35,H35,\"\")","v":""},"",""]
[11140,"MERIAL",null,11,"Aude","Occitanie",null,{"$f":"ROWS($A$2:A36)","v":35},{"$f":"IF(Formulaire!$F$24='Codes postaux par région et dép'!A36,H36,\"\")","v":""},"",""]
[11140,"AUNAT",null,11,"Aude","Occitanie",null,{"$f":"ROWS($A$2:A37)","v":36},{"$f":"IF(Formulaire!$F$24='Codes postaux par région et dép'!A37,H37,\"\")","v":""},"",""]
[11140,"BELFORT SUR REBENTY",null,11,"Aude","Occitanie",null,{"$f":"ROWS($A$2:A38)","v":37},{"$f":"IF(Formulaire!$F$24='Codes postaux par région et dép'!A38,H38,\"\")","v":""},"",""]
[11140,"LE BOUSQUET",null,11,"Aude","Occitanie",null,{"$f":"ROWS($A$2:A39)","v":38},{"$f":"IF(Formulaire!$F$24='Codes postaux par région et dép'!A39,H39,\"\")","v":""},"",""]
[11140,"LE CLAT",null,11,"Aude","Occitanie",null,{"$f":"ROWS($A$2:A40)","v":39},{"$f":"IF(Formulaire!$F$24='Codes postaux par région et dép'!A40,H40,\"\")","v":""},"",""]
[11140,"FONTANES DE SAULT",null,11,"Aude","Occitanie",null,{"$f":"ROWS($A$2:A41)","v":40},{"$f":"IF(Formulaire!$F$24='Codes postaux par région et dép'!A41,H41,\"\")","v":""},"",""]
[11140,"MARSA",null,11,"Aude","Occitanie",null,{"$f":"ROWS($A$2:A42)","v":41},{"$f":"IF(Formulaire!$F$24='Codes postaux par région et dép'!A42,H42,\"\")","v":""},"",""]
[11140,"NIORT DE SAULT",null,11,"Aude","Occitanie",null,{"$f":"ROWS($A$2:A43)","v":42},{"$f":"IF(Formulaire!$F$24='Codes postaux par région et dép'!A43,H43,\"\")","v":""},"",""]
[11140,"PUILAURENS",null,11,"Aude","Occitanie",null,{"$f":"ROWS($A$2:A44)","v":43},{"$f":"IF(Formulaire!$F$24='Codes postaux par région et dép'!A44,H44,\"\")","v":""},"",""]
[11140,"CAILLA",null,11,"Aude","Occitanie",null,{"$f":"ROWS($A$2:A45)","v":44},{"$f":"IF(Formulaire!$F$24='Codes postaux par région et dép'!A45,H45,\"\")","v":""},"",""]
[11140,"MAZUBY",null,11,"Aude","Occitanie",null,{"$f":"ROWS($A$2:A46)","v":45},{"$f":"IF(Formulaire!$F$24='Codes postaux par région et dép'!A46,H46,\"\")","v":""},"",""]
[11140,"PUILAURENS","LAPRADELLE",11,"Aude","Occitanie",null,{"$f":"ROWS($A$2:A47)","v":46},{"$f":"IF(Formulaire!$F$24='Codes postaux par région et dép'!A47,H47,\"\")","v":""},"",""]
[11140,"RODOME",null,11,"Aude","Occitanie",null,{"$f":"ROWS($A$2:A48)","v":47},{"$f":"IF(Formulaire!$F$24='Codes postaux par région et dép'!A48,H48,\"\")","v":""},"",""]
[11140,"SALVEZINES",null,11,"Aude","Occitanie",null,{"$f":"ROWS($A$2:A49)","v":48},{"$f":"IF(Formulaire!$F$24='Codes postaux par région et dép'!A49,H49,\"\")","v":""},"",""]
[11140,"ARTIGUES",null,11,"Aude","Occitanie",null,{"$f":"ROWS($A$2:A50)","v":49},{"$f":"IF(Formulaire!$F$24='Codes postaux par région et dép'!A50,H50,\"\")","v":""},"",""]
[11140,"COUNOZOULS",null,11,"Aude","Occitanie",null,{"$f":"ROWS($A$2:A51)","v":50},{"$f":"IF(Formulaire!$F$24='Codes postaux par région et dép'!A51,H51,\"\")","v":""},"",""]
[11140,"LA FAJOLLE",null,11,"Aude","Occitanie",null,{"$f":"ROWS($A$2:A52)","v":51},{"$f":"IF(Formulaire!$F$24='Codes postaux par région et dép'!A52,H52,\"\")","v":""},"",""]
[11140,"GINCLA",null,11,"Aude","Occitanie",null,{"$f":"ROWS($A$2:A53)","v":52},{"$f":"IF(Formulaire!$F$24='Codes postaux par région et dép'!A53,H53,\"\")","v":""},"",""]
[11140,"MONTFORT SUR BOULZANE",null,11,"Aude","Occitanie",null,{"$f":"ROWS($A$2:A54)","v":53},{"$f":"IF(Formulaire!$F$24='Codes postaux par région et dép'!A54,H54,\"\")","v":""},"",""]
[11140,"ROQUEFORT DE SAULT",null,11,"Aude","Occitanie",null,{"$f":"ROWS($A$2:A55)","v":54},{"$f":"IF(Formulaire!$F$24='Codes postaux par région et dép'!A55,H55,\"\")","v":""},"",""]
[11140,"STE COLOMBE SUR GUETTE",null,11,"Aude","Occitanie",null,{"$f":"ROWS($A$2:A56)","v":55},{"$f":"IF(Formulaire!$F$24='Codes postaux par région et dép'!A56,H56,\"\")","v":""},"",""]
[11150,"BRAM",null,11,"Aude","Occitanie",null,{"$f":"ROWS($A$2:A57)","v":56},{"$f":"IF(Formulaire!$F$24='Codes postaux par région et dép'!A57,H57,\"\")","v":""},"",""]
[11150,"VILLASAVARY",null,11,"Aude","Occitanie",null,{"$f":"ROWS($A$2:A58)","v":57},{"$f":"IF(Formulaire!$F$24='Codes postaux par région et dép'!A58,H58,\"\")","v":""},"",""]
[11150,"PEXIORA",null,11,"Aude","Occitanie",null,{"$f":"ROWS($A$2:A59)","v":58},{"$f":"IF(Formulaire!$F$24='Codes postaux par région et dép'!A59,H59,\"\")","v":""},"",""]
[11150,"VILLESISCLE",null,11,"Aude","Occitanie",null,{"$f":"ROWS($A$2:A60)","v":59},{"$f":"IF(Formulaire!$F$24='Codes postaux par région et dép'!A60,H60,\"\")","v":""},"",""]
[11150,"VILLEPINTE",null,11,"Aude","Occitanie",null,{"$f":"ROWS($A$2:A61)","v":60},{"$f":"IF(Formulaire!$F$24='Codes postaux par région et dép'!A61,H61,\"\")","v":""},"",""]
[11160,"CAUNES MINERVOIS",null,11,"Aude","Occitanie",null,{"$f":"ROWS($A$2:A62)","v":61},{"$f":"IF(Formulaire!$F$24='Codes postaux par région et dép'!A62,H62,\"\")","v":""},"",""]
[11160,"LESPINASSIERE",null,11,"Aude","Occitanie",null,{"$f":"ROWS($A$2:A63)","v":62},{"$f":"IF(Formulaire!$F$24='Codes postaux par région et dép'!A63,H63,\"\")","v":""},"",""]
[11160,"RIEUX MINERVOIS",null,11,"Aude","Occitanie",null,{"$f":"ROWS($A$2:A64)","v":63},{"$f":"IF(Formulaire!$F$24='Codes postaux par région et dép'!A64,H64,\"\")","v":""},"",""]
[11160,"PEYRIAC MINERVOIS",null,11,"Aude","Occitanie",null,{"$f":"ROWS($A$2:A65)","v":64},{"$f":"IF(Formulaire!$F$24='Codes postaux par région et dép'!A65,H65,\"\")","v":""},"",""]
[11160,"TRASSANEL",null,11,"Aude","Occitanie",null,{"$f":"ROWS($A$2:A66)","v":65},{"$f":"IF(Formulaire!$F$24='Codes postaux par région et dép'!A66,H66,\"\")","v":""},{"$f":"IFERROR(SMALL($I:$I,H66),\"\")","v":""},{"$f":"IFERROR(INDEX($B$2:$B$2867,J66),\"\")","v":""}]
[11160,"TRAUSSE",null,11,"Aude","Occitanie",null,{"$f":"ROWS($A$2:A67)","v":66},{"$f":"IF(Formulaire!$F$24='Codes postaux par région et dép'!A67,H67,\"\")","v":""},"",""]
[11160,"VILLENEUVE MINERVOIS",null,11,"Aude","Occitanie",null,{"$f":"ROWS($A$2:A68)","v":67},{"$f":"IF(Formulaire!$F$24='Codes postaux par région et dép'!A68,H68,\"\")","v":""},"",""]
[11160,"CASTANS",null,11,"Aude","Occitanie",null,{"$f":"ROWS($A$2:A69)","v":68},{"$f":"IF(Formulaire!$F$24='Codes postaux par région et dép'!A69,H69,\"\")","v":""},"",""]
[11160,"CITOU",null,11,"Aude","Occitanie",null,{"$f":"ROWS($A$2:A70)","v":69},{"$f":"IF(Formulaire!$F$24='Codes postaux par région et dép'!A70,H70,\"\")","v":""},"",""]
[11160,"CABRESPINE",null,11,"Aude","Occitanie",null,{"$f":"ROWS($A$2:A71)","v":70},{"$f":"IF(Formulaire!$F$24='Codes postaux par région et dép'!A71,H71,\"\")","v":""},"",""]
[11170,"CARLIPA",null,11,"Aude","Occitanie",null,{"$f":"ROWS($A$2:A72)","v":71},{"$f":"IF(Formulaire!$F$24='Codes postaux par région et dép'!A72,H72,\"\")","v":""},"",""]
[11170,"MOUSSOULENS",null,11,"Aude","Occitanie",null,{"$f":"ROWS($A$2:A73)","v":72},{"$f":"IF(Formulaire!$F$24='Codes postaux par région et dép'!A73,H73,\"\")","v":""},"",""]
[11170,"RAISSAC SUR LAMPY",null,11,"Aude","Occitanie",null,{"$f":"ROWS($A$2:A74)","v":73},{"$f":"IF(Formulaire!$F$24='Codes postaux par région et dép'!A74,H74,\"\")","v":""},"",""]
[11170,"VILLESPY",null,11,"Aude","Occitanie",null,{"$f":"ROWS($A$2:A75)","v":74},{"$f":"IF(Formulaire!$F$24='Codes postaux par région et dép'!A75,H75,\"\")","v":""},"",""]
[11170,"MONTOLIEU",null,11,"Aude","Occitanie",null,{"$f":"ROWS($A$2:A76)","v":75},{"$f":"IF(Formulaire!$F$24='Codes postaux par région et dép'!A76,H76,\"\")","v":""},"",""]
[11170,"STE EULALIE",null,11,"Aude","Occitanie",null,{"$f":"ROWS($A$2:A77)","v":76},{"$f":"IF(Formulaire!$F$24='Codes postaux par région et dép'!A77,H77,\"\")","v":""},"",""]
[11170,"VILLESEQUELANDE",null,11,"Aude","Occitanie",null,{"$f":"ROWS($A$2:A78)","v":77},{"$f":"IF(Formulaire!$F$24='Codes postaux par région et dép'!A78,H78,\"\")","v":""},"",""]
[11170,"CAUX ET SAUZENS",null,11,"Aude","Occitanie",null,{"$f":"ROWS($A$2:A79)","v":78},{"$f":"IF(Formulaire!$F$24='Codes postaux par région et dép'!A79,H79,\"\")","v":""},"",""]
[11170,"CENNE MONESTIES",null,11,"Aude","Occitanie",null,{"$f":"ROWS($A$2:A80)","v":79},{"$f":"IF(Formulaire!$F$24='Codes postaux par région et dép'!A80,H80,\"\")","v":""},"",""]
[11170,"PEZENS",null,11,"Aude","Occitanie",null,{"$f":"ROWS($A$2:A81)","v":80},{"$f":"IF(Formulaire!$F$24='Codes postaux par région et dép'!A81,H81,\"\")","v":""},"",""]
[11170,"ST MARTIN LE VIEIL",null,11,"Aude","Occitanie",null,{"$f":"ROWS($A$2:A82)","v":81},{"$f":"IF(Formulaire!$F$24='Codes postaux par région et dép'!A82,H82,\"\")","v":""},"",""]
[11170,"ALZONNE",null,11,"Aude","Occitanie",null,{"$f":"ROWS($A$2:A83)","v":82},{"$f":"IF(Formulaire!$F$24='Codes postaux par région et dép'!A83,H83,\"\")","v":""},"",""]
[11190,"ANTUGNAC",null,11,"Aude","Occitanie",null,{"$f":"ROWS($A$2:A84)","v":83},{"$f":"IF(Formulaire!$F$24='Codes postaux par région et dép'!A84,H84,\"\")","v":""},"",""]
[11190,"BUGARACH",null,11,"Aude","Occitanie",null,{"$f":"ROWS($A$2:A85)","v":84},{"$f":"IF(Formulaire!$F$24='Codes postaux par région et dép'!A85,H85,\"\")","v":""},"",""]
[11190,"ARQUES",null,11,"Aude","Occitanie",null,{"$f":"ROWS($A$2:A86)","v":85},{"$f":"IF(Formulaire!$F$24='Codes postaux par région et dép'!A86,H86,\"\")","v":""},"",""]
[11190,"CAMPS SUR L AGLY",null,11,"Aude","Occitanie",null,{"$f":"ROWS($A$2:A87)","v":86},{"$f":"IF(Formulaire!$F$24='Codes postaux par région et dép'!A87,H87,\"\")","v":""},"",""]
[11190,"COUSTAUSSA",null,11,"Aude","Occitanie",null,{"$f":"ROWS($A$2:A88)","v":87},{"$f":"IF(Formulaire!$F$24='Codes postaux par région et dép'!A88,H88,\"\")","v":""},"",""]
[11190,"LUC SUR AUDE",null,11,"Aude","Occitanie",null,{"$f":"ROWS($A$2:A89)","v":88},{"$f":"IF(Formulaire!$F$24='Codes postaux par région et dép'!A89,H89,\"\")","v":""},"",""]
[11190,"MONTAZELS",null,11,"Aude","Occitanie",null,{"$f":"ROWS($A$2:A90)","v":89},{"$f":"IF(Formulaire!$F$24='Codes postaux par région et dép'!A90,H90,\"\")","v":""},"",""]
[11190,"PEYROLLES",null,11,"Aude","Occitanie",null,{"$f":"ROWS($A$2:A91)","v":90},{"$f":"IF(Formulaire!$F$24='Codes postaux par région et dép'!A91,H91,\"\")","v":""},"",""]
[11190,"SOUGRAIGNE",null,11,"Aude","Occitanie",null,{"$f":"ROWS($A$2:A92)","v":91},{"$f":"IF(Formulaire!$F$24='Codes postaux par région et dép'!A92,H92,\"\")","v":""},"",""]
[11190,"COUIZA",null,11,"Aude","Occitanie",null,{"$f":"ROWS($A$2:A93)","v":92},{"$f":"IF(Formulaire!$F$24='Codes postaux par région et dép'!A93,H93,\"\")","v":""},"",""]
[11190,"CUBIERES SUR CINOBLE",null,11,"Aude","Occitanie",null,{"$f":"ROWS($A$2:A94)","v":93},{"$f":"IF(Formulaire!$F$24='Codes postaux par région et dép'!A94,H94,\"\")","v":""},"",""]
[11190,"RENNES LE CHATEAU",null,11,"Aude","Occitanie",null,{"$f":"ROWS($A$2:A95)","v":94},{"$f":"IF(Formulaire!$F$24='Codes postaux par région et dép'!A95,H95,\"\")","v":""},"",""]
[11190,"RENNES LES BAINS",null,11,"Aude","Occitanie",null,{"$f":"ROWS($A$2:A96)","v":95},{"$f":"IF(Formulaire!$F$24='Codes postaux par région et dép'!A96,H96,\"\")","v":""},"",""]
[11190,"LA SERPENT",null,11,"Aude","Occitanie",null,{"$f":"ROWS($A$2:A97)","v":96},{"$f":"IF(Formulaire!$F$24='Codes postaux par région et dép'!A97,H97,\"\")","v":""},"",""]
[11190,"ROQUETAILLADE ET CONILHAC","CONILHAC DE LA MONTAGNE",11,"Aude","Occitanie",null,{"$f":"ROWS($A$2:A98)","v":97},{"$f":"IF(Formulaire!$F$24='Codes postaux par région et dép'!A98,H98,\"\")","v":""},"",""]
[11190,"SERRES",null,11,"Aude","Occitanie",null,{"$f":"ROWS($A$2:A99)","v":98},{"$f":"IF(Formulaire!$F$24='Codes postaux par région et dép'!A99,H99,\"\")","v":""},"",""]
[11190,"CASSAIGNES",null,11,"Aude","Occitanie",null,{"$f":"ROWS($A$2:A100)","v":99},{"$f":"IF(Formulaire!$F$24='Codes postaux par région et dép'!A100,H100,\"\")","v":""},"",""]
[11190,"FOURTOU",null,11,"Aude","Occitanie",null,{"$f":"ROWS($A$2:A101)","v":100},{"$f":"IF(Formulaire!$F$24='Codes postaux par région et dép'!A101,H101,\"\")","v":""},"",""]
[11200,"BOUTENAC",null,11,"Aude","Occitanie",null,{"$f":"ROWS($A$2:A102)","v":101},{"$f":"IF(Formulaire!$F$24='Codes postaux par région et dép'!A102,H102,\"\")","v":""},"",""]
[11200,"CRUSCADES",null,11,"Aude","Occitanie",null,{"$f":"ROWS($A$2:A103)","v":102},{"$f":"IF(Formulaire!$F$24='Codes postaux par région et dép'!A103,H103,\"\")","v":""},"",""]
[11200,"FERRALS LES CORBIERES",null,11,"Aude","Occitanie",null,{"$f":"ROWS($A$2:A104)","v":103},{"$f":"IF(Formulaire!$F$24='Codes postaux par région et dép'!A104,H104,\"\")","v":""},"",""]
[11200,"FABREZAN",null,11,"Aude","Occitanie",null,{"$f":"ROWS($A$2:A105)","v":104},{"$f":"IF(Formulaire!$F$24='Codes postaux par région et dép'!A105,H105,\"\")","v":""},"",""]
[11200,"LUC SUR ORBIEU",null,11,"Aude","Occitanie",null,{"$f":"ROWS($A$2:A106)","v":105},{"$f":"IF(Formulaire!$F$24='Codes postaux par région et dép'!A106,H106,\"\")","v":""},"",""]
[11200,"NEVIAN",null,11,"Aude","Occitanie",null,{"$f":"ROWS($A$2:A107)","v":106},{"$f":"IF(Formulaire!$F$24='Codes postaux par région et dép'!A107,H107,\"\")","v":""},"",""]
[11200,"PARAZA",null,11,"Aude","Occitanie",null,{"$f":"ROWS($A$2:A108)","v":107},{"$f":"IF(Formulaire!$F$24='Codes postaux par région et dép'!A108,H108,\"\")","v":""},"",""]
[11200,"ROUBIA",null,11,"Aude","Occitanie",null,{"$f":"ROWS($A$2:A109)","v":108},{"$f":"IF(Formulaire!$F$24='Codes postaux par région et dép'!A109,H109,\"\")","v":""},"",""]
[11200,"VILLEDAIGNE",null,11,"Aude","Occitanie",null,{"$f":"ROWS($A$2:A110)","v":109},{"$f":"IF(Formulaire!$F$24='Codes postaux par région et dép'!A110,H110,\"\")","v":""},"",""]
[11200,"BIZANET",null,11,"Aude","Occitanie",null,{"$f":"ROWS($A$2:A111)","v":110},{"$f":"IF(Formulaire!$F$24='Codes postaux par région et dép'!A111,H111,\"\")","v":""},"",""]
[11200,"CAMPLONG D AUDE",null,11,"Aude","Occitanie",null,{"$f":"ROWS($A$2:A112)","v":111},{"$f":"IF(Formulaire!$F$24='Codes postaux par région et dép'!A112,H112,\"\")","v":""},"",""]
[11200,"CONILHAC CORBIERES",null,11,"Aude","Occitanie",null,{"$f":"ROWS($A$2:A113)","v":112},{"$f":"IF(Formulaire!$F$24='Codes postaux par région et dép'!A113,H113,\"\")","v":""},"",""]
[11200,"HOMPS",null,11,"Aude","Occitanie",null,{"$f":"ROWS($A$2:A114)","v":113},{"$f":"IF(Formulaire!$F$24='Codes postaux par région et dép'!A114,H114,\"\")","v":""},"",""]
[11200,"MONTSERET",null,11,"Aude","Occitanie",null,{"$f":"ROWS($A$2:A115)","v":114},{"$f":"IF(Formulaire!$F$24='Codes postaux par région et dép'!A115,H115,\"\")","v":""},"",""]
[11200,"ST ANDRE DE ROQUELONGUE",null,11,"Aude","Occitanie",null,{"$f":"ROWS($A$2:A116)","v":115},{"$f":"IF(Formulaire!$F$24='Codes postaux par région et dép'!A116,H116,\"\")","v":""},"",""]
[11200,"TOUROUZELLE",null,11,"Aude","Occitanie",null,{"$f":"ROWS($A$2:A117)","v":116},{"$f":"IF(Formulaire!$F$24='Codes postaux par région et dép'!A117,H117,\"\")","v":""},"",""]
[11200,"ARGENS MINERVOIS",null,11,"Aude","Occitanie",null,{"$f":"ROWS($A$2:A118)","v":117},{"$f":"IF(Formulaire!$F$24='Codes postaux par région et dép'!A118,H118,\"\")","v":""},"",""]
[11200,"CANET",null,11,"Aude","Occitanie",null,{"$f":"ROWS($A$2:A119)","v":118},{"$f":"IF(Formulaire!$F$24='Codes postaux par région et dép'!A119,H119,\"\")","v":""},"",""]
[11200,"LEZIGNAN CORBIERES",null,11,"Aude","Occitanie",null,{"$f":"ROWS($A$2:A120)","v":119},{"$f":"IF(Formulaire!$F$24='Codes postaux par région et dép'!A120,H120,\"\")","v":""},"",""]
[11200,"ORNAISONS",null,11,"Aude","Occitanie",null,{"$f":"ROWS($A$2:A121)","v":120},{"$f":"IF(Formulaire!$F$24='Codes postaux par région et dép'!A121,H121,\"\")","v":""},"",""]
[11200,"RAISSAC D AUDE",null,11,"Aude","Occitanie",null,{"$f":"ROWS($A$2:A122)","v":121},{"$f":"IF(Formulaire!$F$24='Codes postaux par région et dép'!A122,H122,\"\")","v":""},"",""]
[11200,"ESCALES",null,11,"Aude","Occitanie",null,{"$f":"ROWS($A$2:A123)","v":122},{"$f":"IF(Formulaire!$F$24='Codes postaux par région et dép'!A123,H123,\"\")","v":""},"",""]
[11200,"THEZAN DES CORBIERES",null,11,"Aude","Occitanie",null,{"$f":"ROWS($A$2:A124)","v":123},{"$f":"IF(Formulaire!$F$24='Codes postaux par région et dép'!A124,H124,\"\")","v":""},"",""]
[11210,"PORT LA NOUVELLE",null,11,"Aude","Occitanie",null,{"$f":"ROWS($A$2:A125)","v":124},{"$f":"IF(Formulaire!$F$24='Codes postaux par région et dép'!A125,H125,\"\")","v":""},"",""]
[11220,"FAJAC EN VAL",null,11,"Aude","Occitanie",null,{"$f":"ROWS($A$2:A126)","v":125},{"$f":"IF(Formulaire!$F$24='Codes postaux par région et dép'!A126,H126,\"\")","v":""},"",""]
[11220,"JONQUIERES",null,11,"Aude","Occitanie",null,{"$f":"ROWS($A$2:A127)","v":126},{"$f":"IF(Formulaire!$F$24='Codes postaux par région et dép'!A127,H127,\"\")","v":""},"",""]
[11220,"ST LAURENT DE LA CABRERISSE",null,11,"Aude","Occitanie",null,{"$f":"ROWS($A$2:A128)","v":127},{"$f":"IF(Formulaire!$F$24='Codes postaux par région et dép'!A128,H128,\"\")","v":""},"",""]
[11220,"TALAIRAN",null,11,"Aude","Occitanie",null,{"$f":"ROWS($A$2:A129)","v":128},{"$f":"IF(Formulaire!$F$24='Codes postaux par région et dép'!A129,H129,\"\")","v":""},"",""]
[11220,"SERVIES EN VAL",null,11,"Aude","Occitanie",null,{"$f":"ROWS($A$2:A130)","v":129},{"$f":"IF(Formulaire!$F$24='Codes postaux par région et dép'!A130,H130,\"\")","v":""},{"$f":"IFERROR(SMALL($I:$I,H130),\"\")","v":""},{"$f":"IFERROR(INDEX($B$2:$B$2867,J130),\"\")","v":""}]
[11220,"TOURNISSAN",null,11,"Aude","Occitanie",null,{"$f":"ROWS($A$2:A131)","v":130},{"$f":"IF(Formulaire!$F$24='Codes postaux par région et dép'!A131,H131,\"\")","v":""},"",""]
[11220,"ARQUETTES EN VAL",null,11,"Aude","Occitanie",null,{"$f":"ROWS($A$2:A132)","v":131},{"$f":"IF(Formulaire!$F$24='Codes postaux par région et dép'!A132,H132,\"\")","v":""},"",""]
[11220,"CAUNETTES EN VAL",null,11,"Aude","Occitanie",null,{"$f":"ROWS($A$2:A133)","v":132},{"$f":"IF(Formulaire!$F$24='Codes postaux par région et dép'!A133,H133,\"\")","v":""},"",""]
[11220,"LAGRASSE",null,11,"Aude","Occitanie",null,{"$f":"ROWS($A$2:A134)","v":133},{"$f":"IF(Formulaire!$F$24='Codes postaux par région et dép'!A134,H134,\"\")","v":""},"",""]
[11220,"RIEUX EN VAL",null,11,"Aude","Occitanie",null,{"$f":"ROWS($A$2:A135)","v":134},{"$f":"IF(Formulaire!$F$24='Codes postaux par région et dép'!A135,H135,\"\")","v":""},"",""]
[11220,"ST PIERRE DES CHAMPS",null,11,"Aude","Occitanie",null,{"$f":"ROWS($A$2:A136)","v":135},{"$f":"IF(Formulaire!$F$24='Codes postaux par région et dép'!A136,H136,\"\")","v":""},"",""]
[11220,"VILLAR EN VAL",null,11,"Aude","Occitanie",null,{"$f":"ROWS($A$2:A137)","v":136},{"$f":"IF(Formulaire!$F$24='Codes postaux par région et dép'!A137,H137,\"\")","v":""},"",""]
[11220,"VILLETRITOULS",null,11,"Aude","Occitanie",null,{"$f":"ROWS($A$2:A138)","v":137},{"$f":"IF(Formulaire!$F$24='Codes postaux par région et dép'!A138,H138,\"\")","v":""},"",""]
[11220,"MAYRONNES",null,11,"Aude","Occitanie",null,{"$f":"ROWS($A$2:A139)","v":138},{"$f":"IF(Formulaire!$F$24='Codes postaux par région et dép'!A139,H139,\"\")","v":""},"",""]
[11220,"VAL DE DAGNE","MONTLAUR",11,"Aude","Occitanie",null,{"$f":"ROWS($A$2:A140)","v":139},{"$f":"IF(Formulaire!$F$24='Codes postaux par région et dép'!A140,H140,\"\")","v":""},"",""]
[11220,"RIBAUTE",null,11,"Aude","Occitanie",null,{"$f":"ROWS($A$2:A141)","v":140},{"$f":"IF(Formulaire!$F$24='Codes postaux par région et dép'!A141,H141,\"\")","v":""},"",""]
[11220,"TAURIZE",null,11,"Aude","Occitanie",null,{"$f":"ROWS($A$2:A142)","v":141},{"$f":"IF(Formulaire!$F$24='Codes postaux par région et dép'!A142,H142,\"\")","v":""},"",""]
[11220,"COUSTOUGE",null,11,"Aude","Occitanie",null,{"$f":"ROWS($A$2:A143)","v":142},{"$f":"IF(Formulaire!$F$24='Codes postaux par région et dép'!A143,H143,\"\")","v":""},"",""]
[11220,"LABASTIDE EN VAL",null,11,"Aude","Occitanie",null,{"$f":"ROWS($A$2:A144)","v":143},{"$f":"IF(Formulaire!$F$24='Codes postaux par région et dép'!A144,H144,\"\")","v":""},"",""]
[11220,"VAL DE DAGNE","PRADELLES EN VAL",11,"Aude","Occitanie",null,{"$f":"ROWS($A$2:A145)","v":144},{"$f":"IF(Formulaire!$F$24='Codes postaux par région et dép'!A145,H145,\"\")","v":""},"",""]
[11220,"ST MARTIN DES PUITS",null,11,"Aude","Occitanie",null,{"$f":"ROWS($A$2:A146)","v":145},{"$f":"IF(Formulaire!$F$24='Codes postaux par région et dép'!A146,H146,\"\")","v":""},"",""]
[11230,"VAL DE LAMBRONNE","GUEYTES ET LABASTIDE",11,"Aude","Occitanie",null,{"$f":"ROWS($A$2:A147)","v":146},{"$f":"IF(Formulaire!$F$24='Codes postaux par région et dép'!A147,H147,\"\")","v":""},"",""]
[11230,"CORBIERES",null,11,"Aude","Occitanie",null,{"$f":"ROWS($A$2:A148)","v":147},{"$f":"IF(Formulaire!$F$24='Codes postaux par région et dép'!A148,H148,\"\")","v":""},"",""]
[11230,"COURTAULY",null,11,"Aude","Occitanie",null,{"$f":"ROWS($A$2:A149)","v":148},{"$f":"IF(Formulaire!$F$24='Codes postaux par région et dép'!A149,H149,\"\")","v":""},"",""]
[11230,"MONTJARDIN",null,11,"Aude","Occitanie",null,{"$f":"ROWS($A$2:A150)","v":149},{"$f":"IF(Formulaire!$F$24='Codes postaux par région et dép'!A150,H150,\"\")","v":""},"",""]
[11230,"PEYREFITTE DU RAZES",null,11,"Aude","Occitanie",null,{"$f":"ROWS($A$2:A151)","v":150},{"$f":"IF(Formulaire!$F$24='Codes postaux par région et dép'!A151,H151,\"\")","v":""},"",""]
[11230,"RIVEL",null,11,"Aude","Occitanie",null,{"$f":"ROWS($A$2:A152)","v":151},{"$f":"IF(Formulaire!$F$24='Codes postaux par région et dép'!A152,H152,\"\")","v":""},"",""]
[11230,"STE COLOMBE SUR L HERS",null,11,"Aude","Occitanie",null,{"$f":"ROWS($A$2:A153)","v":152},{"$f":"IF(Formulaire!$F$24='Codes postaux par région et dép'!A153,H153,\"\")","v":""},"",""]
[11230,"SONNAC SUR L HERS",null,11,"Aude","Occitanie",null,{"$f":"ROWS($A$2:A154)","v":153},{"$f":"IF(Formulaire!$F$24='Codes postaux par région et dép'!A154,H154,\"\")","v":""},"",""]
[11230,"TREZIERS",null,11,"Aude","Occitanie",null,{"$f":"ROWS($A$2:A155)","v":154},{"$f":"IF(Formulaire!$F$24='Codes postaux par région et dép'!A155,H155,\"\")","v":""},"",""]
[11230,"VAL DE LAMBRONNE","CAUDEVAL",11,"Aude","Occitanie",null,{"$f":"ROWS($A$2:A156)","v":155},{"$f":"IF(Formulaire!$F$24='Codes postaux par région et dép'!A156,H156,\"\")","v":""},"",""]
[11230,"PUIVERT",null,11,"Aude","Occitanie",null,{"$f":"ROWS($A$2:A157)","v":156},{"$f":"IF(Formulaire!$F$24='Codes postaux par région et dép'!A157,H157,\"\")","v":""},"",""]
[11230,"VILLEFORT",null,11,"Aude","Occitanie",null,{"$f":"ROWS($A$2:A158)","v":157},{"$f":"IF(Formulaire!$F$24='Codes postaux par région et dép'!A158,H158,\"\")","v":""},"",""]
[11230,"ST BENOIT",null,11,"Aude","Occitanie",null,{"$f":"ROWS($A$2:A159)","v":158},{"$f":"IF(Formulaire!$F$24='Codes postaux par région et dép'!A159,H159,\"\")","v":""},"",""]
[11230,"CHALABRE",null,11,"Aude","Occitanie",null,{"$f":"ROWS($A$2:A160)","v":159},{"$f":"IF(Formulaire!$F$24='Codes postaux par région et dép'!A160,H160,\"\")","v":""},"",""]
[11240,"BELVEZE DU RAZES",null,11,"Aude","Occitanie",null,{"$f":"ROWS($A$2:A161)","v":160},{"$f":"IF(Formulaire!$F$24='Codes postaux par région et dép'!A161,H161,\"\")","v":""},"",""]
[11240,"LA COURTETE",null,11,"Aude","Occitanie",null,{"$f":"ROWS($A$2:A162)","v":161},{"$f":"IF(Formulaire!$F$24='Codes postaux par région et dép'!A162,H162,\"\")","v":""},"",""]
[11240,"GRAMAZIE",null,11,"Aude","Occitanie",null,{"$f":"ROWS($A$2:A163)","v":162},{"$f":"IF(Formulaire!$F$24='Codes postaux par région et dép'!A163,H163,\"\")","v":""},"",""]
[11240,"HOUNOUX",null,11,"Aude","Occitanie",null,{"$f":"ROWS($A$2:A164)","v":163},{"$f":"IF(Formulaire!$F$24='Codes postaux par région et dép'!A164,H164,\"\")","v":""},"",""]
[11240,"MAZEROLLES DU RAZES",null,11,"Aude","Occitanie",null,{"$f":"ROWS($A$2:A165)","v":164},{"$f":"IF(Formulaire!$F$24='Codes postaux par région et dép'!A165,H165,\"\")","v":""},"",""]
[11240,"LIGNAIROLLES",null,11,"Aude","Occitanie",null,{"$f":"ROWS($A$2:A166)","v":165},{"$f":"IF(Formulaire!$F$24='Codes postaux par région et dép'!A166,H166,\"\")","v":""},"",""]
[11240,"MONTHAUT",null,11,"Aude","Occitanie",null,{"$f":"ROWS($A$2:A167)","v":166},{"$f":"IF(Formulaire!$F$24='Codes postaux par région et dép'!A167,H167,\"\")","v":""},"",""]
[11240,"ROUTIER",null,11,"Aude","Occitanie",null,{"$f":"ROWS($A$2:A168)","v":167},{"$f":"IF(Formulaire!$F$24='Codes postaux par région et dép'!A168,H168,\"\")","v":""},"",""]
[11240,"BELLEGARDE DU RAZES",null,11,"Aude","Occitanie",null,{"$f":"ROWS($A$2:A169)","v":168},{"$f":"IF(Formulaire!$F$24='Codes postaux par région et dép'!A169,H169,\"\")","v":""},"",""]
[11240,"CAILHAVEL",null,11,"Aude","Occitanie",null,{"$f":"ROWS($A$2:A170)","v":169},{"$f":"IF(Formulaire!$F$24='Codes postaux par région et dép'!A170,H170,\"\")","v":""},"",""]
[11240,"DONAZAC",null,11,"Aude","Occitanie",null,{"$f":"ROWS($A$2:A171)","v":170},{"$f":"IF(Formulaire!$F$24='Codes postaux par région et dép'!A171,H171,\"\")","v":""},"",""]
[11240,"ESCUEILLENS ET ST JUST","ST JUST DE BELENGARD",11,"Aude","Occitanie",null,{"$f":"ROWS($A$2:A172)","v":171},{"$f":"IF(Formulaire!$F$24='Codes postaux par région et dép'!A172,H172,\"\")","v":""},"",""]
[11240,"MONTGRADAIL",null,11,"Aude","Occitanie",null,{"$f":"ROWS($A$2:A173)","v":172},{"$f":"IF(Formulaire!$F$24='Codes postaux par région et dép'!A173,H173,\"\")","v":""},"",""]
[11240,"CAILHAU",null,11,"Aude","Occitanie",null,{"$f":"ROWS($A$2:A174)","v":173},{"$f":"IF(Formulaire!$F$24='Codes postaux par région et dép'!A174,H174,\"\")","v":""},"",""]
[11240,"ESCUEILLENS ET ST JUST",null,11,"Aude","Occitanie",null,{"$f":"ROWS($A$2:A175)","v":174},{"$f":"IF(Formulaire!$F$24='Codes postaux par région et dép'!A175,H175,\"\")","v":""},"",""]
[11240,"ALAIGNE",null,11,"Aude","Occitanie",null,{"$f":"ROWS($A$2:A176)","v":175},{"$f":"IF(Formulaire!$F$24='Codes postaux par région et dép'!A176,H176,\"\")","v":""},"",""]
[11240,"CAMBIEURE",null,11,"Aude","Occitanie",null,{"$f":"ROWS($A$2:A177)","v":176},{"$f":"IF(Formulaire!$F$24='Codes postaux par région et dép'!A177,H177,\"\")","v":""},"",""]
[11240,"FENOUILLET DU RAZES",null,11,"Aude","Occitanie",null,{"$f":"ROWS($A$2:A178)","v":177},{"$f":"IF(Formulaire!$F$24='Codes postaux par région et dép'!A178,H178,\"\")","v":""},"",""]
[11240,"FERRAN",null,11,"Aude","Occitanie",null,{"$f":"ROWS($A$2:A179)","v":178},{"$f":"IF(Formulaire!$F$24='Codes postaux par région et dép'!A179,H179,\"\")","v":""},"",""]
[11240,"SEIGNALENS",null,11,"Aude","Occitanie",null,{"$f":"ROWS($A$2:A180)","v":179},{"$f":"IF(Formulaire!$F$24='Codes postaux par région et dép'!A180,H180,\"\")","v":""},"",""]
[11250,"GARDIE",null,11,"Aude","Occitanie",null,{"$f":"ROWS($A$2:A181)","v":180},{"$f":"IF(Formulaire!$F$24='Codes postaux par région et dép'!A181,H181,\"\")","v":""},"",""]
[11250,"LEUC",null,11,"Aude","Occitanie",null,{"$f":"ROWS($A$2:A182)","v":181},{"$f":"IF(Formulaire!$F$24='Codes postaux par région et dép'!A182,H182,\"\")","v":""},"",""]
[11250,"PREIXAN",null,11,"Aude","Occitanie",null,{"$f":"ROWS($A$2:A183)","v":182},{"$f":"IF(Formulaire!$F$24='Codes postaux par région et dép'!A183,H183,\"\")","v":""},"",""]
[11250,"ROUFFIAC D AUDE",null,11,"Aude","Occitanie",null,{"$f":"ROWS($A$2:A184)","v":183},{"$f":"IF(Formulaire!$F$24='Codes postaux par région et dép'!A184,H184,\"\")","v":""},"",""]
[11250,"VILLAR ST ANSELME",null,11,"Aude","Occitanie",null,{"$f":"ROWS($A$2:A185)","v":184},{"$f":"IF(Formulaire!$F$24='Codes postaux par région et dép'!A185,H185,\"\")","v":""},"",""]
[11250,"VILLEBAZY",null,11,"Aude","Occitanie",null,{"$f":"ROWS($A$2:A186)","v":185},{"$f":"IF(Formulaire!$F$24='Codes postaux par région et dép'!A186,H186,\"\")","v":""},"",""]
[11250,"COUFFOULENS",null,11,"Aude","Occitanie",null,{"$f":"ROWS($A$2:A187)","v":186},{"$f":"IF(Formulaire!$F$24='Codes postaux par région et dép'!A187,H187,\"\")","v":""},"",""]
[11250,"MONTCLAR",null,11,"Aude","Occitanie",null,{"$f":"ROWS($A$2:A188)","v":187},{"$f":"IF(Formulaire!$F$24='Codes postaux par région et dép'!A188,H188,\"\")","v":""},"",""]
[11250,"POMAS",null,11,"Aude","Occitanie",null,{"$f":"ROWS($A$2:A189)","v":188},{"$f":"IF(Formulaire!$F$24='Codes postaux par région et dép'!A189,H189,\"\")","v":""},"",""]
[11250,"ST HILAIRE",null,11,"Aude","Occitanie",null,{"$f":"ROWS($A$2:A190)","v":189},{"$f":"IF(Formulaire!$F$24='Codes postaux par région et dép'!A190,H190,\"\")","v":""},"",""]
[11250,"GREFFEIL",null,11,"Aude","Occitanie",null,{"$f":"ROWS($A$2:A191)","v":190},{"$f":"IF(Formulaire!$F$24='Codes postaux par région et dép'!A191,H191,\"\")","v":""},"",""]
[11250,"CAUNETTE SUR LAUQUET",null,11,"Aude","Occitanie",null,{"$f":"ROWS($A$2:A192)","v":191},{"$f":"IF(Formulaire!$F$24='Codes postaux par région et dép'!A192,H192,\"\")","v":""},"",""]
[11250,"CLERMONT SUR LAUQUET",null,11,"Aude","Occitanie",null,{"$f":"ROWS($A$2:A193)","v":192},{"$f":"IF(Formulaire!$F$24='Codes postaux par région et dép'!A193,H193,\"\")","v":""},"",""]
[11250,"LADERN SUR LAUQUET",null,11,"Aude","Occitanie",null,{"$f":"ROWS($A$2:A194)","v":193},{"$f":"IF(Formulaire!$F$24='Codes postaux par région et dép'!A194,H194,\"\")","v":""},{"$f":"IFERROR(SMALL($I:$I,H194),\"\")","v":""},{"$f":"IFERROR(INDEX($B$2:$B$2867,J194),\"\")","v":""}]
[11250,"VERZEILLE",null,11,"Aude","Occitanie",null,{"$f":"ROWS($A$2:A195)","v":194},{"$f":"IF(Formulaire!$F$24='Codes postaux par région et dép'!A195,H195,\"\")","v":""},"",""]
[11260,"CAMPAGNE SUR AUDE",null,11,"Aude","Occitanie",null,{"$f":"ROWS($A$2:A196)","v":195},{"$f":"IF(Formulaire!$F$24='Codes postaux par région et dép'!A196,H196,\"\")","v":""},"",""]
[11260,"ESPERAZA",null,11,"Aude","Occitanie",null,{"$f":"ROWS($A$2:A197)","v":196},{"$f":"IF(Formulaire!$F$24='Codes postaux par région et dép'!A197,H197,\"\")","v":""},"",""]
[11260,"VAL DU FABY","FA",11,"Aude","Occitanie",null,{"$f":"ROWS($A$2:A198)","v":197},{"$f":"IF(Formulaire!$F$24='Codes postaux par région et dép'!A198,H198,\"\")","v":""},"",""]
[11260,"VAL DU FABY","ROUVENAC",11,"Aude","Occitanie",null,{"$f":"ROWS($A$2:A199)","v":198},{"$f":"IF(Formulaire!$F$24='Codes postaux par région et dép'!A199,H199,\"\")","v":""},"",""]
[11260,"ST JEAN DE PARACOL",null,11,"Aude","Occitanie",null,{"$f":"ROWS($A$2:A200)","v":199},{"$f":"IF(Formulaire!$F$24='Codes postaux par région et dép'!A200,H200,\"\")","v":""},"",""]
[11270,"LA CASSAIGNE",null,11,"Aude","Occitanie",null,{"$f":"ROWS($A$2:A201)","v":200},{"$f":"IF(Formulaire!$F$24='Codes postaux par région et dép'!A201,H201,\"\")","v":""},"",""]
[11270,"LA FORCE",null,11,"Aude","Occitanie",null,{"$f":"ROWS($A$2:A202)","v":201},{"$f":"IF(Formulaire!$F$24='Codes postaux par région et dép'!A202,H202,\"\")","v":""},"",""]
[11270,"GAJA LA SELVE",null,11,"Aude","Occitanie",null,{"$f":"ROWS($A$2:A203)","v":202},{"$f":"IF(Formulaire!$F$24='Codes postaux par région et dép'!A203,H203,\"\")","v":""},"",""]
[11270,"LAURAC",null,11,"Aude","Occitanie",null,{"$f":"ROWS($A$2:A204)","v":203},{"$f":"IF(Formulaire!$F$24='Codes postaux par région et dép'!A204,H204,\"\")","v":""},"",""]
[11270,"LASSERRE DE PROUILLE",null,11,"Aude","Occitanie",null,{"$f":"ROWS($A$2:A205)","v":204},{"$f":"IF(Formulaire!$F$24='Codes postaux par région et dép'!A205,H205,\"\")","v":""},"",""]
[11270,"ORSANS",null,11,"Aude","Occitanie",null,{"$f":"ROWS($A$2:A206)","v":205},{"$f":"IF(Formulaire!$F$24='Codes postaux par région et dép'!A206,H206,\"\")","v":""},"",""]
[11270,"PLAVILLA",null,11,"Aude","Occitanie",null,{"$f":"ROWS($A$2:A207)","v":206},{"$f":"IF(Formulaire!$F$24='Codes postaux par région et dép'!A207,H207,\"\")","v":""},"",""]
[11270,"ST JULIEN DE BRIOLA",null,11,"Aude","Occitanie",null,{"$f":"ROWS($A$2:A208)","v":207},{"$f":"IF(Formulaire!$F$24='Codes postaux par région et dép'!A208,H208,\"\")","v":""},"",""]
[11270,"CAZALRENOUX",null,11,"Aude","Occitanie",null,{"$f":"ROWS($A$2:A209)","v":208},{"$f":"IF(Formulaire!$F$24='Codes postaux par région et dép'!A209,H209,\"\")","v":""},"",""]
[11270,"FANJEAUX",null,11,"Aude","Occitanie",null,{"$f":"ROWS($A$2:A210)","v":209},{"$f":"IF(Formulaire!$F$24='Codes postaux par région et dép'!A210,H210,\"\")","v":""},"",""]
[11270,"GENERVILLE",null,11,"Aude","Occitanie",null,{"$f":"ROWS($A$2:A211)","v":210},{"$f":"IF(Formulaire!$F$24='Codes postaux par région et dép'!A211,H211,\"\")","v":""},"",""]
[11270,"RIBOUISSE",null,11,"Aude","Occitanie",null,{"$f":"ROWS($A$2:A212)","v":211},{"$f":"IF(Formulaire!$F$24='Codes postaux par région et dép'!A212,H212,\"\")","v":""},"",""]
[11270,"ST AMANS",null,11,"Aude","Occitanie",null,{"$f":"ROWS($A$2:A213)","v":212},{"$f":"IF(Formulaire!$F$24='Codes postaux par région et dép'!A213,H213,\"\")","v":""},"",""]
[11270,"ST GAUDERIC",null,11,"Aude","Occitanie",null,{"$f":"ROWS($A$2:A214)","v":213},{"$f":"IF(Formulaire!$F$24='Codes postaux par région et dép'!A214,H214,\"\")","v":""},"",""]
[11270,"BREZILHAC",null,11,"Aude","Occitanie",null,{"$f":"ROWS($A$2:A215)","v":214},{"$f":"IF(Formulaire!$F$24='Codes postaux par région et dép'!A215,H215,\"\")","v":""},"",""]
[11290,"LAVALETTE",null,11,"Aude","Occitanie",null,{"$f":"ROWS($A$2:A216)","v":215},{"$f":"IF(Formulaire!$F$24='Codes postaux par région et dép'!A216,H216,\"\")","v":""},"",""]
[11290,"ROULLENS",null,11,"Aude","Occitanie",null,{"$f":"ROWS($A$2:A217)","v":216},{"$f":"IF(Formulaire!$F$24='Codes postaux par région et dép'!A217,H217,\"\")","v":""},"",""]
[11290,"ARZENS",null,11,"Aude","Occitanie",null,{"$f":"ROWS($A$2:A218)","v":217},{"$f":"IF(Formulaire!$F$24='Codes postaux par région et dép'!A218,H218,\"\")","v":""},"",""]
[11290,"MONTREAL",null,11,"Aude","Occitanie",null,{"$f":"ROWS($A$2:A219)","v":218},{"$f":"IF(Formulaire!$F$24='Codes postaux par région et dép'!A219,H219,\"\")","v":""},"",""]
[11290,"ALAIRAC",null,11,"Aude","Occitanie",null,{"$f":"ROWS($A$2:A220)","v":219},{"$f":"IF(Formulaire!$F$24='Codes postaux par région et dép'!A220,H220,\"\")","v":""},"",""]
[11290,"VILLENEUVE LES MONTREAL",null,11,"Aude","Occitanie",null,{"$f":"ROWS($A$2:A221)","v":220},{"$f":"IF(Formulaire!$F$24='Codes postaux par région et dép'!A221,H221,\"\")","v":""},"",""]
[11300,"BRUGAIROLLES",null,11,"Aude","Occitanie",null,{"$f":"ROWS($A$2:A222)","v":221},{"$f":"IF(Formulaire!$F$24='Codes postaux par région et dép'!A222,H222,\"\")","v":""},"",""]
[11300,"CASTELRENG",null,11,"Aude","Occitanie",null,{"$f":"ROWS($A$2:A223)","v":222},{"$f":"IF(Formulaire!$F$24='Codes postaux par région et dép'!A223,H223,\"\")","v":""},"",""]
[11300,"COURNANEL",null,11,"Aude","Occitanie",null,{"$f":"ROWS($A$2:A224)","v":223},{"$f":"IF(Formulaire!$F$24='Codes postaux par région et dép'!A224,H224,\"\")","v":""},"",""]
[11300,"LOUPIA",null,11,"Aude","Occitanie",null,{"$f":"ROWS($A$2:A225)","v":224},{"$f":"IF(Formulaire!$F$24='Codes postaux par région et dép'!A225,H225,\"\")","v":""},"",""]
[11300,"MAGRIE",null,11,"Aude","Occitanie",null,{"$f":"ROWS($A$2:A226)","v":225},{"$f":"IF(Formulaire!$F$24='Codes postaux par région et dép'!A226,H226,\"\")","v":""},"",""]
[11300,"PIEUSSE",null,11,"Aude","Occitanie",null,{"$f":"ROWS($A$2:A227)","v":226},{"$f":"IF(Formulaire!$F$24='Codes postaux par région et dép'!A227,H227,\"\")","v":""},"",""]
[11300,"ST POLYCARPE",null,11,"Aude","Occitanie",null,{"$f":"ROWS($A$2:A228)","v":227},{"$f":"IF(Formulaire!$F$24='Codes postaux par région et dép'!A228,H228,\"\")","v":""},"",""]
[11300,"TOURREILLES",null,11,"Aude","Occitanie",null,{"$f":"ROWS($A$2:A229)","v":228},{"$f":"IF(Formulaire!$F$24='Codes postaux par région et dép'!A229,H229,\"\")","v":""},"",""]
[11300,"POMY",null,11,"Aude","Occitanie",null,{"$f":"ROWS($A$2:A230)","v":229},{"$f":"IF(Formulaire!$F$24='Codes postaux par région et dép'!A230,H230,\"\")","v":""},"",""]
[11300,"ST COUAT DU RAZES",null,11,"Aude","Occitanie",null,{"$f":"ROWS($A$2:A231)","v":230},{"$f":"IF(Formulaire!$F$24='Codes postaux par région et dép'!A231,H231,\"\")","v":""},"",""]
[11300,"ST MARTIN DE VILLEREGLAN",null,11,"Aude","Occitanie",null,{"$f":"ROWS($A$2:A232)","v":231},{"$f":"IF(Formulaire!$F$24='Codes postaux par région et dép'!A232,H232,\"\")","v":""},"",""]
[11300,"BOURIEGE",null,11,"Aude","Occitanie",null,{"$f":"ROWS($A$2:A233)","v":232},{"$f":"IF(Formulaire!$F$24='Codes postaux par région et dép'!A233,H233,\"\")","v":""},"",""]
[11300,"LA DIGNE D AVAL",null,11,"Aude","Occitanie",null,{"$f":"ROWS($A$2:A234)","v":233},{"$f":"IF(Formulaire!$F$24='Codes postaux par région et dép'!A234,H234,\"\")","v":""},"",""]
[11300,"GAJA ET VILLEDIEU",null,11,"Aude","Occitanie",null,{"$f":"ROWS($A$2:A235)","v":234},{"$f":"IF(Formulaire!$F$24='Codes postaux par région et dép'!A235,H235,\"\")","v":""},"",""]
[11300,"LAURAGUEL",null,11,"Aude","Occitanie",null,{"$f":"ROWS($A$2:A236)","v":235},{"$f":"IF(Formulaire!$F$24='Codes postaux par région et dép'!A236,H236,\"\")","v":""},"",""]
[11300,"MALRAS",null,11,"Aude","Occitanie",null,{"$f":"ROWS($A$2:A237)","v":236},{"$f":"IF(Formulaire!$F$24='Codes postaux par région et dép'!A237,H237,\"\")","v":""},"",""]
[11300,"VILLARZEL DU RAZES",null,11,"Aude","Occitanie",null,{"$f":"ROWS($A$2:A238)","v":237},{"$f":"IF(Formulaire!$F$24='Codes postaux par région et dép'!A238,H238,\"\")","v":""},"",""]
[11300,"AJAC",null,11,"Aude","Occitanie",null,{"$f":"ROWS($A$2:A239)","v":238},{"$f":"IF(Formulaire!$F$24='Codes postaux par région et dép'!A239,H239,\"\")","v":""},"",""]
[11300,"LA BEZOLE",null,11,"Aude","Occitanie",null,{"$f":"ROWS($A$2:A240)","v":239},{"$f":"IF(Formulaire!$F$24='Codes postaux par région et dép'!A240,H240,\"\")","v":""},"",""]
[11300,"BOURIGEOLE",null,11,"Aude","Occitanie",null,{"$f":"ROWS($A$2:A241)","v":240},{"$f":"IF(Formulaire!$F$24='Codes postaux par région et dép'!A241,H241,\"\")","v":""},"",""]
[11300,"CEPIE",null,11,"Aude","Occitanie",null,{"$f":"ROWS($A$2:A242)","v":241},{"$f":"IF(Formulaire!$F$24='Codes postaux par région et dép'!A242,H242,\"\")","v":""},"",""]
[11300,"LA DIGNE D AMONT",null,11,"Aude","Occitanie",null,{"$f":"ROWS($A$2:A243)","v":242},{"$f":"IF(Formulaire!$F$24='Codes postaux par région et dép'!A243,H243,\"\")","v":""},"",""]
[11300,"FESTES ET ST ANDRE",null,11,"Aude","Occitanie",null,{"$f":"ROWS($A$2:A244)","v":243},{"$f":"IF(Formulaire!$F$24='Codes postaux par région et dép'!A244,H244,\"\")","v":""},"",""]
[11300,"LIMOUX",null,11,"Aude","Occitanie",null,{"$f":"ROWS($A$2:A245)","v":244},{"$f":"IF(Formulaire!$F$24='Codes postaux par région et dép'!A245,H245,\"\")","v":""},"",""]
[11300,"MALVIES",null,11,"Aude","Occitanie",null,{"$f":"ROWS($A$2:A246)","v":245},{"$f":"IF(Formulaire!$F$24='Codes postaux par région et dép'!A246,H246,\"\")","v":""},"",""]
[11300,"PAULIGNE",null,11,"Aude","Occitanie",null,{"$f":"ROWS($A$2:A247)","v":246},{"$f":"IF(Formulaire!$F$24='Codes postaux par région et dép'!A247,H247,\"\")","v":""},"",""]
[11300,"ROQUETAILLADE ET CONILHAC","ROQUETAILLADE",11,"Aude","Occitanie",null,{"$f":"ROWS($A$2:A248)","v":247},{"$f":"IF(Formulaire!$F$24='Codes postaux par région et dép'!A248,H248,\"\")","v":""},"",""]
[11300,"VILLELONGUE D AUDE",null,11,"Aude","Occitanie",null,{"$f":"ROWS($A$2:A249)","v":248},{"$f":"IF(Formulaire!$F$24='Codes postaux par région et dép'!A249,H249,\"\")","v":""},"",""]
[11310,"LACOMBE",null,11,"Aude","Occitanie",null,{"$f":"ROWS($A$2:A250)","v":249},{"$f":"IF(Formulaire!$F$24='Codes postaux par région et dép'!A250,H250,\"\")","v":""},"",""]
[11310,"ST DENIS",null,11,"Aude","Occitanie",null,{"$f":"ROWS($A$2:A251)","v":250},{"$f":"IF(Formulaire!$F$24='Codes postaux par région et dép'!A251,H251,\"\")","v":""},"",""]
[11310,"SAISSAC",null,11,"Aude","Occitanie",null,{"$f":"ROWS($A$2:A252)","v":251},{"$f":"IF(Formulaire!$F$24='Codes postaux par région et dép'!A252,H252,\"\")","v":""},"",""]
[11310,"VILLEMAGNE",null,11,"Aude","Occitanie",null,{"$f":"ROWS($A$2:A253)","v":252},{"$f":"IF(Formulaire!$F$24='Codes postaux par région et dép'!A253,H253,\"\")","v":""},"",""]
[11320,"LABASTIDE D ANJOU",null,11,"Aude","Occitanie",null,{"$f":"ROWS($A$2:A254)","v":253},{"$f":"IF(Formulaire!$F$24='Codes postaux par région et dép'!A254,H254,\"\")","v":""},"",""]
[11320,"MONTFERRAND",null,11,"Aude","Occitanie",null,{"$f":"ROWS($A$2:A255)","v":254},{"$f":"IF(Formulaire!$F$24='Codes postaux par région et dép'!A255,H255,\"\")","v":""},"",""]
[11320,"MONTMAUR",null,11,"Aude","Occitanie",null,{"$f":"ROWS($A$2:A256)","v":255},{"$f":"IF(Formulaire!$F$24='Codes postaux par région et dép'!A256,H256,\"\")","v":""},"",""]
[11320,"SOUPEX",null,11,"Aude","Occitanie",null,{"$f":"ROWS($A$2:A257)","v":256},{"$f":"IF(Formulaire!$F$24='Codes postaux par région et dép'!A257,H257,\"\")","v":""},"",""]
[11320,"AIROUX",null,11,"Aude","Occitanie",null,{"$f":"ROWS($A$2:A258)","v":257},{"$f":"IF(Formulaire!$F$24='Codes postaux par région et dép'!A258,H258,\"\")","v":""},{"$f":"IFERROR(SMALL($I:$I,H258),\"\")","v":""},{"$f":"IFERROR(INDEX($B$2:$B$2867,J258),\"\")","v":""}]
[11320,"LES CASSES",null,11,"Aude","Occitanie",null,{"$f":"ROWS($A$2:A259)","v":258},{"$f":"IF(Formulaire!$F$24='Codes postaux par région et dép'!A259,H259,\"\")","v":""},"",""]
[11320,"ST PAULET",null,11,"Aude","Occitanie",null,{"$f":"ROWS($A$2:A260)","v":259},{"$f":"IF(Formulaire!$F$24='Codes postaux par région et dép'!A260,H260,\"\")","v":""},"",""]
[11330,"BOUISSE",null,11,"Aude","Occitanie",null,{"$f":"ROWS($A$2:A261)","v":260},{"$f":"IF(Formulaire!$F$24='Codes postaux par région et dép'!A261,H261,\"\")","v":""},"",""]
[11330,"ALBIERES",null,11,"Aude","Occitanie",null,{"$f":"ROWS($A$2:A262)","v":261},{"$f":"IF(Formulaire!$F$24='Codes postaux par région et dép'!A262,H262,\"\")","v":""},"",""]
[11330,"DAVEJEAN",null,11,"Aude","Occitanie",null,{"$f":"ROWS($A$2:A263)","v":262},{"$f":"IF(Formulaire!$F$24='Codes postaux par région et dép'!A263,H263,\"\")","v":""},"",""]
[11330,"DERNACUEILLETTE",null,11,"Aude","Occitanie",null,{"$f":"ROWS($A$2:A264)","v":263},{"$f":"IF(Formulaire!$F$24='Codes postaux par région et dép'!A264,H264,\"\")","v":""},"",""]
[11330,"LANET",null,11,"Aude","Occitanie",null,{"$f":"ROWS($A$2:A265)","v":264},{"$f":"IF(Formulaire!$F$24='Codes postaux par région et dép'!A265,H265,\"\")","v":""},"",""]
[11330,"LAROQUE DE FA",null,11,"Aude","Occitanie",null,{"$f":"ROWS($A$2:A266)","v":265},{"$f":"IF(Formulaire!$F$24='Codes postaux par région et dép'!A266,H266,\"\")","v":""},"",""]
[11330,"MAISONS",null,11,"Aude","Occitanie",null,{"$f":"ROWS($A$2:A267)","v":266},{"$f":"IF(Formulaire!$F$24='Codes postaux par région et dép'!A267,H267,\"\")","v":""},"",""]
[11330,"PALAIRAC",null,11,"Aude","Occitanie",null,{"$f":"ROWS($A$2:A268)","v":267},{"$f":"IF(Formulaire!$F$24='Codes postaux par région et dép'!A268,H268,\"\")","v":""},"",""]
[11330,"SOULATGE",null,11,"Aude","Occitanie",null,{"$f":"ROWS($A$2:A269)","v":268},{"$f":"IF(Formulaire!$F$24='Codes postaux par région et dép'!A269,H269,\"\")","v":""},"",""]
[11330,"SALZA",null,11,"Aude","Occitanie",null,{"$f":"ROWS($A$2:A270)","v":269},{"$f":"IF(Formulaire!$F$24='Codes postaux par région et dép'!A270,H270,\"\")","v":""},"",""]
[11330,"VILLEROUGE TERMENES",null,11,"Aude","Occitanie",null,{"$f":"ROWS($A$2:A271)","v":270},{"$f":"IF(Formulaire!$F$24='Codes postaux par région et dép'!A271,H271,\"\")","v":""},"",""]
[11330,"FELINES TERMENES",null,11,"Aude","Occitanie",null,{"$f":"ROWS($A$2:A272)","v":271},{"$f":"IF(Formulaire!$F$24='Codes postaux par région et dép'!A272,H272,\"\")","v":""},"",""]
[11330,"LAIRIERE",null,11,"Aude","Occitanie",null,{"$f":"ROWS($A$2:A273)","v":272},{"$f":"IF(Formulaire!$F$24='Codes postaux par région et dép'!A273,H273,\"\")","v":""},"",""]
[11330,"MASSAC",null,11,"Aude","Occitanie",null,{"$f":"ROWS($A$2:A274)","v":273},{"$f":"IF(Formulaire!$F$24='Codes postaux par région et dép'!A274,H274,\"\")","v":""},"",""]
[11330,"MONTGAILLARD",null,11,"Aude","Occitanie",null,{"$f":"ROWS($A$2:A275)","v":274},{"$f":"IF(Formulaire!$F$24='Codes postaux par région et dép'!A275,H275,\"\")","v":""},"",""]
[11330,"MONTJOI",null,11,"Aude","Occitanie",null,{"$f":"ROWS($A$2:A276)","v":275},{"$f":"IF(Formulaire!$F$24='Codes postaux par région et dép'!A276,H276,\"\")","v":""},"",""]
[11330,"MOUTHOUMET",null,11,"Aude","Occitanie",null,{"$f":"ROWS($A$2:A277)","v":276},{"$f":"IF(Formulaire!$F$24='Codes postaux par région et dép'!A277,H277,\"\")","v":""},"",""]
[11330,"TERMES",null,11,"Aude","Occitanie",null,{"$f":"ROWS($A$2:A278)","v":277},{"$f":"IF(Formulaire!$F$24='Codes postaux par région et dép'!A278,H278,\"\")","v":""},"",""]
[11330,"VIGNEVIEILLE",null,11,"Aude","Occitanie",null,{"$f":"ROWS($A$2:A279)","v":278},{"$f":"IF(Formulaire!$F$24='Codes postaux par région et dép'!A279,H279,\"\")","v":""},"",""]
[11330,"AURIAC",null,11,"Aude","Occitanie",null,{"$f":"ROWS($A$2:A280)","v":279},{"$f":"IF(Formulaire!$F$24='Codes postaux par région et dép'!A280,H280,\"\")","v":""},"",""]
[11340,"ROQUEFEUIL",null,11,"Aude","Occitanie",null,{"$f":"ROWS($A$2:A281)","v":280},{"$f":"IF(Formulaire!$F$24='Codes postaux par région et dép'!A281,H281,\"\")","v":""},"",""]
[11340,"BELCAIRE",null,11,"Aude","Occitanie",null,{"$f":"ROWS($A$2:A282)","v":281},{"$f":"IF(Formulaire!$F$24='Codes postaux par région et dép'!A282,H282,\"\")","v":""},"",""]
[11340,"BELVIS",null,11,"Aude","Occitanie",null,{"$f":"ROWS($A$2:A283)","v":282},{"$f":"IF(Formulaire!$F$24='Codes postaux par région et dép'!A283,H283,\"\")","v":""},"",""]
[11340,"COMUS",null,11,"Aude","Occitanie",null,{"$f":"ROWS($A$2:A284)","v":283},{"$f":"IF(Formulaire!$F$24='Codes postaux par région et dép'!A284,H284,\"\")","v":""},"",""]
[11340,"CAMURAC",null,11,"Aude","Occitanie",null,{"$f":"ROWS($A$2:A285)","v":284},{"$f":"IF(Formulaire!$F$24='Codes postaux par région et dép'!A285,H285,\"\")","v":""},"",""]
[11340,"ESPEZEL",null,11,"Aude","Occitanie",null,{"$f":"ROWS($A$2:A286)","v":285},{"$f":"IF(Formulaire!$F$24='Codes postaux par région et dép'!A286,H286,\"\")","v":""},"",""]
[11350,"CUCUGNAN",null,11,"Aude","Occitanie",null,{"$f":"ROWS($A$2:A287)","v":286},{"$f":"IF(Formulaire!$F$24='Codes postaux par région et dép'!A287,H287,\"\")","v":""},"",""]
[11350,"ROUFFIAC DES CORBIERES",null,11,"Aude","Occitanie",null,{"$f":"ROWS($A$2:A288)","v":287},{"$f":"IF(Formulaire!$F$24='Codes postaux par région et dép'!A288,H288,\"\")","v":""},"",""]
[11350,"DUILHAC SOUS PEYREPERTUSE",null,11,"Aude","Occitanie",null,{"$f":"ROWS($A$2:A289)","v":288},{"$f":"IF(Formulaire!$F$24='Codes postaux par région et dép'!A289,H289,\"\")","v":""},"",""]
[11350,"PADERN",null,11,"Aude","Occitanie",null,{"$f":"ROWS($A$2:A290)","v":289},{"$f":"IF(Formulaire!$F$24='Codes postaux par région et dép'!A290,H290,\"\")","v":""},"",""]
[11350,"PAZIOLS",null,11,"Aude","Occitanie",null,{"$f":"ROWS($A$2:A291)","v":290},{"$f":"IF(Formulaire!$F$24='Codes postaux par région et dép'!A291,H291,\"\")","v":""},"",""]
[11350,"TUCHAN",null,11,"Aude","Occitanie",null,{"$f":"ROWS($A$2:A292)","v":291},{"$f":"IF(Formulaire!$F$24='Codes postaux par région et dép'!A292,H292,\"\")","v":""},"",""]
[11360,"DURBAN CORBIERES",null,11,"Aude","Occitanie",null,{"$f":"ROWS($A$2:A293)","v":292},{"$f":"IF(Formulaire!$F$24='Codes postaux par région et dép'!A293,H293,\"\")","v":""},"",""]
[11360,"CASCASTEL DES CORBIERES",null,11,"Aude","Occitanie",null,{"$f":"ROWS($A$2:A294)","v":293},{"$f":"IF(Formulaire!$F$24='Codes postaux par région et dép'!A294,H294,\"\")","v":""},"",""]
[11360,"EMBRES ET CASTELMAURE",null,11,"Aude","Occitanie",null,{"$f":"ROWS($A$2:A295)","v":294},{"$f":"IF(Formulaire!$F$24='Codes postaux par région et dép'!A295,H295,\"\")","v":""},"",""]
[11360,"FRAISSE DES CORBIERES",null,11,"Aude","Occitanie",null,{"$f":"ROWS($A$2:A296)","v":295},{"$f":"IF(Formulaire!$F$24='Codes postaux par région et dép'!A296,H296,\"\")","v":""},"",""]
[11360,"VILLENEUVE LES CORBIERES",null,11,"Aude","Occitanie",null,{"$f":"ROWS($A$2:A297)","v":296},{"$f":"IF(Formulaire!$F$24='Codes postaux par région et dép'!A297,H297,\"\")","v":""},"",""]
[11360,"ALBAS",null,11,"Aude","Occitanie",null,{"$f":"ROWS($A$2:A298)","v":297},{"$f":"IF(Formulaire!$F$24='Codes postaux par région et dép'!A298,H298,\"\")","v":""},"",""]
[11360,"FONTJONCOUSE",null,11,"Aude","Occitanie",null,{"$f":"ROWS($A$2:A299)","v":298},{"$f":"IF(Formulaire!$F$24='Codes postaux par région et dép'!A299,H299,\"\")","v":""},"",""]
[11360,"QUINTILLAN",null,11,"Aude","Occitanie",null,{"$f":"ROWS($A$2:A300)","v":299},{"$f":"IF(Formulaire!$F$24='Codes postaux par région et dép'!A300,H300,\"\")","v":""},"",""]
[11360,"ST JEAN DE BARROU",null,11,"Aude","Occitanie",null,{"$f":"ROWS($A$2:A301)","v":300},{"$f":"IF(Formulaire!$F$24='Codes postaux par région et dép'!A301,H301,\"\")","v":""},"",""]
[11360,"VILLESEQUE DES CORBIERES",null,11,"Aude","Occitanie",null,{"$f":"ROWS($A$2:A302)","v":301},{"$f":"IF(Formulaire!$F$24='Codes postaux par région et dép'!A302,H302,\"\")","v":""},"",""]
[11370,"LEUCATE","PORT LEUCATE",11,"Aude","Occitanie",null,{"$f":"ROWS($A$2:A303)","v":302},{"$f":"IF(Formulaire!$F$24='Codes postaux par région et dép'!A303,H303,\"\")","v":""},"",""]
[11370,"LEUCATE","LA FRANQUI",11,"Aude","Occitanie",null,{"$f":"ROWS($A$2:A304)","v":303},{"$f":"IF(Formulaire!$F$24='Codes postaux par région et dép'!A304,H304,\"\")","v":""},"",""]
[11370,"LEUCATE",null,11,"Aude","Occitanie",null,{"$f":"ROWS($A$2:A305)","v":304},{"$f":"IF(Formulaire!$F$24='Codes postaux par région et dép'!A305,H305,\"\")","v":""},"",""]
[11380,"LES ILHES",null,11,"Aude","Occitanie",null,{"$f":"ROWS($A$2:A306)","v":305},{"$f":"IF(Formulaire!$F$24='Codes postaux par région et dép'!A306,H306,\"\")","v":""},"",""]
[11380,"MIRAVAL CABARDES",null,11,"Aude","Occitanie",null,{"$f":"ROWS($A$2:A307)","v":306},{"$f":"IF(Formulaire!$F$24='Codes postaux par région et dép'!A307,H307,\"\")","v":""},"",""]
[11380,"ROQUEFERE",null,11,"Aude","Occitanie",null,{"$f":"ROWS($A$2:A308)","v":307},{"$f":"IF(Formulaire!$F$24='Codes postaux par région et dép'!A308,H308,\"\")","v":""},"",""]
[11380,"MAS CABARDES",null,11,"Aude","Occitanie",null,{"$f":"ROWS($A$2:A309)","v":308},{"$f":"IF(Formulaire!$F$24='Codes postaux par région et dép'!A309,H309,\"\")","v":""},"",""]
[11380,"LA TOURETTE CABARDES",null,11,"Aude","Occitanie",null,{"$f":"ROWS($A$2:A310)","v":309},{"$f":"IF(Formulaire!$F$24='Codes postaux par région et dép'!A310,H310,\"\")","v":""},"",""]
[11380,"LABASTIDE ESPARBAIRENQUE",null,11,"Aude","Occitanie",null,{"$f":"ROWS($A$2:A311)","v":310},{"$f":"IF(Formulaire!$F$24='Codes postaux par région et dép'!A311,H311,\"\")","v":""},"",""]
[11380,"PRADELLES CABARDES",null,11,"Aude","Occitanie",null,{"$f":"ROWS($A$2:A312)","v":311},{"$f":"IF(Formulaire!$F$24='Codes postaux par région et dép'!A312,H312,\"\")","v":""},"",""]
[11390,"BROUSSES ET VILLARET",null,11,"Aude","Occitanie",null,{"$f":"ROWS($A$2:A313)","v":312},{"$f":"IF(Formulaire!$F$24='Codes postaux par région et dép'!A313,H313,\"\")","v":""},"",""]
[11390,"CAUDEBRONDE",null,11,"Aude","Occitanie",null,{"$f":"ROWS($A$2:A314)","v":313},{"$f":"IF(Formulaire!$F$24='Codes postaux par région et dép'!A314,H314,\"\")","v":""},"",""]
[11390,"LES MARTYS",null,11,"Aude","Occitanie",null,{"$f":"ROWS($A$2:A315)","v":314},{"$f":"IF(Formulaire!$F$24='Codes postaux par région et dép'!A315,H315,\"\")","v":""},"",""]
[11390,"CUXAC CABARDES",null,11,"Aude","Occitanie",null,{"$f":"ROWS($A$2:A316)","v":315},{"$f":"IF(Formulaire!$F$24='Codes postaux par région et dép'!A316,H316,\"\")","v":""},"",""]
[11390,"FONTIERS CABARDES",null,11,"Aude","Occitanie",null,{"$f":"ROWS($A$2:A317)","v":316},{"$f":"IF(Formulaire!$F$24='Codes postaux par région et dép'!A317,H317,\"\")","v":""},"",""]
[11390,"LAPRADE",null,11,"Aude","Occitanie",null,{"$f":"ROWS($A$2:A318)","v":317},{"$f":"IF(Formulaire!$F$24='Codes postaux par région et dép'!A318,H318,\"\")","v":""},"",""]
[11400,"ISSEL",null,11,"Aude","Occitanie",null,{"$f":"ROWS($A$2:A319)","v":318},{"$f":"IF(Formulaire!$F$24='Codes postaux par région et dép'!A319,H319,\"\")","v":""},"",""]
[11400,"FENDEILLE",null,11,"Aude","Occitanie",null,{"$f":"ROWS($A$2:A320)","v":319},{"$f":"IF(Formulaire!$F$24='Codes postaux par région et dép'!A320,H320,\"\")","v":""},"",""]
[11400,"LABECEDE LAURAGAIS",null,11,"Aude","Occitanie",null,{"$f":"ROWS($A$2:A321)","v":320},{"$f":"IF(Formulaire!$F$24='Codes postaux par région et dép'!A321,H321,\"\")","v":""},"",""]
[11400,"LAURABUC",null,11,"Aude","Occitanie",null,{"$f":"ROWS($A$2:A322)","v":321},{"$f":"IF(Formulaire!$F$24='Codes postaux par région et dép'!A322,H322,\"\")","v":""},{"$f":"IFERROR(SMALL($I:$I,H322),\"\")","v":""},{"$f":"IFERROR(INDEX($B$2:$B$2867,J322),\"\")","v":""}]
[11400,"MAS SAINTES PUELLES",null,11,"Aude","Occitanie",null,{"$f":"ROWS($A$2:A323)","v":322},{"$f":"IF(Formulaire!$F$24='Codes postaux par région et dép'!A323,H323,\"\")","v":""},"",""]
[11400,"LA POMAREDE",null,11,"Aude","Occitanie",null,{"$f":"ROWS($A$2:A324)","v":323},{"$f":"IF(Formulaire!$F$24='Codes postaux par région et dép'!A324,H324,\"\")","v":""},"",""]
[11400,"PUGINIER",null,11,"Aude","Occitanie",null,{"$f":"ROWS($A$2:A325)","v":324},{"$f":"IF(Formulaire!$F$24='Codes postaux par région et dép'!A325,H325,\"\")","v":""},"",""]
[11400,"ST MARTIN LALANDE",null,11,"Aude","Occitanie",null,{"$f":"ROWS($A$2:A326)","v":325},{"$f":"IF(Formulaire!$F$24='Codes postaux par région et dép'!A326,H326,\"\")","v":""},"",""]
[11400,"ST PAPOUL",null,11,"Aude","Occitanie",null,{"$f":"ROWS($A$2:A327)","v":326},{"$f":"IF(Formulaire!$F$24='Codes postaux par région et dép'!A327,H327,\"\")","v":""},"",""]
[11400,"SOUILHANELS",null,11,"Aude","Occitanie",null,{"$f":"ROWS($A$2:A328)","v":327},{"$f":"IF(Formulaire!$F$24='Codes postaux par région et dép'!A328,H328,\"\")","v":""},"",""]
[11400,"LES BRUNELS",null,11,"Aude","Occitanie",null,{"$f":"ROWS($A$2:A329)","v":328},{"$f":"IF(Formulaire!$F$24='Codes postaux par région et dép'!A329,H329,\"\")","v":""},"",""]
[11400,"CASTELNAUDARY",null,11,"Aude","Occitanie",null,{"$f":"ROWS($A$2:A330)","v":329},{"$f":"IF(Formulaire!$F$24='Codes postaux par région et dép'!A330,H330,\"\")","v":""},"",""]
[11400,"LASBORDES",null,11,"Aude","Occitanie",null,{"$f":"ROWS($A$2:A331)","v":330},{"$f":"IF(Formulaire!$F$24='Codes postaux par région et dép'!A331,H331,\"\")","v":""},"",""]
[11400,"PEYRENS",null,11,"Aude","Occitanie",null,{"$f":"ROWS($A$2:A332)","v":331},{"$f":"IF(Formulaire!$F$24='Codes postaux par région et dép'!A332,H332,\"\")","v":""},"",""]
[11400,"TREVILLE",null,11,"Aude","Occitanie",null,{"$f":"ROWS($A$2:A333)","v":332},{"$f":"IF(Formulaire!$F$24='Codes postaux par région et dép'!A333,H333,\"\")","v":""},"",""]
[11400,"VILLENEUVE LA COMPTAL",null,11,"Aude","Occitanie",null,{"$f":"ROWS($A$2:A334)","v":333},{"$f":"IF(Formulaire!$F$24='Codes postaux par région et dép'!A334,H334,\"\")","v":""},"",""]
[11400,"FONTERS DU RAZES",null,11,"Aude","Occitanie",null,{"$f":"ROWS($A$2:A335)","v":334},{"$f":"IF(Formulaire!$F$24='Codes postaux par région et dép'!A335,H335,\"\")","v":""},"",""]
[11400,"MIREVAL LAURAGAIS",null,11,"Aude","Occitanie",null,{"$f":"ROWS($A$2:A336)","v":335},{"$f":"IF(Formulaire!$F$24='Codes postaux par région et dép'!A336,H336,\"\")","v":""},"",""]
[11400,"RICAUD",null,11,"Aude","Occitanie",null,{"$f":"ROWS($A$2:A337)","v":336},{"$f":"IF(Formulaire!$F$24='Codes postaux par région et dép'!A337,H337,\"\")","v":""},"",""]
[11400,"SOUILHE",null,11,"Aude","Occitanie",null,{"$f":"ROWS($A$2:A338)","v":337},{"$f":"IF(Formulaire!$F$24='Codes postaux par région et dép'!A338,H338,\"\")","v":""},"",""]
[11400,"VERDUN EN LAURAGAIS",null,11,"Aude","Occitanie",null,{"$f":"ROWS($A$2:A339)","v":338},{"$f":"IF(Formulaire!$F$24='Codes postaux par région et dép'!A339,H339,\"\")","v":""},"",""]
[11410,"BARAIGNE",null,11,"Aude","Occitanie",null,{"$f":"ROWS($A$2:A340)","v":339},{"$f":"IF(Formulaire!$F$24='Codes postaux par région et dép'!A340,H340,\"\")","v":""},"",""]
[11410,"FAJAC LA RELENQUE",null,11,"Aude","Occitanie",null,{"$f":"ROWS($A$2:A341)","v":340},{"$f":"IF(Formulaire!$F$24='Codes postaux par région et dép'!A341,H341,\"\")","v":""},"",""]
[11410,"GOURVIEILLE",null,11,"Aude","Occitanie",null,{"$f":"ROWS($A$2:A342)","v":341},{"$f":"IF(Formulaire!$F$24='Codes postaux par région et dép'!A342,H342,\"\")","v":""},"",""]
[11410,"MOLLEVILLE",null,11,"Aude","Occitanie",null,{"$f":"ROWS($A$2:A343)","v":342},{"$f":"IF(Formulaire!$F$24='Codes postaux par région et dép'!A343,H343,\"\")","v":""},"",""]
[11410,"LA LOUVIERE LAURAGAIS",null,11,"Aude","Occitanie",null,{"$f":"ROWS($A$2:A344)","v":343},{"$f":"IF(Formulaire!$F$24='Codes postaux par région et dép'!A344,H344,\"\")","v":""},"",""]
[11410,"MONTAURIOL",null,11,"Aude","Occitanie",null,{"$f":"ROWS($A$2:A345)","v":344},{"$f":"IF(Formulaire!$F$24='Codes postaux par région et dép'!A345,H345,\"\")","v":""},"",""]
[11410,"BELFLOU",null,11,"Aude","Occitanie",null,{"$f":"ROWS($A$2:A346)","v":345},{"$f":"IF(Formulaire!$F$24='Codes postaux par région et dép'!A346,H346,\"\")","v":""},"",""]
[11410,"MEZERVILLE",null,11,"Aude","Occitanie",null,{"$f":"ROWS($A$2:A347)","v":346},{"$f":"IF(Formulaire!$F$24='Codes postaux par région et dép'!A347,H347,\"\")","v":""},"",""]
[11410,"MARQUEIN",null,11,"Aude","Occitanie",null,{"$f":"ROWS($A$2:A348)","v":347},{"$f":"IF(Formulaire!$F$24='Codes postaux par région et dép'!A348,H348,\"\")","v":""},"",""]
[11410,"PAYRA SUR L HERS",null,11,"Aude","Occitanie",null,{"$f":"ROWS($A$2:A349)","v":348},{"$f":"IF(Formulaire!$F$24='Codes postaux par région et dép'!A349,H349,\"\")","v":""},"",""]
[11410,"STE CAMELLE",null,11,"Aude","Occitanie",null,{"$f":"ROWS($A$2:A350)","v":349},{"$f":"IF(Formulaire!$F$24='Codes postaux par région et dép'!A350,H350,\"\")","v":""},"",""]
[11410,"ST MICHEL DE LANES",null,11,"Aude","Occitanie",null,{"$f":"ROWS($A$2:A351)","v":350},{"$f":"IF(Formulaire!$F$24='Codes postaux par région et dép'!A351,H351,\"\")","v":""},"",""]
[11410,"CUMIES",null,11,"Aude","Occitanie",null,{"$f":"ROWS($A$2:A352)","v":351},{"$f":"IF(Formulaire!$F$24='Codes postaux par région et dép'!A352,H352,\"\")","v":""},"",""]
[11410,"SALLES SUR L HERS",null,11,"Aude","Occitanie",null,{"$f":"ROWS($A$2:A353)","v":352},{"$f":"IF(Formulaire!$F$24='Codes postaux par région et dép'!A353,H353,\"\")","v":""},"",""]
[11420,"CAHUZAC",null,11,"Aude","Occitanie",null,{"$f":"ROWS($A$2:A354)","v":353},{"$f":"IF(Formulaire!$F$24='Codes postaux par région et dép'!A354,H354,\"\")","v":""},"",""]
[11420,"PEYREFITTE SUR L HERS",null,11,"Aude","Occitanie",null,{"$f":"ROWS($A$2:A355)","v":354},{"$f":"IF(Formulaire!$F$24='Codes postaux par région et dép'!A355,H355,\"\")","v":""},"",""]
[11420,"ST SERNIN",null,11,"Aude","Occitanie",null,{"$f":"ROWS($A$2:A356)","v":355},{"$f":"IF(Formulaire!$F$24='Codes postaux par région et dép'!A356,H356,\"\")","v":""},"",""]
[11420,"VILLAUTOU",null,11,"Aude","Occitanie",null,{"$f":"ROWS($A$2:A357)","v":356},{"$f":"IF(Formulaire!$F$24='Codes postaux par région et dép'!A357,H357,\"\")","v":""},"",""]
[11420,"MOLANDIER",null,11,"Aude","Occitanie",null,{"$f":"ROWS($A$2:A358)","v":357},{"$f":"IF(Formulaire!$F$24='Codes postaux par région et dép'!A358,H358,\"\")","v":""},"",""]
[11420,"PECHARIC ET LE PY",null,11,"Aude","Occitanie",null,{"$f":"ROWS($A$2:A359)","v":358},{"$f":"IF(Formulaire!$F$24='Codes postaux par région et dép'!A359,H359,\"\")","v":""},"",""]
[11420,"PLAIGNE",null,11,"Aude","Occitanie",null,{"$f":"ROWS($A$2:A360)","v":359},{"$f":"IF(Formulaire!$F$24='Codes postaux par région et dép'!A360,H360,\"\")","v":""},"",""]
[11420,"BELPECH",null,11,"Aude","Occitanie",null,{"$f":"ROWS($A$2:A361)","v":360},{"$f":"IF(Formulaire!$F$24='Codes postaux par région et dép'!A361,H361,\"\")","v":""},"",""]
[11420,"LAFAGE",null,11,"Aude","Occitanie",null,{"$f":"ROWS($A$2:A362)","v":361},{"$f":"IF(Formulaire!$F$24='Codes postaux par région et dép'!A362,H362,\"\")","v":""},"",""]
[11420,"MAYREVILLE",null,11,"Aude","Occitanie",null,{"$f":"ROWS($A$2:A363)","v":362},{"$f":"IF(Formulaire!$F$24='Codes postaux par région et dép'!A363,H363,\"\")","v":""},"",""]
[11420,"PECH LUNA",null,11,"Aude","Occitanie",null,{"$f":"ROWS($A$2:A364)","v":363},{"$f":"IF(Formulaire!$F$24='Codes postaux par région et dép'!A364,H364,\"\")","v":""},"",""]
[11430,"GRUISSAN","GRUISSAN PLAGE",11,"Aude","Occitanie",null,{"$f":"ROWS($A$2:A365)","v":364},{"$f":"IF(Formulaire!$F$24='Codes postaux par région et dép'!A365,H365,\"\")","v":""},"",""]
[11430,"GRUISSAN",null,11,"Aude","Occitanie",null,{"$f":"ROWS($A$2:A366)","v":365},{"$f":"IF(Formulaire!$F$24='Codes postaux par région et dép'!A366,H366,\"\")","v":""},"",""]
[11440,"PEYRIAC DE MER",null,11,"Aude","Occitanie",null,{"$f":"ROWS($A$2:A367)","v":366},{"$f":"IF(Formulaire!$F$24='Codes postaux par région et dép'!A367,H367,\"\")","v":""},"",""]
[11480,"LA PALME",null,11,"Aude","Occitanie",null,{"$f":"ROWS($A$2:A368)","v":367},{"$f":"IF(Formulaire!$F$24='Codes postaux par région et dép'!A368,H368,\"\")","v":""},"",""]
[11490,"PORTEL DES CORBIERES",null,11,"Aude","Occitanie",null,{"$f":"ROWS($A$2:A369)","v":368},{"$f":"IF(Formulaire!$F$24='Codes postaux par région et dép'!A369,H369,\"\")","v":""},"",""]
[11500,"COUDONS",null,11,"Aude","Occitanie",null,{"$f":"ROWS($A$2:A370)","v":369},{"$f":"IF(Formulaire!$F$24='Codes postaux par région et dép'!A370,H370,\"\")","v":""},"",""]
[11500,"GINOLES",null,11,"Aude","Occitanie",null,{"$f":"ROWS($A$2:A371)","v":370},{"$f":"IF(Formulaire!$F$24='Codes postaux par région et dép'!A371,H371,\"\")","v":""},"",""]
[11500,"NEBIAS",null,11,"Aude","Occitanie",null,{"$f":"ROWS($A$2:A372)","v":371},{"$f":"IF(Formulaire!$F$24='Codes postaux par région et dép'!A372,H372,\"\")","v":""},"",""]
[11500,"ST FERRIOL",null,11,"Aude","Occitanie",null,{"$f":"ROWS($A$2:A373)","v":372},{"$f":"IF(Formulaire!$F$24='Codes postaux par région et dép'!A373,H373,\"\")","v":""},"",""]
[11500,"ST JULIA DE BEC",null,11,"Aude","Occitanie",null,{"$f":"ROWS($A$2:A374)","v":373},{"$f":"IF(Formulaire!$F$24='Codes postaux par région et dép'!A374,H374,\"\")","v":""},"",""]
[11500,"ST JUST ET LE BEZU",null,11,"Aude","Occitanie",null,{"$f":"ROWS($A$2:A375)","v":374},{"$f":"IF(Formulaire!$F$24='Codes postaux par région et dép'!A375,H375,\"\")","v":""},"",""]
[11500,"ST MARTIN LYS",null,11,"Aude","Occitanie",null,{"$f":"ROWS($A$2:A376)","v":375},{"$f":"IF(Formulaire!$F$24='Codes postaux par région et dép'!A376,H376,\"\")","v":""},"",""]
[11500,"ST LOUIS ET PARAHOU",null,11,"Aude","Occitanie",null,{"$f":"ROWS($A$2:A377)","v":376},{"$f":"IF(Formulaire!$F$24='Codes postaux par région et dép'!A377,H377,\"\")","v":""},"",""]
[11500,"BELVIANES ET CAVIRAC",null,11,"Aude","Occitanie",null,{"$f":"ROWS($A$2:A378)","v":377},{"$f":"IF(Formulaire!$F$24='Codes postaux par région et dép'!A378,H378,\"\")","v":""},"",""]
[11500,"GRANES",null,11,"Aude","Occitanie",null,{"$f":"ROWS($A$2:A379)","v":378},{"$f":"IF(Formulaire!$F$24='Codes postaux par région et dép'!A379,H379,\"\")","v":""},"",""]
[11500,"QUILLAN",null,11,"Aude","Occitanie",null,{"$f":"ROWS($A$2:A380)","v":379},{"$f":"IF(Formulaire!$F$24='Codes postaux par région et dép'!A380,H380,\"\")","v":""},"",""]
[11500,"QUIRBAJOU",null,11,"Aude","Occitanie",null,{"$f":"ROWS($A$2:A381)","v":380},{"$f":"IF(Formulaire!$F$24='Codes postaux par région et dép'!A381,H381,\"\")","v":""},"",""]
[11500,"QUILLAN","BRENAC",11,"Aude","Occitanie",null,{"$f":"ROWS($A$2:A382)","v":381},{"$f":"IF(Formulaire!$F$24='Codes postaux par région et dép'!A382,H382,\"\")","v":""},"",""]
[11510,"CAVES",null,11,"Aude","Occitanie",null,{"$f":"ROWS($A$2:A383)","v":382},{"$f":"IF(Formulaire!$F$24='Codes postaux par région et dép'!A383,H383,\"\")","v":""},"",""]
[11510,"FITOU",null,11,"Aude","Occitanie",null,{"$f":"ROWS($A$2:A384)","v":383},{"$f":"IF(Formulaire!$F$24='Codes postaux par région et dép'!A384,H384,\"\")","v":""},"",""]
[11510,"FEUILLA",null,11,"Aude","Occitanie",null,{"$f":"ROWS($A$2:A385)","v":384},{"$f":"IF(Formulaire!$F$24='Codes postaux par région et dép'!A385,H385,\"\")","v":""},"",""]
[11510,"FITOU","CABANES DE FITOU",11,"Aude","Occitanie",null,{"$f":"ROWS($A$2:A386)","v":385},{"$f":"IF(Formulaire!$F$24='Codes postaux par région et dép'!A386,H386,\"\")","v":""},{"$f":"IFERROR(SMALL($I:$I,H386),\"\")","v":""},{"$f":"IFERROR(INDEX($B$2:$B$2867,J386),\"\")","v":""}]
[11510,"TREILLES",null,11,"Aude","Occitanie",null,{"$f":"ROWS($A$2:A387)","v":386},{"$f":"IF(Formulaire!$F$24='Codes postaux par région et dép'!A387,H387,\"\")","v":""},"",""]
[11540,"ROQUEFORT DES CORBIERES",null,11,"Aude","Occitanie",null,{"$f":"ROWS($A$2:A388)","v":387},{"$f":"IF(Formulaire!$F$24='Codes postaux par région et dép'!A388,H388,\"\")","v":""},"",""]
[11560,"FLEURY D AUDE",null,11,"Aude","Occitanie",null,{"$f":"ROWS($A$2:A389)","v":388},{"$f":"IF(Formulaire!$F$24='Codes postaux par région et dép'!A389,H389,\"\")","v":""},"",""]
[11560,"FLEURY D AUDE","ST PIERRE LA MER",11,"Aude","Occitanie",null,{"$f":"ROWS($A$2:A390)","v":389},{"$f":"IF(Formulaire!$F$24='Codes postaux par région et dép'!A390,H390,\"\")","v":""},"",""]
[11570,"CAVANAC",null,11,"Aude","Occitanie",null,{"$f":"ROWS($A$2:A391)","v":390},{"$f":"IF(Formulaire!$F$24='Codes postaux par région et dép'!A391,H391,\"\")","v":""},"",""]
[11570,"MAS DES COURS",null,11,"Aude","Occitanie",null,{"$f":"ROWS($A$2:A392)","v":391},{"$f":"IF(Formulaire!$F$24='Codes postaux par région et dép'!A392,H392,\"\")","v":""},"",""]
[11570,"PALAJA",null,11,"Aude","Occitanie",null,{"$f":"ROWS($A$2:A393)","v":392},{"$f":"IF(Formulaire!$F$24='Codes postaux par région et dép'!A393,H393,\"\")","v":""},"",""]
[11570,"CAZILHAC",null,11,"Aude","Occitanie",null,{"$f":"ROWS($A$2:A394)","v":393},{"$f":"IF(Formulaire!$F$24='Codes postaux par région et dép'!A394,H394,\"\")","v":""},"",""]
[11570,"VILLEFLOURE",null,11,"Aude","Occitanie",null,{"$f":"ROWS($A$2:A395)","v":394},{"$f":"IF(Formulaire!$F$24='Codes postaux par région et dép'!A395,H395,\"\")","v":""},"",""]
[11580,"ALET LES BAINS",null,11,"Aude","Occitanie",null,{"$f":"ROWS($A$2:A396)","v":395},{"$f":"IF(Formulaire!$F$24='Codes postaux par région et dép'!A396,H396,\"\")","v":""},"",""]
[11580,"VERAZA",null,11,"Aude","Occitanie",null,{"$f":"ROWS($A$2:A397)","v":396},{"$f":"IF(Formulaire!$F$24='Codes postaux par région et dép'!A397,H397,\"\")","v":""},"",""]
[11580,"VALMIGERE",null,11,"Aude","Occitanie",null,{"$f":"ROWS($A$2:A398)","v":397},{"$f":"IF(Formulaire!$F$24='Codes postaux par région et dép'!A398,H398,\"\")","v":""},"",""]
[11580,"VILLARDEBELLE",null,11,"Aude","Occitanie",null,{"$f":"ROWS($A$2:A399)","v":398},{"$f":"IF(Formulaire!$F$24='Codes postaux par région et dép'!A399,H399,\"\")","v":""},"",""]
[11580,"BELCASTEL ET BUC",null,11,"Aude","Occitanie",null,{"$f":"ROWS($A$2:A400)","v":399},{"$f":"IF(Formulaire!$F$24='Codes postaux par région et dép'!A400,H400,\"\")","v":""},"",""]
[11580,"MISSEGRE",null,11,"Aude","Occitanie",null,{"$f":"ROWS($A$2:A401)","v":400},{"$f":"IF(Formulaire!$F$24='Codes postaux par région et dép'!A401,H401,\"\")","v":""},"",""]
[11580,"TERROLES",null,11,"Aude","Occitanie",null,{"$f":"ROWS($A$2:A402)","v":401},{"$f":"IF(Formulaire!$F$24='Codes postaux par région et dép'!A402,H402,\"\")","v":""},"",""]
[11590,"OUVEILLAN",null,11,"Aude","Occitanie",null,{"$f":"ROWS($A$2:A403)","v":402},{"$f":"IF(Formulaire!$F$24='Codes postaux par région et dép'!A403,H403,\"\")","v":""},"",""]
[11590,"CUXAC D AUDE",null,11,"Aude","Occitanie",null,{"$f":"ROWS($A$2:A404)","v":403},{"$f":"IF(Formulaire!$F$24='Codes postaux par région et dép'!A404,H404,\"\")","v":""},"",""]
[11590,"SALLELES D AUDE",null,11,"Aude","Occitanie",null,{"$f":"ROWS($A$2:A405)","v":404},{"$f":"IF(Formulaire!$F$24='Codes postaux par région et dép'!A405,H405,\"\")","v":""},"",""]
[11600,"ARAGON",null,11,"Aude","Occitanie",null,{"$f":"ROWS($A$2:A406)","v":405},{"$f":"IF(Formulaire!$F$24='Codes postaux par région et dép'!A406,H406,\"\")","v":""},"",""]
[11600,"FOURNES CABARDES",null,11,"Aude","Occitanie",null,{"$f":"ROWS($A$2:A407)","v":406},{"$f":"IF(Formulaire!$F$24='Codes postaux par région et dép'!A407,H407,\"\")","v":""},"",""]
[11600,"FRAISSE CABARDES",null,11,"Aude","Occitanie",null,{"$f":"ROWS($A$2:A408)","v":407},{"$f":"IF(Formulaire!$F$24='Codes postaux par région et dép'!A408,H408,\"\")","v":""},"",""]
[11600,"MALVES EN MINERVOIS",null,11,"Aude","Occitanie",null,{"$f":"ROWS($A$2:A409)","v":408},{"$f":"IF(Formulaire!$F$24='Codes postaux par région et dép'!A409,H409,\"\")","v":""},"",""]
[11600,"VILLANIERE",null,11,"Aude","Occitanie",null,{"$f":"ROWS($A$2:A410)","v":409},{"$f":"IF(Formulaire!$F$24='Codes postaux par région et dép'!A410,H410,\"\")","v":""},"",""]
[11600,"VILLARDONNEL",null,11,"Aude","Occitanie",null,{"$f":"ROWS($A$2:A411)","v":410},{"$f":"IF(Formulaire!$F$24='Codes postaux par région et dép'!A411,H411,\"\")","v":""},"",""]
[11600,"CONQUES SUR ORBIEL",null,11,"Aude","Occitanie",null,{"$f":"ROWS($A$2:A412)","v":411},{"$f":"IF(Formulaire!$F$24='Codes postaux par région et dép'!A412,H412,\"\")","v":""},"",""]
[11600,"LASTOURS",null,11,"Aude","Occitanie",null,{"$f":"ROWS($A$2:A413)","v":412},{"$f":"IF(Formulaire!$F$24='Codes postaux par région et dép'!A413,H413,\"\")","v":""},"",""]
[11600,"LIMOUSIS",null,11,"Aude","Occitanie",null,{"$f":"ROWS($A$2:A414)","v":413},{"$f":"IF(Formulaire!$F$24='Codes postaux par région et dép'!A414,H414,\"\")","v":""},"",""]
[11600,"VILLALIER",null,11,"Aude","Occitanie",null,{"$f":"ROWS($A$2:A415)","v":414},{"$f":"IF(Formulaire!$F$24='Codes postaux par région et dép'!A415,H415,\"\")","v":""},"",""]
[11600,"BAGNOLES",null,11,"Aude","Occitanie",null,{"$f":"ROWS($A$2:A416)","v":415},{"$f":"IF(Formulaire!$F$24='Codes postaux par région et dép'!A416,H416,\"\")","v":""},"",""]
[11600,"SALLELES CABARDES",null,11,"Aude","Occitanie",null,{"$f":"ROWS($A$2:A417)","v":416},{"$f":"IF(Formulaire!$F$24='Codes postaux par région et dép'!A417,H417,\"\")","v":""},"",""]
[11600,"VILLARZEL CABARDES",null,11,"Aude","Occitanie",null,{"$f":"ROWS($A$2:A418)","v":417},{"$f":"IF(Formulaire!$F$24='Codes postaux par région et dép'!A418,H418,\"\")","v":""},"",""]
[11600,"VILLEGAILHENC",null,11,"Aude","Occitanie",null,{"$f":"ROWS($A$2:A419)","v":418},{"$f":"IF(Formulaire!$F$24='Codes postaux par région et dép'!A419,H419,\"\")","v":""},"",""]
[11600,"VILLEGLY",null,11,"Aude","Occitanie",null,{"$f":"ROWS($A$2:A420)","v":419},{"$f":"IF(Formulaire!$F$24='Codes postaux par région et dép'!A420,H420,\"\")","v":""},"",""]
[11600,"SALSIGNE",null,11,"Aude","Occitanie",null,{"$f":"ROWS($A$2:A421)","v":420},{"$f":"IF(Formulaire!$F$24='Codes postaux par région et dép'!A421,H421,\"\")","v":""},"",""]
[11610,"PENNAUTIER",null,11,"Aude","Occitanie",null,{"$f":"ROWS($A$2:A422)","v":421},{"$f":"IF(Formulaire!$F$24='Codes postaux par région et dép'!A422,H422,\"\")","v":""},"",""]
[11610,"VENTENAC CABARDES",null,11,"Aude","Occitanie",null,{"$f":"ROWS($A$2:A423)","v":422},{"$f":"IF(Formulaire!$F$24='Codes postaux par région et dép'!A423,H423,\"\")","v":""},"",""]
[11620,"VILLEMOUSTAUSSOU",null,11,"Aude","Occitanie",null,{"$f":"ROWS($A$2:A424)","v":423},{"$f":"IF(Formulaire!$F$24='Codes postaux par région et dép'!A424,H424,\"\")","v":""},"",""]
[11700,"AZILLE",null,11,"Aude","Occitanie",null,{"$f":"ROWS($A$2:A425)","v":424},{"$f":"IF(Formulaire!$F$24='Codes postaux par région et dép'!A425,H425,\"\")","v":""},"",""]
[11700,"FONTCOUVERTE",null,11,"Aude","Occitanie",null,{"$f":"ROWS($A$2:A426)","v":425},{"$f":"IF(Formulaire!$F$24='Codes postaux par région et dép'!A426,H426,\"\")","v":""},"",""]
[11700,"LA REDORTE",null,11,"Aude","Occitanie",null,{"$f":"ROWS($A$2:A427)","v":426},{"$f":"IF(Formulaire!$F$24='Codes postaux par région et dép'!A427,H427,\"\")","v":""},"",""]
[11700,"MONTBRUN DES CORBIERES",null,11,"Aude","Occitanie",null,{"$f":"ROWS($A$2:A428)","v":427},{"$f":"IF(Formulaire!$F$24='Codes postaux par région et dép'!A428,H428,\"\")","v":""},"",""]
[11700,"PEPIEUX",null,11,"Aude","Occitanie",null,{"$f":"ROWS($A$2:A429)","v":428},{"$f":"IF(Formulaire!$F$24='Codes postaux par région et dép'!A429,H429,\"\")","v":""},"",""]
[11700,"ROQUECOURBE MINERVOIS",null,11,"Aude","Occitanie",null,{"$f":"ROWS($A$2:A430)","v":429},{"$f":"IF(Formulaire!$F$24='Codes postaux par région et dép'!A430,H430,\"\")","v":""},"",""]
[11700,"CASTELNAU D AUDE",null,11,"Aude","Occitanie",null,{"$f":"ROWS($A$2:A431)","v":430},{"$f":"IF(Formulaire!$F$24='Codes postaux par région et dép'!A431,H431,\"\")","v":""},"",""]
[11700,"MOUX",null,11,"Aude","Occitanie",null,{"$f":"ROWS($A$2:A432)","v":431},{"$f":"IF(Formulaire!$F$24='Codes postaux par région et dép'!A432,H432,\"\")","v":""},"",""]
[11700,"PUICHERIC",null,11,"Aude","Occitanie",null,{"$f":"ROWS($A$2:A433)","v":432},{"$f":"IF(Formulaire!$F$24='Codes postaux par région et dép'!A433,H433,\"\")","v":""},"",""]
[11700,"BLOMAC",null,11,"Aude","Occitanie",null,{"$f":"ROWS($A$2:A434)","v":433},{"$f":"IF(Formulaire!$F$24='Codes postaux par région et dép'!A434,H434,\"\")","v":""},"",""]
[11700,"CAPENDU",null,11,"Aude","Occitanie",null,{"$f":"ROWS($A$2:A435)","v":434},{"$f":"IF(Formulaire!$F$24='Codes postaux par région et dép'!A435,H435,\"\")","v":""},"",""]
[11700,"COMIGNE",null,11,"Aude","Occitanie",null,{"$f":"ROWS($A$2:A436)","v":435},{"$f":"IF(Formulaire!$F$24='Codes postaux par région et dép'!A436,H436,\"\")","v":""},"",""]
[11700,"DOUZENS",null,11,"Aude","Occitanie",null,{"$f":"ROWS($A$2:A437)","v":436},{"$f":"IF(Formulaire!$F$24='Codes postaux par région et dép'!A437,H437,\"\")","v":""},"",""]
[11700,"ST COUAT D AUDE",null,11,"Aude","Occitanie",null,{"$f":"ROWS($A$2:A438)","v":437},{"$f":"IF(Formulaire!$F$24='Codes postaux par région et dép'!A438,H438,\"\")","v":""},"",""]
[11800,"BADENS",null,11,"Aude","Occitanie",null,{"$f":"ROWS($A$2:A439)","v":438},{"$f":"IF(Formulaire!$F$24='Codes postaux par région et dép'!A439,H439,\"\")","v":""},"",""]
[11800,"FONTIES D AUDE",null,11,"Aude","Occitanie",null,{"$f":"ROWS($A$2:A440)","v":439},{"$f":"IF(Formulaire!$F$24='Codes postaux par région et dép'!A440,H440,\"\")","v":""},"",""]
[11800,"LAURE MINERVOIS",null,11,"Aude","Occitanie",null,{"$f":"ROWS($A$2:A441)","v":440},{"$f":"IF(Formulaire!$F$24='Codes postaux par région et dép'!A441,H441,\"\")","v":""},"",""]
[11800,"MONZE",null,11,"Aude","Occitanie",null,{"$f":"ROWS($A$2:A442)","v":441},{"$f":"IF(Formulaire!$F$24='Codes postaux par région et dép'!A442,H442,\"\")","v":""},"",""]
[11800,"BOUILHONNAC",null,11,"Aude","Occitanie",null,{"$f":"ROWS($A$2:A443)","v":442},{"$f":"IF(Formulaire!$F$24='Codes postaux par région et dép'!A443,H443,\"\")","v":""},"",""]
[11800,"RUSTIQUES",null,11,"Aude","Occitanie",null,{"$f":"ROWS($A$2:A444)","v":443},{"$f":"IF(Formulaire!$F$24='Codes postaux par région et dép'!A444,H444,\"\")","v":""},"",""]
[11800,"AIGUES VIVES",null,11,"Aude","Occitanie",null,{"$f":"ROWS($A$2:A445)","v":444},{"$f":"IF(Formulaire!$F$24='Codes postaux par région et dép'!A445,H445,\"\")","v":""},"",""]
[11800,"BARBAIRA",null,11,"Aude","Occitanie",null,{"$f":"ROWS($A$2:A446)","v":445},{"$f":"IF(Formulaire!$F$24='Codes postaux par région et dép'!A446,H446,\"\")","v":""},"",""]
[11800,"FLOURE",null,11,"Aude","Occitanie",null,{"$f":"ROWS($A$2:A447)","v":446},{"$f":"IF(Formulaire!$F$24='Codes postaux par région et dép'!A447,H447,\"\")","v":""},"",""]
[11800,"MARSEILLETTE",null,11,"Aude","Occitanie",null,{"$f":"ROWS($A$2:A448)","v":447},{"$f":"IF(Formulaire!$F$24='Codes postaux par région et dép'!A448,H448,\"\")","v":""},"",""]
[11800,"VILLEDUBERT",null,11,"Aude","Occitanie",null,{"$f":"ROWS($A$2:A449)","v":448},{"$f":"IF(Formulaire!$F$24='Codes postaux par région et dép'!A449,H449,\"\")","v":""},"",""]
[11800,"MONTIRAT",null,11,"Aude","Occitanie",null,{"$f":"ROWS($A$2:A450)","v":449},{"$f":"IF(Formulaire!$F$24='Codes postaux par région et dép'!A450,H450,\"\")","v":""},{"$f":"IFERROR(SMALL($I:$I,H450),\"\")","v":""},{"$f":"IFERROR(INDEX($B$2:$B$2867,J450),\"\")","v":""}]
[11800,"ST FRICHOUX",null,11,"Aude","Occitanie",null,{"$f":"ROWS($A$2:A451)","v":450},{"$f":"IF(Formulaire!$F$24='Codes postaux par région et dép'!A451,H451,\"\")","v":""},"",""]
[11800,"TREBES",null,11,"Aude","Occitanie",null,{"$f":"ROWS($A$2:A452)","v":451},{"$f":"IF(Formulaire!$F$24='Codes postaux par région et dép'!A452,H452,\"\")","v":""},"",""]
[12000,"DRUELLE BALSAC","DRUELLE",12,"Aveyron","Occitanie",null,{"$f":"ROWS($A$2:A453)","v":452},{"$f":"IF(Formulaire!$F$24='Codes postaux par région et dép'!A453,H453,\"\")","v":""},"",""]
[12000,"LE MONASTERE",null,12,"Aveyron","Occitanie",null,{"$f":"ROWS($A$2:A454)","v":453},{"$f":"IF(Formulaire!$F$24='Codes postaux par région et dép'!A454,H454,\"\")","v":""},"",""]
[12000,"ONET LE CHATEAU",null,12,"Aveyron","Occitanie",null,{"$f":"ROWS($A$2:A455)","v":454},{"$f":"IF(Formulaire!$F$24='Codes postaux par région et dép'!A455,H455,\"\")","v":""},"",""]
[12000,"DRUELLE BALSAC","AMPIAC",12,"Aveyron","Occitanie",null,{"$f":"ROWS($A$2:A456)","v":455},{"$f":"IF(Formulaire!$F$24='Codes postaux par région et dép'!A456,H456,\"\")","v":""},"",""]
[12000,"RODEZ",null,12,"Aveyron","Occitanie",null,{"$f":"ROWS($A$2:A457)","v":456},{"$f":"IF(Formulaire!$F$24='Codes postaux par région et dép'!A457,H457,\"\")","v":""},"",""]
[12100,"CREISSELS",null,12,"Aveyron","Occitanie",null,{"$f":"ROWS($A$2:A458)","v":457},{"$f":"IF(Formulaire!$F$24='Codes postaux par région et dép'!A458,H458,\"\")","v":""},"",""]
[12100,"LA ROQUE STE MARGUERITE",null,12,"Aveyron","Occitanie",null,{"$f":"ROWS($A$2:A459)","v":458},{"$f":"IF(Formulaire!$F$24='Codes postaux par région et dép'!A459,H459,\"\")","v":""},"",""]
[12100,"ST GEORGES DE LUZENCON",null,12,"Aveyron","Occitanie",null,{"$f":"ROWS($A$2:A460)","v":459},{"$f":"IF(Formulaire!$F$24='Codes postaux par région et dép'!A460,H460,\"\")","v":""},"",""]
[12100,"COMPREGNAC",null,12,"Aveyron","Occitanie",null,{"$f":"ROWS($A$2:A461)","v":460},{"$f":"IF(Formulaire!$F$24='Codes postaux par région et dép'!A461,H461,\"\")","v":""},"",""]
[12100,"MILLAU",null,12,"Aveyron","Occitanie",null,{"$f":"ROWS($A$2:A462)","v":461},{"$f":"IF(Formulaire!$F$24='Codes postaux par région et dép'!A462,H462,\"\")","v":""},"",""]
[12110,"AUBIN","LE GUA",12,"Aveyron","Occitanie",null,{"$f":"ROWS($A$2:A463)","v":462},{"$f":"IF(Formulaire!$F$24='Codes postaux par région et dép'!A463,H463,\"\")","v":""},"",""]
[12110,"VIVIEZ",null,12,"Aveyron","Occitanie",null,{"$f":"ROWS($A$2:A464)","v":463},{"$f":"IF(Formulaire!$F$24='Codes postaux par région et dép'!A464,H464,\"\")","v":""},"",""]
[12110,"AUBIN","COMBES",12,"Aveyron","Occitanie",null,{"$f":"ROWS($A$2:A465)","v":464},{"$f":"IF(Formulaire!$F$24='Codes postaux par région et dép'!A465,H465,\"\")","v":""},"",""]
[12110,"AUBIN",null,12,"Aveyron","Occitanie",null,{"$f":"ROWS($A$2:A466)","v":465},{"$f":"IF(Formulaire!$F$24='Codes postaux par région et dép'!A466,H466,\"\")","v":""},"",""]
[12110,"CRANSAC",null,12,"Aveyron","Occitanie",null,{"$f":"ROWS($A$2:A467)","v":466},{"$f":"IF(Formulaire!$F$24='Codes postaux par région et dép'!A467,H467,\"\")","v":""},"",""]
[12120,"CENTRES",null,12,"Aveyron","Occitanie",null,{"$f":"ROWS($A$2:A468)","v":467},{"$f":"IF(Formulaire!$F$24='Codes postaux par région et dép'!A468,H468,\"\")","v":""},"",""]
[12120,"COMPS LA GRAND VILLE",null,12,"Aveyron","Occitanie",null,{"$f":"ROWS($A$2:A469)","v":468},{"$f":"IF(Formulaire!$F$24='Codes postaux par région et dép'!A469,H469,\"\")","v":""},"",""]
[12120,"RULLAC ST CIRQ",null,12,"Aveyron","Occitanie",null,{"$f":"ROWS($A$2:A470)","v":469},{"$f":"IF(Formulaire!$F$24='Codes postaux par région et dép'!A470,H470,\"\")","v":""},"",""]
[12120,"ARVIEU",null,12,"Aveyron","Occitanie",null,{"$f":"ROWS($A$2:A471)","v":470},{"$f":"IF(Formulaire!$F$24='Codes postaux par région et dép'!A471,H471,\"\")","v":""},"",""]
[12120,"CASSAGNES BEGONHES",null,12,"Aveyron","Occitanie",null,{"$f":"ROWS($A$2:A472)","v":471},{"$f":"IF(Formulaire!$F$24='Codes postaux par région et dép'!A472,H472,\"\")","v":""},"",""]
[12120,"MELJAC",null,12,"Aveyron","Occitanie",null,{"$f":"ROWS($A$2:A473)","v":472},{"$f":"IF(Formulaire!$F$24='Codes postaux par région et dép'!A473,H473,\"\")","v":""},"",""]
[12120,"STE JULIETTE SUR VIAUR",null,12,"Aveyron","Occitanie",null,{"$f":"ROWS($A$2:A474)","v":473},{"$f":"IF(Formulaire!$F$24='Codes postaux par région et dép'!A474,H474,\"\")","v":""},"",""]
[12120,"SALMIECH",null,12,"Aveyron","Occitanie",null,{"$f":"ROWS($A$2:A475)","v":474},{"$f":"IF(Formulaire!$F$24='Codes postaux par région et dép'!A475,H475,\"\")","v":""},"",""]
[12120,"AURIAC LAGAST",null,12,"Aveyron","Occitanie",null,{"$f":"ROWS($A$2:A476)","v":475},{"$f":"IF(Formulaire!$F$24='Codes postaux par région et dép'!A476,H476,\"\")","v":""},"",""]
[12130,"LA CAPELLE BONANCE",null,12,"Aveyron","Occitanie",null,{"$f":"ROWS($A$2:A477)","v":476},{"$f":"IF(Formulaire!$F$24='Codes postaux par région et dép'!A477,H477,\"\")","v":""},"",""]
[12130,"POMAYROLS",null,12,"Aveyron","Occitanie",null,{"$f":"ROWS($A$2:A478)","v":477},{"$f":"IF(Formulaire!$F$24='Codes postaux par région et dép'!A478,H478,\"\")","v":""},"",""]
[12130,"ST GENIEZ D OLT ET D AUBRAC","AURELLE VERLAC",12,"Aveyron","Occitanie",null,{"$f":"ROWS($A$2:A479)","v":478},{"$f":"IF(Formulaire!$F$24='Codes postaux par région et dép'!A479,H479,\"\")","v":""},"",""]
[12130,"STE EULALIE D OLT",null,12,"Aveyron","Occitanie",null,{"$f":"ROWS($A$2:A480)","v":479},{"$f":"IF(Formulaire!$F$24='Codes postaux par région et dép'!A480,H480,\"\")","v":""},"",""]
[12130,"PIERREFICHE",null,12,"Aveyron","Occitanie",null,{"$f":"ROWS($A$2:A481)","v":480},{"$f":"IF(Formulaire!$F$24='Codes postaux par région et dép'!A481,H481,\"\")","v":""},"",""]
[12130,"ST GENIEZ D OLT ET D AUBRAC","ST GENIEZ D OLT",12,"Aveyron","Occitanie",null,{"$f":"ROWS($A$2:A482)","v":481},{"$f":"IF(Formulaire!$F$24='Codes postaux par région et dép'!A482,H482,\"\")","v":""},"",""]
[12130,"ST MARTIN DE LENNE",null,12,"Aveyron","Occitanie",null,{"$f":"ROWS($A$2:A483)","v":482},{"$f":"IF(Formulaire!$F$24='Codes postaux par région et dép'!A483,H483,\"\")","v":""},"",""]
[12140,"LE FEL",null,12,"Aveyron","Occitanie",null,{"$f":"ROWS($A$2:A484)","v":483},{"$f":"IF(Formulaire!$F$24='Codes postaux par région et dép'!A484,H484,\"\")","v":""},"",""]
[12140,"ENTRAYGUES SUR TRUYERE",null,12,"Aveyron","Occitanie",null,{"$f":"ROWS($A$2:A485)","v":484},{"$f":"IF(Formulaire!$F$24='Codes postaux par région et dép'!A485,H485,\"\")","v":""},"",""]
[12140,"FLORENTIN LA CAPELLE",null,12,"Aveyron","Occitanie",null,{"$f":"ROWS($A$2:A486)","v":485},{"$f":"IF(Formulaire!$F$24='Codes postaux par région et dép'!A486,H486,\"\")","v":""},"",""]
[12140,"ST HIPPOLYTE",null,12,"Aveyron","Occitanie",null,{"$f":"ROWS($A$2:A487)","v":486},{"$f":"IF(Formulaire!$F$24='Codes postaux par région et dép'!A487,H487,\"\")","v":""},"",""]
[12140,"CAMPOURIEZ","BANHARS",12,"Aveyron","Occitanie",null,{"$f":"ROWS($A$2:A488)","v":487},{"$f":"IF(Formulaire!$F$24='Codes postaux par région et dép'!A488,H488,\"\")","v":""},"",""]
[12140,"ESPEYRAC",null,12,"Aveyron","Occitanie",null,{"$f":"ROWS($A$2:A489)","v":488},{"$f":"IF(Formulaire!$F$24='Codes postaux par région et dép'!A489,H489,\"\")","v":""},"",""]
[12140,"GOLINHAC",null,12,"Aveyron","Occitanie",null,{"$f":"ROWS($A$2:A490)","v":489},{"$f":"IF(Formulaire!$F$24='Codes postaux par région et dép'!A490,H490,\"\")","v":""},"",""]
[12140,"ST HIPPOLYTE","PONS",12,"Aveyron","Occitanie",null,{"$f":"ROWS($A$2:A491)","v":490},{"$f":"IF(Formulaire!$F$24='Codes postaux par région et dép'!A491,H491,\"\")","v":""},"",""]
[12140,"CAMPOURIEZ",null,12,"Aveyron","Occitanie",null,{"$f":"ROWS($A$2:A492)","v":491},{"$f":"IF(Formulaire!$F$24='Codes postaux par région et dép'!A492,H492,\"\")","v":""},"",""]
[12150,"SEVERAC D AVEYRON","RECOULES PREVINQUIERES",12,"Aveyron","Occitanie",null,{"$f":"ROWS($A$2:A493)","v":492},{"$f":"IF(Formulaire!$F$24='Codes postaux par région et dép'!A493,H493,\"\")","v":""},"",""]
[12150,"SEVERAC D AVEYRON","LAVERNHE",12,"Aveyron","Occitanie",null,{"$f":"ROWS($A$2:A494)","v":493},{"$f":"IF(Formulaire!$F$24='Codes postaux par région et dép'!A494,H494,\"\")","v":""},"",""]
[12150,"SEVERAC D AVEYRON","BUZEINS",12,"Aveyron","Occitanie",null,{"$f":"ROWS($A$2:A495)","v":494},{"$f":"IF(Formulaire!$F$24='Codes postaux par région et dép'!A495,H495,\"\")","v":""},"",""]
[12150,"SEVERAC D AVEYRON","SEVERAC LE CHATEAU",12,"Aveyron","Occitanie",null,{"$f":"ROWS($A$2:A496)","v":495},{"$f":"IF(Formulaire!$F$24='Codes postaux par région et dép'!A496,H496,\"\")","v":""},"",""]
[12150,"SEVERAC D AVEYRON","LAPANOUSE",12,"Aveyron","Occitanie",null,{"$f":"ROWS($A$2:A497)","v":496},{"$f":"IF(Formulaire!$F$24='Codes postaux par région et dép'!A497,H497,\"\")","v":""},"",""]
[12160,"BARAQUEVILLE",null,12,"Aveyron","Occitanie",null,{"$f":"ROWS($A$2:A498)","v":497},{"$f":"IF(Formulaire!$F$24='Codes postaux par région et dép'!A498,H498,\"\")","v":""},"",""]
[12160,"MANHAC",null,12,"Aveyron","Occitanie",null,{"$f":"ROWS($A$2:A499)","v":498},{"$f":"IF(Formulaire!$F$24='Codes postaux par région et dép'!A499,H499,\"\")","v":""},"",""]
[12160,"GRAMOND",null,12,"Aveyron","Occitanie",null,{"$f":"ROWS($A$2:A500)","v":499},{"$f":"IF(Formulaire!$F$24='Codes postaux par région et dép'!A500,H500,\"\")","v":""},"",""]
[12160,"CAMBOULAZET",null,12,"Aveyron","Occitanie",null,{"$f":"ROWS($A$2:A501)","v":500},{"$f":"IF(Formulaire!$F$24='Codes postaux par région et dép'!A501,H501,\"\")","v":""},"",""]
[12160,"MOYRAZES",null,12,"Aveyron","Occitanie",null,{"$f":"ROWS($A$2:A502)","v":501},{"$f":"IF(Formulaire!$F$24='Codes postaux par région et dép'!A502,H502,\"\")","v":""},"",""]
[12160,"BOUSSAC",null,12,"Aveyron","Occitanie",null,{"$f":"ROWS($A$2:A503)","v":502},{"$f":"IF(Formulaire!$F$24='Codes postaux par région et dép'!A503,H503,\"\")","v":""},"",""]
[12160,"BARAQUEVILLE","VORS",12,"Aveyron","Occitanie",null,{"$f":"ROWS($A$2:A504)","v":503},{"$f":"IF(Formulaire!$F$24='Codes postaux par région et dép'!A504,H504,\"\")","v":""},"",""]
[12170,"DURENQUE",null,12,"Aveyron","Occitanie",null,{"$f":"ROWS($A$2:A505)","v":504},{"$f":"IF(Formulaire!$F$24='Codes postaux par région et dép'!A505,H505,\"\")","v":""},"",""]
[12170,"REQUISTA",null,12,"Aveyron","Occitanie",null,{"$f":"ROWS($A$2:A506)","v":505},{"$f":"IF(Formulaire!$F$24='Codes postaux par région et dép'!A506,H506,\"\")","v":""},"",""]
[12170,"LEDERGUES",null,12,"Aveyron","Occitanie",null,{"$f":"ROWS($A$2:A507)","v":506},{"$f":"IF(Formulaire!$F$24='Codes postaux par région et dép'!A507,H507,\"\")","v":""},"",""]
[12170,"CONNAC",null,12,"Aveyron","Occitanie",null,{"$f":"ROWS($A$2:A508)","v":507},{"$f":"IF(Formulaire!$F$24='Codes postaux par région et dép'!A508,H508,\"\")","v":""},"",""]
[12170,"ST JEAN DELNOUS",null,12,"Aveyron","Occitanie",null,{"$f":"ROWS($A$2:A509)","v":508},{"$f":"IF(Formulaire!$F$24='Codes postaux par région et dép'!A509,H509,\"\")","v":""},"",""]
[12170,"ST JUST SUR VIAUR",null,12,"Aveyron","Occitanie",null,{"$f":"ROWS($A$2:A510)","v":509},{"$f":"IF(Formulaire!$F$24='Codes postaux par région et dép'!A510,H510,\"\")","v":""},"",""]
[12170,"LA SELVE",null,12,"Aveyron","Occitanie",null,{"$f":"ROWS($A$2:A511)","v":510},{"$f":"IF(Formulaire!$F$24='Codes postaux par région et dép'!A511,H511,\"\")","v":""},"",""]
[12190,"COUBISOU",null,12,"Aveyron","Occitanie",null,{"$f":"ROWS($A$2:A512)","v":511},{"$f":"IF(Formulaire!$F$24='Codes postaux par région et dép'!A512,H512,\"\")","v":""},"",""]
[12190,"ESTAING",null,12,"Aveyron","Occitanie",null,{"$f":"ROWS($A$2:A513)","v":512},{"$f":"IF(Formulaire!$F$24='Codes postaux par région et dép'!A513,H513,\"\")","v":""},"",""]
[12190,"SEBRAZAC",null,12,"Aveyron","Occitanie",null,{"$f":"ROWS($A$2:A514)","v":513},{"$f":"IF(Formulaire!$F$24='Codes postaux par région et dép'!A514,H514,\"\")","v":""},{"$f":"IFERROR(SMALL($I:$I,H514),\"\")","v":""},{"$f":"IFERROR(INDEX($B$2:$B$2867,J514),\"\")","v":""}]
[12190,"LE NAYRAC",null,12,"Aveyron","Occitanie",null,{"$f":"ROWS($A$2:A515)","v":514},{"$f":"IF(Formulaire!$F$24='Codes postaux par région et dép'!A515,H515,\"\")","v":""},"",""]
[12200,"LE BAS SEGALA","ST SALVADOU",12,"Aveyron","Occitanie",null,{"$f":"ROWS($A$2:A516)","v":515},{"$f":"IF(Formulaire!$F$24='Codes postaux par région et dép'!A516,H516,\"\")","v":""},"",""]
[12200,"LA ROUQUETTE",null,12,"Aveyron","Occitanie",null,{"$f":"ROWS($A$2:A517)","v":516},{"$f":"IF(Formulaire!$F$24='Codes postaux par région et dép'!A517,H517,\"\")","v":""},"",""]
[12200,"ST REMY",null,12,"Aveyron","Occitanie",null,{"$f":"ROWS($A$2:A518)","v":517},{"$f":"IF(Formulaire!$F$24='Codes postaux par région et dép'!A518,H518,\"\")","v":""},"",""]
[12200,"TOULONJAC",null,12,"Aveyron","Occitanie",null,{"$f":"ROWS($A$2:A519)","v":518},{"$f":"IF(Formulaire!$F$24='Codes postaux par région et dép'!A519,H519,\"\")","v":""},"",""]
[12200,"VILLEFRANCHE DE ROUERGUE",null,12,"Aveyron","Occitanie",null,{"$f":"ROWS($A$2:A520)","v":519},{"$f":"IF(Formulaire!$F$24='Codes postaux par région et dép'!A520,H520,\"\")","v":""},"",""]
[12200,"LE BAS SEGALA","LA BASTIDE L EVEQUE",12,"Aveyron","Occitanie",null,{"$f":"ROWS($A$2:A521)","v":520},{"$f":"IF(Formulaire!$F$24='Codes postaux par région et dép'!A521,H521,\"\")","v":""},"",""]
[12200,"MARTIEL",null,12,"Aveyron","Occitanie",null,{"$f":"ROWS($A$2:A522)","v":521},{"$f":"IF(Formulaire!$F$24='Codes postaux par région et dép'!A522,H522,\"\")","v":""},"",""]
[12200,"SANVENSA",null,12,"Aveyron","Occitanie",null,{"$f":"ROWS($A$2:A523)","v":522},{"$f":"IF(Formulaire!$F$24='Codes postaux par région et dép'!A523,H523,\"\")","v":""},"",""]
[12200,"SAVIGNAC",null,12,"Aveyron","Occitanie",null,{"$f":"ROWS($A$2:A524)","v":523},{"$f":"IF(Formulaire!$F$24='Codes postaux par région et dép'!A524,H524,\"\")","v":""},"",""]
[12200,"MONTEILS",null,12,"Aveyron","Occitanie",null,{"$f":"ROWS($A$2:A525)","v":524},{"$f":"IF(Formulaire!$F$24='Codes postaux par région et dép'!A525,H525,\"\")","v":""},"",""]
[12200,"MORLHON LE HAUT",null,12,"Aveyron","Occitanie",null,{"$f":"ROWS($A$2:A526)","v":525},{"$f":"IF(Formulaire!$F$24='Codes postaux par région et dép'!A526,H526,\"\")","v":""},"",""]
[12200,"VAILHOURLES",null,12,"Aveyron","Occitanie",null,{"$f":"ROWS($A$2:A527)","v":526},{"$f":"IF(Formulaire!$F$24='Codes postaux par région et dép'!A527,H527,\"\")","v":""},"",""]
[12210,"ARGENCES EN AUBRAC","ALPUECH",12,"Aveyron","Occitanie",null,{"$f":"ROWS($A$2:A528)","v":527},{"$f":"IF(Formulaire!$F$24='Codes postaux par région et dép'!A528,H528,\"\")","v":""},"",""]
[12210,"ARGENCES EN AUBRAC","LA TERRISSE",12,"Aveyron","Occitanie",null,{"$f":"ROWS($A$2:A529)","v":528},{"$f":"IF(Formulaire!$F$24='Codes postaux par région et dép'!A529,H529,\"\")","v":""},"",""]
[12210,"LAGUIOLE",null,12,"Aveyron","Occitanie",null,{"$f":"ROWS($A$2:A530)","v":529},{"$f":"IF(Formulaire!$F$24='Codes postaux par région et dép'!A530,H530,\"\")","v":""},"",""]
[12210,"ARGENCES EN AUBRAC","LACALM",12,"Aveyron","Occitanie",null,{"$f":"ROWS($A$2:A531)","v":530},{"$f":"IF(Formulaire!$F$24='Codes postaux par région et dép'!A531,H531,\"\")","v":""},"",""]
[12210,"SOULAGES BONNEVAL",null,12,"Aveyron","Occitanie",null,{"$f":"ROWS($A$2:A532)","v":531},{"$f":"IF(Formulaire!$F$24='Codes postaux par région et dép'!A532,H532,\"\")","v":""},"",""]
[12210,"CASSUEJOULS",null,12,"Aveyron","Occitanie",null,{"$f":"ROWS($A$2:A533)","v":532},{"$f":"IF(Formulaire!$F$24='Codes postaux par région et dép'!A533,H533,\"\")","v":""},"",""]
[12210,"CURIERES",null,12,"Aveyron","Occitanie",null,{"$f":"ROWS($A$2:A534)","v":533},{"$f":"IF(Formulaire!$F$24='Codes postaux par région et dép'!A534,H534,\"\")","v":""},"",""]
[12210,"MONTPEYROUX",null,12,"Aveyron","Occitanie",null,{"$f":"ROWS($A$2:A535)","v":534},{"$f":"IF(Formulaire!$F$24='Codes postaux par région et dép'!A535,H535,\"\")","v":""},"",""]
[12220,"PEYRUSSE LE ROC",null,12,"Aveyron","Occitanie",null,{"$f":"ROWS($A$2:A536)","v":535},{"$f":"IF(Formulaire!$F$24='Codes postaux par région et dép'!A536,H536,\"\")","v":""},"",""]
[12220,"VALZERGUES",null,12,"Aveyron","Occitanie",null,{"$f":"ROWS($A$2:A537)","v":536},{"$f":"IF(Formulaire!$F$24='Codes postaux par région et dép'!A537,H537,\"\")","v":""},"",""]
[12220,"VAUREILLES",null,12,"Aveyron","Occitanie",null,{"$f":"ROWS($A$2:A538)","v":537},{"$f":"IF(Formulaire!$F$24='Codes postaux par région et dép'!A538,H538,\"\")","v":""},"",""]
[12220,"LES ALBRES",null,12,"Aveyron","Occitanie",null,{"$f":"ROWS($A$2:A539)","v":538},{"$f":"IF(Formulaire!$F$24='Codes postaux par région et dép'!A539,H539,\"\")","v":""},"",""]
[12220,"MONTBAZENS",null,12,"Aveyron","Occitanie",null,{"$f":"ROWS($A$2:A540)","v":539},{"$f":"IF(Formulaire!$F$24='Codes postaux par région et dép'!A540,H540,\"\")","v":""},"",""]
[12220,"GALGAN",null,12,"Aveyron","Occitanie",null,{"$f":"ROWS($A$2:A541)","v":540},{"$f":"IF(Formulaire!$F$24='Codes postaux par région et dép'!A541,H541,\"\")","v":""},"",""]
[12220,"LUGAN",null,12,"Aveyron","Occitanie",null,{"$f":"ROWS($A$2:A542)","v":541},{"$f":"IF(Formulaire!$F$24='Codes postaux par région et dép'!A542,H542,\"\")","v":""},"",""]
[12220,"ROUSSENNAC",null,12,"Aveyron","Occitanie",null,{"$f":"ROWS($A$2:A543)","v":542},{"$f":"IF(Formulaire!$F$24='Codes postaux par région et dép'!A543,H543,\"\")","v":""},"",""]
[12230,"NANT",null,12,"Aveyron","Occitanie",null,{"$f":"ROWS($A$2:A544)","v":543},{"$f":"IF(Formulaire!$F$24='Codes postaux par région et dép'!A544,H544,\"\")","v":""},"",""]
[12230,"ST JEAN DU BRUEL",null,12,"Aveyron","Occitanie",null,{"$f":"ROWS($A$2:A545)","v":544},{"$f":"IF(Formulaire!$F$24='Codes postaux par région et dép'!A545,H545,\"\")","v":""},"",""]
[12230,"SAUCLIERES",null,12,"Aveyron","Occitanie",null,{"$f":"ROWS($A$2:A546)","v":545},{"$f":"IF(Formulaire!$F$24='Codes postaux par région et dép'!A546,H546,\"\")","v":""},"",""]
[12230,"LAPANOUSE DE CERNON",null,12,"Aveyron","Occitanie",null,{"$f":"ROWS($A$2:A547)","v":546},{"$f":"IF(Formulaire!$F$24='Codes postaux par région et dép'!A547,H547,\"\")","v":""},"",""]
[12230,"LA COUVERTOIRADE",null,12,"Aveyron","Occitanie",null,{"$f":"ROWS($A$2:A548)","v":547},{"$f":"IF(Formulaire!$F$24='Codes postaux par région et dép'!A548,H548,\"\")","v":""},"",""]
[12230,"L HOSPITALET DU LARZAC",null,12,"Aveyron","Occitanie",null,{"$f":"ROWS($A$2:A549)","v":548},{"$f":"IF(Formulaire!$F$24='Codes postaux par région et dép'!A549,H549,\"\")","v":""},"",""]
[12230,"LA CAVALERIE",null,12,"Aveyron","Occitanie",null,{"$f":"ROWS($A$2:A550)","v":549},{"$f":"IF(Formulaire!$F$24='Codes postaux par région et dép'!A550,H550,\"\")","v":""},"",""]
[12230,"STE EULALIE DE CERNON",null,12,"Aveyron","Occitanie",null,{"$f":"ROWS($A$2:A551)","v":550},{"$f":"IF(Formulaire!$F$24='Codes postaux par région et dép'!A551,H551,\"\")","v":""},"",""]
[12240,"LA CAPELLE BLEYS",null,12,"Aveyron","Occitanie",null,{"$f":"ROWS($A$2:A552)","v":551},{"$f":"IF(Formulaire!$F$24='Codes postaux par région et dép'!A552,H552,\"\")","v":""},"",""]
[12240,"CASTANET",null,12,"Aveyron","Occitanie",null,{"$f":"ROWS($A$2:A553)","v":552},{"$f":"IF(Formulaire!$F$24='Codes postaux par région et dép'!A553,H553,\"\")","v":""},"",""]
[12240,"RIEUPEYROUX",null,12,"Aveyron","Occitanie",null,{"$f":"ROWS($A$2:A554)","v":553},{"$f":"IF(Formulaire!$F$24='Codes postaux par région et dép'!A554,H554,\"\")","v":""},"",""]
[12240,"LE BAS SEGALA","VABRE TIZAC",12,"Aveyron","Occitanie",null,{"$f":"ROWS($A$2:A555)","v":554},{"$f":"IF(Formulaire!$F$24='Codes postaux par région et dép'!A555,H555,\"\")","v":""},"",""]
[12240,"COLOMBIES",null,12,"Aveyron","Occitanie",null,{"$f":"ROWS($A$2:A556)","v":555},{"$f":"IF(Formulaire!$F$24='Codes postaux par région et dép'!A556,H556,\"\")","v":""},"",""]
[12240,"PRADINAS",null,12,"Aveyron","Occitanie",null,{"$f":"ROWS($A$2:A557)","v":556},{"$f":"IF(Formulaire!$F$24='Codes postaux par région et dép'!A557,H557,\"\")","v":""},"",""]
[12250,"ROQUEFORT SUR SOULZON",null,12,"Aveyron","Occitanie",null,{"$f":"ROWS($A$2:A558)","v":557},{"$f":"IF(Formulaire!$F$24='Codes postaux par région et dép'!A558,H558,\"\")","v":""},"",""]
[12250,"ST JEAN ET ST PAUL",null,12,"Aveyron","Occitanie",null,{"$f":"ROWS($A$2:A559)","v":558},{"$f":"IF(Formulaire!$F$24='Codes postaux par région et dép'!A559,H559,\"\")","v":""},"",""]
[12250,"VIALA DU PAS DE JAUX",null,12,"Aveyron","Occitanie",null,{"$f":"ROWS($A$2:A560)","v":559},{"$f":"IF(Formulaire!$F$24='Codes postaux par région et dép'!A560,H560,\"\")","v":""},"",""]
[12250,"TOURNEMIRE",null,12,"Aveyron","Occitanie",null,{"$f":"ROWS($A$2:A561)","v":560},{"$f":"IF(Formulaire!$F$24='Codes postaux par région et dép'!A561,H561,\"\")","v":""},"",""]
[12250,"ST JEAN D ALCAPIES",null,12,"Aveyron","Occitanie",null,{"$f":"ROWS($A$2:A562)","v":561},{"$f":"IF(Formulaire!$F$24='Codes postaux par région et dép'!A562,H562,\"\")","v":""},"",""]
[12260,"FOISSAC",null,12,"Aveyron","Occitanie",null,{"$f":"ROWS($A$2:A563)","v":562},{"$f":"IF(Formulaire!$F$24='Codes postaux par région et dép'!A563,H563,\"\")","v":""},"",""]
[12260,"MONTSALES",null,12,"Aveyron","Occitanie",null,{"$f":"ROWS($A$2:A564)","v":563},{"$f":"IF(Formulaire!$F$24='Codes postaux par région et dép'!A564,H564,\"\")","v":""},"",""]
[12260,"OLS ET RINHODES",null,12,"Aveyron","Occitanie",null,{"$f":"ROWS($A$2:A565)","v":564},{"$f":"IF(Formulaire!$F$24='Codes postaux par région et dép'!A565,H565,\"\")","v":""},"",""]
[12260,"STE CROIX",null,12,"Aveyron","Occitanie",null,{"$f":"ROWS($A$2:A566)","v":565},{"$f":"IF(Formulaire!$F$24='Codes postaux par région et dép'!A566,H566,\"\")","v":""},"",""]
[12260,"SALLES COURBATIES",null,12,"Aveyron","Occitanie",null,{"$f":"ROWS($A$2:A567)","v":566},{"$f":"IF(Formulaire!$F$24='Codes postaux par région et dép'!A567,H567,\"\")","v":""},"",""]
[12260,"SALVAGNAC CAJARC",null,12,"Aveyron","Occitanie",null,{"$f":"ROWS($A$2:A568)","v":567},{"$f":"IF(Formulaire!$F$24='Codes postaux par région et dép'!A568,H568,\"\")","v":""},"",""]
[12260,"VILLENEUVE",null,12,"Aveyron","Occitanie",null,{"$f":"ROWS($A$2:A569)","v":568},{"$f":"IF(Formulaire!$F$24='Codes postaux par région et dép'!A569,H569,\"\")","v":""},"",""]
[12260,"AMBEYRAC",null,12,"Aveyron","Occitanie",null,{"$f":"ROWS($A$2:A570)","v":569},{"$f":"IF(Formulaire!$F$24='Codes postaux par région et dép'!A570,H570,\"\")","v":""},"",""]
[12260,"SAUJAC",null,12,"Aveyron","Occitanie",null,{"$f":"ROWS($A$2:A571)","v":570},{"$f":"IF(Formulaire!$F$24='Codes postaux par région et dép'!A571,H571,\"\")","v":""},"",""]
[12260,"LA CAPELLE BALAGUIER",null,12,"Aveyron","Occitanie",null,{"$f":"ROWS($A$2:A572)","v":571},{"$f":"IF(Formulaire!$F$24='Codes postaux par région et dép'!A572,H572,\"\")","v":""},"",""]
[12260,"BALAGUIER D OLT",null,12,"Aveyron","Occitanie",null,{"$f":"ROWS($A$2:A573)","v":572},{"$f":"IF(Formulaire!$F$24='Codes postaux par région et dép'!A573,H573,\"\")","v":""},"",""]
[12260,"ST IGEST",null,12,"Aveyron","Occitanie",null,{"$f":"ROWS($A$2:A574)","v":573},{"$f":"IF(Formulaire!$F$24='Codes postaux par région et dép'!A574,H574,\"\")","v":""},"",""]
[12270,"LA FOUILLADE",null,12,"Aveyron","Occitanie",null,{"$f":"ROWS($A$2:A575)","v":574},{"$f":"IF(Formulaire!$F$24='Codes postaux par région et dép'!A575,H575,\"\")","v":""},"",""]
[12270,"NAJAC",null,12,"Aveyron","Occitanie",null,{"$f":"ROWS($A$2:A576)","v":575},{"$f":"IF(Formulaire!$F$24='Codes postaux par région et dép'!A576,H576,\"\")","v":""},"",""]
[12270,"ST ANDRE DE NAJAC",null,12,"Aveyron","Occitanie",null,{"$f":"ROWS($A$2:A577)","v":576},{"$f":"IF(Formulaire!$F$24='Codes postaux par région et dép'!A577,H577,\"\")","v":""},"",""]
[12270,"BOR ET BAR",null,12,"Aveyron","Occitanie",null,{"$f":"ROWS($A$2:A578)","v":577},{"$f":"IF(Formulaire!$F$24='Codes postaux par région et dép'!A578,H578,\"\")","v":""},{"$f":"IFERROR(SMALL($I:$I,H578),\"\")","v":""},{"$f":"IFERROR(INDEX($B$2:$B$2867,J578),\"\")","v":""}]
[12270,"LUNAC",null,12,"Aveyron","Occitanie",null,{"$f":"ROWS($A$2:A579)","v":578},{"$f":"IF(Formulaire!$F$24='Codes postaux par région et dép'!A579,H579,\"\")","v":""},"",""]
[12290,"ARQUES",null,12,"Aveyron","Occitanie",null,{"$f":"ROWS($A$2:A580)","v":579},{"$f":"IF(Formulaire!$F$24='Codes postaux par région et dép'!A580,H580,\"\")","v":""},"",""]
[12290,"PRADES SALARS",null,12,"Aveyron","Occitanie",null,{"$f":"ROWS($A$2:A581)","v":580},{"$f":"IF(Formulaire!$F$24='Codes postaux par région et dép'!A581,H581,\"\")","v":""},"",""]
[12290,"SEGUR",null,12,"Aveyron","Occitanie",null,{"$f":"ROWS($A$2:A582)","v":581},{"$f":"IF(Formulaire!$F$24='Codes postaux par région et dép'!A582,H582,\"\")","v":""},"",""]
[12290,"PONT DE SALARS",null,12,"Aveyron","Occitanie",null,{"$f":"ROWS($A$2:A583)","v":582},{"$f":"IF(Formulaire!$F$24='Codes postaux par région et dép'!A583,H583,\"\")","v":""},"",""]
[12290,"CANET DE SALARS",null,12,"Aveyron","Occitanie",null,{"$f":"ROWS($A$2:A584)","v":583},{"$f":"IF(Formulaire!$F$24='Codes postaux par région et dép'!A584,H584,\"\")","v":""},"",""]
[12290,"LE VIBAL",null,12,"Aveyron","Occitanie",null,{"$f":"ROWS($A$2:A585)","v":584},{"$f":"IF(Formulaire!$F$24='Codes postaux par région et dép'!A585,H585,\"\")","v":""},"",""]
[12290,"TREMOUILLES",null,12,"Aveyron","Occitanie",null,{"$f":"ROWS($A$2:A586)","v":585},{"$f":"IF(Formulaire!$F$24='Codes postaux par région et dép'!A586,H586,\"\")","v":""},"",""]
[12300,"ALMONT LES JUNIES",null,12,"Aveyron","Occitanie",null,{"$f":"ROWS($A$2:A587)","v":586},{"$f":"IF(Formulaire!$F$24='Codes postaux par région et dép'!A587,H587,\"\")","v":""},"",""]
[12300,"BOISSE PENCHOT",null,12,"Aveyron","Occitanie",null,{"$f":"ROWS($A$2:A588)","v":587},{"$f":"IF(Formulaire!$F$24='Codes postaux par région et dép'!A588,H588,\"\")","v":""},"",""]
[12300,"BOUILLAC",null,12,"Aveyron","Occitanie",null,{"$f":"ROWS($A$2:A589)","v":588},{"$f":"IF(Formulaire!$F$24='Codes postaux par région et dép'!A589,H589,\"\")","v":""},"",""]
[12300,"FLAGNAC",null,12,"Aveyron","Occitanie",null,{"$f":"ROWS($A$2:A590)","v":589},{"$f":"IF(Formulaire!$F$24='Codes postaux par région et dép'!A590,H590,\"\")","v":""},"",""]
[12300,"DECAZEVILLE",null,12,"Aveyron","Occitanie",null,{"$f":"ROWS($A$2:A591)","v":590},{"$f":"IF(Formulaire!$F$24='Codes postaux par région et dép'!A591,H591,\"\")","v":""},"",""]
[12300,"ST PARTHEM",null,12,"Aveyron","Occitanie",null,{"$f":"ROWS($A$2:A592)","v":591},{"$f":"IF(Formulaire!$F$24='Codes postaux par région et dép'!A592,H592,\"\")","v":""},"",""]
[12300,"FIRMI",null,12,"Aveyron","Occitanie",null,{"$f":"ROWS($A$2:A593)","v":592},{"$f":"IF(Formulaire!$F$24='Codes postaux par région et dép'!A593,H593,\"\")","v":""},"",""]
[12300,"LIVINHAC LE HAUT",null,12,"Aveyron","Occitanie",null,{"$f":"ROWS($A$2:A594)","v":593},{"$f":"IF(Formulaire!$F$24='Codes postaux par région et dép'!A594,H594,\"\")","v":""},"",""]
[12300,"ST SANTIN",null,12,"Aveyron","Occitanie",null,{"$f":"ROWS($A$2:A595)","v":594},{"$f":"IF(Formulaire!$F$24='Codes postaux par région et dép'!A595,H595,\"\")","v":""},"",""]
[12310,"PALMAS D AVEYRON","COUSSERGUES",12,"Aveyron","Occitanie",null,{"$f":"ROWS($A$2:A596)","v":595},{"$f":"IF(Formulaire!$F$24='Codes postaux par région et dép'!A596,H596,\"\")","v":""},"",""]
[12310,"PALMAS D AVEYRON","PALMAS",12,"Aveyron","Occitanie",null,{"$f":"ROWS($A$2:A597)","v":596},{"$f":"IF(Formulaire!$F$24='Codes postaux par région et dép'!A597,H597,\"\")","v":""},"",""]
[12310,"LAISSAC SEVERAC L EGLISE","SEVERAC L EGLISE",12,"Aveyron","Occitanie",null,{"$f":"ROWS($A$2:A598)","v":597},{"$f":"IF(Formulaire!$F$24='Codes postaux par région et dép'!A598,H598,\"\")","v":""},"",""]
[12310,"VIMENET",null,12,"Aveyron","Occitanie",null,{"$f":"ROWS($A$2:A599)","v":598},{"$f":"IF(Formulaire!$F$24='Codes postaux par région et dép'!A599,H599,\"\")","v":""},"",""]
[12310,"BERTHOLENE",null,12,"Aveyron","Occitanie",null,{"$f":"ROWS($A$2:A600)","v":599},{"$f":"IF(Formulaire!$F$24='Codes postaux par région et dép'!A600,H600,\"\")","v":""},"",""]
[12310,"LAISSAC SEVERAC L EGLISE","LAISSAC",12,"Aveyron","Occitanie",null,{"$f":"ROWS($A$2:A601)","v":600},{"$f":"IF(Formulaire!$F$24='Codes postaux par région et dép'!A601,H601,\"\")","v":""},"",""]
[12310,"GAILLAC D AVEYRON",null,12,"Aveyron","Occitanie",null,{"$f":"ROWS($A$2:A602)","v":601},{"$f":"IF(Formulaire!$F$24='Codes postaux par région et dép'!A602,H602,\"\")","v":""},"",""]
[12320,"CONQUES EN ROUERGUE","GRAND VABRE",12,"Aveyron","Occitanie",null,{"$f":"ROWS($A$2:A603)","v":602},{"$f":"IF(Formulaire!$F$24='Codes postaux par région et dép'!A603,H603,\"\")","v":""},"",""]
[12320,"CONQUES EN ROUERGUE","NOAILHAC",12,"Aveyron","Occitanie",null,{"$f":"ROWS($A$2:A604)","v":603},{"$f":"IF(Formulaire!$F$24='Codes postaux par région et dép'!A604,H604,\"\")","v":""},"",""]
[12320,"ST FELIX DE LUNEL",null,12,"Aveyron","Occitanie",null,{"$f":"ROWS($A$2:A605)","v":604},{"$f":"IF(Formulaire!$F$24='Codes postaux par région et dép'!A605,H605,\"\")","v":""},"",""]
[12320,"SENERGUES",null,12,"Aveyron","Occitanie",null,{"$f":"ROWS($A$2:A606)","v":605},{"$f":"IF(Formulaire!$F$24='Codes postaux par région et dép'!A606,H606,\"\")","v":""},"",""]
[12320,"CONQUES EN ROUERGUE","ST CYPRIEN SUR DOURDOU",12,"Aveyron","Occitanie",null,{"$f":"ROWS($A$2:A607)","v":606},{"$f":"IF(Formulaire!$F$24='Codes postaux par région et dép'!A607,H607,\"\")","v":""},"",""]
[12320,"PRUINES",null,12,"Aveyron","Occitanie",null,{"$f":"ROWS($A$2:A608)","v":607},{"$f":"IF(Formulaire!$F$24='Codes postaux par région et dép'!A608,H608,\"\")","v":""},"",""]
[12320,"CONQUES EN ROUERGUE","CONQUES",12,"Aveyron","Occitanie",null,{"$f":"ROWS($A$2:A609)","v":608},{"$f":"IF(Formulaire!$F$24='Codes postaux par région et dép'!A609,H609,\"\")","v":""},"",""]
[12330,"MARCILLAC VALLON",null,12,"Aveyron","Occitanie",null,{"$f":"ROWS($A$2:A610)","v":609},{"$f":"IF(Formulaire!$F$24='Codes postaux par région et dép'!A610,H610,\"\")","v":""},"",""]
[12330,"MOURET",null,12,"Aveyron","Occitanie",null,{"$f":"ROWS($A$2:A611)","v":610},{"$f":"IF(Formulaire!$F$24='Codes postaux par région et dép'!A611,H611,\"\")","v":""},"",""]
[12330,"ST CHRISTOPHE VALLON",null,12,"Aveyron","Occitanie",null,{"$f":"ROWS($A$2:A612)","v":611},{"$f":"IF(Formulaire!$F$24='Codes postaux par région et dép'!A612,H612,\"\")","v":""},"",""]
[12330,"VALADY",null,12,"Aveyron","Occitanie",null,{"$f":"ROWS($A$2:A613)","v":612},{"$f":"IF(Formulaire!$F$24='Codes postaux par région et dép'!A613,H613,\"\")","v":""},"",""]
[12330,"CLAIRVAUX D AVEYRON",null,12,"Aveyron","Occitanie",null,{"$f":"ROWS($A$2:A614)","v":613},{"$f":"IF(Formulaire!$F$24='Codes postaux par région et dép'!A614,H614,\"\")","v":""},"",""]
[12330,"MURET LE CHATEAU",null,12,"Aveyron","Occitanie",null,{"$f":"ROWS($A$2:A615)","v":614},{"$f":"IF(Formulaire!$F$24='Codes postaux par région et dép'!A615,H615,\"\")","v":""},"",""]
[12330,"NAUVIALE",null,12,"Aveyron","Occitanie",null,{"$f":"ROWS($A$2:A616)","v":615},{"$f":"IF(Formulaire!$F$24='Codes postaux par région et dép'!A616,H616,\"\")","v":""},"",""]
[12330,"SALLES LA SOURCE",null,12,"Aveyron","Occitanie",null,{"$f":"ROWS($A$2:A617)","v":616},{"$f":"IF(Formulaire!$F$24='Codes postaux par région et dép'!A617,H617,\"\")","v":""},"",""]
[12330,"VALADY","NUCES",12,"Aveyron","Occitanie",null,{"$f":"ROWS($A$2:A618)","v":617},{"$f":"IF(Formulaire!$F$24='Codes postaux par région et dép'!A618,H618,\"\")","v":""},"",""]
[12340,"PALMAS D AVEYRON","CRUEJOULS",12,"Aveyron","Occitanie",null,{"$f":"ROWS($A$2:A619)","v":618},{"$f":"IF(Formulaire!$F$24='Codes postaux par région et dép'!A619,H619,\"\")","v":""},"",""]
[12340,"RODELLE",null,12,"Aveyron","Occitanie",null,{"$f":"ROWS($A$2:A620)","v":619},{"$f":"IF(Formulaire!$F$24='Codes postaux par région et dép'!A620,H620,\"\")","v":""},"",""]
[12340,"GABRIAC",null,12,"Aveyron","Occitanie",null,{"$f":"ROWS($A$2:A621)","v":620},{"$f":"IF(Formulaire!$F$24='Codes postaux par région et dép'!A621,H621,\"\")","v":""},"",""]
[12340,"BOZOULS",null,12,"Aveyron","Occitanie",null,{"$f":"ROWS($A$2:A622)","v":621},{"$f":"IF(Formulaire!$F$24='Codes postaux par région et dép'!A622,H622,\"\")","v":""},"",""]
[12350,"COMPOLIBAT",null,12,"Aveyron","Occitanie",null,{"$f":"ROWS($A$2:A623)","v":622},{"$f":"IF(Formulaire!$F$24='Codes postaux par région et dép'!A623,H623,\"\")","v":""},"",""]
[12350,"MALEVILLE",null,12,"Aveyron","Occitanie",null,{"$f":"ROWS($A$2:A624)","v":623},{"$f":"IF(Formulaire!$F$24='Codes postaux par région et dép'!A624,H624,\"\")","v":""},"",""]
[12350,"PRIVEZAC",null,12,"Aveyron","Occitanie",null,{"$f":"ROWS($A$2:A625)","v":624},{"$f":"IF(Formulaire!$F$24='Codes postaux par région et dép'!A625,H625,\"\")","v":""},"",""]
[12350,"DRULHE",null,12,"Aveyron","Occitanie",null,{"$f":"ROWS($A$2:A626)","v":625},{"$f":"IF(Formulaire!$F$24='Codes postaux par région et dép'!A626,H626,\"\")","v":""},"",""]
[12350,"PREVINQUIERES",null,12,"Aveyron","Occitanie",null,{"$f":"ROWS($A$2:A627)","v":626},{"$f":"IF(Formulaire!$F$24='Codes postaux par région et dép'!A627,H627,\"\")","v":""},"",""]
[12350,"BRANDONNET",null,12,"Aveyron","Occitanie",null,{"$f":"ROWS($A$2:A628)","v":627},{"$f":"IF(Formulaire!$F$24='Codes postaux par région et dép'!A628,H628,\"\")","v":""},"",""]
[12350,"LANUEJOULS",null,12,"Aveyron","Occitanie",null,{"$f":"ROWS($A$2:A629)","v":628},{"$f":"IF(Formulaire!$F$24='Codes postaux par région et dép'!A629,H629,\"\")","v":""},"",""]
[12360,"BRUSQUE",null,12,"Aveyron","Occitanie",null,{"$f":"ROWS($A$2:A630)","v":629},{"$f":"IF(Formulaire!$F$24='Codes postaux par région et dép'!A630,H630,\"\")","v":""},"",""]
[12360,"CAMARES",null,12,"Aveyron","Occitanie",null,{"$f":"ROWS($A$2:A631)","v":630},{"$f":"IF(Formulaire!$F$24='Codes postaux par région et dép'!A631,H631,\"\")","v":""},"",""]
[12360,"FAYET",null,12,"Aveyron","Occitanie",null,{"$f":"ROWS($A$2:A632)","v":631},{"$f":"IF(Formulaire!$F$24='Codes postaux par région et dép'!A632,H632,\"\")","v":""},"",""]
[12360,"GISSAC",null,12,"Aveyron","Occitanie",null,{"$f":"ROWS($A$2:A633)","v":632},{"$f":"IF(Formulaire!$F$24='Codes postaux par région et dép'!A633,H633,\"\")","v":""},"",""]
[12360,"MELAGUES",null,12,"Aveyron","Occitanie",null,{"$f":"ROWS($A$2:A634)","v":633},{"$f":"IF(Formulaire!$F$24='Codes postaux par région et dép'!A634,H634,\"\")","v":""},"",""]
[12360,"TAURIAC DE CAMARES",null,12,"Aveyron","Occitanie",null,{"$f":"ROWS($A$2:A635)","v":634},{"$f":"IF(Formulaire!$F$24='Codes postaux par région et dép'!A635,H635,\"\")","v":""},"",""]
[12360,"SYLVANES",null,12,"Aveyron","Occitanie",null,{"$f":"ROWS($A$2:A636)","v":635},{"$f":"IF(Formulaire!$F$24='Codes postaux par région et dép'!A636,H636,\"\")","v":""},"",""]
[12360,"ARNAC SUR DOURDOU",null,12,"Aveyron","Occitanie",null,{"$f":"ROWS($A$2:A637)","v":636},{"$f":"IF(Formulaire!$F$24='Codes postaux par région et dép'!A637,H637,\"\")","v":""},"",""]
[12360,"MONTAGNOL","CENOMES",12,"Aveyron","Occitanie",null,{"$f":"ROWS($A$2:A638)","v":637},{"$f":"IF(Formulaire!$F$24='Codes postaux par région et dép'!A638,H638,\"\")","v":""},"",""]
[12360,"PEUX ET COUFFOULEUX",null,12,"Aveyron","Occitanie",null,{"$f":"ROWS($A$2:A639)","v":638},{"$f":"IF(Formulaire!$F$24='Codes postaux par région et dép'!A639,H639,\"\")","v":""},"",""]
[12360,"MONTAGNOL",null,12,"Aveyron","Occitanie",null,{"$f":"ROWS($A$2:A640)","v":639},{"$f":"IF(Formulaire!$F$24='Codes postaux par région et dép'!A640,H640,\"\")","v":""},"",""]
[12370,"ST SEVER DU MOUSTIER",null,12,"Aveyron","Occitanie",null,{"$f":"ROWS($A$2:A641)","v":640},{"$f":"IF(Formulaire!$F$24='Codes postaux par région et dép'!A641,H641,\"\")","v":""},"",""]
[12370,"COMBRET",null,12,"Aveyron","Occitanie",null,{"$f":"ROWS($A$2:A642)","v":641},{"$f":"IF(Formulaire!$F$24='Codes postaux par région et dép'!A642,H642,\"\")","v":""},{"$f":"IFERROR(SMALL($I:$I,H642),\"\")","v":""},{"$f":"IFERROR(INDEX($B$2:$B$2867,J642),\"\")","v":""}]
[12370,"BELMONT SUR RANCE",null,12,"Aveyron","Occitanie",null,{"$f":"ROWS($A$2:A643)","v":642},{"$f":"IF(Formulaire!$F$24='Codes postaux par région et dép'!A643,H643,\"\")","v":""},"",""]
[12370,"MURASSON",null,12,"Aveyron","Occitanie",null,{"$f":"ROWS($A$2:A644)","v":643},{"$f":"IF(Formulaire!$F$24='Codes postaux par région et dép'!A644,H644,\"\")","v":""},"",""]
[12370,"MOUNES PROHENCOUX",null,12,"Aveyron","Occitanie",null,{"$f":"ROWS($A$2:A645)","v":644},{"$f":"IF(Formulaire!$F$24='Codes postaux par région et dép'!A645,H645,\"\")","v":""},"",""]
[12380,"ST SERNIN SUR RANCE",null,12,"Aveyron","Occitanie",null,{"$f":"ROWS($A$2:A646)","v":645},{"$f":"IF(Formulaire!$F$24='Codes postaux par région et dép'!A646,H646,\"\")","v":""},"",""]
[12380,"LA SERRE",null,12,"Aveyron","Occitanie",null,{"$f":"ROWS($A$2:A647)","v":646},{"$f":"IF(Formulaire!$F$24='Codes postaux par région et dép'!A647,H647,\"\")","v":""},"",""]
[12380,"POUSTHOMY",null,12,"Aveyron","Occitanie",null,{"$f":"ROWS($A$2:A648)","v":647},{"$f":"IF(Formulaire!$F$24='Codes postaux par région et dép'!A648,H648,\"\")","v":""},"",""]
[12380,"MONTFRANC",null,12,"Aveyron","Occitanie",null,{"$f":"ROWS($A$2:A649)","v":648},{"$f":"IF(Formulaire!$F$24='Codes postaux par région et dép'!A649,H649,\"\")","v":""},"",""]
[12380,"BALAGUIER SUR RANCE",null,12,"Aveyron","Occitanie",null,{"$f":"ROWS($A$2:A650)","v":649},{"$f":"IF(Formulaire!$F$24='Codes postaux par région et dép'!A650,H650,\"\")","v":""},"",""]
[12380,"LAVAL ROQUECEZIERE",null,12,"Aveyron","Occitanie",null,{"$f":"ROWS($A$2:A651)","v":650},{"$f":"IF(Formulaire!$F$24='Codes postaux par région et dép'!A651,H651,\"\")","v":""},"",""]
[12390,"ANGLARS ST FELIX",null,12,"Aveyron","Occitanie",null,{"$f":"ROWS($A$2:A652)","v":651},{"$f":"IF(Formulaire!$F$24='Codes postaux par région et dép'!A652,H652,\"\")","v":""},"",""]
[12390,"BELCASTEL",null,12,"Aveyron","Occitanie",null,{"$f":"ROWS($A$2:A653)","v":652},{"$f":"IF(Formulaire!$F$24='Codes postaux par région et dép'!A653,H653,\"\")","v":""},"",""]
[12390,"AUZITS",null,12,"Aveyron","Occitanie",null,{"$f":"ROWS($A$2:A654)","v":653},{"$f":"IF(Formulaire!$F$24='Codes postaux par région et dép'!A654,H654,\"\")","v":""},"",""]
[12390,"BOURNAZEL",null,12,"Aveyron","Occitanie",null,{"$f":"ROWS($A$2:A655)","v":654},{"$f":"IF(Formulaire!$F$24='Codes postaux par région et dép'!A655,H655,\"\")","v":""},"",""]
[12390,"MAYRAN",null,12,"Aveyron","Occitanie",null,{"$f":"ROWS($A$2:A656)","v":655},{"$f":"IF(Formulaire!$F$24='Codes postaux par région et dép'!A656,H656,\"\")","v":""},"",""]
[12390,"RIGNAC",null,12,"Aveyron","Occitanie",null,{"$f":"ROWS($A$2:A657)","v":656},{"$f":"IF(Formulaire!$F$24='Codes postaux par région et dép'!A657,H657,\"\")","v":""},"",""]
[12390,"ESCANDOLIERES",null,12,"Aveyron","Occitanie",null,{"$f":"ROWS($A$2:A658)","v":657},{"$f":"IF(Formulaire!$F$24='Codes postaux par région et dép'!A658,H658,\"\")","v":""},"",""]
[12390,"GOUTRENS",null,12,"Aveyron","Occitanie",null,{"$f":"ROWS($A$2:A659)","v":658},{"$f":"IF(Formulaire!$F$24='Codes postaux par région et dép'!A659,H659,\"\")","v":""},"",""]
[12400,"MONTLAUR",null,12,"Aveyron","Occitanie",null,{"$f":"ROWS($A$2:A660)","v":659},{"$f":"IF(Formulaire!$F$24='Codes postaux par région et dép'!A660,H660,\"\")","v":""},"",""]
[12400,"REBOURGUIL",null,12,"Aveyron","Occitanie",null,{"$f":"ROWS($A$2:A661)","v":660},{"$f":"IF(Formulaire!$F$24='Codes postaux par région et dép'!A661,H661,\"\")","v":""},"",""]
[12400,"ST AFFRIQUE",null,12,"Aveyron","Occitanie",null,{"$f":"ROWS($A$2:A662)","v":661},{"$f":"IF(Formulaire!$F$24='Codes postaux par région et dép'!A662,H662,\"\")","v":""},"",""]
[12400,"ST VICTOR ET MELVIEU",null,12,"Aveyron","Occitanie",null,{"$f":"ROWS($A$2:A663)","v":662},{"$f":"IF(Formulaire!$F$24='Codes postaux par région et dép'!A663,H663,\"\")","v":""},"",""]
[12400,"ST VICTOR ET MELVIEU","MELVIEU",12,"Aveyron","Occitanie",null,{"$f":"ROWS($A$2:A664)","v":663},{"$f":"IF(Formulaire!$F$24='Codes postaux par région et dép'!A664,H664,\"\")","v":""},"",""]
[12400,"ST FELIX DE SORGUES",null,12,"Aveyron","Occitanie",null,{"$f":"ROWS($A$2:A665)","v":664},{"$f":"IF(Formulaire!$F$24='Codes postaux par région et dép'!A665,H665,\"\")","v":""},"",""]
[12400,"VABRES L ABBAYE",null,12,"Aveyron","Occitanie",null,{"$f":"ROWS($A$2:A666)","v":665},{"$f":"IF(Formulaire!$F$24='Codes postaux par région et dép'!A666,H666,\"\")","v":""},"",""]
[12400,"LES COSTES GOZON",null,12,"Aveyron","Occitanie",null,{"$f":"ROWS($A$2:A667)","v":666},{"$f":"IF(Formulaire!$F$24='Codes postaux par région et dép'!A667,H667,\"\")","v":""},"",""]
[12400,"VERSOLS ET LAPEYRE",null,12,"Aveyron","Occitanie",null,{"$f":"ROWS($A$2:A668)","v":667},{"$f":"IF(Formulaire!$F$24='Codes postaux par région et dép'!A668,H668,\"\")","v":""},"",""]
[12400,"CALMELS ET LE VIALA",null,12,"Aveyron","Occitanie",null,{"$f":"ROWS($A$2:A669)","v":668},{"$f":"IF(Formulaire!$F$24='Codes postaux par région et dép'!A669,H669,\"\")","v":""},"",""]
[12410,"SALLES CURAN",null,12,"Aveyron","Occitanie",null,{"$f":"ROWS($A$2:A670)","v":669},{"$f":"IF(Formulaire!$F$24='Codes postaux par région et dép'!A670,H670,\"\")","v":""},"",""]
[12410,"CURAN",null,12,"Aveyron","Occitanie",null,{"$f":"ROWS($A$2:A671)","v":670},{"$f":"IF(Formulaire!$F$24='Codes postaux par région et dép'!A671,H671,\"\")","v":""},"",""]
[12420,"ARGENCES EN AUBRAC","VITRAC EN VIADENE",12,"Aveyron","Occitanie",null,{"$f":"ROWS($A$2:A672)","v":671},{"$f":"IF(Formulaire!$F$24='Codes postaux par région et dép'!A672,H672,\"\")","v":""},"",""]
[12420,"CANTOIN",null,12,"Aveyron","Occitanie",null,{"$f":"ROWS($A$2:A673)","v":672},{"$f":"IF(Formulaire!$F$24='Codes postaux par région et dép'!A673,H673,\"\")","v":""},"",""]
[12420,"ARGENCES EN AUBRAC","STE GENEVIEVE SUR ARGENCE",12,"Aveyron","Occitanie",null,{"$f":"ROWS($A$2:A674)","v":673},{"$f":"IF(Formulaire!$F$24='Codes postaux par région et dép'!A674,H674,\"\")","v":""},"",""]
[12420,"ARGENCES EN AUBRAC","GRAISSAC",12,"Aveyron","Occitanie",null,{"$f":"ROWS($A$2:A675)","v":674},{"$f":"IF(Formulaire!$F$24='Codes postaux par région et dép'!A675,H675,\"\")","v":""},"",""]
[12430,"LESTRADE ET THOUELS",null,12,"Aveyron","Occitanie",null,{"$f":"ROWS($A$2:A676)","v":675},{"$f":"IF(Formulaire!$F$24='Codes postaux par région et dép'!A676,H676,\"\")","v":""},"",""]
[12430,"ALRANCE",null,12,"Aveyron","Occitanie",null,{"$f":"ROWS($A$2:A677)","v":676},{"$f":"IF(Formulaire!$F$24='Codes postaux par région et dép'!A677,H677,\"\")","v":""},"",""]
[12430,"AYSSENES",null,12,"Aveyron","Occitanie",null,{"$f":"ROWS($A$2:A678)","v":677},{"$f":"IF(Formulaire!$F$24='Codes postaux par région et dép'!A678,H678,\"\")","v":""},"",""]
[12430,"VILLEFRANCHE DE PANAT",null,12,"Aveyron","Occitanie",null,{"$f":"ROWS($A$2:A679)","v":678},{"$f":"IF(Formulaire!$F$24='Codes postaux par région et dép'!A679,H679,\"\")","v":""},"",""]
[12430,"LE TRUEL",null,12,"Aveyron","Occitanie",null,{"$f":"ROWS($A$2:A680)","v":679},{"$f":"IF(Formulaire!$F$24='Codes postaux par région et dép'!A680,H680,\"\")","v":""},"",""]
[12440,"LESCURE JAOUL",null,12,"Aveyron","Occitanie",null,{"$f":"ROWS($A$2:A681)","v":680},{"$f":"IF(Formulaire!$F$24='Codes postaux par région et dép'!A681,H681,\"\")","v":""},"",""]
[12440,"TAYRAC",null,12,"Aveyron","Occitanie",null,{"$f":"ROWS($A$2:A682)","v":681},{"$f":"IF(Formulaire!$F$24='Codes postaux par région et dép'!A682,H682,\"\")","v":""},"",""]
[12440,"LA SALVETAT PEYRALES",null,12,"Aveyron","Occitanie",null,{"$f":"ROWS($A$2:A683)","v":682},{"$f":"IF(Formulaire!$F$24='Codes postaux par région et dép'!A683,H683,\"\")","v":""},"",""]
[12450,"CALMONT",null,12,"Aveyron","Occitanie",null,{"$f":"ROWS($A$2:A684)","v":683},{"$f":"IF(Formulaire!$F$24='Codes postaux par région et dép'!A684,H684,\"\")","v":""},"",""]
[12450,"LUC LA PRIMAUBE","LA PRIMAUBE",12,"Aveyron","Occitanie",null,{"$f":"ROWS($A$2:A685)","v":684},{"$f":"IF(Formulaire!$F$24='Codes postaux par région et dép'!A685,H685,\"\")","v":""},"",""]
[12450,"CALMONT","CEIGNAC",12,"Aveyron","Occitanie",null,{"$f":"ROWS($A$2:A686)","v":685},{"$f":"IF(Formulaire!$F$24='Codes postaux par région et dép'!A686,H686,\"\")","v":""},"",""]
[12450,"FLAVIN",null,12,"Aveyron","Occitanie",null,{"$f":"ROWS($A$2:A687)","v":686},{"$f":"IF(Formulaire!$F$24='Codes postaux par région et dép'!A687,H687,\"\")","v":""},"",""]
[12450,"LUC LA PRIMAUBE",null,12,"Aveyron","Occitanie",null,{"$f":"ROWS($A$2:A688)","v":687},{"$f":"IF(Formulaire!$F$24='Codes postaux par région et dép'!A688,H688,\"\")","v":""},"",""]
[12460,"HUPARLAC",null,12,"Aveyron","Occitanie",null,{"$f":"ROWS($A$2:A689)","v":688},{"$f":"IF(Formulaire!$F$24='Codes postaux par région et dép'!A689,H689,\"\")","v":""},"",""]
[12460,"MONTEZIC",null,12,"Aveyron","Occitanie",null,{"$f":"ROWS($A$2:A690)","v":689},{"$f":"IF(Formulaire!$F$24='Codes postaux par région et dép'!A690,H690,\"\")","v":""},"",""]
[12460,"ST AMANS DES COTS",null,12,"Aveyron","Occitanie",null,{"$f":"ROWS($A$2:A691)","v":690},{"$f":"IF(Formulaire!$F$24='Codes postaux par région et dép'!A691,H691,\"\")","v":""},"",""]
[12460,"CAMPOURIEZ",null,12,"Aveyron","Occitanie",null,{"$f":"ROWS($A$2:A692)","v":691},{"$f":"IF(Formulaire!$F$24='Codes postaux par région et dép'!A692,H692,\"\")","v":""},"",""]
[12460,"ST SYMPHORIEN DE THENIERES",null,12,"Aveyron","Occitanie",null,{"$f":"ROWS($A$2:A693)","v":692},{"$f":"IF(Formulaire!$F$24='Codes postaux par région et dép'!A693,H693,\"\")","v":""},"",""]
[12460,"ST SYMPHORIEN DE THENIERES","ST GERVAIS",12,"Aveyron","Occitanie",null,{"$f":"ROWS($A$2:A694)","v":693},{"$f":"IF(Formulaire!$F$24='Codes postaux par région et dép'!A694,H694,\"\")","v":""},"",""]
[12470,"CONDOM D AUBRAC",null,12,"Aveyron","Occitanie",null,{"$f":"ROWS($A$2:A695)","v":694},{"$f":"IF(Formulaire!$F$24='Codes postaux par région et dép'!A695,H695,\"\")","v":""},"",""]
[12470,"PRADES D AUBRAC",null,12,"Aveyron","Occitanie",null,{"$f":"ROWS($A$2:A696)","v":695},{"$f":"IF(Formulaire!$F$24='Codes postaux par région et dép'!A696,H696,\"\")","v":""},"",""]
[12470,"ST CHELY D AUBRAC",null,12,"Aveyron","Occitanie",null,{"$f":"ROWS($A$2:A697)","v":696},{"$f":"IF(Formulaire!$F$24='Codes postaux par région et dép'!A697,H697,\"\")","v":""},"",""]
[12470,"ST CHELY D AUBRAC","AUBRAC",12,"Aveyron","Occitanie",null,{"$f":"ROWS($A$2:A698)","v":697},{"$f":"IF(Formulaire!$F$24='Codes postaux par région et dép'!A698,H698,\"\")","v":""},"",""]
[12480,"BROUSSE LE CHATEAU",null,12,"Aveyron","Occitanie",null,{"$f":"ROWS($A$2:A699)","v":698},{"$f":"IF(Formulaire!$F$24='Codes postaux par région et dép'!A699,H699,\"\")","v":""},"",""]
[12480,"ST IZAIRE",null,12,"Aveyron","Occitanie",null,{"$f":"ROWS($A$2:A700)","v":699},{"$f":"IF(Formulaire!$F$24='Codes postaux par région et dép'!A700,H700,\"\")","v":""},"",""]
[12480,"BROQUIES",null,12,"Aveyron","Occitanie",null,{"$f":"ROWS($A$2:A701)","v":700},{"$f":"IF(Formulaire!$F$24='Codes postaux par région et dép'!A701,H701,\"\")","v":""},"",""]
[12490,"MONTJAUX",null,12,"Aveyron","Occitanie",null,{"$f":"ROWS($A$2:A702)","v":701},{"$f":"IF(Formulaire!$F$24='Codes postaux par région et dép'!A702,H702,\"\")","v":""},"",""]
[12490,"LA BASTIDE PRADINES",null,12,"Aveyron","Occitanie",null,{"$f":"ROWS($A$2:A703)","v":702},{"$f":"IF(Formulaire!$F$24='Codes postaux par région et dép'!A703,H703,\"\")","v":""},"",""]
[12490,"ST ROME DE CERNON",null,12,"Aveyron","Occitanie",null,{"$f":"ROWS($A$2:A704)","v":703},{"$f":"IF(Formulaire!$F$24='Codes postaux par région et dép'!A704,H704,\"\")","v":""},"",""]
[12490,"VIALA DU TARN",null,12,"Aveyron","Occitanie",null,{"$f":"ROWS($A$2:A705)","v":704},{"$f":"IF(Formulaire!$F$24='Codes postaux par région et dép'!A705,H705,\"\")","v":""},"",""]
[12490,"ST ROME DE TARN",null,12,"Aveyron","Occitanie",null,{"$f":"ROWS($A$2:A706)","v":705},{"$f":"IF(Formulaire!$F$24='Codes postaux par région et dép'!A706,H706,\"\")","v":""},{"$f":"IFERROR(SMALL($I:$I,H706),\"\")","v":""},{"$f":"IFERROR(INDEX($B$2:$B$2867,J706),\"\")","v":""}]
[12500,"BESSUEJOULS",null,12,"Aveyron","Occitanie",null,{"$f":"ROWS($A$2:A707)","v":706},{"$f":"IF(Formulaire!$F$24='Codes postaux par région et dép'!A707,H707,\"\")","v":""},"",""]
[12500,"LE CAYROL",null,12,"Aveyron","Occitanie",null,{"$f":"ROWS($A$2:A708)","v":707},{"$f":"IF(Formulaire!$F$24='Codes postaux par région et dép'!A708,H708,\"\")","v":""},"",""]
[12500,"LASSOUTS",null,12,"Aveyron","Occitanie",null,{"$f":"ROWS($A$2:A709)","v":708},{"$f":"IF(Formulaire!$F$24='Codes postaux par région et dép'!A709,H709,\"\")","v":""},"",""]
[12500,"ST COME D OLT",null,12,"Aveyron","Occitanie",null,{"$f":"ROWS($A$2:A710)","v":709},{"$f":"IF(Formulaire!$F$24='Codes postaux par région et dép'!A710,H710,\"\")","v":""},"",""]
[12500,"CASTELNAU DE MANDAILLES",null,12,"Aveyron","Occitanie",null,{"$f":"ROWS($A$2:A711)","v":710},{"$f":"IF(Formulaire!$F$24='Codes postaux par région et dép'!A711,H711,\"\")","v":""},"",""]
[12500,"ESPALION",null,12,"Aveyron","Occitanie",null,{"$f":"ROWS($A$2:A712)","v":711},{"$f":"IF(Formulaire!$F$24='Codes postaux par région et dép'!A712,H712,\"\")","v":""},"",""]
[12510,"DRUELLE BALSAC","BALSAC",12,"Aveyron","Occitanie",null,{"$f":"ROWS($A$2:A713)","v":712},{"$f":"IF(Formulaire!$F$24='Codes postaux par région et dép'!A713,H713,\"\")","v":""},"",""]
[12510,"DRUELLE BALSAC","DRUELLE",12,"Aveyron","Occitanie",null,{"$f":"ROWS($A$2:A714)","v":713},{"$f":"IF(Formulaire!$F$24='Codes postaux par région et dép'!A714,H714,\"\")","v":""},"",""]
[12510,"OLEMPS",null,12,"Aveyron","Occitanie",null,{"$f":"ROWS($A$2:A715)","v":714},{"$f":"IF(Formulaire!$F$24='Codes postaux par région et dép'!A715,H715,\"\")","v":""},"",""]
[12520,"COMPEYRE",null,12,"Aveyron","Occitanie",null,{"$f":"ROWS($A$2:A716)","v":715},{"$f":"IF(Formulaire!$F$24='Codes postaux par région et dép'!A716,H716,\"\")","v":""},"",""]
[12520,"VERRIERES",null,12,"Aveyron","Occitanie",null,{"$f":"ROWS($A$2:A717)","v":716},{"$f":"IF(Formulaire!$F$24='Codes postaux par région et dép'!A717,H717,\"\")","v":""},"",""]
[12520,"PAULHE",null,12,"Aveyron","Occitanie",null,{"$f":"ROWS($A$2:A718)","v":717},{"$f":"IF(Formulaire!$F$24='Codes postaux par région et dép'!A718,H718,\"\")","v":""},"",""]
[12520,"AGUESSAC",null,12,"Aveyron","Occitanie",null,{"$f":"ROWS($A$2:A719)","v":718},{"$f":"IF(Formulaire!$F$24='Codes postaux par région et dép'!A719,H719,\"\")","v":""},"",""]
[12540,"LE CLAPIER",null,12,"Aveyron","Occitanie",null,{"$f":"ROWS($A$2:A720)","v":719},{"$f":"IF(Formulaire!$F$24='Codes postaux par région et dép'!A720,H720,\"\")","v":""},"",""]
[12540,"MARNHAGUES ET LATOUR",null,12,"Aveyron","Occitanie",null,{"$f":"ROWS($A$2:A721)","v":720},{"$f":"IF(Formulaire!$F$24='Codes postaux par région et dép'!A721,H721,\"\")","v":""},"",""]
[12540,"FONDAMENTE",null,12,"Aveyron","Occitanie",null,{"$f":"ROWS($A$2:A722)","v":721},{"$f":"IF(Formulaire!$F$24='Codes postaux par région et dép'!A722,H722,\"\")","v":""},"",""]
[12540,"CORNUS",null,12,"Aveyron","Occitanie",null,{"$f":"ROWS($A$2:A723)","v":722},{"$f":"IF(Formulaire!$F$24='Codes postaux par région et dép'!A723,H723,\"\")","v":""},"",""]
[12540,"ST BEAULIZE",null,12,"Aveyron","Occitanie",null,{"$f":"ROWS($A$2:A724)","v":723},{"$f":"IF(Formulaire!$F$24='Codes postaux par région et dép'!A724,H724,\"\")","v":""},"",""]
[12550,"BRASC",null,12,"Aveyron","Occitanie",null,{"$f":"ROWS($A$2:A725)","v":724},{"$f":"IF(Formulaire!$F$24='Codes postaux par région et dép'!A725,H725,\"\")","v":""},"",""]
[12550,"LA BASTIDE SOLAGES",null,12,"Aveyron","Occitanie",null,{"$f":"ROWS($A$2:A726)","v":725},{"$f":"IF(Formulaire!$F$24='Codes postaux par région et dép'!A726,H726,\"\")","v":""},"",""]
[12550,"MARTRIN",null,12,"Aveyron","Occitanie",null,{"$f":"ROWS($A$2:A727)","v":726},{"$f":"IF(Formulaire!$F$24='Codes postaux par région et dép'!A727,H727,\"\")","v":""},"",""]
[12550,"ST JUERY",null,12,"Aveyron","Occitanie",null,{"$f":"ROWS($A$2:A728)","v":727},{"$f":"IF(Formulaire!$F$24='Codes postaux par région et dép'!A728,H728,\"\")","v":""},"",""]
[12550,"COUPIAC",null,12,"Aveyron","Occitanie",null,{"$f":"ROWS($A$2:A729)","v":728},{"$f":"IF(Formulaire!$F$24='Codes postaux par région et dép'!A729,H729,\"\")","v":""},"",""]
[12550,"MONTCLAR",null,12,"Aveyron","Occitanie",null,{"$f":"ROWS($A$2:A730)","v":729},{"$f":"IF(Formulaire!$F$24='Codes postaux par région et dép'!A730,H730,\"\")","v":""},"",""]
[12550,"PLAISANCE",null,12,"Aveyron","Occitanie",null,{"$f":"ROWS($A$2:A731)","v":730},{"$f":"IF(Formulaire!$F$24='Codes postaux par région et dép'!A731,H731,\"\")","v":""},"",""]
[12560,"ST LAURENT D OLT",null,12,"Aveyron","Occitanie",null,{"$f":"ROWS($A$2:A732)","v":731},{"$f":"IF(Formulaire!$F$24='Codes postaux par région et dép'!A732,H732,\"\")","v":""},"",""]
[12560,"ST SATURNIN DE LENNE",null,12,"Aveyron","Occitanie",null,{"$f":"ROWS($A$2:A733)","v":732},{"$f":"IF(Formulaire!$F$24='Codes postaux par région et dép'!A733,H733,\"\")","v":""},"",""]
[12560,"CAMPAGNAC",null,12,"Aveyron","Occitanie",null,{"$f":"ROWS($A$2:A734)","v":733},{"$f":"IF(Formulaire!$F$24='Codes postaux par région et dép'!A734,H734,\"\")","v":""},"",""]
[12580,"CAMPUAC",null,12,"Aveyron","Occitanie",null,{"$f":"ROWS($A$2:A735)","v":734},{"$f":"IF(Formulaire!$F$24='Codes postaux par région et dép'!A735,H735,\"\")","v":""},"",""]
[12580,"VILLECOMTAL",null,12,"Aveyron","Occitanie",null,{"$f":"ROWS($A$2:A736)","v":735},{"$f":"IF(Formulaire!$F$24='Codes postaux par région et dép'!A736,H736,\"\")","v":""},"",""]
[12600,"BROMMAT",null,12,"Aveyron","Occitanie",null,{"$f":"ROWS($A$2:A737)","v":736},{"$f":"IF(Formulaire!$F$24='Codes postaux par région et dép'!A737,H737,\"\")","v":""},"",""]
[12600,"MUR DE BARREZ",null,12,"Aveyron","Occitanie",null,{"$f":"ROWS($A$2:A738)","v":737},{"$f":"IF(Formulaire!$F$24='Codes postaux par région et dép'!A738,H738,\"\")","v":""},"",""]
[12600,"MUROLS",null,12,"Aveyron","Occitanie",null,{"$f":"ROWS($A$2:A739)","v":738},{"$f":"IF(Formulaire!$F$24='Codes postaux par région et dép'!A739,H739,\"\")","v":""},"",""]
[12600,"TAUSSAC",null,12,"Aveyron","Occitanie",null,{"$f":"ROWS($A$2:A740)","v":739},{"$f":"IF(Formulaire!$F$24='Codes postaux par région et dép'!A740,H740,\"\")","v":""},"",""]
[12600,"LACROIX BARREZ",null,12,"Aveyron","Occitanie",null,{"$f":"ROWS($A$2:A741)","v":740},{"$f":"IF(Formulaire!$F$24='Codes postaux par région et dép'!A741,H741,\"\")","v":""},"",""]
[12600,"THERONDELS",null,12,"Aveyron","Occitanie",null,{"$f":"ROWS($A$2:A742)","v":741},{"$f":"IF(Formulaire!$F$24='Codes postaux par région et dép'!A742,H742,\"\")","v":""},"",""]
[12620,"CASTELNAU PEGAYROLS",null,12,"Aveyron","Occitanie",null,{"$f":"ROWS($A$2:A743)","v":742},{"$f":"IF(Formulaire!$F$24='Codes postaux par région et dép'!A743,H743,\"\")","v":""},"",""]
[12620,"ST BEAUZELY",null,12,"Aveyron","Occitanie",null,{"$f":"ROWS($A$2:A744)","v":743},{"$f":"IF(Formulaire!$F$24='Codes postaux par région et dép'!A744,H744,\"\")","v":""},"",""]
[12620,"ST LAURENT DE LEVEZOU",null,12,"Aveyron","Occitanie",null,{"$f":"ROWS($A$2:A745)","v":744},{"$f":"IF(Formulaire!$F$24='Codes postaux par région et dép'!A745,H745,\"\")","v":""},"",""]
[12630,"AGEN D AVEYRON",null,12,"Aveyron","Occitanie",null,{"$f":"ROWS($A$2:A746)","v":745},{"$f":"IF(Formulaire!$F$24='Codes postaux par région et dép'!A746,H746,\"\")","v":""},"",""]
[12630,"MONTROZIER",null,12,"Aveyron","Occitanie",null,{"$f":"ROWS($A$2:A747)","v":746},{"$f":"IF(Formulaire!$F$24='Codes postaux par région et dép'!A747,H747,\"\")","v":""},"",""]
[12630,"MONTROZIER","GAGES",12,"Aveyron","Occitanie",null,{"$f":"ROWS($A$2:A748)","v":747},{"$f":"IF(Formulaire!$F$24='Codes postaux par région et dép'!A748,H748,\"\")","v":""},"",""]
[12640,"LA CRESSE",null,12,"Aveyron","Occitanie",null,{"$f":"ROWS($A$2:A749)","v":748},{"$f":"IF(Formulaire!$F$24='Codes postaux par région et dép'!A749,H749,\"\")","v":""},"",""]
[12640,"RIVIERE SUR TARN","BOYNE",12,"Aveyron","Occitanie",null,{"$f":"ROWS($A$2:A750)","v":749},{"$f":"IF(Formulaire!$F$24='Codes postaux par région et dép'!A750,H750,\"\")","v":""},"",""]
[12640,"RIVIERE SUR TARN",null,12,"Aveyron","Occitanie",null,{"$f":"ROWS($A$2:A751)","v":750},{"$f":"IF(Formulaire!$F$24='Codes postaux par région et dép'!A751,H751,\"\")","v":""},"",""]
[12700,"ASPRIERES",null,12,"Aveyron","Occitanie",null,{"$f":"ROWS($A$2:A752)","v":751},{"$f":"IF(Formulaire!$F$24='Codes postaux par région et dép'!A752,H752,\"\")","v":""},"",""]
[12700,"CAPDENAC GARE",null,12,"Aveyron","Occitanie",null,{"$f":"ROWS($A$2:A753)","v":752},{"$f":"IF(Formulaire!$F$24='Codes postaux par région et dép'!A753,H753,\"\")","v":""},"",""]
[12700,"CAUSSE ET DIEGE",null,12,"Aveyron","Occitanie",null,{"$f":"ROWS($A$2:A754)","v":753},{"$f":"IF(Formulaire!$F$24='Codes postaux par région et dép'!A754,H754,\"\")","v":""},"",""]
[12700,"CAUSSE ET DIEGE","LOUPIAC",12,"Aveyron","Occitanie",null,{"$f":"ROWS($A$2:A755)","v":754},{"$f":"IF(Formulaire!$F$24='Codes postaux par région et dép'!A755,H755,\"\")","v":""},"",""]
[12700,"NAUSSAC",null,12,"Aveyron","Occitanie",null,{"$f":"ROWS($A$2:A756)","v":755},{"$f":"IF(Formulaire!$F$24='Codes postaux par région et dép'!A756,H756,\"\")","v":""},"",""]
[12700,"SONNAC",null,12,"Aveyron","Occitanie",null,{"$f":"ROWS($A$2:A757)","v":756},{"$f":"IF(Formulaire!$F$24='Codes postaux par région et dép'!A757,H757,\"\")","v":""},"",""]
[12700,"CAUSSE ET DIEGE","GELLE",12,"Aveyron","Occitanie",null,{"$f":"ROWS($A$2:A758)","v":757},{"$f":"IF(Formulaire!$F$24='Codes postaux par région et dép'!A758,H758,\"\")","v":""},"",""]
[12720,"PEYRELEAU",null,12,"Aveyron","Occitanie",null,{"$f":"ROWS($A$2:A759)","v":758},{"$f":"IF(Formulaire!$F$24='Codes postaux par région et dép'!A759,H759,\"\")","v":""},"",""]
[12720,"VEYREAU",null,12,"Aveyron","Occitanie",null,{"$f":"ROWS($A$2:A760)","v":759},{"$f":"IF(Formulaire!$F$24='Codes postaux par région et dép'!A760,H760,\"\")","v":""},"",""]
[12720,"ST ANDRE DE VEZINES",null,12,"Aveyron","Occitanie",null,{"$f":"ROWS($A$2:A761)","v":760},{"$f":"IF(Formulaire!$F$24='Codes postaux par région et dép'!A761,H761,\"\")","v":""},"",""]
[12720,"MOSTUEJOULS",null,12,"Aveyron","Occitanie",null,{"$f":"ROWS($A$2:A762)","v":761},{"$f":"IF(Formulaire!$F$24='Codes postaux par région et dép'!A762,H762,\"\")","v":""},"",""]
[12740,"LA LOUBIERE",null,12,"Aveyron","Occitanie",null,{"$f":"ROWS($A$2:A763)","v":762},{"$f":"IF(Formulaire!$F$24='Codes postaux par région et dép'!A763,H763,\"\")","v":""},"",""]
[12740,"SEBAZAC CONCOURES",null,12,"Aveyron","Occitanie",null,{"$f":"ROWS($A$2:A764)","v":763},{"$f":"IF(Formulaire!$F$24='Codes postaux par région et dép'!A764,H764,\"\")","v":""},"",""]
[12780,"VEZINS DE LEVEZOU",null,12,"Aveyron","Occitanie",null,{"$f":"ROWS($A$2:A765)","v":764},{"$f":"IF(Formulaire!$F$24='Codes postaux par région et dép'!A765,H765,\"\")","v":""},"",""]
[12780,"ST LEONS",null,12,"Aveyron","Occitanie",null,{"$f":"ROWS($A$2:A766)","v":765},{"$f":"IF(Formulaire!$F$24='Codes postaux par région et dép'!A766,H766,\"\")","v":""},"",""]
[12800,"CRESPIN",null,12,"Aveyron","Occitanie",null,{"$f":"ROWS($A$2:A767)","v":766},{"$f":"IF(Formulaire!$F$24='Codes postaux par région et dép'!A767,H767,\"\")","v":""},"",""]
[12800,"NAUCELLE",null,12,"Aveyron","Occitanie",null,{"$f":"ROWS($A$2:A768)","v":767},{"$f":"IF(Formulaire!$F$24='Codes postaux par région et dép'!A768,H768,\"\")","v":""},"",""]
[12800,"QUINS","LA MOTHE",12,"Aveyron","Occitanie",null,{"$f":"ROWS($A$2:A769)","v":768},{"$f":"IF(Formulaire!$F$24='Codes postaux par région et dép'!A769,H769,\"\")","v":""},"",""]
[12800,"SAUVETERRE DE ROUERGUE",null,12,"Aveyron","Occitanie",null,{"$f":"ROWS($A$2:A770)","v":769},{"$f":"IF(Formulaire!$F$24='Codes postaux par région et dép'!A770,H770,\"\")","v":""},{"$f":"IFERROR(SMALL($I:$I,H770),\"\")","v":""},{"$f":"IFERROR(INDEX($B$2:$B$2867,J770),\"\")","v":""}]
[12800,"ST JUST SUR VIAUR",null,12,"Aveyron","Occitanie",null,{"$f":"ROWS($A$2:A771)","v":770},{"$f":"IF(Formulaire!$F$24='Codes postaux par région et dép'!A771,H771,\"\")","v":""},"",""]
[12800,"TAURIAC DE NAUCELLE",null,12,"Aveyron","Occitanie",null,{"$f":"ROWS($A$2:A772)","v":771},{"$f":"IF(Formulaire!$F$24='Codes postaux par région et dép'!A772,H772,\"\")","v":""},"",""]
[12800,"CABANES",null,12,"Aveyron","Occitanie",null,{"$f":"ROWS($A$2:A773)","v":772},{"$f":"IF(Formulaire!$F$24='Codes postaux par région et dép'!A773,H773,\"\")","v":""},"",""]
[12800,"CASTELMARY",null,12,"Aveyron","Occitanie",null,{"$f":"ROWS($A$2:A774)","v":773},{"$f":"IF(Formulaire!$F$24='Codes postaux par région et dép'!A774,H774,\"\")","v":""},"",""]
[12800,"QUINS",null,12,"Aveyron","Occitanie",null,{"$f":"ROWS($A$2:A775)","v":774},{"$f":"IF(Formulaire!$F$24='Codes postaux par région et dép'!A775,H775,\"\")","v":""},"",""]
[12800,"CAMJAC",null,12,"Aveyron","Occitanie",null,{"$f":"ROWS($A$2:A776)","v":775},{"$f":"IF(Formulaire!$F$24='Codes postaux par région et dép'!A776,H776,\"\")","v":""},"",""]
[12850,"ONET LE CHATEAU","QUATRE SAISONS",12,"Aveyron","Occitanie",null,{"$f":"ROWS($A$2:A777)","v":776},{"$f":"IF(Formulaire!$F$24='Codes postaux par région et dép'!A777,H777,\"\")","v":""},"",""]
[12850,"STE RADEGONDE",null,12,"Aveyron","Occitanie",null,{"$f":"ROWS($A$2:A778)","v":777},{"$f":"IF(Formulaire!$F$24='Codes postaux par région et dép'!A778,H778,\"\")","v":""},"",""]
[12850,"ONET LE CHATEAU",null,12,"Aveyron","Occitanie",null,{"$f":"ROWS($A$2:A779)","v":778},{"$f":"IF(Formulaire!$F$24='Codes postaux par région et dép'!A779,H779,\"\")","v":""},"",""]
[30000,"NIMES",null,30,"Gard","Occitanie",null,{"$f":"ROWS($A$2:A780)","v":779},{"$f":"IF(Formulaire!$F$24='Codes postaux par région et dép'!A780,H780,\"\")","v":""},"",""]
[30100,"ALES",null,30,"Gard","Occitanie",null,{"$f":"ROWS($A$2:A781)","v":780},{"$f":"IF(Formulaire!$F$24='Codes postaux par région et dép'!A781,H781,\"\")","v":""},"",""]
[30110,"LA GRAND COMBE","LA LEVADE",30,"Gard","Occitanie",null,{"$f":"ROWS($A$2:A782)","v":781},{"$f":"IF(Formulaire!$F$24='Codes postaux par région et dép'!A782,H782,\"\")","v":""},"",""]
[30110,"LAVAL PRADEL",null,30,"Gard","Occitanie",null,{"$f":"ROWS($A$2:A783)","v":782},{"$f":"IF(Formulaire!$F$24='Codes postaux par région et dép'!A783,H783,\"\")","v":""},"",""]
[30110,"BRANOUX LES TAILLADES",null,30,"Gard","Occitanie",null,{"$f":"ROWS($A$2:A784)","v":783},{"$f":"IF(Formulaire!$F$24='Codes postaux par région et dép'!A784,H784,\"\")","v":""},"",""]
[30110,"LA GRAND COMBE",null,30,"Gard","Occitanie",null,{"$f":"ROWS($A$2:A785)","v":784},{"$f":"IF(Formulaire!$F$24='Codes postaux par région et dép'!A785,H785,\"\")","v":""},"",""]
[30110,"STE CECILE D ANDORGE",null,30,"Gard","Occitanie",null,{"$f":"ROWS($A$2:A786)","v":785},{"$f":"IF(Formulaire!$F$24='Codes postaux par région et dép'!A786,H786,\"\")","v":""},"",""]
[30110,"LES SALLES DU GARDON",null,30,"Gard","Occitanie",null,{"$f":"ROWS($A$2:A787)","v":786},{"$f":"IF(Formulaire!$F$24='Codes postaux par région et dép'!A787,H787,\"\")","v":""},"",""]
[30110,"LAMELOUZE",null,30,"Gard","Occitanie",null,{"$f":"ROWS($A$2:A788)","v":787},{"$f":"IF(Formulaire!$F$24='Codes postaux par région et dép'!A788,H788,\"\")","v":""},"",""]
[30110,"SOUSTELLE",null,30,"Gard","Occitanie",null,{"$f":"ROWS($A$2:A789)","v":788},{"$f":"IF(Formulaire!$F$24='Codes postaux par région et dép'!A789,H789,\"\")","v":""},"",""]
[30111,"CONGENIES",null,30,"Gard","Occitanie",null,{"$f":"ROWS($A$2:A790)","v":789},{"$f":"IF(Formulaire!$F$24='Codes postaux par région et dép'!A790,H790,\"\")","v":""},"",""]
[30114,"BOISSIERES",null,30,"Gard","Occitanie",null,{"$f":"ROWS($A$2:A791)","v":790},{"$f":"IF(Formulaire!$F$24='Codes postaux par région et dép'!A791,H791,\"\")","v":""},"",""]
[30114,"NAGES ET SOLORGUES",null,30,"Gard","Occitanie",null,{"$f":"ROWS($A$2:A792)","v":791},{"$f":"IF(Formulaire!$F$24='Codes postaux par région et dép'!A792,H792,\"\")","v":""},"",""]
[30120,"BREAU MARS","BREAU ET SALAGOSSE",30,"Gard","Occitanie",null,{"$f":"ROWS($A$2:A793)","v":792},{"$f":"IF(Formulaire!$F$24='Codes postaux par région et dép'!A793,H793,\"\")","v":""},"",""]
[30120,"MOLIERES CAVAILLAC",null,30,"Gard","Occitanie",null,{"$f":"ROWS($A$2:A794)","v":793},{"$f":"IF(Formulaire!$F$24='Codes postaux par région et dép'!A794,H794,\"\")","v":""},"",""]
[30120,"POMMIERS",null,30,"Gard","Occitanie",null,{"$f":"ROWS($A$2:A795)","v":794},{"$f":"IF(Formulaire!$F$24='Codes postaux par région et dép'!A795,H795,\"\")","v":""},"",""]
[30120,"AULAS",null,30,"Gard","Occitanie",null,{"$f":"ROWS($A$2:A796)","v":795},{"$f":"IF(Formulaire!$F$24='Codes postaux par région et dép'!A796,H796,\"\")","v":""},"",""]
[30120,"AVEZE",null,30,"Gard","Occitanie",null,{"$f":"ROWS($A$2:A797)","v":796},{"$f":"IF(Formulaire!$F$24='Codes postaux par région et dép'!A797,H797,\"\")","v":""},"",""]
[30120,"LE VIGAN",null,30,"Gard","Occitanie",null,{"$f":"ROWS($A$2:A798)","v":797},{"$f":"IF(Formulaire!$F$24='Codes postaux par région et dép'!A798,H798,\"\")","v":""},"",""]
[30120,"BEZ ET ESPARON",null,30,"Gard","Occitanie",null,{"$f":"ROWS($A$2:A799)","v":798},{"$f":"IF(Formulaire!$F$24='Codes postaux par région et dép'!A799,H799,\"\")","v":""},"",""]
[30120,"MANDAGOUT",null,30,"Gard","Occitanie",null,{"$f":"ROWS($A$2:A800)","v":799},{"$f":"IF(Formulaire!$F$24='Codes postaux par région et dép'!A800,H800,\"\")","v":""},"",""]
[30120,"BREAU MARS","MARS",30,"Gard","Occitanie",null,{"$f":"ROWS($A$2:A801)","v":800},{"$f":"IF(Formulaire!$F$24='Codes postaux par région et dép'!A801,H801,\"\")","v":""},"",""]
[30120,"MONTDARDIER",null,30,"Gard","Occitanie",null,{"$f":"ROWS($A$2:A802)","v":801},{"$f":"IF(Formulaire!$F$24='Codes postaux par région et dép'!A802,H802,\"\")","v":""},"",""]
[30120,"ROGUES",null,30,"Gard","Occitanie",null,{"$f":"ROWS($A$2:A803)","v":802},{"$f":"IF(Formulaire!$F$24='Codes postaux par région et dép'!A803,H803,\"\")","v":""},"",""]
[30120,"ARPHY",null,30,"Gard","Occitanie",null,{"$f":"ROWS($A$2:A804)","v":803},{"$f":"IF(Formulaire!$F$24='Codes postaux par région et dép'!A804,H804,\"\")","v":""},"",""]
[30120,"ARRE",null,30,"Gard","Occitanie",null,{"$f":"ROWS($A$2:A805)","v":804},{"$f":"IF(Formulaire!$F$24='Codes postaux par région et dép'!A805,H805,\"\")","v":""},"",""]
[30121,"MUS",null,30,"Gard","Occitanie",null,{"$f":"ROWS($A$2:A806)","v":805},{"$f":"IF(Formulaire!$F$24='Codes postaux par région et dép'!A806,H806,\"\")","v":""},"",""]
[30122,"LES PLANTIERS",null,30,"Gard","Occitanie",null,{"$f":"ROWS($A$2:A807)","v":806},{"$f":"IF(Formulaire!$F$24='Codes postaux par région et dép'!A807,H807,\"\")","v":""},"",""]
[30124,"L ESTRECHURE",null,30,"Gard","Occitanie",null,{"$f":"ROWS($A$2:A808)","v":807},{"$f":"IF(Formulaire!$F$24='Codes postaux par région et dép'!A808,H808,\"\")","v":""},"",""]
[30124,"PEYROLLES",null,30,"Gard","Occitanie",null,{"$f":"ROWS($A$2:A809)","v":808},{"$f":"IF(Formulaire!$F$24='Codes postaux par région et dép'!A809,H809,\"\")","v":""},"",""]
[30125,"SAUMANE",null,30,"Gard","Occitanie",null,{"$f":"ROWS($A$2:A810)","v":809},{"$f":"IF(Formulaire!$F$24='Codes postaux par région et dép'!A810,H810,\"\")","v":""},"",""]
[30126,"LIRAC",null,30,"Gard","Occitanie",null,{"$f":"ROWS($A$2:A811)","v":810},{"$f":"IF(Formulaire!$F$24='Codes postaux par région et dép'!A811,H811,\"\")","v":""},"",""]
[30126,"ST LAURENT DES ARBRES",null,30,"Gard","Occitanie",null,{"$f":"ROWS($A$2:A812)","v":811},{"$f":"IF(Formulaire!$F$24='Codes postaux par région et dép'!A812,H812,\"\")","v":""},"",""]
[30126,"TAVEL",null,30,"Gard","Occitanie",null,{"$f":"ROWS($A$2:A813)","v":812},{"$f":"IF(Formulaire!$F$24='Codes postaux par région et dép'!A813,H813,\"\")","v":""},"",""]
[30127,"BELLEGARDE",null,30,"Gard","Occitanie",null,{"$f":"ROWS($A$2:A814)","v":813},{"$f":"IF(Formulaire!$F$24='Codes postaux par région et dép'!A814,H814,\"\")","v":""},"",""]
[30128,"GARONS",null,30,"Gard","Occitanie",null,{"$f":"ROWS($A$2:A815)","v":814},{"$f":"IF(Formulaire!$F$24='Codes postaux par région et dép'!A815,H815,\"\")","v":""},"",""]
[30129,"MANDUEL",null,30,"Gard","Occitanie",null,{"$f":"ROWS($A$2:A816)","v":815},{"$f":"IF(Formulaire!$F$24='Codes postaux par région et dép'!A816,H816,\"\")","v":""},"",""]
[30129,"REDESSAN",null,30,"Gard","Occitanie",null,{"$f":"ROWS($A$2:A817)","v":816},{"$f":"IF(Formulaire!$F$24='Codes postaux par région et dép'!A817,H817,\"\")","v":""},"",""]
[30130,"CARSAN",null,30,"Gard","Occitanie",null,{"$f":"ROWS($A$2:A818)","v":817},{"$f":"IF(Formulaire!$F$24='Codes postaux par région et dép'!A818,H818,\"\")","v":""},"",""]
[30130,"ST PAULET DE CAISSON",null,30,"Gard","Occitanie",null,{"$f":"ROWS($A$2:A819)","v":818},{"$f":"IF(Formulaire!$F$24='Codes postaux par région et dép'!A819,H819,\"\")","v":""},"",""]
[30130,"PONT ST ESPRIT",null,30,"Gard","Occitanie",null,{"$f":"ROWS($A$2:A820)","v":819},{"$f":"IF(Formulaire!$F$24='Codes postaux par région et dép'!A820,H820,\"\")","v":""},"",""]
[30130,"ST ALEXANDRE",null,30,"Gard","Occitanie",null,{"$f":"ROWS($A$2:A821)","v":820},{"$f":"IF(Formulaire!$F$24='Codes postaux par région et dép'!A821,H821,\"\")","v":""},"",""]
[30131,"PUJAUT",null,30,"Gard","Occitanie",null,{"$f":"ROWS($A$2:A822)","v":821},{"$f":"IF(Formulaire!$F$24='Codes postaux par région et dép'!A822,H822,\"\")","v":""},"",""]
[30132,"CAISSARGUES",null,30,"Gard","Occitanie",null,{"$f":"ROWS($A$2:A823)","v":822},{"$f":"IF(Formulaire!$F$24='Codes postaux par région et dép'!A823,H823,\"\")","v":""},"",""]
[30133,"LES ANGLES",null,30,"Gard","Occitanie",null,{"$f":"ROWS($A$2:A824)","v":823},{"$f":"IF(Formulaire!$F$24='Codes postaux par région et dép'!A824,H824,\"\")","v":""},"",""]
[30140,"GENERARGUES",null,30,"Gard","Occitanie",null,{"$f":"ROWS($A$2:A825)","v":824},{"$f":"IF(Formulaire!$F$24='Codes postaux par région et dép'!A825,H825,\"\")","v":""},"",""]
[30140,"ST JEAN DU PIN",null,30,"Gard","Occitanie",null,{"$f":"ROWS($A$2:A826)","v":825},{"$f":"IF(Formulaire!$F$24='Codes postaux par région et dép'!A826,H826,\"\")","v":""},"",""]
[30140,"MASSILLARGUES ATTUECH",null,30,"Gard","Occitanie",null,{"$f":"ROWS($A$2:A827)","v":826},{"$f":"IF(Formulaire!$F$24='Codes postaux par région et dép'!A827,H827,\"\")","v":""},"",""]
[30140,"ST SEBASTIEN D AIGREFEUILLE",null,30,"Gard","Occitanie",null,{"$f":"ROWS($A$2:A828)","v":827},{"$f":"IF(Formulaire!$F$24='Codes postaux par région et dép'!A828,H828,\"\")","v":""},"",""]
[30140,"TORNAC",null,30,"Gard","Occitanie",null,{"$f":"ROWS($A$2:A829)","v":828},{"$f":"IF(Formulaire!$F$24='Codes postaux par région et dép'!A829,H829,\"\")","v":""},"",""]
[30140,"ANDUZE",null,30,"Gard","Occitanie",null,{"$f":"ROWS($A$2:A830)","v":829},{"$f":"IF(Formulaire!$F$24='Codes postaux par région et dép'!A830,H830,\"\")","v":""},"",""]
[30140,"BAGARD",null,30,"Gard","Occitanie",null,{"$f":"ROWS($A$2:A831)","v":830},{"$f":"IF(Formulaire!$F$24='Codes postaux par région et dép'!A831,H831,\"\")","v":""},"",""]
[30140,"BOISSET ET GAUJAC",null,30,"Gard","Occitanie",null,{"$f":"ROWS($A$2:A832)","v":831},{"$f":"IF(Formulaire!$F$24='Codes postaux par région et dép'!A832,H832,\"\")","v":""},"",""]
[30140,"ST FELIX DE PALLIERES",null,30,"Gard","Occitanie",null,{"$f":"ROWS($A$2:A833)","v":832},{"$f":"IF(Formulaire!$F$24='Codes postaux par région et dép'!A833,H833,\"\")","v":""},"",""]
[30140,"THOIRAS",null,30,"Gard","Occitanie",null,{"$f":"ROWS($A$2:A834)","v":833},{"$f":"IF(Formulaire!$F$24='Codes postaux par région et dép'!A834,H834,\"\")","v":""},{"$f":"IFERROR(SMALL($I:$I,H834),\"\")","v":""},{"$f":"IFERROR(INDEX($B$2:$B$2867,J834),\"\")","v":""}]
[30140,"CORBES",null,30,"Gard","Occitanie",null,{"$f":"ROWS($A$2:A835)","v":834},{"$f":"IF(Formulaire!$F$24='Codes postaux par région et dép'!A835,H835,\"\")","v":""},"",""]
[30140,"MIALET",null,30,"Gard","Occitanie",null,{"$f":"ROWS($A$2:A836)","v":835},{"$f":"IF(Formulaire!$F$24='Codes postaux par région et dép'!A836,H836,\"\")","v":""},"",""]
[30150,"ROQUEMAURE",null,30,"Gard","Occitanie",null,{"$f":"ROWS($A$2:A837)","v":836},{"$f":"IF(Formulaire!$F$24='Codes postaux par région et dép'!A837,H837,\"\")","v":""},"",""]
[30150,"MONTFAUCON",null,30,"Gard","Occitanie",null,{"$f":"ROWS($A$2:A838)","v":837},{"$f":"IF(Formulaire!$F$24='Codes postaux par région et dép'!A838,H838,\"\")","v":""},"",""]
[30150,"ST GENIES DE COMOLAS",null,30,"Gard","Occitanie",null,{"$f":"ROWS($A$2:A839)","v":838},{"$f":"IF(Formulaire!$F$24='Codes postaux par région et dép'!A839,H839,\"\")","v":""},"",""]
[30150,"SAUVETERRE",null,30,"Gard","Occitanie",null,{"$f":"ROWS($A$2:A840)","v":839},{"$f":"IF(Formulaire!$F$24='Codes postaux par région et dép'!A840,H840,\"\")","v":""},"",""]
[30160,"BORDEZAC",null,30,"Gard","Occitanie",null,{"$f":"ROWS($A$2:A841)","v":840},{"$f":"IF(Formulaire!$F$24='Codes postaux par région et dép'!A841,H841,\"\")","v":""},"",""]
[30160,"ROBIAC ROCHESSADOULE",null,30,"Gard","Occitanie",null,{"$f":"ROWS($A$2:A842)","v":841},{"$f":"IF(Formulaire!$F$24='Codes postaux par région et dép'!A842,H842,\"\")","v":""},"",""]
[30160,"PEYREMALE",null,30,"Gard","Occitanie",null,{"$f":"ROWS($A$2:A843)","v":842},{"$f":"IF(Formulaire!$F$24='Codes postaux par région et dép'!A843,H843,\"\")","v":""},"",""]
[30160,"GAGNIERES",null,30,"Gard","Occitanie",null,{"$f":"ROWS($A$2:A844)","v":843},{"$f":"IF(Formulaire!$F$24='Codes postaux par région et dép'!A844,H844,\"\")","v":""},"",""]
[30160,"BESSEGES","FOUSSIGNARGUES",30,"Gard","Occitanie",null,{"$f":"ROWS($A$2:A845)","v":844},{"$f":"IF(Formulaire!$F$24='Codes postaux par région et dép'!A845,H845,\"\")","v":""},"",""]
[30160,"BESSEGES",null,30,"Gard","Occitanie",null,{"$f":"ROWS($A$2:A846)","v":845},{"$f":"IF(Formulaire!$F$24='Codes postaux par région et dép'!A846,H846,\"\")","v":""},"",""]
[30170,"LA CADIERE ET CAMBO",null,30,"Gard","Occitanie",null,{"$f":"ROWS($A$2:A847)","v":846},{"$f":"IF(Formulaire!$F$24='Codes postaux par région et dép'!A847,H847,\"\")","v":""},"",""]
[30170,"CONQUEYRAC",null,30,"Gard","Occitanie",null,{"$f":"ROWS($A$2:A848)","v":847},{"$f":"IF(Formulaire!$F$24='Codes postaux par région et dép'!A848,H848,\"\")","v":""},"",""]
[30170,"MONOBLET",null,30,"Gard","Occitanie",null,{"$f":"ROWS($A$2:A849)","v":848},{"$f":"IF(Formulaire!$F$24='Codes postaux par région et dép'!A849,H849,\"\")","v":""},"",""]
[30170,"POMPIGNAN",null,30,"Gard","Occitanie",null,{"$f":"ROWS($A$2:A850)","v":849},{"$f":"IF(Formulaire!$F$24='Codes postaux par région et dép'!A850,H850,\"\")","v":""},"",""]
[30170,"CROS",null,30,"Gard","Occitanie",null,{"$f":"ROWS($A$2:A851)","v":850},{"$f":"IF(Formulaire!$F$24='Codes postaux par région et dép'!A851,H851,\"\")","v":""},"",""]
[30170,"DURFORT ET ST MARTIN DE SOSSENAC",null,30,"Gard","Occitanie",null,{"$f":"ROWS($A$2:A852)","v":851},{"$f":"IF(Formulaire!$F$24='Codes postaux par région et dép'!A852,H852,\"\")","v":""},"",""]
[30170,"FRESSAC",null,30,"Gard","Occitanie",null,{"$f":"ROWS($A$2:A853)","v":852},{"$f":"IF(Formulaire!$F$24='Codes postaux par région et dép'!A853,H853,\"\")","v":""},"",""]
[30170,"ST HIPPOLYTE DU FORT",null,30,"Gard","Occitanie",null,{"$f":"ROWS($A$2:A854)","v":853},{"$f":"IF(Formulaire!$F$24='Codes postaux par région et dép'!A854,H854,\"\")","v":""},"",""]
[30190,"BOURDIC",null,30,"Gard","Occitanie",null,{"$f":"ROWS($A$2:A855)","v":854},{"$f":"IF(Formulaire!$F$24='Codes postaux par région et dép'!A855,H855,\"\")","v":""},"",""]
[30190,"BRIGNON",null,30,"Gard","Occitanie",null,{"$f":"ROWS($A$2:A856)","v":855},{"$f":"IF(Formulaire!$F$24='Codes postaux par région et dép'!A856,H856,\"\")","v":""},"",""]
[30190,"LA CALMETTE",null,30,"Gard","Occitanie",null,{"$f":"ROWS($A$2:A857)","v":856},{"$f":"IF(Formulaire!$F$24='Codes postaux par région et dép'!A857,H857,\"\")","v":""},"",""]
[30190,"BOUCOIRAN ET NOZIERES",null,30,"Gard","Occitanie",null,{"$f":"ROWS($A$2:A858)","v":857},{"$f":"IF(Formulaire!$F$24='Codes postaux par région et dép'!A858,H858,\"\")","v":""},"",""]
[30190,"CASTELNAU VALENCE",null,30,"Gard","Occitanie",null,{"$f":"ROWS($A$2:A859)","v":858},{"$f":"IF(Formulaire!$F$24='Codes postaux par région et dép'!A859,H859,\"\")","v":""},"",""]
[30190,"ST CHAPTES",null,30,"Gard","Occitanie",null,{"$f":"ROWS($A$2:A860)","v":859},{"$f":"IF(Formulaire!$F$24='Codes postaux par région et dép'!A860,H860,\"\")","v":""},"",""]
[30190,"COLLORGUES",null,30,"Gard","Occitanie",null,{"$f":"ROWS($A$2:A861)","v":860},{"$f":"IF(Formulaire!$F$24='Codes postaux par région et dép'!A861,H861,\"\")","v":""},"",""]
[30190,"GARRIGUES STE EULALIE",null,30,"Gard","Occitanie",null,{"$f":"ROWS($A$2:A862)","v":861},{"$f":"IF(Formulaire!$F$24='Codes postaux par région et dép'!A862,H862,\"\")","v":""},"",""]
[30190,"SAUZET",null,30,"Gard","Occitanie",null,{"$f":"ROWS($A$2:A863)","v":862},{"$f":"IF(Formulaire!$F$24='Codes postaux par région et dép'!A863,H863,\"\")","v":""},"",""]
[30190,"AUBUSSARGUES",null,30,"Gard","Occitanie",null,{"$f":"ROWS($A$2:A864)","v":863},{"$f":"IF(Formulaire!$F$24='Codes postaux par région et dép'!A864,H864,\"\")","v":""},"",""]
[30190,"DIONS",null,30,"Gard","Occitanie",null,{"$f":"ROWS($A$2:A865)","v":864},{"$f":"IF(Formulaire!$F$24='Codes postaux par région et dép'!A865,H865,\"\")","v":""},"",""]
[30190,"MONTIGNARGUES",null,30,"Gard","Occitanie",null,{"$f":"ROWS($A$2:A866)","v":865},{"$f":"IF(Formulaire!$F$24='Codes postaux par région et dép'!A866,H866,\"\")","v":""},"",""]
[30190,"ST DEZERY",null,30,"Gard","Occitanie",null,{"$f":"ROWS($A$2:A867)","v":866},{"$f":"IF(Formulaire!$F$24='Codes postaux par région et dép'!A867,H867,\"\")","v":""},"",""]
[30190,"MOUSSAC",null,30,"Gard","Occitanie",null,{"$f":"ROWS($A$2:A868)","v":867},{"$f":"IF(Formulaire!$F$24='Codes postaux par région et dép'!A868,H868,\"\")","v":""},"",""]
[30190,"LA ROUVIERE",null,30,"Gard","Occitanie",null,{"$f":"ROWS($A$2:A869)","v":868},{"$f":"IF(Formulaire!$F$24='Codes postaux par région et dép'!A869,H869,\"\")","v":""},"",""]
[30190,"STE ANASTASIE",null,30,"Gard","Occitanie",null,{"$f":"ROWS($A$2:A870)","v":869},{"$f":"IF(Formulaire!$F$24='Codes postaux par région et dép'!A870,H870,\"\")","v":""},"",""]
[30190,"ST GENIES DE MALGOIRES",null,30,"Gard","Occitanie",null,{"$f":"ROWS($A$2:A871)","v":870},{"$f":"IF(Formulaire!$F$24='Codes postaux par région et dép'!A871,H871,\"\")","v":""},"",""]
[30200,"CHUSCLAN",null,30,"Gard","Occitanie",null,{"$f":"ROWS($A$2:A872)","v":871},{"$f":"IF(Formulaire!$F$24='Codes postaux par région et dép'!A872,H872,\"\")","v":""},"",""]
[30200,"CHUSCLAN","MARCOULE",30,"Gard","Occitanie",null,{"$f":"ROWS($A$2:A873)","v":872},{"$f":"IF(Formulaire!$F$24='Codes postaux par région et dép'!A873,H873,\"\")","v":""},"",""]
[30200,"ORSAN",null,30,"Gard","Occitanie",null,{"$f":"ROWS($A$2:A874)","v":873},{"$f":"IF(Formulaire!$F$24='Codes postaux par région et dép'!A874,H874,\"\")","v":""},"",""]
[30200,"LA ROQUE SUR CEZE",null,30,"Gard","Occitanie",null,{"$f":"ROWS($A$2:A875)","v":874},{"$f":"IF(Formulaire!$F$24='Codes postaux par région et dép'!A875,H875,\"\")","v":""},"",""]
[30200,"ST ETIENNE DES SORTS",null,30,"Gard","Occitanie",null,{"$f":"ROWS($A$2:A876)","v":875},{"$f":"IF(Formulaire!$F$24='Codes postaux par région et dép'!A876,H876,\"\")","v":""},"",""]
[30200,"ST MICHEL D EUZET",null,30,"Gard","Occitanie",null,{"$f":"ROWS($A$2:A877)","v":876},{"$f":"IF(Formulaire!$F$24='Codes postaux par région et dép'!A877,H877,\"\")","v":""},"",""]
[30200,"BAGNOLS SUR CEZE",null,30,"Gard","Occitanie",null,{"$f":"ROWS($A$2:A878)","v":877},{"$f":"IF(Formulaire!$F$24='Codes postaux par région et dép'!A878,H878,\"\")","v":""},"",""]
[30200,"ST NAZAIRE",null,30,"Gard","Occitanie",null,{"$f":"ROWS($A$2:A879)","v":878},{"$f":"IF(Formulaire!$F$24='Codes postaux par région et dép'!A879,H879,\"\")","v":""},"",""]
[30200,"CODOLET",null,30,"Gard","Occitanie",null,{"$f":"ROWS($A$2:A880)","v":879},{"$f":"IF(Formulaire!$F$24='Codes postaux par région et dép'!A880,H880,\"\")","v":""},"",""]
[30200,"SABRAN",null,30,"Gard","Occitanie",null,{"$f":"ROWS($A$2:A881)","v":880},{"$f":"IF(Formulaire!$F$24='Codes postaux par région et dép'!A881,H881,\"\")","v":""},"",""]
[30200,"ST GERVAIS",null,30,"Gard","Occitanie",null,{"$f":"ROWS($A$2:A882)","v":881},{"$f":"IF(Formulaire!$F$24='Codes postaux par région et dép'!A882,H882,\"\")","v":""},"",""]
[30200,"ST LAURENT DE CARNOLS",null,30,"Gard","Occitanie",null,{"$f":"ROWS($A$2:A883)","v":882},{"$f":"IF(Formulaire!$F$24='Codes postaux par région et dép'!A883,H883,\"\")","v":""},"",""]
[30200,"VENEJAN",null,30,"Gard","Occitanie",null,{"$f":"ROWS($A$2:A884)","v":883},{"$f":"IF(Formulaire!$F$24='Codes postaux par région et dép'!A884,H884,\"\")","v":""},"",""]
[30210,"CASTILLON DU GARD",null,30,"Gard","Occitanie",null,{"$f":"ROWS($A$2:A885)","v":884},{"$f":"IF(Formulaire!$F$24='Codes postaux par région et dép'!A885,H885,\"\")","v":""},"",""]
[30210,"LEDENON",null,30,"Gard","Occitanie",null,{"$f":"ROWS($A$2:A886)","v":885},{"$f":"IF(Formulaire!$F$24='Codes postaux par région et dép'!A886,H886,\"\")","v":""},"",""]
[30210,"REMOULINS",null,30,"Gard","Occitanie",null,{"$f":"ROWS($A$2:A887)","v":886},{"$f":"IF(Formulaire!$F$24='Codes postaux par région et dép'!A887,H887,\"\")","v":""},"",""]
[30210,"ARGILLIERS",null,30,"Gard","Occitanie",null,{"$f":"ROWS($A$2:A888)","v":887},{"$f":"IF(Formulaire!$F$24='Codes postaux par région et dép'!A888,H888,\"\")","v":""},"",""]
[30210,"COLLIAS",null,30,"Gard","Occitanie",null,{"$f":"ROWS($A$2:A889)","v":888},{"$f":"IF(Formulaire!$F$24='Codes postaux par région et dép'!A889,H889,\"\")","v":""},"",""]
[30210,"FOURNES",null,30,"Gard","Occitanie",null,{"$f":"ROWS($A$2:A890)","v":889},{"$f":"IF(Formulaire!$F$24='Codes postaux par région et dép'!A890,H890,\"\")","v":""},"",""]
[30210,"ST HILAIRE D OZILHAN",null,30,"Gard","Occitanie",null,{"$f":"ROWS($A$2:A891)","v":890},{"$f":"IF(Formulaire!$F$24='Codes postaux par région et dép'!A891,H891,\"\")","v":""},"",""]
[30210,"CABRIERES",null,30,"Gard","Occitanie",null,{"$f":"ROWS($A$2:A892)","v":891},{"$f":"IF(Formulaire!$F$24='Codes postaux par région et dép'!A892,H892,\"\")","v":""},"",""]
[30210,"POUZILHAC",null,30,"Gard","Occitanie",null,{"$f":"ROWS($A$2:A893)","v":892},{"$f":"IF(Formulaire!$F$24='Codes postaux par région et dép'!A893,H893,\"\")","v":""},"",""]
[30210,"ST BONNET DU GARD",null,30,"Gard","Occitanie",null,{"$f":"ROWS($A$2:A894)","v":893},{"$f":"IF(Formulaire!$F$24='Codes postaux par région et dép'!A894,H894,\"\")","v":""},"",""]
[30210,"SERNHAC",null,30,"Gard","Occitanie",null,{"$f":"ROWS($A$2:A895)","v":894},{"$f":"IF(Formulaire!$F$24='Codes postaux par région et dép'!A895,H895,\"\")","v":""},"",""]
[30210,"VALLIGUIERES",null,30,"Gard","Occitanie",null,{"$f":"ROWS($A$2:A896)","v":895},{"$f":"IF(Formulaire!$F$24='Codes postaux par région et dép'!A896,H896,\"\")","v":""},"",""]
[30210,"VERS PONT DU GARD",null,30,"Gard","Occitanie",null,{"$f":"ROWS($A$2:A897)","v":896},{"$f":"IF(Formulaire!$F$24='Codes postaux par région et dép'!A897,H897,\"\")","v":""},"",""]
[30220,"ST LAURENT D AIGOUZE",null,30,"Gard","Occitanie",null,{"$f":"ROWS($A$2:A898)","v":897},{"$f":"IF(Formulaire!$F$24='Codes postaux par région et dép'!A898,H898,\"\")","v":""},{"$f":"IFERROR(SMALL($I:$I,H898),\"\")","v":""},{"$f":"IFERROR(INDEX($B$2:$B$2867,J898),\"\")","v":""}]
[30220,"AIGUES MORTES",null,30,"Gard","Occitanie",null,{"$f":"ROWS($A$2:A899)","v":898},{"$f":"IF(Formulaire!$F$24='Codes postaux par région et dép'!A899,H899,\"\")","v":""},"",""]
[30230,"BOUILLARGUES",null,30,"Gard","Occitanie",null,{"$f":"ROWS($A$2:A900)","v":899},{"$f":"IF(Formulaire!$F$24='Codes postaux par région et dép'!A900,H900,\"\")","v":""},"",""]
[30230,"RODILHAN",null,30,"Gard","Occitanie",null,{"$f":"ROWS($A$2:A901)","v":900},{"$f":"IF(Formulaire!$F$24='Codes postaux par région et dép'!A901,H901,\"\")","v":""},"",""]
[30240,"LE GRAU DU ROI",null,30,"Gard","Occitanie",null,{"$f":"ROWS($A$2:A902)","v":901},{"$f":"IF(Formulaire!$F$24='Codes postaux par région et dép'!A902,H902,\"\")","v":""},"",""]
[30240,"LE GRAU DU ROI","PORT CAMARGUE",30,"Gard","Occitanie",null,{"$f":"ROWS($A$2:A903)","v":902},{"$f":"IF(Formulaire!$F$24='Codes postaux par région et dép'!A903,H903,\"\")","v":""},"",""]
[30250,"ASPERES",null,30,"Gard","Occitanie",null,{"$f":"ROWS($A$2:A904)","v":903},{"$f":"IF(Formulaire!$F$24='Codes postaux par région et dép'!A904,H904,\"\")","v":""},"",""]
[30250,"COMBAS",null,30,"Gard","Occitanie",null,{"$f":"ROWS($A$2:A905)","v":904},{"$f":"IF(Formulaire!$F$24='Codes postaux par région et dép'!A905,H905,\"\")","v":""},"",""]
[30250,"SALINELLES",null,30,"Gard","Occitanie",null,{"$f":"ROWS($A$2:A906)","v":905},{"$f":"IF(Formulaire!$F$24='Codes postaux par région et dép'!A906,H906,\"\")","v":""},"",""]
[30250,"SOMMIERES",null,30,"Gard","Occitanie",null,{"$f":"ROWS($A$2:A907)","v":906},{"$f":"IF(Formulaire!$F$24='Codes postaux par région et dép'!A907,H907,\"\")","v":""},"",""]
[30250,"FONTANES",null,30,"Gard","Occitanie",null,{"$f":"ROWS($A$2:A908)","v":907},{"$f":"IF(Formulaire!$F$24='Codes postaux par région et dép'!A908,H908,\"\")","v":""},"",""]
[30250,"LECQUES",null,30,"Gard","Occitanie",null,{"$f":"ROWS($A$2:A909)","v":908},{"$f":"IF(Formulaire!$F$24='Codes postaux par région et dép'!A909,H909,\"\")","v":""},"",""]
[30250,"SOUVIGNARGUES",null,30,"Gard","Occitanie",null,{"$f":"ROWS($A$2:A910)","v":909},{"$f":"IF(Formulaire!$F$24='Codes postaux par région et dép'!A910,H910,\"\")","v":""},"",""]
[30250,"VILLEVIEILLE",null,30,"Gard","Occitanie",null,{"$f":"ROWS($A$2:A911)","v":910},{"$f":"IF(Formulaire!$F$24='Codes postaux par région et dép'!A911,H911,\"\")","v":""},"",""]
[30250,"AUBAIS",null,30,"Gard","Occitanie",null,{"$f":"ROWS($A$2:A912)","v":911},{"$f":"IF(Formulaire!$F$24='Codes postaux par région et dép'!A912,H912,\"\")","v":""},"",""]
[30250,"AUJARGUES",null,30,"Gard","Occitanie",null,{"$f":"ROWS($A$2:A913)","v":912},{"$f":"IF(Formulaire!$F$24='Codes postaux par région et dép'!A913,H913,\"\")","v":""},"",""]
[30250,"JUNAS",null,30,"Gard","Occitanie",null,{"$f":"ROWS($A$2:A914)","v":913},{"$f":"IF(Formulaire!$F$24='Codes postaux par région et dép'!A914,H914,\"\")","v":""},"",""]
[30260,"CORCONNE",null,30,"Gard","Occitanie",null,{"$f":"ROWS($A$2:A915)","v":914},{"$f":"IF(Formulaire!$F$24='Codes postaux par région et dép'!A915,H915,\"\")","v":""},"",""]
[30260,"SARDAN",null,30,"Gard","Occitanie",null,{"$f":"ROWS($A$2:A916)","v":915},{"$f":"IF(Formulaire!$F$24='Codes postaux par région et dép'!A916,H916,\"\")","v":""},"",""]
[30260,"BRAGASSARGUES",null,30,"Gard","Occitanie",null,{"$f":"ROWS($A$2:A917)","v":916},{"$f":"IF(Formulaire!$F$24='Codes postaux par région et dép'!A917,H917,\"\")","v":""},"",""]
[30260,"BROUZET LES QUISSAC",null,30,"Gard","Occitanie",null,{"$f":"ROWS($A$2:A918)","v":917},{"$f":"IF(Formulaire!$F$24='Codes postaux par région et dép'!A918,H918,\"\")","v":""},"",""]
[30260,"CARNAS",null,30,"Gard","Occitanie",null,{"$f":"ROWS($A$2:A919)","v":918},{"$f":"IF(Formulaire!$F$24='Codes postaux par région et dép'!A919,H919,\"\")","v":""},"",""]
[30260,"CRESPIAN",null,30,"Gard","Occitanie",null,{"$f":"ROWS($A$2:A920)","v":919},{"$f":"IF(Formulaire!$F$24='Codes postaux par région et dép'!A920,H920,\"\")","v":""},"",""]
[30260,"LIOUC",null,30,"Gard","Occitanie",null,{"$f":"ROWS($A$2:A921)","v":920},{"$f":"IF(Formulaire!$F$24='Codes postaux par région et dép'!A921,H921,\"\")","v":""},"",""]
[30260,"ORTHOUX SERIGNAC QUILHAN",null,30,"Gard","Occitanie",null,{"$f":"ROWS($A$2:A922)","v":921},{"$f":"IF(Formulaire!$F$24='Codes postaux par région et dép'!A922,H922,\"\")","v":""},"",""]
[30260,"QUISSAC",null,30,"Gard","Occitanie",null,{"$f":"ROWS($A$2:A923)","v":922},{"$f":"IF(Formulaire!$F$24='Codes postaux par région et dép'!A923,H923,\"\")","v":""},"",""]
[30260,"VIC LE FESQ",null,30,"Gard","Occitanie",null,{"$f":"ROWS($A$2:A924)","v":923},{"$f":"IF(Formulaire!$F$24='Codes postaux par région et dép'!A924,H924,\"\")","v":""},"",""]
[30260,"CANNES ET CLAIRAN",null,30,"Gard","Occitanie",null,{"$f":"ROWS($A$2:A925)","v":924},{"$f":"IF(Formulaire!$F$24='Codes postaux par région et dép'!A925,H925,\"\")","v":""},"",""]
[30260,"MONTMIRAT",null,30,"Gard","Occitanie",null,{"$f":"ROWS($A$2:A926)","v":925},{"$f":"IF(Formulaire!$F$24='Codes postaux par région et dép'!A926,H926,\"\")","v":""},"",""]
[30260,"ST CLEMENT",null,30,"Gard","Occitanie",null,{"$f":"ROWS($A$2:A927)","v":926},{"$f":"IF(Formulaire!$F$24='Codes postaux par région et dép'!A927,H927,\"\")","v":""},"",""]
[30260,"ST THEODORIT",null,30,"Gard","Occitanie",null,{"$f":"ROWS($A$2:A928)","v":927},{"$f":"IF(Formulaire!$F$24='Codes postaux par région et dép'!A928,H928,\"\")","v":""},"",""]
[30260,"GAILHAN",null,30,"Gard","Occitanie",null,{"$f":"ROWS($A$2:A929)","v":928},{"$f":"IF(Formulaire!$F$24='Codes postaux par région et dép'!A929,H929,\"\")","v":""},"",""]
[30270,"ST JEAN DU GARD",null,30,"Gard","Occitanie",null,{"$f":"ROWS($A$2:A930)","v":929},{"$f":"IF(Formulaire!$F$24='Codes postaux par région et dép'!A930,H930,\"\")","v":""},"",""]
[30290,"LAUDUN L ARDOISE","L ARDOISE",30,"Gard","Occitanie",null,{"$f":"ROWS($A$2:A931)","v":930},{"$f":"IF(Formulaire!$F$24='Codes postaux par région et dép'!A931,H931,\"\")","v":""},"",""]
[30290,"LAUDUN L ARDOISE",null,30,"Gard","Occitanie",null,{"$f":"ROWS($A$2:A932)","v":931},{"$f":"IF(Formulaire!$F$24='Codes postaux par région et dép'!A932,H932,\"\")","v":""},"",""]
[30290,"ST VICTOR LA COSTE",null,30,"Gard","Occitanie",null,{"$f":"ROWS($A$2:A933)","v":932},{"$f":"IF(Formulaire!$F$24='Codes postaux par région et dép'!A933,H933,\"\")","v":""},"",""]
[30300,"BEAUCAIRE",null,30,"Gard","Occitanie",null,{"$f":"ROWS($A$2:A934)","v":933},{"$f":"IF(Formulaire!$F$24='Codes postaux par région et dép'!A934,H934,\"\")","v":""},"",""]
[30300,"VALLABREGUES",null,30,"Gard","Occitanie",null,{"$f":"ROWS($A$2:A935)","v":934},{"$f":"IF(Formulaire!$F$24='Codes postaux par région et dép'!A935,H935,\"\")","v":""},"",""]
[30300,"COMPS",null,30,"Gard","Occitanie",null,{"$f":"ROWS($A$2:A936)","v":935},{"$f":"IF(Formulaire!$F$24='Codes postaux par région et dép'!A936,H936,\"\")","v":""},"",""]
[30300,"FOURQUES",null,30,"Gard","Occitanie",null,{"$f":"ROWS($A$2:A937)","v":936},{"$f":"IF(Formulaire!$F$24='Codes postaux par région et dép'!A937,H937,\"\")","v":""},"",""]
[30300,"JONQUIERES ST VINCENT",null,30,"Gard","Occitanie",null,{"$f":"ROWS($A$2:A938)","v":937},{"$f":"IF(Formulaire!$F$24='Codes postaux par région et dép'!A938,H938,\"\")","v":""},"",""]
[30310,"VERGEZE",null,30,"Gard","Occitanie",null,{"$f":"ROWS($A$2:A939)","v":938},{"$f":"IF(Formulaire!$F$24='Codes postaux par région et dép'!A939,H939,\"\")","v":""},"",""]
[30320,"ST GERVASY",null,30,"Gard","Occitanie",null,{"$f":"ROWS($A$2:A940)","v":939},{"$f":"IF(Formulaire!$F$24='Codes postaux par région et dép'!A940,H940,\"\")","v":""},"",""]
[30320,"BEZOUCE",null,30,"Gard","Occitanie",null,{"$f":"ROWS($A$2:A941)","v":940},{"$f":"IF(Formulaire!$F$24='Codes postaux par région et dép'!A941,H941,\"\")","v":""},"",""]
[30320,"MARGUERITTES",null,30,"Gard","Occitanie",null,{"$f":"ROWS($A$2:A942)","v":941},{"$f":"IF(Formulaire!$F$24='Codes postaux par région et dép'!A942,H942,\"\")","v":""},"",""]
[30320,"POULX",null,30,"Gard","Occitanie",null,{"$f":"ROWS($A$2:A943)","v":942},{"$f":"IF(Formulaire!$F$24='Codes postaux par région et dép'!A943,H943,\"\")","v":""},"",""]
[30330,"CONNAUX",null,30,"Gard","Occitanie",null,{"$f":"ROWS($A$2:A944)","v":943},{"$f":"IF(Formulaire!$F$24='Codes postaux par région et dép'!A944,H944,\"\")","v":""},"",""]
[30330,"GAUJAC",null,30,"Gard","Occitanie",null,{"$f":"ROWS($A$2:A945)","v":944},{"$f":"IF(Formulaire!$F$24='Codes postaux par région et dép'!A945,H945,\"\")","v":""},"",""]
[30330,"ST LAURENT LA VERNEDE",null,30,"Gard","Occitanie",null,{"$f":"ROWS($A$2:A946)","v":945},{"$f":"IF(Formulaire!$F$24='Codes postaux par région et dép'!A946,H946,\"\")","v":""},"",""]
[30330,"TRESQUES",null,30,"Gard","Occitanie",null,{"$f":"ROWS($A$2:A947)","v":946},{"$f":"IF(Formulaire!$F$24='Codes postaux par région et dép'!A947,H947,\"\")","v":""},"",""]
[30330,"CAVILLARGUES",null,30,"Gard","Occitanie",null,{"$f":"ROWS($A$2:A948)","v":947},{"$f":"IF(Formulaire!$F$24='Codes postaux par région et dép'!A948,H948,\"\")","v":""},"",""]
[30330,"ST PAUL LES FONTS",null,30,"Gard","Occitanie",null,{"$f":"ROWS($A$2:A949)","v":948},{"$f":"IF(Formulaire!$F$24='Codes postaux par région et dép'!A949,H949,\"\")","v":""},"",""]
[30330,"LE PIN",null,30,"Gard","Occitanie",null,{"$f":"ROWS($A$2:A950)","v":949},{"$f":"IF(Formulaire!$F$24='Codes postaux par région et dép'!A950,H950,\"\")","v":""},"",""]
[30330,"ST MARCEL DE CAREIRET",null,30,"Gard","Occitanie",null,{"$f":"ROWS($A$2:A951)","v":950},{"$f":"IF(Formulaire!$F$24='Codes postaux par région et dép'!A951,H951,\"\")","v":""},"",""]
[30330,"ST PONS LA CALM",null,30,"Gard","Occitanie",null,{"$f":"ROWS($A$2:A952)","v":951},{"$f":"IF(Formulaire!$F$24='Codes postaux par région et dép'!A952,H952,\"\")","v":""},"",""]
[30330,"LA BASTIDE D ENGRAS",null,30,"Gard","Occitanie",null,{"$f":"ROWS($A$2:A953)","v":952},{"$f":"IF(Formulaire!$F$24='Codes postaux par région et dép'!A953,H953,\"\")","v":""},"",""]
[30330,"POUGNADORESSE",null,30,"Gard","Occitanie",null,{"$f":"ROWS($A$2:A954)","v":953},{"$f":"IF(Formulaire!$F$24='Codes postaux par région et dép'!A954,H954,\"\")","v":""},"",""]
[30330,"ST ANDRE D OLERARGUES",null,30,"Gard","Occitanie",null,{"$f":"ROWS($A$2:A955)","v":954},{"$f":"IF(Formulaire!$F$24='Codes postaux par région et dép'!A955,H955,\"\")","v":""},"",""]
[30340,"MEJANNES LES ALES",null,30,"Gard","Occitanie",null,{"$f":"ROWS($A$2:A956)","v":955},{"$f":"IF(Formulaire!$F$24='Codes postaux par région et dép'!A956,H956,\"\")","v":""},"",""]
[30340,"ROUSSON",null,30,"Gard","Occitanie",null,{"$f":"ROWS($A$2:A957)","v":956},{"$f":"IF(Formulaire!$F$24='Codes postaux par région et dép'!A957,H957,\"\")","v":""},"",""]
[30340,"MONS",null,30,"Gard","Occitanie",null,{"$f":"ROWS($A$2:A958)","v":957},{"$f":"IF(Formulaire!$F$24='Codes postaux par région et dép'!A958,H958,\"\")","v":""},"",""]
[30340,"ST JULIEN LES ROSIERS",null,30,"Gard","Occitanie",null,{"$f":"ROWS($A$2:A959)","v":958},{"$f":"IF(Formulaire!$F$24='Codes postaux par région et dép'!A959,H959,\"\")","v":""},"",""]
[30340,"ST PRIVAT DES VIEUX",null,30,"Gard","Occitanie",null,{"$f":"ROWS($A$2:A960)","v":959},{"$f":"IF(Formulaire!$F$24='Codes postaux par région et dép'!A960,H960,\"\")","v":""},"",""]
[30340,"SALINDRES",null,30,"Gard","Occitanie",null,{"$f":"ROWS($A$2:A961)","v":960},{"$f":"IF(Formulaire!$F$24='Codes postaux par région et dép'!A961,H961,\"\")","v":""},"",""]
[30340,"SERVAS",null,30,"Gard","Occitanie",null,{"$f":"ROWS($A$2:A962)","v":961},{"$f":"IF(Formulaire!$F$24='Codes postaux par région et dép'!A962,H962,\"\")","v":""},{"$f":"IFERROR(SMALL($I:$I,H962),\"\")","v":""},{"$f":"IFERROR(INDEX($B$2:$B$2867,J962),\"\")","v":""}]
[30340,"LES PLANS",null,30,"Gard","Occitanie",null,{"$f":"ROWS($A$2:A963)","v":962},{"$f":"IF(Formulaire!$F$24='Codes postaux par région et dép'!A963,H963,\"\")","v":""},"",""]
[30350,"MARUEJOLS LES GARDON",null,30,"Gard","Occitanie",null,{"$f":"ROWS($A$2:A964)","v":963},{"$f":"IF(Formulaire!$F$24='Codes postaux par région et dép'!A964,H964,\"\")","v":""},"",""]
[30350,"MAURESSARGUES",null,30,"Gard","Occitanie",null,{"$f":"ROWS($A$2:A965)","v":964},{"$f":"IF(Formulaire!$F$24='Codes postaux par région et dép'!A965,H965,\"\")","v":""},"",""]
[30350,"LEDIGNAN",null,30,"Gard","Occitanie",null,{"$f":"ROWS($A$2:A966)","v":965},{"$f":"IF(Formulaire!$F$24='Codes postaux par région et dép'!A966,H966,\"\")","v":""},"",""]
[30350,"MONTAGNAC",null,30,"Gard","Occitanie",null,{"$f":"ROWS($A$2:A967)","v":966},{"$f":"IF(Formulaire!$F$24='Codes postaux par région et dép'!A967,H967,\"\")","v":""},"",""]
[30350,"AIGREMONT",null,30,"Gard","Occitanie",null,{"$f":"ROWS($A$2:A968)","v":967},{"$f":"IF(Formulaire!$F$24='Codes postaux par région et dép'!A968,H968,\"\")","v":""},"",""]
[30350,"MASSANES",null,30,"Gard","Occitanie",null,{"$f":"ROWS($A$2:A969)","v":968},{"$f":"IF(Formulaire!$F$24='Codes postaux par région et dép'!A969,H969,\"\")","v":""},"",""]
[30350,"SAVIGNARGUES",null,30,"Gard","Occitanie",null,{"$f":"ROWS($A$2:A970)","v":969},{"$f":"IF(Formulaire!$F$24='Codes postaux par région et dép'!A970,H970,\"\")","v":""},"",""]
[30350,"CASSAGNOLES",null,30,"Gard","Occitanie",null,{"$f":"ROWS($A$2:A971)","v":970},{"$f":"IF(Formulaire!$F$24='Codes postaux par région et dép'!A971,H971,\"\")","v":""},"",""]
[30350,"LEZAN",null,30,"Gard","Occitanie",null,{"$f":"ROWS($A$2:A972)","v":971},{"$f":"IF(Formulaire!$F$24='Codes postaux par région et dép'!A972,H972,\"\")","v":""},"",""]
[30350,"CANAULES ET ARGENTIERES",null,30,"Gard","Occitanie",null,{"$f":"ROWS($A$2:A973)","v":972},{"$f":"IF(Formulaire!$F$24='Codes postaux par région et dép'!A973,H973,\"\")","v":""},"",""]
[30350,"CARDET",null,30,"Gard","Occitanie",null,{"$f":"ROWS($A$2:A974)","v":973},{"$f":"IF(Formulaire!$F$24='Codes postaux par région et dép'!A974,H974,\"\")","v":""},"",""]
[30350,"DOMESSARGUES",null,30,"Gard","Occitanie",null,{"$f":"ROWS($A$2:A975)","v":974},{"$f":"IF(Formulaire!$F$24='Codes postaux par région et dép'!A975,H975,\"\")","v":""},"",""]
[30350,"MOULEZAN",null,30,"Gard","Occitanie",null,{"$f":"ROWS($A$2:A976)","v":975},{"$f":"IF(Formulaire!$F$24='Codes postaux par région et dép'!A976,H976,\"\")","v":""},"",""]
[30350,"ST BENEZET",null,30,"Gard","Occitanie",null,{"$f":"ROWS($A$2:A977)","v":976},{"$f":"IF(Formulaire!$F$24='Codes postaux par région et dép'!A977,H977,\"\")","v":""},"",""]
[30350,"ST JEAN DE SERRES",null,30,"Gard","Occitanie",null,{"$f":"ROWS($A$2:A978)","v":977},{"$f":"IF(Formulaire!$F$24='Codes postaux par région et dép'!A978,H978,\"\")","v":""},"",""]
[30360,"EUZET",null,30,"Gard","Occitanie",null,{"$f":"ROWS($A$2:A979)","v":978},{"$f":"IF(Formulaire!$F$24='Codes postaux par région et dép'!A979,H979,\"\")","v":""},"",""]
[30360,"MARTIGNARGUES",null,30,"Gard","Occitanie",null,{"$f":"ROWS($A$2:A980)","v":979},{"$f":"IF(Formulaire!$F$24='Codes postaux par région et dép'!A980,H980,\"\")","v":""},"",""]
[30360,"NERS",null,30,"Gard","Occitanie",null,{"$f":"ROWS($A$2:A981)","v":980},{"$f":"IF(Formulaire!$F$24='Codes postaux par région et dép'!A981,H981,\"\")","v":""},"",""]
[30360,"ST CESAIRE DE GAUZIGNAN",null,30,"Gard","Occitanie",null,{"$f":"ROWS($A$2:A982)","v":981},{"$f":"IF(Formulaire!$F$24='Codes postaux par région et dép'!A982,H982,\"\")","v":""},"",""]
[30360,"ST ETIENNE DE L OLM",null,30,"Gard","Occitanie",null,{"$f":"ROWS($A$2:A983)","v":982},{"$f":"IF(Formulaire!$F$24='Codes postaux par région et dép'!A983,H983,\"\")","v":""},"",""]
[30360,"ST HIPPOLYTE DE CATON",null,30,"Gard","Occitanie",null,{"$f":"ROWS($A$2:A984)","v":983},{"$f":"IF(Formulaire!$F$24='Codes postaux par région et dép'!A984,H984,\"\")","v":""},"",""]
[30360,"ST MAURICE DE CAZEVIEILLE",null,30,"Gard","Occitanie",null,{"$f":"ROWS($A$2:A985)","v":984},{"$f":"IF(Formulaire!$F$24='Codes postaux par région et dép'!A985,H985,\"\")","v":""},"",""]
[30360,"CRUVIERS LASCOURS",null,30,"Gard","Occitanie",null,{"$f":"ROWS($A$2:A986)","v":985},{"$f":"IF(Formulaire!$F$24='Codes postaux par région et dép'!A986,H986,\"\")","v":""},"",""]
[30360,"MONTEILS",null,30,"Gard","Occitanie",null,{"$f":"ROWS($A$2:A987)","v":986},{"$f":"IF(Formulaire!$F$24='Codes postaux par région et dép'!A987,H987,\"\")","v":""},"",""]
[30360,"ST JEAN DE CEYRARGUES",null,30,"Gard","Occitanie",null,{"$f":"ROWS($A$2:A988)","v":987},{"$f":"IF(Formulaire!$F$24='Codes postaux par région et dép'!A988,H988,\"\")","v":""},"",""]
[30360,"DEAUX",null,30,"Gard","Occitanie",null,{"$f":"ROWS($A$2:A989)","v":988},{"$f":"IF(Formulaire!$F$24='Codes postaux par région et dép'!A989,H989,\"\")","v":""},"",""]
[30360,"VEZENOBRES",null,30,"Gard","Occitanie",null,{"$f":"ROWS($A$2:A990)","v":989},{"$f":"IF(Formulaire!$F$24='Codes postaux par région et dép'!A990,H990,\"\")","v":""},"",""]
[30380,"ST CHRISTOL LEZ ALES",null,30,"Gard","Occitanie",null,{"$f":"ROWS($A$2:A991)","v":990},{"$f":"IF(Formulaire!$F$24='Codes postaux par région et dép'!A991,H991,\"\")","v":""},"",""]
[30390,"ARAMON",null,30,"Gard","Occitanie",null,{"$f":"ROWS($A$2:A992)","v":991},{"$f":"IF(Formulaire!$F$24='Codes postaux par région et dép'!A992,H992,\"\")","v":""},"",""]
[30390,"THEZIERS",null,30,"Gard","Occitanie",null,{"$f":"ROWS($A$2:A993)","v":992},{"$f":"IF(Formulaire!$F$24='Codes postaux par région et dép'!A993,H993,\"\")","v":""},"",""]
[30390,"ESTEZARGUES",null,30,"Gard","Occitanie",null,{"$f":"ROWS($A$2:A994)","v":993},{"$f":"IF(Formulaire!$F$24='Codes postaux par région et dép'!A994,H994,\"\")","v":""},"",""]
[30390,"DOMAZAN",null,30,"Gard","Occitanie",null,{"$f":"ROWS($A$2:A995)","v":994},{"$f":"IF(Formulaire!$F$24='Codes postaux par région et dép'!A995,H995,\"\")","v":""},"",""]
[30400,"VILLENEUVE LES AVIGNON",null,30,"Gard","Occitanie",null,{"$f":"ROWS($A$2:A996)","v":995},{"$f":"IF(Formulaire!$F$24='Codes postaux par région et dép'!A996,H996,\"\")","v":""},"",""]
[30410,"MEYRANNES",null,30,"Gard","Occitanie",null,{"$f":"ROWS($A$2:A997)","v":996},{"$f":"IF(Formulaire!$F$24='Codes postaux par région et dép'!A997,H997,\"\")","v":""},"",""]
[30410,"MOLIERES SUR CEZE",null,30,"Gard","Occitanie",null,{"$f":"ROWS($A$2:A998)","v":997},{"$f":"IF(Formulaire!$F$24='Codes postaux par région et dép'!A998,H998,\"\")","v":""},"",""]
[30420,"CALVISSON",null,30,"Gard","Occitanie",null,{"$f":"ROWS($A$2:A999)","v":998},{"$f":"IF(Formulaire!$F$24='Codes postaux par région et dép'!A999,H999,\"\")","v":""},"",""]
[30430,"BARJAC",null,30,"Gard","Occitanie",null,{"$f":"ROWS($A$2:A1000)","v":999},{"$f":"IF(Formulaire!$F$24='Codes postaux par région et dép'!A1000,H1000,\"\")","v":""},"",""]
[30430,"ROCHEGUDE",null,30,"Gard","Occitanie",null,{"$f":"ROWS($A$2:A1001)","v":1000},{"$f":"IF(Formulaire!$F$24='Codes postaux par région et dép'!A1001,H1001,\"\")","v":""},"",""]
[30430,"ST PRIVAT DE CHAMPCLOS",null,30,"Gard","Occitanie",null,{"$f":"ROWS($A$2:A1002)","v":1001},{"$f":"IF(Formulaire!$F$24='Codes postaux par région et dép'!A1002,H1002,\"\")","v":""},"",""]
[30430,"MEJANNES LE CLAP",null,30,"Gard","Occitanie",null,{"$f":"ROWS($A$2:A1003)","v":1002},{"$f":"IF(Formulaire!$F$24='Codes postaux par région et dép'!A1003,H1003,\"\")","v":""},"",""]
[30430,"THARAUX",null,30,"Gard","Occitanie",null,{"$f":"ROWS($A$2:A1004)","v":1003},{"$f":"IF(Formulaire!$F$24='Codes postaux par région et dép'!A1004,H1004,\"\")","v":""},"",""]
[30430,"RIVIERES",null,30,"Gard","Occitanie",null,{"$f":"ROWS($A$2:A1005)","v":1004},{"$f":"IF(Formulaire!$F$24='Codes postaux par région et dép'!A1005,H1005,\"\")","v":""},"",""]
[30430,"ST JEAN DE MARUEJOLS ET AVEJAN",null,30,"Gard","Occitanie",null,{"$f":"ROWS($A$2:A1006)","v":1005},{"$f":"IF(Formulaire!$F$24='Codes postaux par région et dép'!A1006,H1006,\"\")","v":""},"",""]
[30440,"ROQUEDUR",null,30,"Gard","Occitanie",null,{"$f":"ROWS($A$2:A1007)","v":1006},{"$f":"IF(Formulaire!$F$24='Codes postaux par région et dép'!A1007,H1007,\"\")","v":""},"",""]
[30440,"ST BRESSON",null,30,"Gard","Occitanie",null,{"$f":"ROWS($A$2:A1008)","v":1007},{"$f":"IF(Formulaire!$F$24='Codes postaux par région et dép'!A1008,H1008,\"\")","v":""},"",""]
[30440,"ST ROMAN DE CODIERES",null,30,"Gard","Occitanie",null,{"$f":"ROWS($A$2:A1009)","v":1008},{"$f":"IF(Formulaire!$F$24='Codes postaux par région et dép'!A1009,H1009,\"\")","v":""},"",""]
[30440,"SUMENE",null,30,"Gard","Occitanie",null,{"$f":"ROWS($A$2:A1010)","v":1009},{"$f":"IF(Formulaire!$F$24='Codes postaux par région et dép'!A1010,H1010,\"\")","v":""},"",""]
[30440,"ST JULIEN DE LA NEF",null,30,"Gard","Occitanie",null,{"$f":"ROWS($A$2:A1011)","v":1010},{"$f":"IF(Formulaire!$F$24='Codes postaux par région et dép'!A1011,H1011,\"\")","v":""},"",""]
[30440,"ST MARTIAL",null,30,"Gard","Occitanie",null,{"$f":"ROWS($A$2:A1012)","v":1011},{"$f":"IF(Formulaire!$F$24='Codes postaux par région et dép'!A1012,H1012,\"\")","v":""},"",""]
[30440,"SUMENE","PONT D HERAULT",30,"Gard","Occitanie",null,{"$f":"ROWS($A$2:A1013)","v":1012},{"$f":"IF(Formulaire!$F$24='Codes postaux par région et dép'!A1013,H1013,\"\")","v":""},"",""]
[30440,"ST LAURENT LE MINIER",null,30,"Gard","Occitanie",null,{"$f":"ROWS($A$2:A1014)","v":1013},{"$f":"IF(Formulaire!$F$24='Codes postaux par région et dép'!A1014,H1014,\"\")","v":""},"",""]
[30450,"CONCOULES",null,30,"Gard","Occitanie",null,{"$f":"ROWS($A$2:A1015)","v":1014},{"$f":"IF(Formulaire!$F$24='Codes postaux par région et dép'!A1015,H1015,\"\")","v":""},"",""]
[30450,"BONNEVAUX",null,30,"Gard","Occitanie",null,{"$f":"ROWS($A$2:A1016)","v":1015},{"$f":"IF(Formulaire!$F$24='Codes postaux par région et dép'!A1016,H1016,\"\")","v":""},"",""]
[30450,"CHAMBON",null,30,"Gard","Occitanie",null,{"$f":"ROWS($A$2:A1017)","v":1016},{"$f":"IF(Formulaire!$F$24='Codes postaux par région et dép'!A1017,H1017,\"\")","v":""},"",""]
[30450,"AUJAC",null,30,"Gard","Occitanie",null,{"$f":"ROWS($A$2:A1018)","v":1017},{"$f":"IF(Formulaire!$F$24='Codes postaux par région et dép'!A1018,H1018,\"\")","v":""},"",""]
[30450,"GENOLHAC",null,30,"Gard","Occitanie",null,{"$f":"ROWS($A$2:A1019)","v":1018},{"$f":"IF(Formulaire!$F$24='Codes postaux par région et dép'!A1019,H1019,\"\")","v":""},"",""]
[30450,"GENOLHAC","PONT DE RASTEL",30,"Gard","Occitanie",null,{"$f":"ROWS($A$2:A1020)","v":1019},{"$f":"IF(Formulaire!$F$24='Codes postaux par région et dép'!A1020,H1020,\"\")","v":""},"",""]
[30450,"MALONS ET ELZE",null,30,"Gard","Occitanie",null,{"$f":"ROWS($A$2:A1021)","v":1020},{"$f":"IF(Formulaire!$F$24='Codes postaux par région et dép'!A1021,H1021,\"\")","v":""},"",""]
[30450,"SENECHAS",null,30,"Gard","Occitanie",null,{"$f":"ROWS($A$2:A1022)","v":1021},{"$f":"IF(Formulaire!$F$24='Codes postaux par région et dép'!A1022,H1022,\"\")","v":""},"",""]
[30450,"PONTEILS ET BRESIS",null,30,"Gard","Occitanie",null,{"$f":"ROWS($A$2:A1023)","v":1022},{"$f":"IF(Formulaire!$F$24='Codes postaux par région et dép'!A1023,H1023,\"\")","v":""},"",""]
[30460,"COLOGNAC",null,30,"Gard","Occitanie",null,{"$f":"ROWS($A$2:A1024)","v":1023},{"$f":"IF(Formulaire!$F$24='Codes postaux par région et dép'!A1024,H1024,\"\")","v":""},"",""]
[30460,"VABRES",null,30,"Gard","Occitanie",null,{"$f":"ROWS($A$2:A1025)","v":1024},{"$f":"IF(Formulaire!$F$24='Codes postaux par région et dép'!A1025,H1025,\"\")","v":""},"",""]
[30460,"LASALLE",null,30,"Gard","Occitanie",null,{"$f":"ROWS($A$2:A1026)","v":1025},{"$f":"IF(Formulaire!$F$24='Codes postaux par région et dép'!A1026,H1026,\"\")","v":""},{"$f":"IFERROR(SMALL($I:$I,H1026),\"\")","v":""},{"$f":"IFERROR(INDEX($B$2:$B$2867,J1026),\"\")","v":""}]
[30460,"ST BONNET DE SALENDRINQUE",null,30,"Gard","Occitanie",null,{"$f":"ROWS($A$2:A1027)","v":1026},{"$f":"IF(Formulaire!$F$24='Codes postaux par région et dép'!A1027,H1027,\"\")","v":""},"",""]
[30460,"STE CROIX DE CADERLE",null,30,"Gard","Occitanie",null,{"$f":"ROWS($A$2:A1028)","v":1027},{"$f":"IF(Formulaire!$F$24='Codes postaux par région et dép'!A1028,H1028,\"\")","v":""},"",""]
[30460,"SOUDORGUES",null,30,"Gard","Occitanie",null,{"$f":"ROWS($A$2:A1029)","v":1028},{"$f":"IF(Formulaire!$F$24='Codes postaux par région et dép'!A1029,H1029,\"\")","v":""},"",""]
[30470,"AIMARGUES",null,30,"Gard","Occitanie",null,{"$f":"ROWS($A$2:A1030)","v":1029},{"$f":"IF(Formulaire!$F$24='Codes postaux par région et dép'!A1030,H1030,\"\")","v":""},"",""]
[30480,"CENDRAS",null,30,"Gard","Occitanie",null,{"$f":"ROWS($A$2:A1031)","v":1030},{"$f":"IF(Formulaire!$F$24='Codes postaux par région et dép'!A1031,H1031,\"\")","v":""},"",""]
[30480,"ST PAUL LA COSTE",null,30,"Gard","Occitanie",null,{"$f":"ROWS($A$2:A1032)","v":1031},{"$f":"IF(Formulaire!$F$24='Codes postaux par région et dép'!A1032,H1032,\"\")","v":""},"",""]
[30490,"MONTFRIN",null,30,"Gard","Occitanie",null,{"$f":"ROWS($A$2:A1033)","v":1032},{"$f":"IF(Formulaire!$F$24='Codes postaux par région et dép'!A1033,H1033,\"\")","v":""},"",""]
[30500,"COURRY",null,30,"Gard","Occitanie",null,{"$f":"ROWS($A$2:A1034)","v":1033},{"$f":"IF(Formulaire!$F$24='Codes postaux par région et dép'!A1034,H1034,\"\")","v":""},"",""]
[30500,"ST BRES",null,30,"Gard","Occitanie",null,{"$f":"ROWS($A$2:A1035)","v":1034},{"$f":"IF(Formulaire!$F$24='Codes postaux par région et dép'!A1035,H1035,\"\")","v":""},"",""]
[30500,"ST DENIS",null,30,"Gard","Occitanie",null,{"$f":"ROWS($A$2:A1036)","v":1035},{"$f":"IF(Formulaire!$F$24='Codes postaux par région et dép'!A1036,H1036,\"\")","v":""},"",""]
[30500,"ST AMBROIX",null,30,"Gard","Occitanie",null,{"$f":"ROWS($A$2:A1037)","v":1036},{"$f":"IF(Formulaire!$F$24='Codes postaux par région et dép'!A1037,H1037,\"\")","v":""},"",""]
[30500,"ALLEGRE LES FUMADES",null,30,"Gard","Occitanie",null,{"$f":"ROWS($A$2:A1038)","v":1037},{"$f":"IF(Formulaire!$F$24='Codes postaux par région et dép'!A1038,H1038,\"\")","v":""},"",""]
[30500,"ST JULIEN DE CASSAGNAS",null,30,"Gard","Occitanie",null,{"$f":"ROWS($A$2:A1039)","v":1038},{"$f":"IF(Formulaire!$F$24='Codes postaux par région et dép'!A1039,H1039,\"\")","v":""},"",""]
[30500,"POTELIERES",null,30,"Gard","Occitanie",null,{"$f":"ROWS($A$2:A1040)","v":1039},{"$f":"IF(Formulaire!$F$24='Codes postaux par région et dép'!A1040,H1040,\"\")","v":""},"",""]
[30500,"ST VICTOR DE MALCAP",null,30,"Gard","Occitanie",null,{"$f":"ROWS($A$2:A1041)","v":1040},{"$f":"IF(Formulaire!$F$24='Codes postaux par région et dép'!A1041,H1041,\"\")","v":""},"",""]
[30510,"GENERAC",null,30,"Gard","Occitanie",null,{"$f":"ROWS($A$2:A1042)","v":1041},{"$f":"IF(Formulaire!$F$24='Codes postaux par région et dép'!A1042,H1042,\"\")","v":""},"",""]
[30520,"ST MARTIN DE VALGALGUES",null,30,"Gard","Occitanie",null,{"$f":"ROWS($A$2:A1043)","v":1042},{"$f":"IF(Formulaire!$F$24='Codes postaux par région et dép'!A1043,H1043,\"\")","v":""},"",""]
[30530,"LA VERNAREDE",null,30,"Gard","Occitanie",null,{"$f":"ROWS($A$2:A1044)","v":1043},{"$f":"IF(Formulaire!$F$24='Codes postaux par région et dép'!A1044,H1044,\"\")","v":""},"",""]
[30530,"CHAMBORIGAUD",null,30,"Gard","Occitanie",null,{"$f":"ROWS($A$2:A1045)","v":1044},{"$f":"IF(Formulaire!$F$24='Codes postaux par région et dép'!A1045,H1045,\"\")","v":""},"",""]
[30530,"PORTES",null,30,"Gard","Occitanie",null,{"$f":"ROWS($A$2:A1046)","v":1045},{"$f":"IF(Formulaire!$F$24='Codes postaux par région et dép'!A1046,H1046,\"\")","v":""},"",""]
[30540,"MILHAUD",null,30,"Gard","Occitanie",null,{"$f":"ROWS($A$2:A1047)","v":1046},{"$f":"IF(Formulaire!$F$24='Codes postaux par région et dép'!A1047,H1047,\"\")","v":""},"",""]
[30560,"ST HILAIRE DE BRETHMAS",null,30,"Gard","Occitanie",null,{"$f":"ROWS($A$2:A1048)","v":1047},{"$f":"IF(Formulaire!$F$24='Codes postaux par région et dép'!A1048,H1048,\"\")","v":""},"",""]
[30570,"VAL D AIGOUAL","L ESPEROU",30,"Gard","Occitanie",null,{"$f":"ROWS($A$2:A1049)","v":1048},{"$f":"IF(Formulaire!$F$24='Codes postaux par région et dép'!A1049,H1049,\"\")","v":""},"",""]
[30570,"VAL D AIGOUAL","NOTRE DAME DE LA ROUVIERE",30,"Gard","Occitanie",null,{"$f":"ROWS($A$2:A1050)","v":1049},{"$f":"IF(Formulaire!$F$24='Codes postaux par région et dép'!A1050,H1050,\"\")","v":""},"",""]
[30570,"ST ANDRE DE MAJENCOULES",null,30,"Gard","Occitanie",null,{"$f":"ROWS($A$2:A1051)","v":1050},{"$f":"IF(Formulaire!$F$24='Codes postaux par région et dép'!A1051,H1051,\"\")","v":""},"",""]
[30570,"VAL D AIGOUAL","PONT D HERAULT",30,"Gard","Occitanie",null,{"$f":"ROWS($A$2:A1052)","v":1051},{"$f":"IF(Formulaire!$F$24='Codes postaux par région et dép'!A1052,H1052,\"\")","v":""},"",""]
[30570,"VAL D AIGOUAL","VALLERAUGUE",30,"Gard","Occitanie",null,{"$f":"ROWS($A$2:A1053)","v":1052},{"$f":"IF(Formulaire!$F$24='Codes postaux par région et dép'!A1053,H1053,\"\")","v":""},"",""]
[30580,"LA BRUGUIERE",null,30,"Gard","Occitanie",null,{"$f":"ROWS($A$2:A1054)","v":1053},{"$f":"IF(Formulaire!$F$24='Codes postaux par région et dép'!A1054,H1054,\"\")","v":""},"",""]
[30580,"LUSSAN",null,30,"Gard","Occitanie",null,{"$f":"ROWS($A$2:A1055)","v":1054},{"$f":"IF(Formulaire!$F$24='Codes postaux par région et dép'!A1055,H1055,\"\")","v":""},"",""]
[30580,"BROUZET LES ALES",null,30,"Gard","Occitanie",null,{"$f":"ROWS($A$2:A1056)","v":1055},{"$f":"IF(Formulaire!$F$24='Codes postaux par région et dép'!A1056,H1056,\"\")","v":""},"",""]
[30580,"FONS SUR LUSSAN",null,30,"Gard","Occitanie",null,{"$f":"ROWS($A$2:A1057)","v":1056},{"$f":"IF(Formulaire!$F$24='Codes postaux par région et dép'!A1057,H1057,\"\")","v":""},"",""]
[30580,"FONTARECHES",null,30,"Gard","Occitanie",null,{"$f":"ROWS($A$2:A1058)","v":1057},{"$f":"IF(Formulaire!$F$24='Codes postaux par région et dép'!A1058,H1058,\"\")","v":""},"",""]
[30580,"SEYNES",null,30,"Gard","Occitanie",null,{"$f":"ROWS($A$2:A1059)","v":1058},{"$f":"IF(Formulaire!$F$24='Codes postaux par région et dép'!A1059,H1059,\"\")","v":""},"",""]
[30580,"VALLERARGUES",null,30,"Gard","Occitanie",null,{"$f":"ROWS($A$2:A1060)","v":1059},{"$f":"IF(Formulaire!$F$24='Codes postaux par région et dép'!A1060,H1060,\"\")","v":""},"",""]
[30580,"BELVEZET",null,30,"Gard","Occitanie",null,{"$f":"ROWS($A$2:A1061)","v":1060},{"$f":"IF(Formulaire!$F$24='Codes postaux par région et dép'!A1061,H1061,\"\")","v":""},"",""]
[30580,"BOUQUET",null,30,"Gard","Occitanie",null,{"$f":"ROWS($A$2:A1062)","v":1061},{"$f":"IF(Formulaire!$F$24='Codes postaux par région et dép'!A1062,H1062,\"\")","v":""},"",""]
[30580,"NAVACELLES",null,30,"Gard","Occitanie",null,{"$f":"ROWS($A$2:A1063)","v":1062},{"$f":"IF(Formulaire!$F$24='Codes postaux par région et dép'!A1063,H1063,\"\")","v":""},"",""]
[30580,"ST JUST ET VACQUIERES",null,30,"Gard","Occitanie",null,{"$f":"ROWS($A$2:A1064)","v":1063},{"$f":"IF(Formulaire!$F$24='Codes postaux par région et dép'!A1064,H1064,\"\")","v":""},"",""]
[30600,"VAUVERT","GALLICIAN",30,"Gard","Occitanie",null,{"$f":"ROWS($A$2:A1065)","v":1064},{"$f":"IF(Formulaire!$F$24='Codes postaux par région et dép'!A1065,H1065,\"\")","v":""},"",""]
[30600,"VESTRIC ET CANDIAC",null,30,"Gard","Occitanie",null,{"$f":"ROWS($A$2:A1066)","v":1065},{"$f":"IF(Formulaire!$F$24='Codes postaux par région et dép'!A1066,H1066,\"\")","v":""},"",""]
[30600,"VAUVERT","MONTCALM",30,"Gard","Occitanie",null,{"$f":"ROWS($A$2:A1067)","v":1066},{"$f":"IF(Formulaire!$F$24='Codes postaux par région et dép'!A1067,H1067,\"\")","v":""},"",""]
[30600,"VAUVERT",null,30,"Gard","Occitanie",null,{"$f":"ROWS($A$2:A1068)","v":1067},{"$f":"IF(Formulaire!$F$24='Codes postaux par région et dép'!A1068,H1068,\"\")","v":""},"",""]
[30600,"VAUVERT","SYLVEREAL",30,"Gard","Occitanie",null,{"$f":"ROWS($A$2:A1069)","v":1068},{"$f":"IF(Formulaire!$F$24='Codes postaux par région et dép'!A1069,H1069,\"\")","v":""},"",""]
[30610,"ST JEAN DE CRIEULON",null,30,"Gard","Occitanie",null,{"$f":"ROWS($A$2:A1070)","v":1069},{"$f":"IF(Formulaire!$F$24='Codes postaux par région et dép'!A1070,H1070,\"\")","v":""},"",""]
[30610,"ST NAZAIRE DES GARDIES",null,30,"Gard","Occitanie",null,{"$f":"ROWS($A$2:A1071)","v":1070},{"$f":"IF(Formulaire!$F$24='Codes postaux par région et dép'!A1071,H1071,\"\")","v":""},"",""]
[30610,"PUECHREDON",null,30,"Gard","Occitanie",null,{"$f":"ROWS($A$2:A1072)","v":1071},{"$f":"IF(Formulaire!$F$24='Codes postaux par région et dép'!A1072,H1072,\"\")","v":""},"",""]
[30610,"SAUVE",null,30,"Gard","Occitanie",null,{"$f":"ROWS($A$2:A1073)","v":1072},{"$f":"IF(Formulaire!$F$24='Codes postaux par région et dép'!A1073,H1073,\"\")","v":""},"",""]
[30610,"LOGRIAN FLORIAN",null,30,"Gard","Occitanie",null,{"$f":"ROWS($A$2:A1074)","v":1073},{"$f":"IF(Formulaire!$F$24='Codes postaux par région et dép'!A1074,H1074,\"\")","v":""},"",""]
[30620,"BERNIS",null,30,"Gard","Occitanie",null,{"$f":"ROWS($A$2:A1075)","v":1074},{"$f":"IF(Formulaire!$F$24='Codes postaux par région et dép'!A1075,H1075,\"\")","v":""},"",""]
[30620,"UCHAUD",null,30,"Gard","Occitanie",null,{"$f":"ROWS($A$2:A1076)","v":1075},{"$f":"IF(Formulaire!$F$24='Codes postaux par région et dép'!A1076,H1076,\"\")","v":""},"",""]
[30620,"AUBORD",null,30,"Gard","Occitanie",null,{"$f":"ROWS($A$2:A1077)","v":1076},{"$f":"IF(Formulaire!$F$24='Codes postaux par région et dép'!A1077,H1077,\"\")","v":""},"",""]
[30630,"GOUDARGUES",null,30,"Gard","Occitanie",null,{"$f":"ROWS($A$2:A1078)","v":1077},{"$f":"IF(Formulaire!$F$24='Codes postaux par région et dép'!A1078,H1078,\"\")","v":""},"",""]
[30630,"MONTCLUS",null,30,"Gard","Occitanie",null,{"$f":"ROWS($A$2:A1079)","v":1078},{"$f":"IF(Formulaire!$F$24='Codes postaux par région et dép'!A1079,H1079,\"\")","v":""},"",""]
[30630,"CORNILLON",null,30,"Gard","Occitanie",null,{"$f":"ROWS($A$2:A1080)","v":1079},{"$f":"IF(Formulaire!$F$24='Codes postaux par région et dép'!A1080,H1080,\"\")","v":""},"",""]
[30630,"VERFEUIL",null,30,"Gard","Occitanie",null,{"$f":"ROWS($A$2:A1081)","v":1080},{"$f":"IF(Formulaire!$F$24='Codes postaux par région et dép'!A1081,H1081,\"\")","v":""},"",""]
[30630,"ST ANDRE DE ROQUEPERTUIS",null,30,"Gard","Occitanie",null,{"$f":"ROWS($A$2:A1082)","v":1081},{"$f":"IF(Formulaire!$F$24='Codes postaux par région et dép'!A1082,H1082,\"\")","v":""},"",""]
[30640,"BEAUVOISIN",null,30,"Gard","Occitanie",null,{"$f":"ROWS($A$2:A1083)","v":1082},{"$f":"IF(Formulaire!$F$24='Codes postaux par région et dép'!A1083,H1083,\"\")","v":""},"",""]
[30640,"BEAUVOISIN","FRANQUEVAUX",30,"Gard","Occitanie",null,{"$f":"ROWS($A$2:A1084)","v":1083},{"$f":"IF(Formulaire!$F$24='Codes postaux par région et dép'!A1084,H1084,\"\")","v":""},"",""]
[30650,"ROCHEFORT DU GARD",null,30,"Gard","Occitanie",null,{"$f":"ROWS($A$2:A1085)","v":1084},{"$f":"IF(Formulaire!$F$24='Codes postaux par région et dép'!A1085,H1085,\"\")","v":""},"",""]
[30650,"SAZE",null,30,"Gard","Occitanie",null,{"$f":"ROWS($A$2:A1086)","v":1085},{"$f":"IF(Formulaire!$F$24='Codes postaux par région et dép'!A1086,H1086,\"\")","v":""},"",""]
[30660,"GALLARGUES LE MONTUEUX",null,30,"Gard","Occitanie",null,{"$f":"ROWS($A$2:A1087)","v":1086},{"$f":"IF(Formulaire!$F$24='Codes postaux par région et dép'!A1087,H1087,\"\")","v":""},"",""]
[30670,"AIGUES VIVES",null,30,"Gard","Occitanie",null,{"$f":"ROWS($A$2:A1088)","v":1087},{"$f":"IF(Formulaire!$F$24='Codes postaux par région et dép'!A1088,H1088,\"\")","v":""},"",""]
[30700,"AIGALIERS",null,30,"Gard","Occitanie",null,{"$f":"ROWS($A$2:A1089)","v":1088},{"$f":"IF(Formulaire!$F$24='Codes postaux par région et dép'!A1089,H1089,\"\")","v":""},"",""]
[30700,"FOISSAC",null,30,"Gard","Occitanie",null,{"$f":"ROWS($A$2:A1090)","v":1089},{"$f":"IF(Formulaire!$F$24='Codes postaux par région et dép'!A1090,H1090,\"\")","v":""},{"$f":"IFERROR(SMALL($I:$I,H1090),\"\")","v":""},{"$f":"IFERROR(INDEX($B$2:$B$2867,J1090),\"\")","v":""}]
[30700,"LA CAPELLE ET MASMOLENE",null,30,"Gard","Occitanie",null,{"$f":"ROWS($A$2:A1091)","v":1090},{"$f":"IF(Formulaire!$F$24='Codes postaux par région et dép'!A1091,H1091,\"\")","v":""},"",""]
[30700,"ST MAXIMIN",null,30,"Gard","Occitanie",null,{"$f":"ROWS($A$2:A1092)","v":1091},{"$f":"IF(Formulaire!$F$24='Codes postaux par région et dép'!A1092,H1092,\"\")","v":""},"",""]
[30700,"ST QUENTIN LA POTERIE",null,30,"Gard","Occitanie",null,{"$f":"ROWS($A$2:A1093)","v":1092},{"$f":"IF(Formulaire!$F$24='Codes postaux par région et dép'!A1093,H1093,\"\")","v":""},"",""]
[30700,"BARON",null,30,"Gard","Occitanie",null,{"$f":"ROWS($A$2:A1094)","v":1093},{"$f":"IF(Formulaire!$F$24='Codes postaux par région et dép'!A1094,H1094,\"\")","v":""},"",""]
[30700,"SERVIERS ET LABAUME",null,30,"Gard","Occitanie",null,{"$f":"ROWS($A$2:A1095)","v":1094},{"$f":"IF(Formulaire!$F$24='Codes postaux par région et dép'!A1095,H1095,\"\")","v":""},"",""]
[30700,"BLAUZAC",null,30,"Gard","Occitanie",null,{"$f":"ROWS($A$2:A1096)","v":1095},{"$f":"IF(Formulaire!$F$24='Codes postaux par région et dép'!A1096,H1096,\"\")","v":""},"",""]
[30700,"ST HIPPOLYTE DE MONTAIGU",null,30,"Gard","Occitanie",null,{"$f":"ROWS($A$2:A1097)","v":1096},{"$f":"IF(Formulaire!$F$24='Codes postaux par région et dép'!A1097,H1097,\"\")","v":""},"",""]
[30700,"ST VICTOR DES OULES",null,30,"Gard","Occitanie",null,{"$f":"ROWS($A$2:A1098)","v":1097},{"$f":"IF(Formulaire!$F$24='Codes postaux par région et dép'!A1098,H1098,\"\")","v":""},"",""]
[30700,"ARPAILLARGUES ET AUREILLAC",null,30,"Gard","Occitanie",null,{"$f":"ROWS($A$2:A1099)","v":1098},{"$f":"IF(Formulaire!$F$24='Codes postaux par région et dép'!A1099,H1099,\"\")","v":""},"",""]
[30700,"UZES",null,30,"Gard","Occitanie",null,{"$f":"ROWS($A$2:A1100)","v":1099},{"$f":"IF(Formulaire!$F$24='Codes postaux par région et dép'!A1100,H1100,\"\")","v":""},"",""]
[30700,"FLAUX",null,30,"Gard","Occitanie",null,{"$f":"ROWS($A$2:A1101)","v":1100},{"$f":"IF(Formulaire!$F$24='Codes postaux par région et dép'!A1101,H1101,\"\")","v":""},"",""]
[30700,"MONTAREN ET ST MEDIERS",null,30,"Gard","Occitanie",null,{"$f":"ROWS($A$2:A1102)","v":1101},{"$f":"IF(Formulaire!$F$24='Codes postaux par région et dép'!A1102,H1102,\"\")","v":""},"",""]
[30700,"ST SIFFRET",null,30,"Gard","Occitanie",null,{"$f":"ROWS($A$2:A1103)","v":1102},{"$f":"IF(Formulaire!$F$24='Codes postaux par région et dép'!A1103,H1103,\"\")","v":""},"",""]
[30700,"SANILHAC SAGRIES",null,30,"Gard","Occitanie",null,{"$f":"ROWS($A$2:A1104)","v":1103},{"$f":"IF(Formulaire!$F$24='Codes postaux par région et dép'!A1104,H1104,\"\")","v":""},"",""]
[30700,"VALLABRIX",null,30,"Gard","Occitanie",null,{"$f":"ROWS($A$2:A1105)","v":1104},{"$f":"IF(Formulaire!$F$24='Codes postaux par région et dép'!A1105,H1105,\"\")","v":""},"",""]
[30720,"RIBAUTE LES TAVERNES",null,30,"Gard","Occitanie",null,{"$f":"ROWS($A$2:A1106)","v":1105},{"$f":"IF(Formulaire!$F$24='Codes postaux par région et dép'!A1106,H1106,\"\")","v":""},"",""]
[30730,"PARIGNARGUES",null,30,"Gard","Occitanie",null,{"$f":"ROWS($A$2:A1107)","v":1106},{"$f":"IF(Formulaire!$F$24='Codes postaux par région et dép'!A1107,H1107,\"\")","v":""},"",""]
[30730,"ST MAMERT DU GARD",null,30,"Gard","Occitanie",null,{"$f":"ROWS($A$2:A1108)","v":1107},{"$f":"IF(Formulaire!$F$24='Codes postaux par région et dép'!A1108,H1108,\"\")","v":""},"",""]
[30730,"FONS",null,30,"Gard","Occitanie",null,{"$f":"ROWS($A$2:A1109)","v":1108},{"$f":"IF(Formulaire!$F$24='Codes postaux par région et dép'!A1109,H1109,\"\")","v":""},"",""]
[30730,"GAJAN",null,30,"Gard","Occitanie",null,{"$f":"ROWS($A$2:A1110)","v":1109},{"$f":"IF(Formulaire!$F$24='Codes postaux par région et dép'!A1110,H1110,\"\")","v":""},"",""]
[30730,"MONTPEZAT",null,30,"Gard","Occitanie",null,{"$f":"ROWS($A$2:A1111)","v":1110},{"$f":"IF(Formulaire!$F$24='Codes postaux par région et dép'!A1111,H1111,\"\")","v":""},"",""]
[30730,"ST BAUZELY",null,30,"Gard","Occitanie",null,{"$f":"ROWS($A$2:A1112)","v":1111},{"$f":"IF(Formulaire!$F$24='Codes postaux par région et dép'!A1112,H1112,\"\")","v":""},"",""]
[30740,"LE CAILAR",null,30,"Gard","Occitanie",null,{"$f":"ROWS($A$2:A1113)","v":1112},{"$f":"IF(Formulaire!$F$24='Codes postaux par région et dép'!A1113,H1113,\"\")","v":""},"",""]
[30750,"LANUEJOLS",null,30,"Gard","Occitanie",null,{"$f":"ROWS($A$2:A1114)","v":1113},{"$f":"IF(Formulaire!$F$24='Codes postaux par région et dép'!A1114,H1114,\"\")","v":""},"",""]
[30750,"ST SAUVEUR CAMPRIEU","CAMPRIEU",30,"Gard","Occitanie",null,{"$f":"ROWS($A$2:A1115)","v":1114},{"$f":"IF(Formulaire!$F$24='Codes postaux par région et dép'!A1115,H1115,\"\")","v":""},"",""]
[30750,"CAUSSE BEGON",null,30,"Gard","Occitanie",null,{"$f":"ROWS($A$2:A1116)","v":1115},{"$f":"IF(Formulaire!$F$24='Codes postaux par région et dép'!A1116,H1116,\"\")","v":""},"",""]
[30750,"DOURBIES",null,30,"Gard","Occitanie",null,{"$f":"ROWS($A$2:A1117)","v":1116},{"$f":"IF(Formulaire!$F$24='Codes postaux par région et dép'!A1117,H1117,\"\")","v":""},"",""]
[30750,"ST SAUVEUR CAMPRIEU",null,30,"Gard","Occitanie",null,{"$f":"ROWS($A$2:A1118)","v":1117},{"$f":"IF(Formulaire!$F$24='Codes postaux par région et dép'!A1118,H1118,\"\")","v":""},"",""]
[30750,"REVENS",null,30,"Gard","Occitanie",null,{"$f":"ROWS($A$2:A1119)","v":1118},{"$f":"IF(Formulaire!$F$24='Codes postaux par région et dép'!A1119,H1119,\"\")","v":""},"",""]
[30750,"TREVES",null,30,"Gard","Occitanie",null,{"$f":"ROWS($A$2:A1120)","v":1119},{"$f":"IF(Formulaire!$F$24='Codes postaux par région et dép'!A1120,H1120,\"\")","v":""},"",""]
[30760,"ST CHRISTOL DE RODIERES",null,30,"Gard","Occitanie",null,{"$f":"ROWS($A$2:A1121)","v":1120},{"$f":"IF(Formulaire!$F$24='Codes postaux par région et dép'!A1121,H1121,\"\")","v":""},"",""]
[30760,"AIGUEZE",null,30,"Gard","Occitanie",null,{"$f":"ROWS($A$2:A1122)","v":1121},{"$f":"IF(Formulaire!$F$24='Codes postaux par région et dép'!A1122,H1122,\"\")","v":""},"",""]
[30760,"LE GARN",null,30,"Gard","Occitanie",null,{"$f":"ROWS($A$2:A1123)","v":1122},{"$f":"IF(Formulaire!$F$24='Codes postaux par région et dép'!A1123,H1123,\"\")","v":""},"",""]
[30760,"ISSIRAC",null,30,"Gard","Occitanie",null,{"$f":"ROWS($A$2:A1124)","v":1123},{"$f":"IF(Formulaire!$F$24='Codes postaux par région et dép'!A1124,H1124,\"\")","v":""},"",""]
[30760,"ST JULIEN DE PEYROLAS",null,30,"Gard","Occitanie",null,{"$f":"ROWS($A$2:A1125)","v":1124},{"$f":"IF(Formulaire!$F$24='Codes postaux par région et dép'!A1125,H1125,\"\")","v":""},"",""]
[30760,"LAVAL ST ROMAN",null,30,"Gard","Occitanie",null,{"$f":"ROWS($A$2:A1126)","v":1125},{"$f":"IF(Formulaire!$F$24='Codes postaux par région et dép'!A1126,H1126,\"\")","v":""},"",""]
[30760,"SALAZAC",null,30,"Gard","Occitanie",null,{"$f":"ROWS($A$2:A1127)","v":1126},{"$f":"IF(Formulaire!$F$24='Codes postaux par région et dép'!A1127,H1127,\"\")","v":""},"",""]
[30770,"ALZON",null,30,"Gard","Occitanie",null,{"$f":"ROWS($A$2:A1128)","v":1127},{"$f":"IF(Formulaire!$F$24='Codes postaux par région et dép'!A1128,H1128,\"\")","v":""},"",""]
[30770,"VISSEC",null,30,"Gard","Occitanie",null,{"$f":"ROWS($A$2:A1129)","v":1128},{"$f":"IF(Formulaire!$F$24='Codes postaux par région et dép'!A1129,H1129,\"\")","v":""},"",""]
[30770,"ARRIGAS",null,30,"Gard","Occitanie",null,{"$f":"ROWS($A$2:A1130)","v":1129},{"$f":"IF(Formulaire!$F$24='Codes postaux par région et dép'!A1130,H1130,\"\")","v":""},"",""]
[30770,"AUMESSAS",null,30,"Gard","Occitanie",null,{"$f":"ROWS($A$2:A1131)","v":1130},{"$f":"IF(Formulaire!$F$24='Codes postaux par région et dép'!A1131,H1131,\"\")","v":""},"",""]
[30770,"BLANDAS",null,30,"Gard","Occitanie",null,{"$f":"ROWS($A$2:A1132)","v":1131},{"$f":"IF(Formulaire!$F$24='Codes postaux par région et dép'!A1132,H1132,\"\")","v":""},"",""]
[30770,"CAMPESTRE ET LUC",null,30,"Gard","Occitanie",null,{"$f":"ROWS($A$2:A1133)","v":1132},{"$f":"IF(Formulaire!$F$24='Codes postaux par région et dép'!A1133,H1133,\"\")","v":""},"",""]
[30800,"ST GILLES",null,30,"Gard","Occitanie",null,{"$f":"ROWS($A$2:A1134)","v":1133},{"$f":"IF(Formulaire!$F$24='Codes postaux par région et dép'!A1134,H1134,\"\")","v":""},"",""]
[30820,"CAVEIRAC",null,30,"Gard","Occitanie",null,{"$f":"ROWS($A$2:A1135)","v":1134},{"$f":"IF(Formulaire!$F$24='Codes postaux par région et dép'!A1135,H1135,\"\")","v":""},"",""]
[30840,"MEYNES",null,30,"Gard","Occitanie",null,{"$f":"ROWS($A$2:A1136)","v":1135},{"$f":"IF(Formulaire!$F$24='Codes postaux par région et dép'!A1136,H1136,\"\")","v":""},"",""]
[30870,"ST COME ET MARUEJOLS",null,30,"Gard","Occitanie",null,{"$f":"ROWS($A$2:A1137)","v":1136},{"$f":"IF(Formulaire!$F$24='Codes postaux par région et dép'!A1137,H1137,\"\")","v":""},"",""]
[30870,"CLARENSAC",null,30,"Gard","Occitanie",null,{"$f":"ROWS($A$2:A1138)","v":1137},{"$f":"IF(Formulaire!$F$24='Codes postaux par région et dép'!A1138,H1138,\"\")","v":""},"",""]
[30900,"NIMES",null,30,"Gard","Occitanie",null,{"$f":"ROWS($A$2:A1139)","v":1138},{"$f":"IF(Formulaire!$F$24='Codes postaux par région et dép'!A1139,H1139,\"\")","v":""},"",""]
[30900,"NIMES","ST CESAIRE",30,"Gard","Occitanie",null,{"$f":"ROWS($A$2:A1140)","v":1139},{"$f":"IF(Formulaire!$F$24='Codes postaux par région et dép'!A1140,H1140,\"\")","v":""},"",""]
[30920,"CODOGNAN",null,30,"Gard","Occitanie",null,{"$f":"ROWS($A$2:A1141)","v":1140},{"$f":"IF(Formulaire!$F$24='Codes postaux par région et dép'!A1141,H1141,\"\")","v":""},"",""]
[30940,"ST ANDRE DE VALBORGNE",null,30,"Gard","Occitanie",null,{"$f":"ROWS($A$2:A1142)","v":1141},{"$f":"IF(Formulaire!$F$24='Codes postaux par région et dép'!A1142,H1142,\"\")","v":""},"",""]
[30960,"LE MARTINET",null,30,"Gard","Occitanie",null,{"$f":"ROWS($A$2:A1143)","v":1142},{"$f":"IF(Formulaire!$F$24='Codes postaux par région et dép'!A1143,H1143,\"\")","v":""},"",""]
[30960,"ST JEAN DE VALERISCLE",null,30,"Gard","Occitanie",null,{"$f":"ROWS($A$2:A1144)","v":1143},{"$f":"IF(Formulaire!$F$24='Codes postaux par région et dép'!A1144,H1144,\"\")","v":""},"",""]
[30960,"LES MAGES",null,30,"Gard","Occitanie",null,{"$f":"ROWS($A$2:A1145)","v":1144},{"$f":"IF(Formulaire!$F$24='Codes postaux par région et dép'!A1145,H1145,\"\")","v":""},"",""]
[30960,"ST FLORENT SUR AUZONNET",null,30,"Gard","Occitanie",null,{"$f":"ROWS($A$2:A1146)","v":1145},{"$f":"IF(Formulaire!$F$24='Codes postaux par région et dép'!A1146,H1146,\"\")","v":""},"",""]
[30980,"ST DIONISY",null,30,"Gard","Occitanie",null,{"$f":"ROWS($A$2:A1147)","v":1146},{"$f":"IF(Formulaire!$F$24='Codes postaux par région et dép'!A1147,H1147,\"\")","v":""},"",""]
[30980,"LANGLADE",null,30,"Gard","Occitanie",null,{"$f":"ROWS($A$2:A1148)","v":1147},{"$f":"IF(Formulaire!$F$24='Codes postaux par région et dép'!A1148,H1148,\"\")","v":""},"",""]
[31000,"TOULOUSE",null,31,"Haute-Garonne","Occitanie",null,{"$f":"ROWS($A$2:A1149)","v":1148},{"$f":"IF(Formulaire!$F$24='Codes postaux par région et dép'!A1149,H1149,\"\")","v":""},"",""]
[31100,"TOULOUSE",null,31,"Haute-Garonne","Occitanie",null,{"$f":"ROWS($A$2:A1150)","v":1149},{"$f":"IF(Formulaire!$F$24='Codes postaux par région et dép'!A1150,H1150,\"\")","v":""},"",""]
[31110,"BILLIERE",null,31,"Haute-Garonne","Occitanie",null,{"$f":"ROWS($A$2:A1151)","v":1150},{"$f":"IF(Formulaire!$F$24='Codes postaux par région et dép'!A1151,H1151,\"\")","v":""},"",""]
[31110,"GOUAUX DE LARBOUST",null,31,"Haute-Garonne","Occitanie",null,{"$f":"ROWS($A$2:A1152)","v":1151},{"$f":"IF(Formulaire!$F$24='Codes postaux par région et dép'!A1152,H1152,\"\")","v":""},"",""]
[31110,"POUBEAU",null,31,"Haute-Garonne","Occitanie",null,{"$f":"ROWS($A$2:A1153)","v":1152},{"$f":"IF(Formulaire!$F$24='Codes postaux par région et dép'!A1153,H1153,\"\")","v":""},"",""]
[31110,"CIER DE LUCHON",null,31,"Haute-Garonne","Occitanie",null,{"$f":"ROWS($A$2:A1154)","v":1153},{"$f":"IF(Formulaire!$F$24='Codes postaux par région et dép'!A1154,H1154,\"\")","v":""},{"$f":"IFERROR(SMALL($I:$I,H1154),\"\")","v":""},{"$f":"IFERROR(INDEX($B$2:$B$2867,J1154),\"\")","v":""}]
[31110,"SACCOURVIELLE",null,31,"Haute-Garonne","Occitanie",null,{"$f":"ROWS($A$2:A1155)","v":1154},{"$f":"IF(Formulaire!$F$24='Codes postaux par région et dép'!A1155,H1155,\"\")","v":""},"",""]
[31110,"GARIN",null,31,"Haute-Garonne","Occitanie",null,{"$f":"ROWS($A$2:A1156)","v":1155},{"$f":"IF(Formulaire!$F$24='Codes postaux par région et dép'!A1156,H1156,\"\")","v":""},"",""]
[31110,"ST MAMET",null,31,"Haute-Garonne","Occitanie",null,{"$f":"ROWS($A$2:A1157)","v":1156},{"$f":"IF(Formulaire!$F$24='Codes postaux par région et dép'!A1157,H1157,\"\")","v":""},"",""]
[31110,"JURVIELLE",null,31,"Haute-Garonne","Occitanie",null,{"$f":"ROWS($A$2:A1158)","v":1157},{"$f":"IF(Formulaire!$F$24='Codes postaux par région et dép'!A1158,H1158,\"\")","v":""},"",""]
[31110,"TREBONS DE LUCHON",null,31,"Haute-Garonne","Occitanie",null,{"$f":"ROWS($A$2:A1159)","v":1158},{"$f":"IF(Formulaire!$F$24='Codes postaux par région et dép'!A1159,H1159,\"\")","v":""},"",""]
[31110,"MOUSTAJON",null,31,"Haute-Garonne","Occitanie",null,{"$f":"ROWS($A$2:A1160)","v":1159},{"$f":"IF(Formulaire!$F$24='Codes postaux par région et dép'!A1160,H1160,\"\")","v":""},"",""]
[31110,"OO",null,31,"Haute-Garonne","Occitanie",null,{"$f":"ROWS($A$2:A1161)","v":1160},{"$f":"IF(Formulaire!$F$24='Codes postaux par région et dép'!A1161,H1161,\"\")","v":""},"",""]
[31110,"SODE",null,31,"Haute-Garonne","Occitanie",null,{"$f":"ROWS($A$2:A1162)","v":1161},{"$f":"IF(Formulaire!$F$24='Codes postaux par région et dép'!A1162,H1162,\"\")","v":""},"",""]
[31110,"BAGNERES DE LUCHON",null,31,"Haute-Garonne","Occitanie",null,{"$f":"ROWS($A$2:A1163)","v":1162},{"$f":"IF(Formulaire!$F$24='Codes postaux par région et dép'!A1163,H1163,\"\")","v":""},"",""]
[31110,"CATHERVIELLE",null,31,"Haute-Garonne","Occitanie",null,{"$f":"ROWS($A$2:A1164)","v":1163},{"$f":"IF(Formulaire!$F$24='Codes postaux par région et dép'!A1164,H1164,\"\")","v":""},"",""]
[31110,"CAUBOUS",null,31,"Haute-Garonne","Occitanie",null,{"$f":"ROWS($A$2:A1165)","v":1164},{"$f":"IF(Formulaire!$F$24='Codes postaux par région et dép'!A1165,H1165,\"\")","v":""},"",""]
[31110,"CAZEAUX DE LARBOUST",null,31,"Haute-Garonne","Occitanie",null,{"$f":"ROWS($A$2:A1166)","v":1165},{"$f":"IF(Formulaire!$F$24='Codes postaux par région et dép'!A1166,H1166,\"\")","v":""},"",""]
[31110,"CIRES",null,31,"Haute-Garonne","Occitanie",null,{"$f":"ROWS($A$2:A1167)","v":1166},{"$f":"IF(Formulaire!$F$24='Codes postaux par région et dép'!A1167,H1167,\"\")","v":""},"",""]
[31110,"GOUAUX DE LUCHON",null,31,"Haute-Garonne","Occitanie",null,{"$f":"ROWS($A$2:A1168)","v":1167},{"$f":"IF(Formulaire!$F$24='Codes postaux par région et dép'!A1168,H1168,\"\")","v":""},"",""]
[31110,"MAYREGNE",null,31,"Haute-Garonne","Occitanie",null,{"$f":"ROWS($A$2:A1169)","v":1168},{"$f":"IF(Formulaire!$F$24='Codes postaux par région et dép'!A1169,H1169,\"\")","v":""},"",""]
[31110,"SALLES ET PRATVIEL",null,31,"Haute-Garonne","Occitanie",null,{"$f":"ROWS($A$2:A1170)","v":1169},{"$f":"IF(Formulaire!$F$24='Codes postaux par région et dép'!A1170,H1170,\"\")","v":""},"",""]
[31110,"ANTIGNAC",null,31,"Haute-Garonne","Occitanie",null,{"$f":"ROWS($A$2:A1171)","v":1170},{"$f":"IF(Formulaire!$F$24='Codes postaux par région et dép'!A1171,H1171,\"\")","v":""},"",""]
[31110,"BAGNERES DE LUCHON","SUPERBAGNERES",31,"Haute-Garonne","Occitanie",null,{"$f":"ROWS($A$2:A1172)","v":1171},{"$f":"IF(Formulaire!$F$24='Codes postaux par région et dép'!A1172,H1172,\"\")","v":""},"",""]
[31110,"BENQUE DESSOUS ET DESSUS",null,31,"Haute-Garonne","Occitanie",null,{"$f":"ROWS($A$2:A1173)","v":1172},{"$f":"IF(Formulaire!$F$24='Codes postaux par région et dép'!A1173,H1173,\"\")","v":""},"",""]
[31110,"CAZARILH LASPENES",null,31,"Haute-Garonne","Occitanie",null,{"$f":"ROWS($A$2:A1174)","v":1173},{"$f":"IF(Formulaire!$F$24='Codes postaux par région et dép'!A1174,H1174,\"\")","v":""},"",""]
[31110,"JUZET DE LUCHON",null,31,"Haute-Garonne","Occitanie",null,{"$f":"ROWS($A$2:A1175)","v":1174},{"$f":"IF(Formulaire!$F$24='Codes postaux par région et dép'!A1175,H1175,\"\")","v":""},"",""]
[31110,"MONTAUBAN DE LUCHON",null,31,"Haute-Garonne","Occitanie",null,{"$f":"ROWS($A$2:A1176)","v":1175},{"$f":"IF(Formulaire!$F$24='Codes postaux par région et dép'!A1176,H1176,\"\")","v":""},"",""]
[31110,"ARTIGUE",null,31,"Haute-Garonne","Occitanie",null,{"$f":"ROWS($A$2:A1177)","v":1176},{"$f":"IF(Formulaire!$F$24='Codes postaux par région et dép'!A1177,H1177,\"\")","v":""},"",""]
[31110,"BOURG D OUEIL",null,31,"Haute-Garonne","Occitanie",null,{"$f":"ROWS($A$2:A1178)","v":1177},{"$f":"IF(Formulaire!$F$24='Codes postaux par région et dép'!A1178,H1178,\"\")","v":""},"",""]
[31110,"CASTILLON DE LARBOUST",null,31,"Haute-Garonne","Occitanie",null,{"$f":"ROWS($A$2:A1179)","v":1178},{"$f":"IF(Formulaire!$F$24='Codes postaux par région et dép'!A1179,H1179,\"\")","v":""},"",""]
[31110,"PORTET DE LUCHON",null,31,"Haute-Garonne","Occitanie",null,{"$f":"ROWS($A$2:A1180)","v":1179},{"$f":"IF(Formulaire!$F$24='Codes postaux par région et dép'!A1180,H1180,\"\")","v":""},"",""]
[31110,"ST AVENTIN",null,31,"Haute-Garonne","Occitanie",null,{"$f":"ROWS($A$2:A1181)","v":1180},{"$f":"IF(Formulaire!$F$24='Codes postaux par région et dép'!A1181,H1181,\"\")","v":""},"",""]
[31110,"ST PAUL D OUEIL",null,31,"Haute-Garonne","Occitanie",null,{"$f":"ROWS($A$2:A1182)","v":1181},{"$f":"IF(Formulaire!$F$24='Codes postaux par région et dép'!A1182,H1182,\"\")","v":""},"",""]
[31120,"GOYRANS",null,31,"Haute-Garonne","Occitanie",null,{"$f":"ROWS($A$2:A1183)","v":1182},{"$f":"IF(Formulaire!$F$24='Codes postaux par région et dép'!A1183,H1183,\"\")","v":""},"",""]
[31120,"LACROIX FALGARDE",null,31,"Haute-Garonne","Occitanie",null,{"$f":"ROWS($A$2:A1184)","v":1183},{"$f":"IF(Formulaire!$F$24='Codes postaux par région et dép'!A1184,H1184,\"\")","v":""},"",""]
[31120,"ROQUES",null,31,"Haute-Garonne","Occitanie",null,{"$f":"ROWS($A$2:A1185)","v":1184},{"$f":"IF(Formulaire!$F$24='Codes postaux par région et dép'!A1185,H1185,\"\")","v":""},"",""]
[31120,"PINSAGUEL",null,31,"Haute-Garonne","Occitanie",null,{"$f":"ROWS($A$2:A1186)","v":1185},{"$f":"IF(Formulaire!$F$24='Codes postaux par région et dép'!A1186,H1186,\"\")","v":""},"",""]
[31120,"PORTET SUR GARONNE",null,31,"Haute-Garonne","Occitanie",null,{"$f":"ROWS($A$2:A1187)","v":1186},{"$f":"IF(Formulaire!$F$24='Codes postaux par région et dép'!A1187,H1187,\"\")","v":""},"",""]
[31120,"ROQUETTES",null,31,"Haute-Garonne","Occitanie",null,{"$f":"ROWS($A$2:A1188)","v":1187},{"$f":"IF(Formulaire!$F$24='Codes postaux par région et dép'!A1188,H1188,\"\")","v":""},"",""]
[31130,"BALMA",null,31,"Haute-Garonne","Occitanie",null,{"$f":"ROWS($A$2:A1189)","v":1188},{"$f":"IF(Formulaire!$F$24='Codes postaux par région et dép'!A1189,H1189,\"\")","v":""},"",""]
[31130,"QUINT FONSEGRIVES",null,31,"Haute-Garonne","Occitanie",null,{"$f":"ROWS($A$2:A1190)","v":1189},{"$f":"IF(Formulaire!$F$24='Codes postaux par région et dép'!A1190,H1190,\"\")","v":""},"",""]
[31130,"FLOURENS",null,31,"Haute-Garonne","Occitanie",null,{"$f":"ROWS($A$2:A1191)","v":1190},{"$f":"IF(Formulaire!$F$24='Codes postaux par région et dép'!A1191,H1191,\"\")","v":""},"",""]
[31130,"PIN BALMA",null,31,"Haute-Garonne","Occitanie",null,{"$f":"ROWS($A$2:A1192)","v":1191},{"$f":"IF(Formulaire!$F$24='Codes postaux par région et dép'!A1192,H1192,\"\")","v":""},"",""]
[31140,"AUCAMVILLE",null,31,"Haute-Garonne","Occitanie",null,{"$f":"ROWS($A$2:A1193)","v":1192},{"$f":"IF(Formulaire!$F$24='Codes postaux par région et dép'!A1193,H1193,\"\")","v":""},"",""]
[31140,"MONTBERON",null,31,"Haute-Garonne","Occitanie",null,{"$f":"ROWS($A$2:A1194)","v":1193},{"$f":"IF(Formulaire!$F$24='Codes postaux par région et dép'!A1194,H1194,\"\")","v":""},"",""]
[31140,"FONBEAUZARD",null,31,"Haute-Garonne","Occitanie",null,{"$f":"ROWS($A$2:A1195)","v":1194},{"$f":"IF(Formulaire!$F$24='Codes postaux par région et dép'!A1195,H1195,\"\")","v":""},"",""]
[31140,"ST ALBAN",null,31,"Haute-Garonne","Occitanie",null,{"$f":"ROWS($A$2:A1196)","v":1195},{"$f":"IF(Formulaire!$F$24='Codes postaux par région et dép'!A1196,H1196,\"\")","v":""},"",""]
[31140,"PECHBONNIEU",null,31,"Haute-Garonne","Occitanie",null,{"$f":"ROWS($A$2:A1197)","v":1196},{"$f":"IF(Formulaire!$F$24='Codes postaux par région et dép'!A1197,H1197,\"\")","v":""},"",""]
[31140,"ST LOUP CAMMAS",null,31,"Haute-Garonne","Occitanie",null,{"$f":"ROWS($A$2:A1198)","v":1197},{"$f":"IF(Formulaire!$F$24='Codes postaux par région et dép'!A1198,H1198,\"\")","v":""},"",""]
[31140,"LAUNAGUET",null,31,"Haute-Garonne","Occitanie",null,{"$f":"ROWS($A$2:A1199)","v":1198},{"$f":"IF(Formulaire!$F$24='Codes postaux par région et dép'!A1199,H1199,\"\")","v":""},"",""]
[31150,"BRUGUIERES",null,31,"Haute-Garonne","Occitanie",null,{"$f":"ROWS($A$2:A1200)","v":1199},{"$f":"IF(Formulaire!$F$24='Codes postaux par région et dép'!A1200,H1200,\"\")","v":""},"",""]
[31150,"GAGNAC SUR GARONNE",null,31,"Haute-Garonne","Occitanie",null,{"$f":"ROWS($A$2:A1201)","v":1200},{"$f":"IF(Formulaire!$F$24='Codes postaux par région et dép'!A1201,H1201,\"\")","v":""},"",""]
[31150,"GRATENTOUR",null,31,"Haute-Garonne","Occitanie",null,{"$f":"ROWS($A$2:A1202)","v":1201},{"$f":"IF(Formulaire!$F$24='Codes postaux par région et dép'!A1202,H1202,\"\")","v":""},"",""]
[31150,"LESPINASSE",null,31,"Haute-Garonne","Occitanie",null,{"$f":"ROWS($A$2:A1203)","v":1202},{"$f":"IF(Formulaire!$F$24='Codes postaux par région et dép'!A1203,H1203,\"\")","v":""},"",""]
[31150,"FENOUILLET",null,31,"Haute-Garonne","Occitanie",null,{"$f":"ROWS($A$2:A1204)","v":1203},{"$f":"IF(Formulaire!$F$24='Codes postaux par région et dép'!A1204,H1204,\"\")","v":""},"",""]
[31160,"BOUTX","COULEDOUX",31,"Haute-Garonne","Occitanie",null,{"$f":"ROWS($A$2:A1205)","v":1204},{"$f":"IF(Formulaire!$F$24='Codes postaux par région et dép'!A1205,H1205,\"\")","v":""},"",""]
[31160,"CABANAC CAZAUX",null,31,"Haute-Garonne","Occitanie",null,{"$f":"ROWS($A$2:A1206)","v":1205},{"$f":"IF(Formulaire!$F$24='Codes postaux par région et dép'!A1206,H1206,\"\")","v":""},"",""]
[31160,"CHEIN DESSUS",null,31,"Haute-Garonne","Occitanie",null,{"$f":"ROWS($A$2:A1207)","v":1206},{"$f":"IF(Formulaire!$F$24='Codes postaux par région et dép'!A1207,H1207,\"\")","v":""},"",""]
[31160,"ARBAS",null,31,"Haute-Garonne","Occitanie",null,{"$f":"ROWS($A$2:A1208)","v":1207},{"$f":"IF(Formulaire!$F$24='Codes postaux par région et dép'!A1208,H1208,\"\")","v":""},"",""]
[31160,"ASPET",null,31,"Haute-Garonne","Occitanie",null,{"$f":"ROWS($A$2:A1209)","v":1208},{"$f":"IF(Formulaire!$F$24='Codes postaux par région et dép'!A1209,H1209,\"\")","v":""},"",""]
[31160,"BOUTX",null,31,"Haute-Garonne","Occitanie",null,{"$f":"ROWS($A$2:A1210)","v":1209},{"$f":"IF(Formulaire!$F$24='Codes postaux par région et dép'!A1210,H1210,\"\")","v":""},"",""]
[31160,"RAZECUEILLE",null,31,"Haute-Garonne","Occitanie",null,{"$f":"ROWS($A$2:A1211)","v":1210},{"$f":"IF(Formulaire!$F$24='Codes postaux par région et dép'!A1211,H1211,\"\")","v":""},"",""]
[31160,"COURET",null,31,"Haute-Garonne","Occitanie",null,{"$f":"ROWS($A$2:A1212)","v":1211},{"$f":"IF(Formulaire!$F$24='Codes postaux par région et dép'!A1212,H1212,\"\")","v":""},"",""]
[31160,"ROUEDE",null,31,"Haute-Garonne","Occitanie",null,{"$f":"ROWS($A$2:A1213)","v":1212},{"$f":"IF(Formulaire!$F$24='Codes postaux par région et dép'!A1213,H1213,\"\")","v":""},"",""]
[31160,"HERRAN",null,31,"Haute-Garonne","Occitanie",null,{"$f":"ROWS($A$2:A1214)","v":1213},{"$f":"IF(Formulaire!$F$24='Codes postaux par région et dép'!A1214,H1214,\"\")","v":""},"",""]
[31160,"SOUEICH",null,31,"Haute-Garonne","Occitanie",null,{"$f":"ROWS($A$2:A1215)","v":1214},{"$f":"IF(Formulaire!$F$24='Codes postaux par région et dép'!A1215,H1215,\"\")","v":""},"",""]
[31160,"PORTET D ASPET",null,31,"Haute-Garonne","Occitanie",null,{"$f":"ROWS($A$2:A1216)","v":1215},{"$f":"IF(Formulaire!$F$24='Codes postaux par région et dép'!A1216,H1216,\"\")","v":""},"",""]
[31160,"SENGOUAGNET",null,31,"Haute-Garonne","Occitanie",null,{"$f":"ROWS($A$2:A1217)","v":1216},{"$f":"IF(Formulaire!$F$24='Codes postaux par région et dép'!A1217,H1217,\"\")","v":""},"",""]
[31160,"FOUGARON",null,31,"Haute-Garonne","Occitanie",null,{"$f":"ROWS($A$2:A1218)","v":1217},{"$f":"IF(Formulaire!$F$24='Codes postaux par région et dép'!A1218,H1218,\"\")","v":""},{"$f":"IFERROR(SMALL($I:$I,H1218),\"\")","v":""},{"$f":"IFERROR(INDEX($B$2:$B$2867,J1218),\"\")","v":""}]
[31160,"MONTASTRUC DE SALIES",null,31,"Haute-Garonne","Occitanie",null,{"$f":"ROWS($A$2:A1219)","v":1218},{"$f":"IF(Formulaire!$F$24='Codes postaux par région et dép'!A1219,H1219,\"\")","v":""},"",""]
[31160,"ARBON",null,31,"Haute-Garonne","Occitanie",null,{"$f":"ROWS($A$2:A1220)","v":1219},{"$f":"IF(Formulaire!$F$24='Codes postaux par région et dép'!A1220,H1220,\"\")","v":""},"",""]
[31160,"ENCAUSSE LES THERMES",null,31,"Haute-Garonne","Occitanie",null,{"$f":"ROWS($A$2:A1221)","v":1220},{"$f":"IF(Formulaire!$F$24='Codes postaux par région et dép'!A1221,H1221,\"\")","v":""},"",""]
[31160,"IZAUT DE L HOTEL",null,31,"Haute-Garonne","Occitanie",null,{"$f":"ROWS($A$2:A1222)","v":1221},{"$f":"IF(Formulaire!$F$24='Codes postaux par région et dép'!A1222,H1222,\"\")","v":""},"",""]
[31160,"LESPITEAU",null,31,"Haute-Garonne","Occitanie",null,{"$f":"ROWS($A$2:A1223)","v":1222},{"$f":"IF(Formulaire!$F$24='Codes postaux par région et dép'!A1223,H1223,\"\")","v":""},"",""]
[31160,"MILHAS",null,31,"Haute-Garonne","Occitanie",null,{"$f":"ROWS($A$2:A1224)","v":1223},{"$f":"IF(Formulaire!$F$24='Codes postaux par région et dép'!A1224,H1224,\"\")","v":""},"",""]
[31160,"ARGUENOS",null,31,"Haute-Garonne","Occitanie",null,{"$f":"ROWS($A$2:A1225)","v":1224},{"$f":"IF(Formulaire!$F$24='Codes postaux par région et dép'!A1225,H1225,\"\")","v":""},"",""]
[31160,"CASTELBIAGUE",null,31,"Haute-Garonne","Occitanie",null,{"$f":"ROWS($A$2:A1226)","v":1225},{"$f":"IF(Formulaire!$F$24='Codes postaux par région et dép'!A1226,H1226,\"\")","v":""},"",""]
[31160,"CAZAUNOUS",null,31,"Haute-Garonne","Occitanie",null,{"$f":"ROWS($A$2:A1227)","v":1226},{"$f":"IF(Formulaire!$F$24='Codes postaux par région et dép'!A1227,H1227,\"\")","v":""},"",""]
[31160,"ESTADENS",null,31,"Haute-Garonne","Occitanie",null,{"$f":"ROWS($A$2:A1228)","v":1227},{"$f":"IF(Formulaire!$F$24='Codes postaux par région et dép'!A1228,H1228,\"\")","v":""},"",""]
[31160,"GANTIES",null,31,"Haute-Garonne","Occitanie",null,{"$f":"ROWS($A$2:A1229)","v":1228},{"$f":"IF(Formulaire!$F$24='Codes postaux par région et dép'!A1229,H1229,\"\")","v":""},"",""]
[31160,"JUZET D IZAUT",null,31,"Haute-Garonne","Occitanie",null,{"$f":"ROWS($A$2:A1230)","v":1229},{"$f":"IF(Formulaire!$F$24='Codes postaux par région et dép'!A1230,H1230,\"\")","v":""},"",""]
[31160,"MONCAUP",null,31,"Haute-Garonne","Occitanie",null,{"$f":"ROWS($A$2:A1231)","v":1230},{"$f":"IF(Formulaire!$F$24='Codes postaux par région et dép'!A1231,H1231,\"\")","v":""},"",""]
[31170,"TOURNEFEUILLE",null,31,"Haute-Garonne","Occitanie",null,{"$f":"ROWS($A$2:A1232)","v":1231},{"$f":"IF(Formulaire!$F$24='Codes postaux par région et dép'!A1232,H1232,\"\")","v":""},"",""]
[31180,"ROUFFIAC TOLOSAN",null,31,"Haute-Garonne","Occitanie",null,{"$f":"ROWS($A$2:A1233)","v":1232},{"$f":"IF(Formulaire!$F$24='Codes postaux par région et dép'!A1233,H1233,\"\")","v":""},"",""]
[31180,"ST GENIES BELLEVUE",null,31,"Haute-Garonne","Occitanie",null,{"$f":"ROWS($A$2:A1234)","v":1233},{"$f":"IF(Formulaire!$F$24='Codes postaux par région et dép'!A1234,H1234,\"\")","v":""},"",""]
[31180,"LAPEYROUSE FOSSAT",null,31,"Haute-Garonne","Occitanie",null,{"$f":"ROWS($A$2:A1235)","v":1234},{"$f":"IF(Formulaire!$F$24='Codes postaux par région et dép'!A1235,H1235,\"\")","v":""},"",""]
[31180,"CASTELMAUROU",null,31,"Haute-Garonne","Occitanie",null,{"$f":"ROWS($A$2:A1236)","v":1235},{"$f":"IF(Formulaire!$F$24='Codes postaux par région et dép'!A1236,H1236,\"\")","v":""},"",""]
[31190,"AURIBAIL",null,31,"Haute-Garonne","Occitanie",null,{"$f":"ROWS($A$2:A1237)","v":1236},{"$f":"IF(Formulaire!$F$24='Codes postaux par région et dép'!A1237,H1237,\"\")","v":""},"",""]
[31190,"AUTERIVE",null,31,"Haute-Garonne","Occitanie",null,{"$f":"ROWS($A$2:A1238)","v":1237},{"$f":"IF(Formulaire!$F$24='Codes postaux par région et dép'!A1238,H1238,\"\")","v":""},"",""]
[31190,"MAUVAISIN",null,31,"Haute-Garonne","Occitanie",null,{"$f":"ROWS($A$2:A1239)","v":1238},{"$f":"IF(Formulaire!$F$24='Codes postaux par région et dép'!A1239,H1239,\"\")","v":""},"",""]
[31190,"GREPIAC",null,31,"Haute-Garonne","Occitanie",null,{"$f":"ROWS($A$2:A1240)","v":1239},{"$f":"IF(Formulaire!$F$24='Codes postaux par région et dép'!A1240,H1240,\"\")","v":""},"",""]
[31190,"LAGRACE DIEU",null,31,"Haute-Garonne","Occitanie",null,{"$f":"ROWS($A$2:A1241)","v":1240},{"$f":"IF(Formulaire!$F$24='Codes postaux par région et dép'!A1241,H1241,\"\")","v":""},"",""]
[31190,"PUYDANIEL",null,31,"Haute-Garonne","Occitanie",null,{"$f":"ROWS($A$2:A1242)","v":1241},{"$f":"IF(Formulaire!$F$24='Codes postaux par région et dép'!A1242,H1242,\"\")","v":""},"",""]
[31190,"GRAZAC",null,31,"Haute-Garonne","Occitanie",null,{"$f":"ROWS($A$2:A1243)","v":1242},{"$f":"IF(Formulaire!$F$24='Codes postaux par région et dép'!A1243,H1243,\"\")","v":""},"",""]
[31190,"LABRUYERE DORSA",null,31,"Haute-Garonne","Occitanie",null,{"$f":"ROWS($A$2:A1244)","v":1243},{"$f":"IF(Formulaire!$F$24='Codes postaux par région et dép'!A1244,H1244,\"\")","v":""},"",""]
[31190,"MIREMONT",null,31,"Haute-Garonne","Occitanie",null,{"$f":"ROWS($A$2:A1245)","v":1244},{"$f":"IF(Formulaire!$F$24='Codes postaux par région et dép'!A1245,H1245,\"\")","v":""},"",""]
[31190,"AURAGNE",null,31,"Haute-Garonne","Occitanie",null,{"$f":"ROWS($A$2:A1246)","v":1245},{"$f":"IF(Formulaire!$F$24='Codes postaux par région et dép'!A1246,H1246,\"\")","v":""},"",""]
[31190,"CAUJAC",null,31,"Haute-Garonne","Occitanie",null,{"$f":"ROWS($A$2:A1247)","v":1246},{"$f":"IF(Formulaire!$F$24='Codes postaux par région et dép'!A1247,H1247,\"\")","v":""},"",""]
[31190,"ESPERCE",null,31,"Haute-Garonne","Occitanie",null,{"$f":"ROWS($A$2:A1248)","v":1247},{"$f":"IF(Formulaire!$F$24='Codes postaux par région et dép'!A1248,H1248,\"\")","v":""},"",""]
[31190,"MAURESSAC",null,31,"Haute-Garonne","Occitanie",null,{"$f":"ROWS($A$2:A1249)","v":1248},{"$f":"IF(Formulaire!$F$24='Codes postaux par région et dép'!A1249,H1249,\"\")","v":""},"",""]
[31200,"TOULOUSE",null,31,"Haute-Garonne","Occitanie",null,{"$f":"ROWS($A$2:A1250)","v":1249},{"$f":"IF(Formulaire!$F$24='Codes postaux par région et dép'!A1250,H1250,\"\")","v":""},"",""]
[31210,"AUSSON",null,31,"Haute-Garonne","Occitanie",null,{"$f":"ROWS($A$2:A1251)","v":1250},{"$f":"IF(Formulaire!$F$24='Codes postaux par région et dép'!A1251,H1251,\"\")","v":""},"",""]
[31210,"BORDES DE RIVIERE",null,31,"Haute-Garonne","Occitanie",null,{"$f":"ROWS($A$2:A1252)","v":1251},{"$f":"IF(Formulaire!$F$24='Codes postaux par région et dép'!A1252,H1252,\"\")","v":""},"",""]
[31210,"MARTRES DE RIVIERE",null,31,"Haute-Garonne","Occitanie",null,{"$f":"ROWS($A$2:A1253)","v":1252},{"$f":"IF(Formulaire!$F$24='Codes postaux par région et dép'!A1253,H1253,\"\")","v":""},"",""]
[31210,"POINTIS DE RIVIERE",null,31,"Haute-Garonne","Occitanie",null,{"$f":"ROWS($A$2:A1254)","v":1253},{"$f":"IF(Formulaire!$F$24='Codes postaux par région et dép'!A1254,H1254,\"\")","v":""},"",""]
[31210,"FRANQUEVIELLE",null,31,"Haute-Garonne","Occitanie",null,{"$f":"ROWS($A$2:A1255)","v":1254},{"$f":"IF(Formulaire!$F$24='Codes postaux par région et dép'!A1255,H1255,\"\")","v":""},"",""]
[31210,"LES TOURREILLES",null,31,"Haute-Garonne","Occitanie",null,{"$f":"ROWS($A$2:A1256)","v":1255},{"$f":"IF(Formulaire!$F$24='Codes postaux par région et dép'!A1256,H1256,\"\")","v":""},"",""]
[31210,"CLARAC",null,31,"Haute-Garonne","Occitanie",null,{"$f":"ROWS($A$2:A1257)","v":1256},{"$f":"IF(Formulaire!$F$24='Codes postaux par région et dép'!A1257,H1257,\"\")","v":""},"",""]
[31210,"CUGURON",null,31,"Haute-Garonne","Occitanie",null,{"$f":"ROWS($A$2:A1258)","v":1257},{"$f":"IF(Formulaire!$F$24='Codes postaux par région et dép'!A1258,H1258,\"\")","v":""},"",""]
[31210,"LE CUING",null,31,"Haute-Garonne","Occitanie",null,{"$f":"ROWS($A$2:A1259)","v":1258},{"$f":"IF(Formulaire!$F$24='Codes postaux par région et dép'!A1259,H1259,\"\")","v":""},"",""]
[31210,"HUOS",null,31,"Haute-Garonne","Occitanie",null,{"$f":"ROWS($A$2:A1260)","v":1259},{"$f":"IF(Formulaire!$F$24='Codes postaux par région et dép'!A1260,H1260,\"\")","v":""},"",""]
[31210,"MONTREJEAU",null,31,"Haute-Garonne","Occitanie",null,{"$f":"ROWS($A$2:A1261)","v":1260},{"$f":"IF(Formulaire!$F$24='Codes postaux par région et dép'!A1261,H1261,\"\")","v":""},"",""]
[31210,"GOURDAN POLIGNAN",null,31,"Haute-Garonne","Occitanie",null,{"$f":"ROWS($A$2:A1262)","v":1261},{"$f":"IF(Formulaire!$F$24='Codes postaux par région et dép'!A1262,H1262,\"\")","v":""},"",""]
[31210,"ARDIEGE",null,31,"Haute-Garonne","Occitanie",null,{"$f":"ROWS($A$2:A1263)","v":1262},{"$f":"IF(Formulaire!$F$24='Codes postaux par région et dép'!A1263,H1263,\"\")","v":""},"",""]
[31210,"PONLAT TAILLEBOURG",null,31,"Haute-Garonne","Occitanie",null,{"$f":"ROWS($A$2:A1264)","v":1263},{"$f":"IF(Formulaire!$F$24='Codes postaux par région et dép'!A1264,H1264,\"\")","v":""},"",""]
[31220,"MARIGNAC LASPEYRES",null,31,"Haute-Garonne","Occitanie",null,{"$f":"ROWS($A$2:A1265)","v":1264},{"$f":"IF(Formulaire!$F$24='Codes postaux par région et dép'!A1265,H1265,\"\")","v":""},"",""]
[31220,"MARTRES TOLOSANE",null,31,"Haute-Garonne","Occitanie",null,{"$f":"ROWS($A$2:A1266)","v":1265},{"$f":"IF(Formulaire!$F$24='Codes postaux par région et dép'!A1266,H1266,\"\")","v":""},"",""]
[31220,"MAURAN",null,31,"Haute-Garonne","Occitanie",null,{"$f":"ROWS($A$2:A1267)","v":1266},{"$f":"IF(Formulaire!$F$24='Codes postaux par région et dép'!A1267,H1267,\"\")","v":""},"",""]
[31220,"MONDAVEZAN",null,31,"Haute-Garonne","Occitanie",null,{"$f":"ROWS($A$2:A1268)","v":1267},{"$f":"IF(Formulaire!$F$24='Codes postaux par région et dép'!A1268,H1268,\"\")","v":""},"",""]
[31220,"MONTCLAR DE COMMINGES",null,31,"Haute-Garonne","Occitanie",null,{"$f":"ROWS($A$2:A1269)","v":1268},{"$f":"IF(Formulaire!$F$24='Codes postaux par région et dép'!A1269,H1269,\"\")","v":""},"",""]
[31220,"PLAGNE",null,31,"Haute-Garonne","Occitanie",null,{"$f":"ROWS($A$2:A1270)","v":1269},{"$f":"IF(Formulaire!$F$24='Codes postaux par région et dép'!A1270,H1270,\"\")","v":""},"",""]
[31220,"COULADERE",null,31,"Haute-Garonne","Occitanie",null,{"$f":"ROWS($A$2:A1271)","v":1270},{"$f":"IF(Formulaire!$F$24='Codes postaux par région et dép'!A1271,H1271,\"\")","v":""},"",""]
[31220,"ST JULIEN SUR GARONNE",null,31,"Haute-Garonne","Occitanie",null,{"$f":"ROWS($A$2:A1272)","v":1271},{"$f":"IF(Formulaire!$F$24='Codes postaux par région et dép'!A1272,H1272,\"\")","v":""},"",""]
[31220,"ST MICHEL",null,31,"Haute-Garonne","Occitanie",null,{"$f":"ROWS($A$2:A1273)","v":1272},{"$f":"IF(Formulaire!$F$24='Codes postaux par région et dép'!A1273,H1273,\"\")","v":""},"",""]
[31220,"SANA",null,31,"Haute-Garonne","Occitanie",null,{"$f":"ROWS($A$2:A1274)","v":1273},{"$f":"IF(Formulaire!$F$24='Codes postaux par région et dép'!A1274,H1274,\"\")","v":""},"",""]
[31220,"LAVELANET DE COMMINGES",null,31,"Haute-Garonne","Occitanie",null,{"$f":"ROWS($A$2:A1275)","v":1274},{"$f":"IF(Formulaire!$F$24='Codes postaux par région et dép'!A1275,H1275,\"\")","v":""},"",""]
[31220,"LE PLAN",null,31,"Haute-Garonne","Occitanie",null,{"$f":"ROWS($A$2:A1276)","v":1275},{"$f":"IF(Formulaire!$F$24='Codes postaux par région et dép'!A1276,H1276,\"\")","v":""},"",""]
[31220,"LESCUNS",null,31,"Haute-Garonne","Occitanie",null,{"$f":"ROWS($A$2:A1277)","v":1276},{"$f":"IF(Formulaire!$F$24='Codes postaux par région et dép'!A1277,H1277,\"\")","v":""},"",""]
[31220,"PALAMINY",null,31,"Haute-Garonne","Occitanie",null,{"$f":"ROWS($A$2:A1278)","v":1277},{"$f":"IF(Formulaire!$F$24='Codes postaux par région et dép'!A1278,H1278,\"\")","v":""},"",""]
[31220,"CAZERES",null,31,"Haute-Garonne","Occitanie",null,{"$f":"ROWS($A$2:A1279)","v":1278},{"$f":"IF(Formulaire!$F$24='Codes postaux par région et dép'!A1279,H1279,\"\")","v":""},"",""]
[31220,"MONTBERAUD",null,31,"Haute-Garonne","Occitanie",null,{"$f":"ROWS($A$2:A1280)","v":1279},{"$f":"IF(Formulaire!$F$24='Codes postaux par région et dép'!A1280,H1280,\"\")","v":""},"",""]
[31230,"AGASSAC",null,31,"Haute-Garonne","Occitanie",null,{"$f":"ROWS($A$2:A1281)","v":1280},{"$f":"IF(Formulaire!$F$24='Codes postaux par région et dép'!A1281,H1281,\"\")","v":""},"",""]
[31230,"AMBAX",null,31,"Haute-Garonne","Occitanie",null,{"$f":"ROWS($A$2:A1282)","v":1281},{"$f":"IF(Formulaire!$F$24='Codes postaux par région et dép'!A1282,H1282,\"\")","v":""},{"$f":"IFERROR(SMALL($I:$I,H1282),\"\")","v":""},{"$f":"IFERROR(INDEX($B$2:$B$2867,J1282),\"\")","v":""}]
[31230,"FRONTIGNAN SAVES",null,31,"Haute-Garonne","Occitanie",null,{"$f":"ROWS($A$2:A1283)","v":1282},{"$f":"IF(Formulaire!$F$24='Codes postaux par région et dép'!A1283,H1283,\"\")","v":""},"",""]
[31230,"L ISLE EN DODON",null,31,"Haute-Garonne","Occitanie",null,{"$f":"ROWS($A$2:A1284)","v":1283},{"$f":"IF(Formulaire!$F$24='Codes postaux par région et dép'!A1284,H1284,\"\")","v":""},"",""]
[31230,"MAUVEZIN",null,31,"Haute-Garonne","Occitanie",null,{"$f":"ROWS($A$2:A1285)","v":1284},{"$f":"IF(Formulaire!$F$24='Codes postaux par région et dép'!A1285,H1285,\"\")","v":""},"",""]
[31230,"MOLAS",null,31,"Haute-Garonne","Occitanie",null,{"$f":"ROWS($A$2:A1286)","v":1285},{"$f":"IF(Formulaire!$F$24='Codes postaux par région et dép'!A1286,H1286,\"\")","v":""},"",""]
[31230,"ST FRAJOU",null,31,"Haute-Garonne","Occitanie",null,{"$f":"ROWS($A$2:A1287)","v":1286},{"$f":"IF(Formulaire!$F$24='Codes postaux par région et dép'!A1287,H1287,\"\")","v":""},"",""]
[31230,"ST LAURENT",null,31,"Haute-Garonne","Occitanie",null,{"$f":"ROWS($A$2:A1288)","v":1287},{"$f":"IF(Formulaire!$F$24='Codes postaux par région et dép'!A1288,H1288,\"\")","v":""},"",""]
[31230,"CASTELGAILLARD",null,31,"Haute-Garonne","Occitanie",null,{"$f":"ROWS($A$2:A1289)","v":1288},{"$f":"IF(Formulaire!$F$24='Codes postaux par région et dép'!A1289,H1289,\"\")","v":""},"",""]
[31230,"COUEILLES",null,31,"Haute-Garonne","Occitanie",null,{"$f":"ROWS($A$2:A1290)","v":1289},{"$f":"IF(Formulaire!$F$24='Codes postaux par région et dép'!A1290,H1290,\"\")","v":""},"",""]
[31230,"FABAS",null,31,"Haute-Garonne","Occitanie",null,{"$f":"ROWS($A$2:A1291)","v":1290},{"$f":"IF(Formulaire!$F$24='Codes postaux par région et dép'!A1291,H1291,\"\")","v":""},"",""]
[31230,"LABASTIDE PAUMES",null,31,"Haute-Garonne","Occitanie",null,{"$f":"ROWS($A$2:A1292)","v":1291},{"$f":"IF(Formulaire!$F$24='Codes postaux par région et dép'!A1292,H1292,\"\")","v":""},"",""]
[31230,"LILHAC",null,31,"Haute-Garonne","Occitanie",null,{"$f":"ROWS($A$2:A1293)","v":1292},{"$f":"IF(Formulaire!$F$24='Codes postaux par région et dép'!A1293,H1293,\"\")","v":""},"",""]
[31230,"CAZAC",null,31,"Haute-Garonne","Occitanie",null,{"$f":"ROWS($A$2:A1294)","v":1293},{"$f":"IF(Formulaire!$F$24='Codes postaux par région et dép'!A1294,H1294,\"\")","v":""},"",""]
[31230,"BOISSEDE",null,31,"Haute-Garonne","Occitanie",null,{"$f":"ROWS($A$2:A1295)","v":1294},{"$f":"IF(Formulaire!$F$24='Codes postaux par région et dép'!A1295,H1295,\"\")","v":""},"",""]
[31230,"GOUDEX",null,31,"Haute-Garonne","Occitanie",null,{"$f":"ROWS($A$2:A1296)","v":1295},{"$f":"IF(Formulaire!$F$24='Codes postaux par région et dép'!A1296,H1296,\"\")","v":""},"",""]
[31230,"MARTISSERRE",null,31,"Haute-Garonne","Occitanie",null,{"$f":"ROWS($A$2:A1297)","v":1296},{"$f":"IF(Formulaire!$F$24='Codes postaux par région et dép'!A1297,H1297,\"\")","v":""},"",""]
[31230,"MONTBERNARD",null,31,"Haute-Garonne","Occitanie",null,{"$f":"ROWS($A$2:A1298)","v":1297},{"$f":"IF(Formulaire!$F$24='Codes postaux par région et dép'!A1298,H1298,\"\")","v":""},"",""]
[31230,"ANAN",null,31,"Haute-Garonne","Occitanie",null,{"$f":"ROWS($A$2:A1299)","v":1298},{"$f":"IF(Formulaire!$F$24='Codes postaux par région et dép'!A1299,H1299,\"\")","v":""},"",""]
[31230,"MONTESQUIEU GUITTAUT",null,31,"Haute-Garonne","Occitanie",null,{"$f":"ROWS($A$2:A1300)","v":1299},{"$f":"IF(Formulaire!$F$24='Codes postaux par région et dép'!A1300,H1300,\"\")","v":""},"",""]
[31230,"PUYMAURIN",null,31,"Haute-Garonne","Occitanie",null,{"$f":"ROWS($A$2:A1301)","v":1300},{"$f":"IF(Formulaire!$F$24='Codes postaux par région et dép'!A1301,H1301,\"\")","v":""},"",""]
[31230,"RIOLAS",null,31,"Haute-Garonne","Occitanie",null,{"$f":"ROWS($A$2:A1302)","v":1301},{"$f":"IF(Formulaire!$F$24='Codes postaux par région et dép'!A1302,H1302,\"\")","v":""},"",""]
[31230,"SALERM",null,31,"Haute-Garonne","Occitanie",null,{"$f":"ROWS($A$2:A1303)","v":1302},{"$f":"IF(Formulaire!$F$24='Codes postaux par région et dép'!A1303,H1303,\"\")","v":""},"",""]
[31230,"MIRAMBEAU",null,31,"Haute-Garonne","Occitanie",null,{"$f":"ROWS($A$2:A1304)","v":1303},{"$f":"IF(Formulaire!$F$24='Codes postaux par région et dép'!A1304,H1304,\"\")","v":""},"",""]
[31240,"L UNION",null,31,"Haute-Garonne","Occitanie",null,{"$f":"ROWS($A$2:A1305)","v":1304},{"$f":"IF(Formulaire!$F$24='Codes postaux par région et dép'!A1305,H1305,\"\")","v":""},"",""]
[31240,"ST JEAN",null,31,"Haute-Garonne","Occitanie",null,{"$f":"ROWS($A$2:A1306)","v":1305},{"$f":"IF(Formulaire!$F$24='Codes postaux par région et dép'!A1306,H1306,\"\")","v":""},"",""]
[31250,"REVEL","ST FERREOL LE LAC",31,"Haute-Garonne","Occitanie",null,{"$f":"ROWS($A$2:A1307)","v":1306},{"$f":"IF(Formulaire!$F$24='Codes postaux par région et dép'!A1307,H1307,\"\")","v":""},"",""]
[31250,"REVEL",null,31,"Haute-Garonne","Occitanie",null,{"$f":"ROWS($A$2:A1308)","v":1307},{"$f":"IF(Formulaire!$F$24='Codes postaux par région et dép'!A1308,H1308,\"\")","v":""},"",""]
[31250,"VAUDREUILLE",null,31,"Haute-Garonne","Occitanie",null,{"$f":"ROWS($A$2:A1309)","v":1308},{"$f":"IF(Formulaire!$F$24='Codes postaux par région et dép'!A1309,H1309,\"\")","v":""},"",""]
[31260,"FRANCAZAL",null,31,"Haute-Garonne","Occitanie",null,{"$f":"ROWS($A$2:A1310)","v":1309},{"$f":"IF(Formulaire!$F$24='Codes postaux par région et dép'!A1310,H1310,\"\")","v":""},"",""]
[31260,"MONTESPAN",null,31,"Haute-Garonne","Occitanie",null,{"$f":"ROWS($A$2:A1311)","v":1310},{"$f":"IF(Formulaire!$F$24='Codes postaux par région et dép'!A1311,H1311,\"\")","v":""},"",""]
[31260,"HIS",null,31,"Haute-Garonne","Occitanie",null,{"$f":"ROWS($A$2:A1312)","v":1311},{"$f":"IF(Formulaire!$F$24='Codes postaux par région et dép'!A1312,H1312,\"\")","v":""},"",""]
[31260,"URAU",null,31,"Haute-Garonne","Occitanie",null,{"$f":"ROWS($A$2:A1313)","v":1312},{"$f":"IF(Formulaire!$F$24='Codes postaux par région et dép'!A1313,H1313,\"\")","v":""},"",""]
[31260,"MONTGAILLARD DE SALIES",null,31,"Haute-Garonne","Occitanie",null,{"$f":"ROWS($A$2:A1314)","v":1313},{"$f":"IF(Formulaire!$F$24='Codes postaux par région et dép'!A1314,H1314,\"\")","v":""},"",""]
[31260,"CASSAGNE",null,31,"Haute-Garonne","Occitanie",null,{"$f":"ROWS($A$2:A1315)","v":1314},{"$f":"IF(Formulaire!$F$24='Codes postaux par région et dép'!A1315,H1315,\"\")","v":""},"",""]
[31260,"TOUILLE",null,31,"Haute-Garonne","Occitanie",null,{"$f":"ROWS($A$2:A1316)","v":1315},{"$f":"IF(Formulaire!$F$24='Codes postaux par région et dép'!A1316,H1316,\"\")","v":""},"",""]
[31260,"ESCOULIS",null,31,"Haute-Garonne","Occitanie",null,{"$f":"ROWS($A$2:A1317)","v":1316},{"$f":"IF(Formulaire!$F$24='Codes postaux par région et dép'!A1317,H1317,\"\")","v":""},"",""]
[31260,"AUSSEING",null,31,"Haute-Garonne","Occitanie",null,{"$f":"ROWS($A$2:A1318)","v":1317},{"$f":"IF(Formulaire!$F$24='Codes postaux par région et dép'!A1318,H1318,\"\")","v":""},"",""]
[31260,"CASTAGNEDE",null,31,"Haute-Garonne","Occitanie",null,{"$f":"ROWS($A$2:A1319)","v":1318},{"$f":"IF(Formulaire!$F$24='Codes postaux par région et dép'!A1319,H1319,\"\")","v":""},"",""]
[31260,"MARSOULAS",null,31,"Haute-Garonne","Occitanie",null,{"$f":"ROWS($A$2:A1320)","v":1319},{"$f":"IF(Formulaire!$F$24='Codes postaux par région et dép'!A1320,H1320,\"\")","v":""},"",""]
[31260,"MONTSAUNES",null,31,"Haute-Garonne","Occitanie",null,{"$f":"ROWS($A$2:A1321)","v":1320},{"$f":"IF(Formulaire!$F$24='Codes postaux par région et dép'!A1321,H1321,\"\")","v":""},"",""]
[31260,"BELBEZE EN COMMINGES",null,31,"Haute-Garonne","Occitanie",null,{"$f":"ROWS($A$2:A1322)","v":1321},{"$f":"IF(Formulaire!$F$24='Codes postaux par région et dép'!A1322,H1322,\"\")","v":""},"",""]
[31260,"FIGAROL",null,31,"Haute-Garonne","Occitanie",null,{"$f":"ROWS($A$2:A1323)","v":1322},{"$f":"IF(Formulaire!$F$24='Codes postaux par région et dép'!A1323,H1323,\"\")","v":""},"",""]
[31260,"SALEICH",null,31,"Haute-Garonne","Occitanie",null,{"$f":"ROWS($A$2:A1324)","v":1323},{"$f":"IF(Formulaire!$F$24='Codes postaux par région et dép'!A1324,H1324,\"\")","v":""},"",""]
[31260,"MANE",null,31,"Haute-Garonne","Occitanie",null,{"$f":"ROWS($A$2:A1325)","v":1324},{"$f":"IF(Formulaire!$F$24='Codes postaux par région et dép'!A1325,H1325,\"\")","v":""},"",""]
[31260,"MAZERES SUR SALAT",null,31,"Haute-Garonne","Occitanie",null,{"$f":"ROWS($A$2:A1326)","v":1325},{"$f":"IF(Formulaire!$F$24='Codes postaux par région et dép'!A1326,H1326,\"\")","v":""},"",""]
[31260,"SALIES DU SALAT",null,31,"Haute-Garonne","Occitanie",null,{"$f":"ROWS($A$2:A1327)","v":1326},{"$f":"IF(Formulaire!$F$24='Codes postaux par région et dép'!A1327,H1327,\"\")","v":""},"",""]
[31270,"CUGNAUX",null,31,"Haute-Garonne","Occitanie",null,{"$f":"ROWS($A$2:A1328)","v":1327},{"$f":"IF(Formulaire!$F$24='Codes postaux par région et dép'!A1328,H1328,\"\")","v":""},"",""]
[31270,"FROUZINS",null,31,"Haute-Garonne","Occitanie",null,{"$f":"ROWS($A$2:A1329)","v":1328},{"$f":"IF(Formulaire!$F$24='Codes postaux par région et dép'!A1329,H1329,\"\")","v":""},"",""]
[31270,"VILLENEUVE TOLOSANE",null,31,"Haute-Garonne","Occitanie",null,{"$f":"ROWS($A$2:A1330)","v":1329},{"$f":"IF(Formulaire!$F$24='Codes postaux par région et dép'!A1330,H1330,\"\")","v":""},"",""]
[31280,"AIGREFEUILLE",null,31,"Haute-Garonne","Occitanie",null,{"$f":"ROWS($A$2:A1331)","v":1330},{"$f":"IF(Formulaire!$F$24='Codes postaux par région et dép'!A1331,H1331,\"\")","v":""},"",""]
[31280,"DREMIL LAFAGE",null,31,"Haute-Garonne","Occitanie",null,{"$f":"ROWS($A$2:A1332)","v":1331},{"$f":"IF(Formulaire!$F$24='Codes postaux par région et dép'!A1332,H1332,\"\")","v":""},"",""]
[31280,"MONS",null,31,"Haute-Garonne","Occitanie",null,{"$f":"ROWS($A$2:A1333)","v":1332},{"$f":"IF(Formulaire!$F$24='Codes postaux par région et dép'!A1333,H1333,\"\")","v":""},"",""]
[31290,"AVIGNONET LAURAGAIS",null,31,"Haute-Garonne","Occitanie",null,{"$f":"ROWS($A$2:A1334)","v":1333},{"$f":"IF(Formulaire!$F$24='Codes postaux par région et dép'!A1334,H1334,\"\")","v":""},"",""]
[31290,"ST GERMIER",null,31,"Haute-Garonne","Occitanie",null,{"$f":"ROWS($A$2:A1335)","v":1334},{"$f":"IF(Formulaire!$F$24='Codes postaux par région et dép'!A1335,H1335,\"\")","v":""},"",""]
[31290,"VALLEGUE",null,31,"Haute-Garonne","Occitanie",null,{"$f":"ROWS($A$2:A1336)","v":1335},{"$f":"IF(Formulaire!$F$24='Codes postaux par région et dép'!A1336,H1336,\"\")","v":""},"",""]
[31290,"LUX",null,31,"Haute-Garonne","Occitanie",null,{"$f":"ROWS($A$2:A1337)","v":1336},{"$f":"IF(Formulaire!$F$24='Codes postaux par région et dép'!A1337,H1337,\"\")","v":""},"",""]
[31290,"VILLENOUVELLE",null,31,"Haute-Garonne","Occitanie",null,{"$f":"ROWS($A$2:A1338)","v":1337},{"$f":"IF(Formulaire!$F$24='Codes postaux par région et dép'!A1338,H1338,\"\")","v":""},"",""]
[31290,"ST VINCENT",null,31,"Haute-Garonne","Occitanie",null,{"$f":"ROWS($A$2:A1339)","v":1338},{"$f":"IF(Formulaire!$F$24='Codes postaux par région et dép'!A1339,H1339,\"\")","v":""},"",""]
[31290,"BEAUTEVILLE",null,31,"Haute-Garonne","Occitanie",null,{"$f":"ROWS($A$2:A1340)","v":1339},{"$f":"IF(Formulaire!$F$24='Codes postaux par région et dép'!A1340,H1340,\"\")","v":""},"",""]
[31290,"CESSALES",null,31,"Haute-Garonne","Occitanie",null,{"$f":"ROWS($A$2:A1341)","v":1340},{"$f":"IF(Formulaire!$F$24='Codes postaux par région et dép'!A1341,H1341,\"\")","v":""},"",""]
[31290,"MONTGAILLARD LAURAGAIS",null,31,"Haute-Garonne","Occitanie",null,{"$f":"ROWS($A$2:A1342)","v":1341},{"$f":"IF(Formulaire!$F$24='Codes postaux par région et dép'!A1342,H1342,\"\")","v":""},"",""]
[31290,"RIEUMAJOU",null,31,"Haute-Garonne","Occitanie",null,{"$f":"ROWS($A$2:A1343)","v":1342},{"$f":"IF(Formulaire!$F$24='Codes postaux par région et dép'!A1343,H1343,\"\")","v":""},"",""]
[31290,"GARDOUCH",null,31,"Haute-Garonne","Occitanie",null,{"$f":"ROWS($A$2:A1344)","v":1343},{"$f":"IF(Formulaire!$F$24='Codes postaux par région et dép'!A1344,H1344,\"\")","v":""},"",""]
[31290,"LAGARDE",null,31,"Haute-Garonne","Occitanie",null,{"$f":"ROWS($A$2:A1345)","v":1344},{"$f":"IF(Formulaire!$F$24='Codes postaux par région et dép'!A1345,H1345,\"\")","v":""},"",""]
[31290,"MAUREMONT",null,31,"Haute-Garonne","Occitanie",null,{"$f":"ROWS($A$2:A1346)","v":1345},{"$f":"IF(Formulaire!$F$24='Codes postaux par région et dép'!A1346,H1346,\"\")","v":""},{"$f":"IFERROR(SMALL($I:$I,H1346),\"\")","v":""},{"$f":"IFERROR(INDEX($B$2:$B$2867,J1346),\"\")","v":""}]
[31290,"RENNEVILLE",null,31,"Haute-Garonne","Occitanie",null,{"$f":"ROWS($A$2:A1347)","v":1346},{"$f":"IF(Formulaire!$F$24='Codes postaux par région et dép'!A1347,H1347,\"\")","v":""},"",""]
[31290,"FOLCARDE",null,31,"Haute-Garonne","Occitanie",null,{"$f":"ROWS($A$2:A1348)","v":1347},{"$f":"IF(Formulaire!$F$24='Codes postaux par région et dép'!A1348,H1348,\"\")","v":""},"",""]
[31290,"TREBONS SUR LA GRASSE",null,31,"Haute-Garonne","Occitanie",null,{"$f":"ROWS($A$2:A1349)","v":1348},{"$f":"IF(Formulaire!$F$24='Codes postaux par région et dép'!A1349,H1349,\"\")","v":""},"",""]
[31290,"VILLEFRANCHE DE LAURAGAIS",null,31,"Haute-Garonne","Occitanie",null,{"$f":"ROWS($A$2:A1350)","v":1349},{"$f":"IF(Formulaire!$F$24='Codes postaux par région et dép'!A1350,H1350,\"\")","v":""},"",""]
[31290,"MONTCLAR LAURAGAIS",null,31,"Haute-Garonne","Occitanie",null,{"$f":"ROWS($A$2:A1351)","v":1350},{"$f":"IF(Formulaire!$F$24='Codes postaux par région et dép'!A1351,H1351,\"\")","v":""},"",""]
[31290,"ST ROME",null,31,"Haute-Garonne","Occitanie",null,{"$f":"ROWS($A$2:A1352)","v":1351},{"$f":"IF(Formulaire!$F$24='Codes postaux par région et dép'!A1352,H1352,\"\")","v":""},"",""]
[31290,"VIEILLEVIGNE",null,31,"Haute-Garonne","Occitanie",null,{"$f":"ROWS($A$2:A1353)","v":1352},{"$f":"IF(Formulaire!$F$24='Codes postaux par région et dép'!A1353,H1353,\"\")","v":""},"",""]
[31300,"TOULOUSE",null,31,"Haute-Garonne","Occitanie",null,{"$f":"ROWS($A$2:A1354)","v":1353},{"$f":"IF(Formulaire!$F$24='Codes postaux par région et dép'!A1354,H1354,\"\")","v":""},"",""]
[31310,"GOUZENS",null,31,"Haute-Garonne","Occitanie",null,{"$f":"ROWS($A$2:A1355)","v":1354},{"$f":"IF(Formulaire!$F$24='Codes postaux par région et dép'!A1355,H1355,\"\")","v":""},"",""]
[31310,"MONTBRUN BOCAGE",null,31,"Haute-Garonne","Occitanie",null,{"$f":"ROWS($A$2:A1356)","v":1355},{"$f":"IF(Formulaire!$F$24='Codes postaux par région et dép'!A1356,H1356,\"\")","v":""},"",""]
[31310,"CASTAGNAC",null,31,"Haute-Garonne","Occitanie",null,{"$f":"ROWS($A$2:A1357)","v":1356},{"$f":"IF(Formulaire!$F$24='Codes postaux par région et dép'!A1357,H1357,\"\")","v":""},"",""]
[31310,"RIEUX VOLVESTRE",null,31,"Haute-Garonne","Occitanie",null,{"$f":"ROWS($A$2:A1358)","v":1357},{"$f":"IF(Formulaire!$F$24='Codes postaux par région et dép'!A1358,H1358,\"\")","v":""},"",""]
[31310,"ST CHRISTAUD",null,31,"Haute-Garonne","Occitanie",null,{"$f":"ROWS($A$2:A1359)","v":1358},{"$f":"IF(Formulaire!$F$24='Codes postaux par région et dép'!A1359,H1359,\"\")","v":""},"",""]
[31310,"GENSAC SUR GARONNE",null,31,"Haute-Garonne","Occitanie",null,{"$f":"ROWS($A$2:A1360)","v":1359},{"$f":"IF(Formulaire!$F$24='Codes postaux par région et dép'!A1360,H1360,\"\")","v":""},"",""]
[31310,"GOUTEVERNISSE",null,31,"Haute-Garonne","Occitanie",null,{"$f":"ROWS($A$2:A1361)","v":1360},{"$f":"IF(Formulaire!$F$24='Codes postaux par région et dép'!A1361,H1361,\"\")","v":""},"",""]
[31310,"LAPEYRERE",null,31,"Haute-Garonne","Occitanie",null,{"$f":"ROWS($A$2:A1362)","v":1361},{"$f":"IF(Formulaire!$F$24='Codes postaux par région et dép'!A1362,H1362,\"\")","v":""},"",""]
[31310,"CANENS",null,31,"Haute-Garonne","Occitanie",null,{"$f":"ROWS($A$2:A1363)","v":1362},{"$f":"IF(Formulaire!$F$24='Codes postaux par région et dép'!A1363,H1363,\"\")","v":""},"",""]
[31310,"LAHITERE",null,31,"Haute-Garonne","Occitanie",null,{"$f":"ROWS($A$2:A1364)","v":1363},{"$f":"IF(Formulaire!$F$24='Codes postaux par région et dép'!A1364,H1364,\"\")","v":""},"",""]
[31310,"LATOUR",null,31,"Haute-Garonne","Occitanie",null,{"$f":"ROWS($A$2:A1365)","v":1364},{"$f":"IF(Formulaire!$F$24='Codes postaux par région et dép'!A1365,H1365,\"\")","v":""},"",""]
[31310,"LATRAPE",null,31,"Haute-Garonne","Occitanie",null,{"$f":"ROWS($A$2:A1366)","v":1365},{"$f":"IF(Formulaire!$F$24='Codes postaux par région et dép'!A1366,H1366,\"\")","v":""},"",""]
[31310,"MAILHOLAS",null,31,"Haute-Garonne","Occitanie",null,{"$f":"ROWS($A$2:A1367)","v":1366},{"$f":"IF(Formulaire!$F$24='Codes postaux par région et dép'!A1367,H1367,\"\")","v":""},"",""]
[31310,"BAX",null,31,"Haute-Garonne","Occitanie",null,{"$f":"ROWS($A$2:A1368)","v":1367},{"$f":"IF(Formulaire!$F$24='Codes postaux par région et dép'!A1368,H1368,\"\")","v":""},"",""]
[31310,"MASSABRAC",null,31,"Haute-Garonne","Occitanie",null,{"$f":"ROWS($A$2:A1369)","v":1368},{"$f":"IF(Formulaire!$F$24='Codes postaux par région et dép'!A1369,H1369,\"\")","v":""},"",""]
[31310,"MONTESQUIEU VOLVESTRE",null,31,"Haute-Garonne","Occitanie",null,{"$f":"ROWS($A$2:A1370)","v":1369},{"$f":"IF(Formulaire!$F$24='Codes postaux par région et dép'!A1370,H1370,\"\")","v":""},"",""]
[31320,"AUREVILLE",null,31,"Haute-Garonne","Occitanie",null,{"$f":"ROWS($A$2:A1371)","v":1370},{"$f":"IF(Formulaire!$F$24='Codes postaux par région et dép'!A1371,H1371,\"\")","v":""},"",""]
[31320,"VIEILLE TOULOUSE",null,31,"Haute-Garonne","Occitanie",null,{"$f":"ROWS($A$2:A1372)","v":1371},{"$f":"IF(Formulaire!$F$24='Codes postaux par région et dép'!A1372,H1372,\"\")","v":""},"",""]
[31320,"MERVILLA",null,31,"Haute-Garonne","Occitanie",null,{"$f":"ROWS($A$2:A1373)","v":1372},{"$f":"IF(Formulaire!$F$24='Codes postaux par région et dép'!A1373,H1373,\"\")","v":""},"",""]
[31320,"PECHBUSQUE",null,31,"Haute-Garonne","Occitanie",null,{"$f":"ROWS($A$2:A1374)","v":1373},{"$f":"IF(Formulaire!$F$24='Codes postaux par région et dép'!A1374,H1374,\"\")","v":""},"",""]
[31320,"PECHABOU",null,31,"Haute-Garonne","Occitanie",null,{"$f":"ROWS($A$2:A1375)","v":1374},{"$f":"IF(Formulaire!$F$24='Codes postaux par région et dép'!A1375,H1375,\"\")","v":""},"",""]
[31320,"VIGOULET AUZIL",null,31,"Haute-Garonne","Occitanie",null,{"$f":"ROWS($A$2:A1376)","v":1375},{"$f":"IF(Formulaire!$F$24='Codes postaux par région et dép'!A1376,H1376,\"\")","v":""},"",""]
[31320,"AUZEVILLE TOLOSANE",null,31,"Haute-Garonne","Occitanie",null,{"$f":"ROWS($A$2:A1377)","v":1376},{"$f":"IF(Formulaire!$F$24='Codes postaux par région et dép'!A1377,H1377,\"\")","v":""},"",""]
[31320,"CASTANET TOLOSAN",null,31,"Haute-Garonne","Occitanie",null,{"$f":"ROWS($A$2:A1378)","v":1377},{"$f":"IF(Formulaire!$F$24='Codes postaux par région et dép'!A1378,H1378,\"\")","v":""},"",""]
[31320,"REBIGUE",null,31,"Haute-Garonne","Occitanie",null,{"$f":"ROWS($A$2:A1379)","v":1378},{"$f":"IF(Formulaire!$F$24='Codes postaux par région et dép'!A1379,H1379,\"\")","v":""},"",""]
[31330,"LE BURGAUD",null,31,"Haute-Garonne","Occitanie",null,{"$f":"ROWS($A$2:A1380)","v":1379},{"$f":"IF(Formulaire!$F$24='Codes postaux par région et dép'!A1380,H1380,\"\")","v":""},"",""]
[31330,"ST CEZERT",null,31,"Haute-Garonne","Occitanie",null,{"$f":"ROWS($A$2:A1381)","v":1380},{"$f":"IF(Formulaire!$F$24='Codes postaux par région et dép'!A1381,H1381,\"\")","v":""},"",""]
[31330,"GRENADE",null,31,"Haute-Garonne","Occitanie",null,{"$f":"ROWS($A$2:A1382)","v":1381},{"$f":"IF(Formulaire!$F$24='Codes postaux par région et dép'!A1382,H1382,\"\")","v":""},"",""]
[31330,"MERVILLE",null,31,"Haute-Garonne","Occitanie",null,{"$f":"ROWS($A$2:A1383)","v":1382},{"$f":"IF(Formulaire!$F$24='Codes postaux par région et dép'!A1383,H1383,\"\")","v":""},"",""]
[31330,"ONDES",null,31,"Haute-Garonne","Occitanie",null,{"$f":"ROWS($A$2:A1384)","v":1383},{"$f":"IF(Formulaire!$F$24='Codes postaux par région et dép'!A1384,H1384,\"\")","v":""},"",""]
[31330,"LAUNAC",null,31,"Haute-Garonne","Occitanie",null,{"$f":"ROWS($A$2:A1385)","v":1384},{"$f":"IF(Formulaire!$F$24='Codes postaux par région et dép'!A1385,H1385,\"\")","v":""},"",""]
[31330,"LARRA",null,31,"Haute-Garonne","Occitanie",null,{"$f":"ROWS($A$2:A1386)","v":1385},{"$f":"IF(Formulaire!$F$24='Codes postaux par région et dép'!A1386,H1386,\"\")","v":""},"",""]
[31340,"BONDIGOUX",null,31,"Haute-Garonne","Occitanie",null,{"$f":"ROWS($A$2:A1387)","v":1386},{"$f":"IF(Formulaire!$F$24='Codes postaux par région et dép'!A1387,H1387,\"\")","v":""},"",""]
[31340,"LE BORN",null,31,"Haute-Garonne","Occitanie",null,{"$f":"ROWS($A$2:A1388)","v":1387},{"$f":"IF(Formulaire!$F$24='Codes postaux par région et dép'!A1388,H1388,\"\")","v":""},"",""]
[31340,"LAYRAC SUR TARN",null,31,"Haute-Garonne","Occitanie",null,{"$f":"ROWS($A$2:A1389)","v":1388},{"$f":"IF(Formulaire!$F$24='Codes postaux par région et dép'!A1389,H1389,\"\")","v":""},"",""]
[31340,"VILLEMATIER",null,31,"Haute-Garonne","Occitanie",null,{"$f":"ROWS($A$2:A1390)","v":1389},{"$f":"IF(Formulaire!$F$24='Codes postaux par région et dép'!A1390,H1390,\"\")","v":""},"",""]
[31340,"VILLEMUR SUR TARN",null,31,"Haute-Garonne","Occitanie",null,{"$f":"ROWS($A$2:A1391)","v":1390},{"$f":"IF(Formulaire!$F$24='Codes postaux par région et dép'!A1391,H1391,\"\")","v":""},"",""]
[31340,"LA MAGDELAINE SUR TARN",null,31,"Haute-Garonne","Occitanie",null,{"$f":"ROWS($A$2:A1392)","v":1391},{"$f":"IF(Formulaire!$F$24='Codes postaux par région et dép'!A1392,H1392,\"\")","v":""},"",""]
[31340,"VACQUIERS",null,31,"Haute-Garonne","Occitanie",null,{"$f":"ROWS($A$2:A1393)","v":1392},{"$f":"IF(Formulaire!$F$24='Codes postaux par région et dép'!A1393,H1393,\"\")","v":""},"",""]
[31340,"MIREPOIX SUR TARN",null,31,"Haute-Garonne","Occitanie",null,{"$f":"ROWS($A$2:A1394)","v":1393},{"$f":"IF(Formulaire!$F$24='Codes postaux par région et dép'!A1394,H1394,\"\")","v":""},"",""]
[31350,"CARDEILHAC",null,31,"Haute-Garonne","Occitanie",null,{"$f":"ROWS($A$2:A1395)","v":1394},{"$f":"IF(Formulaire!$F$24='Codes postaux par région et dép'!A1395,H1395,\"\")","v":""},"",""]
[31350,"LESPUGUE",null,31,"Haute-Garonne","Occitanie",null,{"$f":"ROWS($A$2:A1396)","v":1395},{"$f":"IF(Formulaire!$F$24='Codes postaux par région et dép'!A1396,H1396,\"\")","v":""},"",""]
[31350,"BLAJAN",null,31,"Haute-Garonne","Occitanie",null,{"$f":"ROWS($A$2:A1397)","v":1396},{"$f":"IF(Formulaire!$F$24='Codes postaux par région et dép'!A1397,H1397,\"\")","v":""},"",""]
[31350,"CHARLAS",null,31,"Haute-Garonne","Occitanie",null,{"$f":"ROWS($A$2:A1398)","v":1397},{"$f":"IF(Formulaire!$F$24='Codes postaux par région et dép'!A1398,H1398,\"\")","v":""},"",""]
[31350,"CIADOUX",null,31,"Haute-Garonne","Occitanie",null,{"$f":"ROWS($A$2:A1399)","v":1398},{"$f":"IF(Formulaire!$F$24='Codes postaux par région et dép'!A1399,H1399,\"\")","v":""},"",""]
[31350,"SARREMEZAN",null,31,"Haute-Garonne","Occitanie",null,{"$f":"ROWS($A$2:A1400)","v":1399},{"$f":"IF(Formulaire!$F$24='Codes postaux par région et dép'!A1400,H1400,\"\")","v":""},"",""]
[31350,"MONDILHAN",null,31,"Haute-Garonne","Occitanie",null,{"$f":"ROWS($A$2:A1401)","v":1400},{"$f":"IF(Formulaire!$F$24='Codes postaux par région et dép'!A1401,H1401,\"\")","v":""},"",""]
[31350,"SAMAN",null,31,"Haute-Garonne","Occitanie",null,{"$f":"ROWS($A$2:A1402)","v":1401},{"$f":"IF(Formulaire!$F$24='Codes postaux par région et dép'!A1402,H1402,\"\")","v":""},"",""]
[31350,"SARRECAVE",null,31,"Haute-Garonne","Occitanie",null,{"$f":"ROWS($A$2:A1403)","v":1402},{"$f":"IF(Formulaire!$F$24='Codes postaux par région et dép'!A1403,H1403,\"\")","v":""},"",""]
[31350,"ESCANECRABE",null,31,"Haute-Garonne","Occitanie",null,{"$f":"ROWS($A$2:A1404)","v":1403},{"$f":"IF(Formulaire!$F$24='Codes postaux par région et dép'!A1404,H1404,\"\")","v":""},"",""]
[31350,"MONTMAURIN",null,31,"Haute-Garonne","Occitanie",null,{"$f":"ROWS($A$2:A1405)","v":1404},{"$f":"IF(Formulaire!$F$24='Codes postaux par région et dép'!A1405,H1405,\"\")","v":""},"",""]
[31350,"PEGUILHAN","LUNAX",31,"Haute-Garonne","Occitanie",null,{"$f":"ROWS($A$2:A1406)","v":1405},{"$f":"IF(Formulaire!$F$24='Codes postaux par région et dép'!A1406,H1406,\"\")","v":""},"",""]
[31350,"ST FERREOL DE COMMINGES",null,31,"Haute-Garonne","Occitanie",null,{"$f":"ROWS($A$2:A1407)","v":1406},{"$f":"IF(Formulaire!$F$24='Codes postaux par région et dép'!A1407,H1407,\"\")","v":""},"",""]
[31350,"ST LOUP EN COMMINGES",null,31,"Haute-Garonne","Occitanie",null,{"$f":"ROWS($A$2:A1408)","v":1407},{"$f":"IF(Formulaire!$F$24='Codes postaux par région et dép'!A1408,H1408,\"\")","v":""},"",""]
[31350,"BOULOGNE SUR GESSE",null,31,"Haute-Garonne","Occitanie",null,{"$f":"ROWS($A$2:A1409)","v":1408},{"$f":"IF(Formulaire!$F$24='Codes postaux par région et dép'!A1409,H1409,\"\")","v":""},"",""]
[31350,"CASTERA VIGNOLES",null,31,"Haute-Garonne","Occitanie",null,{"$f":"ROWS($A$2:A1410)","v":1409},{"$f":"IF(Formulaire!$F$24='Codes postaux par région et dép'!A1410,H1410,\"\")","v":""},{"$f":"IFERROR(SMALL($I:$I,H1410),\"\")","v":""},{"$f":"IFERROR(INDEX($B$2:$B$2867,J1410),\"\")","v":""}]
[31350,"GENSAC DE BOULOGNE",null,31,"Haute-Garonne","Occitanie",null,{"$f":"ROWS($A$2:A1411)","v":1410},{"$f":"IF(Formulaire!$F$24='Codes postaux par région et dép'!A1411,H1411,\"\")","v":""},"",""]
[31350,"NENIGAN",null,31,"Haute-Garonne","Occitanie",null,{"$f":"ROWS($A$2:A1412)","v":1411},{"$f":"IF(Formulaire!$F$24='Codes postaux par région et dép'!A1412,H1412,\"\")","v":""},"",""]
[31350,"ST PE DELBOSC",null,31,"Haute-Garonne","Occitanie",null,{"$f":"ROWS($A$2:A1413)","v":1412},{"$f":"IF(Formulaire!$F$24='Codes postaux par région et dép'!A1413,H1413,\"\")","v":""},"",""]
[31350,"MONTGAILLARD SUR SAVE",null,31,"Haute-Garonne","Occitanie",null,{"$f":"ROWS($A$2:A1414)","v":1413},{"$f":"IF(Formulaire!$F$24='Codes postaux par région et dép'!A1414,H1414,\"\")","v":""},"",""]
[31350,"NIZAN GESSE",null,31,"Haute-Garonne","Occitanie",null,{"$f":"ROWS($A$2:A1415)","v":1414},{"$f":"IF(Formulaire!$F$24='Codes postaux par région et dép'!A1415,H1415,\"\")","v":""},"",""]
[31350,"PEGUILHAN",null,31,"Haute-Garonne","Occitanie",null,{"$f":"ROWS($A$2:A1416)","v":1415},{"$f":"IF(Formulaire!$F$24='Codes postaux par région et dép'!A1416,H1416,\"\")","v":""},"",""]
[31350,"ST LARY BOUJEAN",null,31,"Haute-Garonne","Occitanie",null,{"$f":"ROWS($A$2:A1417)","v":1416},{"$f":"IF(Formulaire!$F$24='Codes postaux par région et dép'!A1417,H1417,\"\")","v":""},"",""]
[31360,"LE FRECHET",null,31,"Haute-Garonne","Occitanie",null,{"$f":"ROWS($A$2:A1418)","v":1417},{"$f":"IF(Formulaire!$F$24='Codes postaux par région et dép'!A1418,H1418,\"\")","v":""},"",""]
[31360,"MANCIOUX",null,31,"Haute-Garonne","Occitanie",null,{"$f":"ROWS($A$2:A1419)","v":1418},{"$f":"IF(Formulaire!$F$24='Codes postaux par région et dép'!A1419,H1419,\"\")","v":""},"",""]
[31360,"CASTILLON DE ST MARTORY",null,31,"Haute-Garonne","Occitanie",null,{"$f":"ROWS($A$2:A1420)","v":1419},{"$f":"IF(Formulaire!$F$24='Codes postaux par région et dép'!A1420,H1420,\"\")","v":""},"",""]
[31360,"ST MEDARD",null,31,"Haute-Garonne","Occitanie",null,{"$f":"ROWS($A$2:A1421)","v":1420},{"$f":"IF(Formulaire!$F$24='Codes postaux par région et dép'!A1421,H1421,\"\")","v":""},"",""]
[31360,"BEAUCHALOT",null,31,"Haute-Garonne","Occitanie",null,{"$f":"ROWS($A$2:A1422)","v":1421},{"$f":"IF(Formulaire!$F$24='Codes postaux par région et dép'!A1422,H1422,\"\")","v":""},"",""]
[31360,"LAFFITE TOUPIERE",null,31,"Haute-Garonne","Occitanie",null,{"$f":"ROWS($A$2:A1423)","v":1422},{"$f":"IF(Formulaire!$F$24='Codes postaux par région et dép'!A1423,H1423,\"\")","v":""},"",""]
[31360,"LESTELLE DE ST MARTORY",null,31,"Haute-Garonne","Occitanie",null,{"$f":"ROWS($A$2:A1424)","v":1423},{"$f":"IF(Formulaire!$F$24='Codes postaux par région et dép'!A1424,H1424,\"\")","v":""},"",""]
[31360,"PROUPIARY",null,31,"Haute-Garonne","Occitanie",null,{"$f":"ROWS($A$2:A1425)","v":1424},{"$f":"IF(Formulaire!$F$24='Codes postaux par région et dép'!A1425,H1425,\"\")","v":""},"",""]
[31360,"ARNAUD GUILHEM",null,31,"Haute-Garonne","Occitanie",null,{"$f":"ROWS($A$2:A1426)","v":1425},{"$f":"IF(Formulaire!$F$24='Codes postaux par région et dép'!A1426,H1426,\"\")","v":""},"",""]
[31360,"AUZAS",null,31,"Haute-Garonne","Occitanie",null,{"$f":"ROWS($A$2:A1427)","v":1426},{"$f":"IF(Formulaire!$F$24='Codes postaux par région et dép'!A1427,H1427,\"\")","v":""},"",""]
[31360,"BOUSSENS",null,31,"Haute-Garonne","Occitanie",null,{"$f":"ROWS($A$2:A1428)","v":1427},{"$f":"IF(Formulaire!$F$24='Codes postaux par région et dép'!A1428,H1428,\"\")","v":""},"",""]
[31360,"ROQUEFORT SUR GARONNE",null,31,"Haute-Garonne","Occitanie",null,{"$f":"ROWS($A$2:A1429)","v":1428},{"$f":"IF(Formulaire!$F$24='Codes postaux par région et dép'!A1429,H1429,\"\")","v":""},"",""]
[31360,"ST MARTORY",null,31,"Haute-Garonne","Occitanie",null,{"$f":"ROWS($A$2:A1430)","v":1429},{"$f":"IF(Formulaire!$F$24='Codes postaux par région et dép'!A1430,H1430,\"\")","v":""},"",""]
[31360,"SEPX",null,31,"Haute-Garonne","Occitanie",null,{"$f":"ROWS($A$2:A1431)","v":1430},{"$f":"IF(Formulaire!$F$24='Codes postaux par région et dép'!A1431,H1431,\"\")","v":""},"",""]
[31370,"LAHAGE",null,31,"Haute-Garonne","Occitanie",null,{"$f":"ROWS($A$2:A1432)","v":1431},{"$f":"IF(Formulaire!$F$24='Codes postaux par région et dép'!A1432,H1432,\"\")","v":""},"",""]
[31370,"POUCHARRAMET",null,31,"Haute-Garonne","Occitanie",null,{"$f":"ROWS($A$2:A1433)","v":1432},{"$f":"IF(Formulaire!$F$24='Codes postaux par région et dép'!A1433,H1433,\"\")","v":""},"",""]
[31370,"SABONNERES",null,31,"Haute-Garonne","Occitanie",null,{"$f":"ROWS($A$2:A1434)","v":1433},{"$f":"IF(Formulaire!$F$24='Codes postaux par région et dép'!A1434,H1434,\"\")","v":""},"",""]
[31370,"SAVERES",null,31,"Haute-Garonne","Occitanie",null,{"$f":"ROWS($A$2:A1435)","v":1434},{"$f":"IF(Formulaire!$F$24='Codes postaux par région et dép'!A1435,H1435,\"\")","v":""},"",""]
[31370,"LABASTIDE CLERMONT",null,31,"Haute-Garonne","Occitanie",null,{"$f":"ROWS($A$2:A1436)","v":1435},{"$f":"IF(Formulaire!$F$24='Codes postaux par région et dép'!A1436,H1436,\"\")","v":""},"",""]
[31370,"LAUTIGNAC",null,31,"Haute-Garonne","Occitanie",null,{"$f":"ROWS($A$2:A1437)","v":1436},{"$f":"IF(Formulaire!$F$24='Codes postaux par région et dép'!A1437,H1437,\"\")","v":""},"",""]
[31370,"RIEUMES",null,31,"Haute-Garonne","Occitanie",null,{"$f":"ROWS($A$2:A1438)","v":1437},{"$f":"IF(Formulaire!$F$24='Codes postaux par région et dép'!A1438,H1438,\"\")","v":""},"",""]
[31370,"BEAUFORT",null,31,"Haute-Garonne","Occitanie",null,{"$f":"ROWS($A$2:A1439)","v":1438},{"$f":"IF(Formulaire!$F$24='Codes postaux par région et dép'!A1439,H1439,\"\")","v":""},"",""]
[31370,"MONES",null,31,"Haute-Garonne","Occitanie",null,{"$f":"ROWS($A$2:A1440)","v":1439},{"$f":"IF(Formulaire!$F$24='Codes postaux par région et dép'!A1440,H1440,\"\")","v":""},"",""]
[31370,"MONTGRAS",null,31,"Haute-Garonne","Occitanie",null,{"$f":"ROWS($A$2:A1441)","v":1440},{"$f":"IF(Formulaire!$F$24='Codes postaux par région et dép'!A1441,H1441,\"\")","v":""},"",""]
[31370,"SAJAS",null,31,"Haute-Garonne","Occitanie",null,{"$f":"ROWS($A$2:A1442)","v":1441},{"$f":"IF(Formulaire!$F$24='Codes postaux par région et dép'!A1442,H1442,\"\")","v":""},"",""]
[31370,"BERAT",null,31,"Haute-Garonne","Occitanie",null,{"$f":"ROWS($A$2:A1443)","v":1442},{"$f":"IF(Formulaire!$F$24='Codes postaux par région et dép'!A1443,H1443,\"\")","v":""},"",""]
[31370,"FORGUES",null,31,"Haute-Garonne","Occitanie",null,{"$f":"ROWS($A$2:A1444)","v":1443},{"$f":"IF(Formulaire!$F$24='Codes postaux par région et dép'!A1444,H1444,\"\")","v":""},"",""]
[31370,"LE PIN MURELET",null,31,"Haute-Garonne","Occitanie",null,{"$f":"ROWS($A$2:A1445)","v":1444},{"$f":"IF(Formulaire!$F$24='Codes postaux par région et dép'!A1445,H1445,\"\")","v":""},"",""]
[31370,"MONTASTRUC SAVES",null,31,"Haute-Garonne","Occitanie",null,{"$f":"ROWS($A$2:A1446)","v":1445},{"$f":"IF(Formulaire!$F$24='Codes postaux par région et dép'!A1446,H1446,\"\")","v":""},"",""]
[31370,"PLAGNOLE",null,31,"Haute-Garonne","Occitanie",null,{"$f":"ROWS($A$2:A1447)","v":1446},{"$f":"IF(Formulaire!$F$24='Codes postaux par région et dép'!A1447,H1447,\"\")","v":""},"",""]
[31380,"AZAS",null,31,"Haute-Garonne","Occitanie",null,{"$f":"ROWS($A$2:A1448)","v":1447},{"$f":"IF(Formulaire!$F$24='Codes postaux par région et dép'!A1448,H1448,\"\")","v":""},"",""]
[31380,"BAZUS",null,31,"Haute-Garonne","Occitanie",null,{"$f":"ROWS($A$2:A1449)","v":1448},{"$f":"IF(Formulaire!$F$24='Codes postaux par région et dép'!A1449,H1449,\"\")","v":""},"",""]
[31380,"MONTJOIRE",null,31,"Haute-Garonne","Occitanie",null,{"$f":"ROWS($A$2:A1450)","v":1449},{"$f":"IF(Formulaire!$F$24='Codes postaux par région et dép'!A1450,H1450,\"\")","v":""},"",""]
[31380,"MONTPITOL",null,31,"Haute-Garonne","Occitanie",null,{"$f":"ROWS($A$2:A1451)","v":1450},{"$f":"IF(Formulaire!$F$24='Codes postaux par région et dép'!A1451,H1451,\"\")","v":""},"",""]
[31380,"PAULHAC",null,31,"Haute-Garonne","Occitanie",null,{"$f":"ROWS($A$2:A1452)","v":1451},{"$f":"IF(Formulaire!$F$24='Codes postaux par région et dép'!A1452,H1452,\"\")","v":""},"",""]
[31380,"ROQUESERIERE",null,31,"Haute-Garonne","Occitanie",null,{"$f":"ROWS($A$2:A1453)","v":1452},{"$f":"IF(Formulaire!$F$24='Codes postaux par région et dép'!A1453,H1453,\"\")","v":""},"",""]
[31380,"GARIDECH",null,31,"Haute-Garonne","Occitanie",null,{"$f":"ROWS($A$2:A1454)","v":1453},{"$f":"IF(Formulaire!$F$24='Codes postaux par région et dép'!A1454,H1454,\"\")","v":""},"",""]
[31380,"GEMIL",null,31,"Haute-Garonne","Occitanie",null,{"$f":"ROWS($A$2:A1455)","v":1454},{"$f":"IF(Formulaire!$F$24='Codes postaux par région et dép'!A1455,H1455,\"\")","v":""},"",""]
[31380,"VILLARIES",null,31,"Haute-Garonne","Occitanie",null,{"$f":"ROWS($A$2:A1456)","v":1455},{"$f":"IF(Formulaire!$F$24='Codes postaux par région et dép'!A1456,H1456,\"\")","v":""},"",""]
[31380,"GRAGNAGUE",null,31,"Haute-Garonne","Occitanie",null,{"$f":"ROWS($A$2:A1457)","v":1456},{"$f":"IF(Formulaire!$F$24='Codes postaux par région et dép'!A1457,H1457,\"\")","v":""},"",""]
[31380,"MONTASTRUC LA CONSEILLERE",null,31,"Haute-Garonne","Occitanie",null,{"$f":"ROWS($A$2:A1458)","v":1457},{"$f":"IF(Formulaire!$F$24='Codes postaux par région et dép'!A1458,H1458,\"\")","v":""},"",""]
[31380,"ST JEAN LHERM",null,31,"Haute-Garonne","Occitanie",null,{"$f":"ROWS($A$2:A1459)","v":1458},{"$f":"IF(Formulaire!$F$24='Codes postaux par région et dép'!A1459,H1459,\"\")","v":""},"",""]
[31390,"CARBONNE",null,31,"Haute-Garonne","Occitanie",null,{"$f":"ROWS($A$2:A1460)","v":1459},{"$f":"IF(Formulaire!$F$24='Codes postaux par région et dép'!A1460,H1460,\"\")","v":""},"",""]
[31390,"LACAUGNE",null,31,"Haute-Garonne","Occitanie",null,{"$f":"ROWS($A$2:A1461)","v":1460},{"$f":"IF(Formulaire!$F$24='Codes postaux par région et dép'!A1461,H1461,\"\")","v":""},"",""]
[31390,"LAFITTE VIGORDANE",null,31,"Haute-Garonne","Occitanie",null,{"$f":"ROWS($A$2:A1462)","v":1461},{"$f":"IF(Formulaire!$F$24='Codes postaux par région et dép'!A1462,H1462,\"\")","v":""},"",""]
[31390,"MARQUEFAVE",null,31,"Haute-Garonne","Occitanie",null,{"$f":"ROWS($A$2:A1463)","v":1462},{"$f":"IF(Formulaire!$F$24='Codes postaux par région et dép'!A1463,H1463,\"\")","v":""},"",""]
[31390,"BOIS DE LA PIERRE",null,31,"Haute-Garonne","Occitanie",null,{"$f":"ROWS($A$2:A1464)","v":1463},{"$f":"IF(Formulaire!$F$24='Codes postaux par région et dép'!A1464,H1464,\"\")","v":""},"",""]
[31390,"PEYSSIES",null,31,"Haute-Garonne","Occitanie",null,{"$f":"ROWS($A$2:A1465)","v":1464},{"$f":"IF(Formulaire!$F$24='Codes postaux par région et dép'!A1465,H1465,\"\")","v":""},"",""]
[31390,"SALLES SUR GARONNE",null,31,"Haute-Garonne","Occitanie",null,{"$f":"ROWS($A$2:A1466)","v":1465},{"$f":"IF(Formulaire!$F$24='Codes postaux par région et dép'!A1466,H1466,\"\")","v":""},"",""]
[31400,"TOULOUSE",null,31,"Haute-Garonne","Occitanie",null,{"$f":"ROWS($A$2:A1467)","v":1466},{"$f":"IF(Formulaire!$F$24='Codes postaux par région et dép'!A1467,H1467,\"\")","v":""},"",""]
[31410,"LONGAGES",null,31,"Haute-Garonne","Occitanie",null,{"$f":"ROWS($A$2:A1468)","v":1467},{"$f":"IF(Formulaire!$F$24='Codes postaux par région et dép'!A1468,H1468,\"\")","v":""},"",""]
[31410,"MONTGAZIN",null,31,"Haute-Garonne","Occitanie",null,{"$f":"ROWS($A$2:A1469)","v":1468},{"$f":"IF(Formulaire!$F$24='Codes postaux par région et dép'!A1469,H1469,\"\")","v":""},"",""]
[31410,"CAPENS",null,31,"Haute-Garonne","Occitanie",null,{"$f":"ROWS($A$2:A1470)","v":1469},{"$f":"IF(Formulaire!$F$24='Codes postaux par région et dép'!A1470,H1470,\"\")","v":""},"",""]
[31410,"ST HILAIRE",null,31,"Haute-Garonne","Occitanie",null,{"$f":"ROWS($A$2:A1471)","v":1470},{"$f":"IF(Formulaire!$F$24='Codes postaux par région et dép'!A1471,H1471,\"\")","v":""},"",""]
[31410,"LAVERNOSE LACASSE",null,31,"Haute-Garonne","Occitanie",null,{"$f":"ROWS($A$2:A1472)","v":1471},{"$f":"IF(Formulaire!$F$24='Codes postaux par région et dép'!A1472,H1472,\"\")","v":""},"",""]
[31410,"LE FAUGA",null,31,"Haute-Garonne","Occitanie",null,{"$f":"ROWS($A$2:A1473)","v":1472},{"$f":"IF(Formulaire!$F$24='Codes postaux par région et dép'!A1473,H1473,\"\")","v":""},"",""]
[31410,"MONTAUT",null,31,"Haute-Garonne","Occitanie",null,{"$f":"ROWS($A$2:A1474)","v":1473},{"$f":"IF(Formulaire!$F$24='Codes postaux par région et dép'!A1474,H1474,\"\")","v":""},{"$f":"IFERROR(SMALL($I:$I,H1474),\"\")","v":""},{"$f":"IFERROR(INDEX($B$2:$B$2867,J1474),\"\")","v":""}]
[31410,"NOE",null,31,"Haute-Garonne","Occitanie",null,{"$f":"ROWS($A$2:A1475)","v":1474},{"$f":"IF(Formulaire!$F$24='Codes postaux par région et dép'!A1475,H1475,\"\")","v":""},"",""]
[31410,"ST SULPICE SUR LEZE",null,31,"Haute-Garonne","Occitanie",null,{"$f":"ROWS($A$2:A1476)","v":1475},{"$f":"IF(Formulaire!$F$24='Codes postaux par région et dép'!A1476,H1476,\"\")","v":""},"",""]
[31410,"MAUZAC",null,31,"Haute-Garonne","Occitanie",null,{"$f":"ROWS($A$2:A1477)","v":1476},{"$f":"IF(Formulaire!$F$24='Codes postaux par région et dép'!A1477,H1477,\"\")","v":""},"",""]
[31420,"ALAN",null,31,"Haute-Garonne","Occitanie",null,{"$f":"ROWS($A$2:A1478)","v":1477},{"$f":"IF(Formulaire!$F$24='Codes postaux par région et dép'!A1478,H1478,\"\")","v":""},"",""]
[31420,"AURIGNAC",null,31,"Haute-Garonne","Occitanie",null,{"$f":"ROWS($A$2:A1479)","v":1478},{"$f":"IF(Formulaire!$F$24='Codes postaux par région et dép'!A1479,H1479,\"\")","v":""},"",""]
[31420,"BOUZIN",null,31,"Haute-Garonne","Occitanie",null,{"$f":"ROWS($A$2:A1480)","v":1479},{"$f":"IF(Formulaire!$F$24='Codes postaux par région et dép'!A1480,H1480,\"\")","v":""},"",""]
[31420,"CAZENEUVE MONTAUT",null,31,"Haute-Garonne","Occitanie",null,{"$f":"ROWS($A$2:A1481)","v":1480},{"$f":"IF(Formulaire!$F$24='Codes postaux par région et dép'!A1481,H1481,\"\")","v":""},"",""]
[31420,"BACHAS",null,31,"Haute-Garonne","Occitanie",null,{"$f":"ROWS($A$2:A1482)","v":1481},{"$f":"IF(Formulaire!$F$24='Codes postaux par région et dép'!A1482,H1482,\"\")","v":""},"",""]
[31420,"BOUSSAN",null,31,"Haute-Garonne","Occitanie",null,{"$f":"ROWS($A$2:A1483)","v":1482},{"$f":"IF(Formulaire!$F$24='Codes postaux par région et dép'!A1483,H1483,\"\")","v":""},"",""]
[31420,"PEYRISSAS",null,31,"Haute-Garonne","Occitanie",null,{"$f":"ROWS($A$2:A1484)","v":1483},{"$f":"IF(Formulaire!$F$24='Codes postaux par région et dép'!A1484,H1484,\"\")","v":""},"",""]
[31420,"PEYROUZET",null,31,"Haute-Garonne","Occitanie",null,{"$f":"ROWS($A$2:A1485)","v":1484},{"$f":"IF(Formulaire!$F$24='Codes postaux par région et dép'!A1485,H1485,\"\")","v":""},"",""]
[31420,"ESPARRON",null,31,"Haute-Garonne","Occitanie",null,{"$f":"ROWS($A$2:A1486)","v":1485},{"$f":"IF(Formulaire!$F$24='Codes postaux par région et dép'!A1486,H1486,\"\")","v":""},"",""]
[31420,"TERREBASSE",null,31,"Haute-Garonne","Occitanie",null,{"$f":"ROWS($A$2:A1487)","v":1486},{"$f":"IF(Formulaire!$F$24='Codes postaux par région et dép'!A1487,H1487,\"\")","v":""},"",""]
[31420,"SAMOUILLAN",null,31,"Haute-Garonne","Occitanie",null,{"$f":"ROWS($A$2:A1488)","v":1487},{"$f":"IF(Formulaire!$F$24='Codes postaux par région et dép'!A1488,H1488,\"\")","v":""},"",""]
[31420,"EOUX",null,31,"Haute-Garonne","Occitanie",null,{"$f":"ROWS($A$2:A1489)","v":1488},{"$f":"IF(Formulaire!$F$24='Codes postaux par région et dép'!A1489,H1489,\"\")","v":""},"",""]
[31420,"FRANCON",null,31,"Haute-Garonne","Occitanie",null,{"$f":"ROWS($A$2:A1490)","v":1489},{"$f":"IF(Formulaire!$F$24='Codes postaux par région et dép'!A1490,H1490,\"\")","v":""},"",""]
[31420,"MONTOULIEU ST BERNARD",null,31,"Haute-Garonne","Occitanie",null,{"$f":"ROWS($A$2:A1491)","v":1490},{"$f":"IF(Formulaire!$F$24='Codes postaux par région et dép'!A1491,H1491,\"\")","v":""},"",""]
[31420,"BENQUE",null,31,"Haute-Garonne","Occitanie",null,{"$f":"ROWS($A$2:A1492)","v":1491},{"$f":"IF(Formulaire!$F$24='Codes postaux par région et dép'!A1492,H1492,\"\")","v":""},"",""]
[31420,"AULON",null,31,"Haute-Garonne","Occitanie",null,{"$f":"ROWS($A$2:A1493)","v":1492},{"$f":"IF(Formulaire!$F$24='Codes postaux par région et dép'!A1493,H1493,\"\")","v":""},"",""]
[31420,"CASSAGNABERE TOURNAS",null,31,"Haute-Garonne","Occitanie",null,{"$f":"ROWS($A$2:A1494)","v":1493},{"$f":"IF(Formulaire!$F$24='Codes postaux par région et dép'!A1494,H1494,\"\")","v":""},"",""]
[31420,"ST ELIX SEGLAN",null,31,"Haute-Garonne","Occitanie",null,{"$f":"ROWS($A$2:A1495)","v":1494},{"$f":"IF(Formulaire!$F$24='Codes postaux par région et dép'!A1495,H1495,\"\")","v":""},"",""]
[31420,"ST ANDRE",null,31,"Haute-Garonne","Occitanie",null,{"$f":"ROWS($A$2:A1496)","v":1495},{"$f":"IF(Formulaire!$F$24='Codes postaux par région et dép'!A1496,H1496,\"\")","v":""},"",""]
[31430,"LUSSAN ADEILHAC",null,31,"Haute-Garonne","Occitanie",null,{"$f":"ROWS($A$2:A1497)","v":1496},{"$f":"IF(Formulaire!$F$24='Codes postaux par région et dép'!A1497,H1497,\"\")","v":""},"",""]
[31430,"CASTIES LABRANDE",null,31,"Haute-Garonne","Occitanie",null,{"$f":"ROWS($A$2:A1498)","v":1497},{"$f":"IF(Formulaire!$F$24='Codes postaux par région et dép'!A1498,H1498,\"\")","v":""},"",""]
[31430,"POLASTRON",null,31,"Haute-Garonne","Occitanie",null,{"$f":"ROWS($A$2:A1499)","v":1498},{"$f":"IF(Formulaire!$F$24='Codes postaux par région et dép'!A1499,H1499,\"\")","v":""},"",""]
[31430,"GRATENS",null,31,"Haute-Garonne","Occitanie",null,{"$f":"ROWS($A$2:A1500)","v":1499},{"$f":"IF(Formulaire!$F$24='Codes postaux par région et dép'!A1500,H1500,\"\")","v":""},"",""]
[31430,"MARIGNAC LASCLARES",null,31,"Haute-Garonne","Occitanie",null,{"$f":"ROWS($A$2:A1501)","v":1500},{"$f":"IF(Formulaire!$F$24='Codes postaux par région et dép'!A1501,H1501,\"\")","v":""},"",""]
[31430,"MONTOUSSIN",null,31,"Haute-Garonne","Occitanie",null,{"$f":"ROWS($A$2:A1502)","v":1501},{"$f":"IF(Formulaire!$F$24='Codes postaux par région et dép'!A1502,H1502,\"\")","v":""},"",""]
[31430,"POUY DE TOUGES",null,31,"Haute-Garonne","Occitanie",null,{"$f":"ROWS($A$2:A1503)","v":1502},{"$f":"IF(Formulaire!$F$24='Codes postaux par région et dép'!A1503,H1503,\"\")","v":""},"",""]
[31430,"ST ELIX LE CHATEAU",null,31,"Haute-Garonne","Occitanie",null,{"$f":"ROWS($A$2:A1504)","v":1503},{"$f":"IF(Formulaire!$F$24='Codes postaux par région et dép'!A1504,H1504,\"\")","v":""},"",""]
[31430,"SENARENS",null,31,"Haute-Garonne","Occitanie",null,{"$f":"ROWS($A$2:A1505)","v":1504},{"$f":"IF(Formulaire!$F$24='Codes postaux par région et dép'!A1505,H1505,\"\")","v":""},"",""]
[31430,"CASTELNAU PICAMPEAU",null,31,"Haute-Garonne","Occitanie",null,{"$f":"ROWS($A$2:A1506)","v":1505},{"$f":"IF(Formulaire!$F$24='Codes postaux par région et dép'!A1506,H1506,\"\")","v":""},"",""]
[31430,"LE FOUSSERET",null,31,"Haute-Garonne","Occitanie",null,{"$f":"ROWS($A$2:A1507)","v":1506},{"$f":"IF(Formulaire!$F$24='Codes postaux par région et dép'!A1507,H1507,\"\")","v":""},"",""]
[31430,"FUSTIGNAC",null,31,"Haute-Garonne","Occitanie",null,{"$f":"ROWS($A$2:A1508)","v":1507},{"$f":"IF(Formulaire!$F$24='Codes postaux par région et dép'!A1508,H1508,\"\")","v":""},"",""]
[31430,"MONTEGUT BOURJAC",null,31,"Haute-Garonne","Occitanie",null,{"$f":"ROWS($A$2:A1509)","v":1508},{"$f":"IF(Formulaire!$F$24='Codes postaux par région et dép'!A1509,H1509,\"\")","v":""},"",""]
[31430,"ST ARAILLE",null,31,"Haute-Garonne","Occitanie",null,{"$f":"ROWS($A$2:A1510)","v":1509},{"$f":"IF(Formulaire!$F$24='Codes postaux par région et dép'!A1510,H1510,\"\")","v":""},"",""]
[31440,"ARLOS",null,31,"Haute-Garonne","Occitanie",null,{"$f":"ROWS($A$2:A1511)","v":1510},{"$f":"IF(Formulaire!$F$24='Codes postaux par région et dép'!A1511,H1511,\"\")","v":""},"",""]
[31440,"CIERP GAUD",null,31,"Haute-Garonne","Occitanie",null,{"$f":"ROWS($A$2:A1512)","v":1511},{"$f":"IF(Formulaire!$F$24='Codes postaux par région et dép'!A1512,H1512,\"\")","v":""},"",""]
[31440,"ESTENOS",null,31,"Haute-Garonne","Occitanie",null,{"$f":"ROWS($A$2:A1513)","v":1512},{"$f":"IF(Formulaire!$F$24='Codes postaux par région et dép'!A1513,H1513,\"\")","v":""},"",""]
[31440,"LEGE",null,31,"Haute-Garonne","Occitanie",null,{"$f":"ROWS($A$2:A1514)","v":1513},{"$f":"IF(Formulaire!$F$24='Codes postaux par région et dép'!A1514,H1514,\"\")","v":""},"",""]
[31440,"MARIGNAC",null,31,"Haute-Garonne","Occitanie",null,{"$f":"ROWS($A$2:A1515)","v":1514},{"$f":"IF(Formulaire!$F$24='Codes postaux par région et dép'!A1515,H1515,\"\")","v":""},"",""]
[31440,"BURGALAYS",null,31,"Haute-Garonne","Occitanie",null,{"$f":"ROWS($A$2:A1516)","v":1515},{"$f":"IF(Formulaire!$F$24='Codes postaux par région et dép'!A1516,H1516,\"\")","v":""},"",""]
[31440,"CHAUM",null,31,"Haute-Garonne","Occitanie",null,{"$f":"ROWS($A$2:A1517)","v":1516},{"$f":"IF(Formulaire!$F$24='Codes postaux par région et dép'!A1517,H1517,\"\")","v":""},"",""]
[31440,"EUP",null,31,"Haute-Garonne","Occitanie",null,{"$f":"ROWS($A$2:A1518)","v":1517},{"$f":"IF(Formulaire!$F$24='Codes postaux par région et dép'!A1518,H1518,\"\")","v":""},"",""]
[31440,"ARGUT DESSOUS",null,31,"Haute-Garonne","Occitanie",null,{"$f":"ROWS($A$2:A1519)","v":1518},{"$f":"IF(Formulaire!$F$24='Codes postaux par région et dép'!A1519,H1519,\"\")","v":""},"",""]
[31440,"BACHOS",null,31,"Haute-Garonne","Occitanie",null,{"$f":"ROWS($A$2:A1520)","v":1519},{"$f":"IF(Formulaire!$F$24='Codes postaux par région et dép'!A1520,H1520,\"\")","v":""},"",""]
[31440,"BAREN",null,31,"Haute-Garonne","Occitanie",null,{"$f":"ROWS($A$2:A1521)","v":1520},{"$f":"IF(Formulaire!$F$24='Codes postaux par région et dép'!A1521,H1521,\"\")","v":""},"",""]
[31440,"BEZINS GARRAUX",null,31,"Haute-Garonne","Occitanie",null,{"$f":"ROWS($A$2:A1522)","v":1521},{"$f":"IF(Formulaire!$F$24='Codes postaux par région et dép'!A1522,H1522,\"\")","v":""},"",""]
[31440,"CAZAUX LAYRISSE",null,31,"Haute-Garonne","Occitanie",null,{"$f":"ROWS($A$2:A1523)","v":1522},{"$f":"IF(Formulaire!$F$24='Codes postaux par région et dép'!A1523,H1523,\"\")","v":""},"",""]
[31440,"FOS",null,31,"Haute-Garonne","Occitanie",null,{"$f":"ROWS($A$2:A1524)","v":1523},{"$f":"IF(Formulaire!$F$24='Codes postaux par région et dép'!A1524,H1524,\"\")","v":""},"",""]
[31440,"FRONSAC",null,31,"Haute-Garonne","Occitanie",null,{"$f":"ROWS($A$2:A1525)","v":1524},{"$f":"IF(Formulaire!$F$24='Codes postaux par région et dép'!A1525,H1525,\"\")","v":""},"",""]
[31440,"GURAN",null,31,"Haute-Garonne","Occitanie",null,{"$f":"ROWS($A$2:A1526)","v":1525},{"$f":"IF(Formulaire!$F$24='Codes postaux par région et dép'!A1526,H1526,\"\")","v":""},"",""]
[31440,"ST BEAT LEZ","LEZ",31,"Haute-Garonne","Occitanie",null,{"$f":"ROWS($A$2:A1527)","v":1526},{"$f":"IF(Formulaire!$F$24='Codes postaux par région et dép'!A1527,H1527,\"\")","v":""},"",""]
[31440,"ST BEAT LEZ","ST BEAT",31,"Haute-Garonne","Occitanie",null,{"$f":"ROWS($A$2:A1528)","v":1527},{"$f":"IF(Formulaire!$F$24='Codes postaux par région et dép'!A1528,H1528,\"\")","v":""},"",""]
[31440,"BINOS",null,31,"Haute-Garonne","Occitanie",null,{"$f":"ROWS($A$2:A1529)","v":1528},{"$f":"IF(Formulaire!$F$24='Codes postaux par région et dép'!A1529,H1529,\"\")","v":""},"",""]
[31440,"BOUTX","ARGUT DESSUS",31,"Haute-Garonne","Occitanie",null,{"$f":"ROWS($A$2:A1530)","v":1529},{"$f":"IF(Formulaire!$F$24='Codes postaux par région et dép'!A1530,H1530,\"\")","v":""},"",""]
[31440,"MELLES",null,31,"Haute-Garonne","Occitanie",null,{"$f":"ROWS($A$2:A1531)","v":1530},{"$f":"IF(Formulaire!$F$24='Codes postaux par région et dép'!A1531,H1531,\"\")","v":""},"",""]
[31440,"BOUTX",null,31,"Haute-Garonne","Occitanie",null,{"$f":"ROWS($A$2:A1532)","v":1531},{"$f":"IF(Formulaire!$F$24='Codes postaux par région et dép'!A1532,H1532,\"\")","v":""},"",""]
[31440,"CIERP GAUD","GAUD",31,"Haute-Garonne","Occitanie",null,{"$f":"ROWS($A$2:A1533)","v":1532},{"$f":"IF(Formulaire!$F$24='Codes postaux par région et dép'!A1533,H1533,\"\")","v":""},"",""]
[31440,"SIGNAC",null,31,"Haute-Garonne","Occitanie",null,{"$f":"ROWS($A$2:A1534)","v":1533},{"$f":"IF(Formulaire!$F$24='Codes postaux par région et dép'!A1534,H1534,\"\")","v":""},"",""]
[31450,"BELBEZE DE LAURAGAIS",null,31,"Haute-Garonne","Occitanie",null,{"$f":"ROWS($A$2:A1535)","v":1534},{"$f":"IF(Formulaire!$F$24='Codes postaux par région et dép'!A1535,H1535,\"\")","v":""},"",""]
[31450,"DONNEVILLE",null,31,"Haute-Garonne","Occitanie",null,{"$f":"ROWS($A$2:A1536)","v":1535},{"$f":"IF(Formulaire!$F$24='Codes postaux par région et dép'!A1536,H1536,\"\")","v":""},"",""]
[31450,"NOUEILLES",null,31,"Haute-Garonne","Occitanie",null,{"$f":"ROWS($A$2:A1537)","v":1536},{"$f":"IF(Formulaire!$F$24='Codes postaux par région et dép'!A1537,H1537,\"\")","v":""},"",""]
[31450,"DEYME",null,31,"Haute-Garonne","Occitanie",null,{"$f":"ROWS($A$2:A1538)","v":1537},{"$f":"IF(Formulaire!$F$24='Codes postaux par région et dép'!A1538,H1538,\"\")","v":""},{"$f":"IFERROR(SMALL($I:$I,H1538),\"\")","v":""},{"$f":"IFERROR(INDEX($B$2:$B$2867,J1538),\"\")","v":""}]
[31450,"ISSUS",null,31,"Haute-Garonne","Occitanie",null,{"$f":"ROWS($A$2:A1539)","v":1538},{"$f":"IF(Formulaire!$F$24='Codes postaux par région et dép'!A1539,H1539,\"\")","v":""},"",""]
[31450,"MONTBRUN LAURAGAIS",null,31,"Haute-Garonne","Occitanie",null,{"$f":"ROWS($A$2:A1540)","v":1539},{"$f":"IF(Formulaire!$F$24='Codes postaux par région et dép'!A1540,H1540,\"\")","v":""},"",""]
[31450,"MONTGISCARD",null,31,"Haute-Garonne","Occitanie",null,{"$f":"ROWS($A$2:A1541)","v":1540},{"$f":"IF(Formulaire!$F$24='Codes postaux par région et dép'!A1541,H1541,\"\")","v":""},"",""]
[31450,"POMPERTUZAT",null,31,"Haute-Garonne","Occitanie",null,{"$f":"ROWS($A$2:A1542)","v":1541},{"$f":"IF(Formulaire!$F$24='Codes postaux par région et dép'!A1542,H1542,\"\")","v":""},"",""]
[31450,"FOURQUEVAUX",null,31,"Haute-Garonne","Occitanie",null,{"$f":"ROWS($A$2:A1543)","v":1542},{"$f":"IF(Formulaire!$F$24='Codes postaux par région et dép'!A1543,H1543,\"\")","v":""},"",""]
[31450,"BAZIEGE",null,31,"Haute-Garonne","Occitanie",null,{"$f":"ROWS($A$2:A1544)","v":1543},{"$f":"IF(Formulaire!$F$24='Codes postaux par région et dép'!A1544,H1544,\"\")","v":""},"",""]
[31450,"ESPANES",null,31,"Haute-Garonne","Occitanie",null,{"$f":"ROWS($A$2:A1545)","v":1544},{"$f":"IF(Formulaire!$F$24='Codes postaux par région et dép'!A1545,H1545,\"\")","v":""},"",""]
[31450,"LABASTIDE BEAUVOIR",null,31,"Haute-Garonne","Occitanie",null,{"$f":"ROWS($A$2:A1546)","v":1545},{"$f":"IF(Formulaire!$F$24='Codes postaux par région et dép'!A1546,H1546,\"\")","v":""},"",""]
[31450,"AYGUESVIVES",null,31,"Haute-Garonne","Occitanie",null,{"$f":"ROWS($A$2:A1547)","v":1546},{"$f":"IF(Formulaire!$F$24='Codes postaux par région et dép'!A1547,H1547,\"\")","v":""},"",""]
[31450,"MONTLAUR",null,31,"Haute-Garonne","Occitanie",null,{"$f":"ROWS($A$2:A1548)","v":1547},{"$f":"IF(Formulaire!$F$24='Codes postaux par région et dép'!A1548,H1548,\"\")","v":""},"",""]
[31450,"ODARS",null,31,"Haute-Garonne","Occitanie",null,{"$f":"ROWS($A$2:A1549)","v":1548},{"$f":"IF(Formulaire!$F$24='Codes postaux par région et dép'!A1549,H1549,\"\")","v":""},"",""]
[31450,"BELBERAUD",null,31,"Haute-Garonne","Occitanie",null,{"$f":"ROWS($A$2:A1550)","v":1549},{"$f":"IF(Formulaire!$F$24='Codes postaux par région et dép'!A1550,H1550,\"\")","v":""},"",""]
[31450,"POUZE",null,31,"Haute-Garonne","Occitanie",null,{"$f":"ROWS($A$2:A1551)","v":1550},{"$f":"IF(Formulaire!$F$24='Codes postaux par région et dép'!A1551,H1551,\"\")","v":""},"",""]
[31450,"CORRONSAC",null,31,"Haute-Garonne","Occitanie",null,{"$f":"ROWS($A$2:A1552)","v":1551},{"$f":"IF(Formulaire!$F$24='Codes postaux par région et dép'!A1552,H1552,\"\")","v":""},"",""]
[31450,"MONTESQUIEU LAURAGAIS",null,31,"Haute-Garonne","Occitanie",null,{"$f":"ROWS($A$2:A1553)","v":1552},{"$f":"IF(Formulaire!$F$24='Codes postaux par région et dép'!A1553,H1553,\"\")","v":""},"",""]
[31450,"VARENNES",null,31,"Haute-Garonne","Occitanie",null,{"$f":"ROWS($A$2:A1554)","v":1553},{"$f":"IF(Formulaire!$F$24='Codes postaux par région et dép'!A1554,H1554,\"\")","v":""},"",""]
[31460,"CARAGOUDES",null,31,"Haute-Garonne","Occitanie",null,{"$f":"ROWS($A$2:A1555)","v":1554},{"$f":"IF(Formulaire!$F$24='Codes postaux par région et dép'!A1555,H1555,\"\")","v":""},"",""]
[31460,"ALBIAC",null,31,"Haute-Garonne","Occitanie",null,{"$f":"ROWS($A$2:A1556)","v":1555},{"$f":"IF(Formulaire!$F$24='Codes postaux par région et dép'!A1556,H1556,\"\")","v":""},"",""]
[31460,"CAMBIAC",null,31,"Haute-Garonne","Occitanie",null,{"$f":"ROWS($A$2:A1557)","v":1556},{"$f":"IF(Formulaire!$F$24='Codes postaux par région et dép'!A1557,H1557,\"\")","v":""},"",""]
[31460,"LE FAGET",null,31,"Haute-Garonne","Occitanie",null,{"$f":"ROWS($A$2:A1558)","v":1557},{"$f":"IF(Formulaire!$F$24='Codes postaux par région et dép'!A1558,H1558,\"\")","v":""},"",""]
[31460,"SAUSSENS",null,31,"Haute-Garonne","Occitanie",null,{"$f":"ROWS($A$2:A1559)","v":1558},{"$f":"IF(Formulaire!$F$24='Codes postaux par région et dép'!A1559,H1559,\"\")","v":""},"",""]
[31460,"MOURVILLES BASSES",null,31,"Haute-Garonne","Occitanie",null,{"$f":"ROWS($A$2:A1560)","v":1559},{"$f":"IF(Formulaire!$F$24='Codes postaux par région et dép'!A1560,H1560,\"\")","v":""},"",""]
[31460,"PRUNET",null,31,"Haute-Garonne","Occitanie",null,{"$f":"ROWS($A$2:A1561)","v":1560},{"$f":"IF(Formulaire!$F$24='Codes postaux par région et dép'!A1561,H1561,\"\")","v":""},"",""]
[31460,"LA SALVETAT LAURAGAIS",null,31,"Haute-Garonne","Occitanie",null,{"$f":"ROWS($A$2:A1562)","v":1561},{"$f":"IF(Formulaire!$F$24='Codes postaux par région et dép'!A1562,H1562,\"\")","v":""},"",""]
[31460,"LE CABANIAL",null,31,"Haute-Garonne","Occitanie",null,{"$f":"ROWS($A$2:A1563)","v":1562},{"$f":"IF(Formulaire!$F$24='Codes postaux par région et dép'!A1563,H1563,\"\")","v":""},"",""]
[31460,"FRANCARVILLE",null,31,"Haute-Garonne","Occitanie",null,{"$f":"ROWS($A$2:A1564)","v":1563},{"$f":"IF(Formulaire!$F$24='Codes postaux par région et dép'!A1564,H1564,\"\")","v":""},"",""]
[31460,"MAUREVILLE",null,31,"Haute-Garonne","Occitanie",null,{"$f":"ROWS($A$2:A1565)","v":1564},{"$f":"IF(Formulaire!$F$24='Codes postaux par région et dép'!A1565,H1565,\"\")","v":""},"",""]
[31460,"SEGREVILLE",null,31,"Haute-Garonne","Occitanie",null,{"$f":"ROWS($A$2:A1566)","v":1565},{"$f":"IF(Formulaire!$F$24='Codes postaux par région et dép'!A1566,H1566,\"\")","v":""},"",""]
[31460,"TOUTENS",null,31,"Haute-Garonne","Occitanie",null,{"$f":"ROWS($A$2:A1567)","v":1566},{"$f":"IF(Formulaire!$F$24='Codes postaux par région et dép'!A1567,H1567,\"\")","v":""},"",""]
[31460,"CARAMAN",null,31,"Haute-Garonne","Occitanie",null,{"$f":"ROWS($A$2:A1568)","v":1567},{"$f":"IF(Formulaire!$F$24='Codes postaux par région et dép'!A1568,H1568,\"\")","v":""},"",""]
[31460,"LOUBENS LAURAGAIS",null,31,"Haute-Garonne","Occitanie",null,{"$f":"ROWS($A$2:A1569)","v":1568},{"$f":"IF(Formulaire!$F$24='Codes postaux par région et dép'!A1569,H1569,\"\")","v":""},"",""]
[31460,"AURIAC SUR VENDINELLE",null,31,"Haute-Garonne","Occitanie",null,{"$f":"ROWS($A$2:A1570)","v":1569},{"$f":"IF(Formulaire!$F$24='Codes postaux par région et dép'!A1570,H1570,\"\")","v":""},"",""]
[31460,"BEAUVILLE",null,31,"Haute-Garonne","Occitanie",null,{"$f":"ROWS($A$2:A1571)","v":1570},{"$f":"IF(Formulaire!$F$24='Codes postaux par région et dép'!A1571,H1571,\"\")","v":""},"",""]
[31460,"MASCARVILLE",null,31,"Haute-Garonne","Occitanie",null,{"$f":"ROWS($A$2:A1572)","v":1571},{"$f":"IF(Formulaire!$F$24='Codes postaux par région et dép'!A1572,H1572,\"\")","v":""},"",""]
[31460,"VENDINE",null,31,"Haute-Garonne","Occitanie",null,{"$f":"ROWS($A$2:A1573)","v":1572},{"$f":"IF(Formulaire!$F$24='Codes postaux par région et dép'!A1573,H1573,\"\")","v":""},"",""]
[31470,"BRAGAYRAC",null,31,"Haute-Garonne","Occitanie",null,{"$f":"ROWS($A$2:A1574)","v":1573},{"$f":"IF(Formulaire!$F$24='Codes postaux par région et dép'!A1574,H1574,\"\")","v":""},"",""]
[31470,"CAMBERNARD",null,31,"Haute-Garonne","Occitanie",null,{"$f":"ROWS($A$2:A1575)","v":1574},{"$f":"IF(Formulaire!$F$24='Codes postaux par région et dép'!A1575,H1575,\"\")","v":""},"",""]
[31470,"FONTENILLES",null,31,"Haute-Garonne","Occitanie",null,{"$f":"ROWS($A$2:A1576)","v":1575},{"$f":"IF(Formulaire!$F$24='Codes postaux par région et dép'!A1576,H1576,\"\")","v":""},"",""]
[31470,"BONREPOS SUR AUSSONNELLE",null,31,"Haute-Garonne","Occitanie",null,{"$f":"ROWS($A$2:A1577)","v":1576},{"$f":"IF(Formulaire!$F$24='Codes postaux par région et dép'!A1577,H1577,\"\")","v":""},"",""]
[31470,"EMPEAUX",null,31,"Haute-Garonne","Occitanie",null,{"$f":"ROWS($A$2:A1578)","v":1577},{"$f":"IF(Formulaire!$F$24='Codes postaux par région et dép'!A1578,H1578,\"\")","v":""},"",""]
[31470,"STE FOY DE PEYROLIERES",null,31,"Haute-Garonne","Occitanie",null,{"$f":"ROWS($A$2:A1579)","v":1578},{"$f":"IF(Formulaire!$F$24='Codes postaux par région et dép'!A1579,H1579,\"\")","v":""},"",""]
[31470,"FONSORBES",null,31,"Haute-Garonne","Occitanie",null,{"$f":"ROWS($A$2:A1580)","v":1579},{"$f":"IF(Formulaire!$F$24='Codes postaux par région et dép'!A1580,H1580,\"\")","v":""},"",""]
[31470,"SAIGUEDE",null,31,"Haute-Garonne","Occitanie",null,{"$f":"ROWS($A$2:A1581)","v":1580},{"$f":"IF(Formulaire!$F$24='Codes postaux par région et dép'!A1581,H1581,\"\")","v":""},"",""]
[31470,"ST LYS",null,31,"Haute-Garonne","Occitanie",null,{"$f":"ROWS($A$2:A1582)","v":1581},{"$f":"IF(Formulaire!$F$24='Codes postaux par région et dép'!A1582,H1582,\"\")","v":""},"",""]
[31470,"ST THOMAS",null,31,"Haute-Garonne","Occitanie",null,{"$f":"ROWS($A$2:A1583)","v":1582},{"$f":"IF(Formulaire!$F$24='Codes postaux par région et dép'!A1583,H1583,\"\")","v":""},"",""]
[31480,"DRUDAS",null,31,"Haute-Garonne","Occitanie",null,{"$f":"ROWS($A$2:A1584)","v":1583},{"$f":"IF(Formulaire!$F$24='Codes postaux par région et dép'!A1584,H1584,\"\")","v":""},"",""]
[31480,"LAREOLE",null,31,"Haute-Garonne","Occitanie",null,{"$f":"ROWS($A$2:A1585)","v":1584},{"$f":"IF(Formulaire!$F$24='Codes postaux par région et dép'!A1585,H1585,\"\")","v":""},"",""]
[31480,"BRIGNEMONT",null,31,"Haute-Garonne","Occitanie",null,{"$f":"ROWS($A$2:A1586)","v":1585},{"$f":"IF(Formulaire!$F$24='Codes postaux par région et dép'!A1586,H1586,\"\")","v":""},"",""]
[31480,"CAUBIAC",null,31,"Haute-Garonne","Occitanie",null,{"$f":"ROWS($A$2:A1587)","v":1586},{"$f":"IF(Formulaire!$F$24='Codes postaux par région et dép'!A1587,H1587,\"\")","v":""},"",""]
[31480,"PUYSSEGUR",null,31,"Haute-Garonne","Occitanie",null,{"$f":"ROWS($A$2:A1588)","v":1587},{"$f":"IF(Formulaire!$F$24='Codes postaux par région et dép'!A1588,H1588,\"\")","v":""},"",""]
[31480,"LAGRAULET ST NICOLAS",null,31,"Haute-Garonne","Occitanie",null,{"$f":"ROWS($A$2:A1589)","v":1588},{"$f":"IF(Formulaire!$F$24='Codes postaux par région et dép'!A1589,H1589,\"\")","v":""},"",""]
[31480,"VIGNAUX",null,31,"Haute-Garonne","Occitanie",null,{"$f":"ROWS($A$2:A1590)","v":1589},{"$f":"IF(Formulaire!$F$24='Codes postaux par région et dép'!A1590,H1590,\"\")","v":""},"",""]
[31480,"CABANAC SEGUENVILLE",null,31,"Haute-Garonne","Occitanie",null,{"$f":"ROWS($A$2:A1591)","v":1590},{"$f":"IF(Formulaire!$F$24='Codes postaux par région et dép'!A1591,H1591,\"\")","v":""},"",""]
[31480,"CADOURS",null,31,"Haute-Garonne","Occitanie",null,{"$f":"ROWS($A$2:A1592)","v":1591},{"$f":"IF(Formulaire!$F$24='Codes postaux par région et dép'!A1592,H1592,\"\")","v":""},"",""]
[31480,"GARAC",null,31,"Haute-Garonne","Occitanie",null,{"$f":"ROWS($A$2:A1593)","v":1592},{"$f":"IF(Formulaire!$F$24='Codes postaux par région et dép'!A1593,H1593,\"\")","v":""},"",""]
[31480,"PELLEPORT",null,31,"Haute-Garonne","Occitanie",null,{"$f":"ROWS($A$2:A1594)","v":1593},{"$f":"IF(Formulaire!$F$24='Codes postaux par région et dép'!A1594,H1594,\"\")","v":""},"",""]
[31480,"BELLESSERRE",null,31,"Haute-Garonne","Occitanie",null,{"$f":"ROWS($A$2:A1595)","v":1594},{"$f":"IF(Formulaire!$F$24='Codes postaux par région et dép'!A1595,H1595,\"\")","v":""},"",""]
[31480,"LE GRES",null,31,"Haute-Garonne","Occitanie",null,{"$f":"ROWS($A$2:A1596)","v":1595},{"$f":"IF(Formulaire!$F$24='Codes postaux par région et dép'!A1596,H1596,\"\")","v":""},"",""]
[31480,"COX",null,31,"Haute-Garonne","Occitanie",null,{"$f":"ROWS($A$2:A1597)","v":1596},{"$f":"IF(Formulaire!$F$24='Codes postaux par région et dép'!A1597,H1597,\"\")","v":""},"",""]
[31490,"LEGUEVIN",null,31,"Haute-Garonne","Occitanie",null,{"$f":"ROWS($A$2:A1598)","v":1597},{"$f":"IF(Formulaire!$F$24='Codes postaux par région et dép'!A1598,H1598,\"\")","v":""},"",""]
[31490,"BRAX",null,31,"Haute-Garonne","Occitanie",null,{"$f":"ROWS($A$2:A1599)","v":1598},{"$f":"IF(Formulaire!$F$24='Codes postaux par région et dép'!A1599,H1599,\"\")","v":""},"",""]
[31500,"TOULOUSE",null,31,"Haute-Garonne","Occitanie",null,{"$f":"ROWS($A$2:A1600)","v":1599},{"$f":"IF(Formulaire!$F$24='Codes postaux par région et dép'!A1600,H1600,\"\")","v":""},"",""]
[31510,"BARBAZAN",null,31,"Haute-Garonne","Occitanie",null,{"$f":"ROWS($A$2:A1601)","v":1600},{"$f":"IF(Formulaire!$F$24='Codes postaux par région et dép'!A1601,H1601,\"\")","v":""},"",""]
[31510,"FRONTIGNAN DE COMMINGES",null,31,"Haute-Garonne","Occitanie",null,{"$f":"ROWS($A$2:A1602)","v":1601},{"$f":"IF(Formulaire!$F$24='Codes postaux par région et dép'!A1602,H1602,\"\")","v":""},{"$f":"IFERROR(SMALL($I:$I,H1602),\"\")","v":""},{"$f":"IFERROR(INDEX($B$2:$B$2867,J1602),\"\")","v":""}]
[31510,"LABROQUERE",null,31,"Haute-Garonne","Occitanie",null,{"$f":"ROWS($A$2:A1603)","v":1602},{"$f":"IF(Formulaire!$F$24='Codes postaux par région et dép'!A1603,H1603,\"\")","v":""},"",""]
[31510,"LUSCAN",null,31,"Haute-Garonne","Occitanie",null,{"$f":"ROWS($A$2:A1604)","v":1603},{"$f":"IF(Formulaire!$F$24='Codes postaux par région et dép'!A1604,H1604,\"\")","v":""},"",""]
[31510,"ORE",null,31,"Haute-Garonne","Occitanie",null,{"$f":"ROWS($A$2:A1605)","v":1604},{"$f":"IF(Formulaire!$F$24='Codes postaux par région et dép'!A1605,H1605,\"\")","v":""},"",""]
[31510,"ST BERTRAND DE COMMINGES",null,31,"Haute-Garonne","Occitanie",null,{"$f":"ROWS($A$2:A1606)","v":1605},{"$f":"IF(Formulaire!$F$24='Codes postaux par région et dép'!A1606,H1606,\"\")","v":""},"",""]
[31510,"GALIE",null,31,"Haute-Garonne","Occitanie",null,{"$f":"ROWS($A$2:A1607)","v":1606},{"$f":"IF(Formulaire!$F$24='Codes postaux par région et dép'!A1607,H1607,\"\")","v":""},"",""]
[31510,"GENOS",null,31,"Haute-Garonne","Occitanie",null,{"$f":"ROWS($A$2:A1608)","v":1607},{"$f":"IF(Formulaire!$F$24='Codes postaux par région et dép'!A1608,H1608,\"\")","v":""},"",""]
[31510,"SEILHAN",null,31,"Haute-Garonne","Occitanie",null,{"$f":"ROWS($A$2:A1609)","v":1608},{"$f":"IF(Formulaire!$F$24='Codes postaux par région et dép'!A1609,H1609,\"\")","v":""},"",""]
[31510,"SAUVETERRE DE COMMINGES",null,31,"Haute-Garonne","Occitanie",null,{"$f":"ROWS($A$2:A1610)","v":1609},{"$f":"IF(Formulaire!$F$24='Codes postaux par région et dép'!A1610,H1610,\"\")","v":""},"",""]
[31510,"BAGIRY",null,31,"Haute-Garonne","Occitanie",null,{"$f":"ROWS($A$2:A1611)","v":1610},{"$f":"IF(Formulaire!$F$24='Codes postaux par région et dép'!A1611,H1611,\"\")","v":""},"",""]
[31510,"LOURDE",null,31,"Haute-Garonne","Occitanie",null,{"$f":"ROWS($A$2:A1612)","v":1611},{"$f":"IF(Formulaire!$F$24='Codes postaux par région et dép'!A1612,H1612,\"\")","v":""},"",""]
[31510,"MALVEZIE",null,31,"Haute-Garonne","Occitanie",null,{"$f":"ROWS($A$2:A1613)","v":1612},{"$f":"IF(Formulaire!$F$24='Codes postaux par région et dép'!A1613,H1613,\"\")","v":""},"",""]
[31510,"MONT DE GALIE",null,31,"Haute-Garonne","Occitanie",null,{"$f":"ROWS($A$2:A1614)","v":1613},{"$f":"IF(Formulaire!$F$24='Codes postaux par région et dép'!A1614,H1614,\"\")","v":""},"",""]
[31510,"ANTICHAN DE FRONTIGNES",null,31,"Haute-Garonne","Occitanie",null,{"$f":"ROWS($A$2:A1615)","v":1614},{"$f":"IF(Formulaire!$F$24='Codes postaux par région et dép'!A1615,H1615,\"\")","v":""},"",""]
[31510,"PAYSSOUS",null,31,"Haute-Garonne","Occitanie",null,{"$f":"ROWS($A$2:A1616)","v":1615},{"$f":"IF(Formulaire!$F$24='Codes postaux par région et dép'!A1616,H1616,\"\")","v":""},"",""]
[31510,"CIER DE RIVIERE",null,31,"Haute-Garonne","Occitanie",null,{"$f":"ROWS($A$2:A1617)","v":1616},{"$f":"IF(Formulaire!$F$24='Codes postaux par région et dép'!A1617,H1617,\"\")","v":""},"",""]
[31510,"ST PE D ARDET",null,31,"Haute-Garonne","Occitanie",null,{"$f":"ROWS($A$2:A1618)","v":1617},{"$f":"IF(Formulaire!$F$24='Codes postaux par région et dép'!A1618,H1618,\"\")","v":""},"",""]
[31510,"VALCABRERE",null,31,"Haute-Garonne","Occitanie",null,{"$f":"ROWS($A$2:A1619)","v":1618},{"$f":"IF(Formulaire!$F$24='Codes postaux par région et dép'!A1619,H1619,\"\")","v":""},"",""]
[31520,"RAMONVILLE ST AGNE",null,31,"Haute-Garonne","Occitanie",null,{"$f":"ROWS($A$2:A1620)","v":1619},{"$f":"IF(Formulaire!$F$24='Codes postaux par région et dép'!A1620,H1620,\"\")","v":""},"",""]
[31530,"LASSERRE PRADERE","LASSERRE",31,"Haute-Garonne","Occitanie",null,{"$f":"ROWS($A$2:A1621)","v":1620},{"$f":"IF(Formulaire!$F$24='Codes postaux par région et dép'!A1621,H1621,\"\")","v":""},"",""]
[31530,"BELLEGARDE STE MARIE",null,31,"Haute-Garonne","Occitanie",null,{"$f":"ROWS($A$2:A1622)","v":1621},{"$f":"IF(Formulaire!$F$24='Codes postaux par région et dép'!A1622,H1622,\"\")","v":""},"",""]
[31530,"LE CASTERA",null,31,"Haute-Garonne","Occitanie",null,{"$f":"ROWS($A$2:A1623)","v":1622},{"$f":"IF(Formulaire!$F$24='Codes postaux par région et dép'!A1623,H1623,\"\")","v":""},"",""]
[31530,"THIL",null,31,"Haute-Garonne","Occitanie",null,{"$f":"ROWS($A$2:A1624)","v":1623},{"$f":"IF(Formulaire!$F$24='Codes postaux par région et dép'!A1624,H1624,\"\")","v":""},"",""]
[31530,"ST PAUL SUR SAVE",null,31,"Haute-Garonne","Occitanie",null,{"$f":"ROWS($A$2:A1625)","v":1624},{"$f":"IF(Formulaire!$F$24='Codes postaux par région et dép'!A1625,H1625,\"\")","v":""},"",""]
[31530,"MENVILLE",null,31,"Haute-Garonne","Occitanie",null,{"$f":"ROWS($A$2:A1626)","v":1625},{"$f":"IF(Formulaire!$F$24='Codes postaux par région et dép'!A1626,H1626,\"\")","v":""},"",""]
[31530,"MERENVIELLE",null,31,"Haute-Garonne","Occitanie",null,{"$f":"ROWS($A$2:A1627)","v":1626},{"$f":"IF(Formulaire!$F$24='Codes postaux par région et dép'!A1627,H1627,\"\")","v":""},"",""]
[31530,"BRETX",null,31,"Haute-Garonne","Occitanie",null,{"$f":"ROWS($A$2:A1628)","v":1627},{"$f":"IF(Formulaire!$F$24='Codes postaux par région et dép'!A1628,H1628,\"\")","v":""},"",""]
[31530,"LASSERRE PRADERE","PRADERE LES BOURGUETS",31,"Haute-Garonne","Occitanie",null,{"$f":"ROWS($A$2:A1629)","v":1628},{"$f":"IF(Formulaire!$F$24='Codes postaux par région et dép'!A1629,H1629,\"\")","v":""},"",""]
[31530,"STE LIVRADE",null,31,"Haute-Garonne","Occitanie",null,{"$f":"ROWS($A$2:A1630)","v":1629},{"$f":"IF(Formulaire!$F$24='Codes postaux par région et dép'!A1630,H1630,\"\")","v":""},"",""]
[31530,"LEVIGNAC",null,31,"Haute-Garonne","Occitanie",null,{"$f":"ROWS($A$2:A1631)","v":1630},{"$f":"IF(Formulaire!$F$24='Codes postaux par région et dép'!A1631,H1631,\"\")","v":""},"",""]
[31530,"MONTAIGUT SUR SAVE",null,31,"Haute-Garonne","Occitanie",null,{"$f":"ROWS($A$2:A1632)","v":1631},{"$f":"IF(Formulaire!$F$24='Codes postaux par région et dép'!A1632,H1632,\"\")","v":""},"",""]
[31540,"MOURVILLES HAUTES",null,31,"Haute-Garonne","Occitanie",null,{"$f":"ROWS($A$2:A1633)","v":1632},{"$f":"IF(Formulaire!$F$24='Codes postaux par région et dép'!A1633,H1633,\"\")","v":""},"",""]
[31540,"NOGARET",null,31,"Haute-Garonne","Occitanie",null,{"$f":"ROWS($A$2:A1634)","v":1633},{"$f":"IF(Formulaire!$F$24='Codes postaux par région et dép'!A1634,H1634,\"\")","v":""},"",""]
[31540,"BELESTA EN LAURAGAIS",null,31,"Haute-Garonne","Occitanie",null,{"$f":"ROWS($A$2:A1635)","v":1634},{"$f":"IF(Formulaire!$F$24='Codes postaux par région et dép'!A1635,H1635,\"\")","v":""},"",""]
[31540,"MAURENS",null,31,"Haute-Garonne","Occitanie",null,{"$f":"ROWS($A$2:A1636)","v":1635},{"$f":"IF(Formulaire!$F$24='Codes postaux par région et dép'!A1636,H1636,\"\")","v":""},"",""]
[31540,"VAUX",null,31,"Haute-Garonne","Occitanie",null,{"$f":"ROWS($A$2:A1637)","v":1636},{"$f":"IF(Formulaire!$F$24='Codes postaux par région et dép'!A1637,H1637,\"\")","v":""},"",""]
[31540,"FALGA",null,31,"Haute-Garonne","Occitanie",null,{"$f":"ROWS($A$2:A1638)","v":1637},{"$f":"IF(Formulaire!$F$24='Codes postaux par région et dép'!A1638,H1638,\"\")","v":""},"",""]
[31540,"JUZES",null,31,"Haute-Garonne","Occitanie",null,{"$f":"ROWS($A$2:A1639)","v":1638},{"$f":"IF(Formulaire!$F$24='Codes postaux par région et dép'!A1639,H1639,\"\")","v":""},"",""]
[31540,"MONTEGUT LAURAGAIS",null,31,"Haute-Garonne","Occitanie",null,{"$f":"ROWS($A$2:A1640)","v":1639},{"$f":"IF(Formulaire!$F$24='Codes postaux par région et dép'!A1640,H1640,\"\")","v":""},"",""]
[31540,"ROUMENS",null,31,"Haute-Garonne","Occitanie",null,{"$f":"ROWS($A$2:A1641)","v":1640},{"$f":"IF(Formulaire!$F$24='Codes postaux par région et dép'!A1641,H1641,\"\")","v":""},"",""]
[31540,"ST FELIX LAURAGAIS",null,31,"Haute-Garonne","Occitanie",null,{"$f":"ROWS($A$2:A1642)","v":1641},{"$f":"IF(Formulaire!$F$24='Codes postaux par région et dép'!A1642,H1642,\"\")","v":""},"",""]
[31540,"ST JULIA",null,31,"Haute-Garonne","Occitanie",null,{"$f":"ROWS($A$2:A1643)","v":1642},{"$f":"IF(Formulaire!$F$24='Codes postaux par région et dép'!A1643,H1643,\"\")","v":""},"",""]
[31550,"CINTEGABELLE",null,31,"Haute-Garonne","Occitanie",null,{"$f":"ROWS($A$2:A1644)","v":1643},{"$f":"IF(Formulaire!$F$24='Codes postaux par région et dép'!A1644,H1644,\"\")","v":""},"",""]
[31550,"MARLIAC",null,31,"Haute-Garonne","Occitanie",null,{"$f":"ROWS($A$2:A1645)","v":1644},{"$f":"IF(Formulaire!$F$24='Codes postaux par région et dép'!A1645,H1645,\"\")","v":""},"",""]
[31550,"AIGNES",null,31,"Haute-Garonne","Occitanie",null,{"$f":"ROWS($A$2:A1646)","v":1645},{"$f":"IF(Formulaire!$F$24='Codes postaux par région et dép'!A1646,H1646,\"\")","v":""},"",""]
[31550,"GAILLAC TOULZA",null,31,"Haute-Garonne","Occitanie",null,{"$f":"ROWS($A$2:A1647)","v":1646},{"$f":"IF(Formulaire!$F$24='Codes postaux par région et dép'!A1647,H1647,\"\")","v":""},"",""]
[31560,"CAIGNAC",null,31,"Haute-Garonne","Occitanie",null,{"$f":"ROWS($A$2:A1648)","v":1647},{"$f":"IF(Formulaire!$F$24='Codes postaux par région et dép'!A1648,H1648,\"\")","v":""},"",""]
[31560,"SEYRE",null,31,"Haute-Garonne","Occitanie",null,{"$f":"ROWS($A$2:A1649)","v":1648},{"$f":"IF(Formulaire!$F$24='Codes postaux par région et dép'!A1649,H1649,\"\")","v":""},"",""]
[31560,"CALMONT",null,31,"Haute-Garonne","Occitanie",null,{"$f":"ROWS($A$2:A1650)","v":1649},{"$f":"IF(Formulaire!$F$24='Codes postaux par région et dép'!A1650,H1650,\"\")","v":""},"",""]
[31560,"MONESTROL",null,31,"Haute-Garonne","Occitanie",null,{"$f":"ROWS($A$2:A1651)","v":1650},{"$f":"IF(Formulaire!$F$24='Codes postaux par région et dép'!A1651,H1651,\"\")","v":""},"",""]
[31560,"GIBEL",null,31,"Haute-Garonne","Occitanie",null,{"$f":"ROWS($A$2:A1652)","v":1651},{"$f":"IF(Formulaire!$F$24='Codes postaux par région et dép'!A1652,H1652,\"\")","v":""},"",""]
[31560,"MONTGEARD",null,31,"Haute-Garonne","Occitanie",null,{"$f":"ROWS($A$2:A1653)","v":1652},{"$f":"IF(Formulaire!$F$24='Codes postaux par région et dép'!A1653,H1653,\"\")","v":""},"",""]
[31560,"NAILLOUX",null,31,"Haute-Garonne","Occitanie",null,{"$f":"ROWS($A$2:A1654)","v":1653},{"$f":"IF(Formulaire!$F$24='Codes postaux par région et dép'!A1654,H1654,\"\")","v":""},"",""]
[31560,"ST LEON",null,31,"Haute-Garonne","Occitanie",null,{"$f":"ROWS($A$2:A1655)","v":1654},{"$f":"IF(Formulaire!$F$24='Codes postaux par région et dép'!A1655,H1655,\"\")","v":""},"",""]
[31570,"LANTA",null,31,"Haute-Garonne","Occitanie",null,{"$f":"ROWS($A$2:A1656)","v":1655},{"$f":"IF(Formulaire!$F$24='Codes postaux par région et dép'!A1656,H1656,\"\")","v":""},"",""]
[31570,"ST PIERRE DE LAGES",null,31,"Haute-Garonne","Occitanie",null,{"$f":"ROWS($A$2:A1657)","v":1656},{"$f":"IF(Formulaire!$F$24='Codes postaux par région et dép'!A1657,H1657,\"\")","v":""},"",""]
[31570,"STE FOY D AIGREFEUILLE",null,31,"Haute-Garonne","Occitanie",null,{"$f":"ROWS($A$2:A1658)","v":1657},{"$f":"IF(Formulaire!$F$24='Codes postaux par région et dép'!A1658,H1658,\"\")","v":""},"",""]
[31570,"AURIN",null,31,"Haute-Garonne","Occitanie",null,{"$f":"ROWS($A$2:A1659)","v":1658},{"$f":"IF(Formulaire!$F$24='Codes postaux par région et dép'!A1659,H1659,\"\")","v":""},"",""]
[31570,"BOURG ST BERNARD",null,31,"Haute-Garonne","Occitanie",null,{"$f":"ROWS($A$2:A1660)","v":1659},{"$f":"IF(Formulaire!$F$24='Codes postaux par région et dép'!A1660,H1660,\"\")","v":""},"",""]
[31570,"PRESERVILLE",null,31,"Haute-Garonne","Occitanie",null,{"$f":"ROWS($A$2:A1661)","v":1660},{"$f":"IF(Formulaire!$F$24='Codes postaux par région et dép'!A1661,H1661,\"\")","v":""},"",""]
[31570,"TARABEL",null,31,"Haute-Garonne","Occitanie",null,{"$f":"ROWS($A$2:A1662)","v":1661},{"$f":"IF(Formulaire!$F$24='Codes postaux par région et dép'!A1662,H1662,\"\")","v":""},"",""]
[31570,"VALLESVILLES",null,31,"Haute-Garonne","Occitanie",null,{"$f":"ROWS($A$2:A1663)","v":1662},{"$f":"IF(Formulaire!$F$24='Codes postaux par région et dép'!A1663,H1663,\"\")","v":""},"",""]
[31580,"CAZARIL TAMBOURES",null,31,"Haute-Garonne","Occitanie",null,{"$f":"ROWS($A$2:A1664)","v":1663},{"$f":"IF(Formulaire!$F$24='Codes postaux par région et dép'!A1664,H1664,\"\")","v":""},"",""]
[31580,"SEDEILHAC",null,31,"Haute-Garonne","Occitanie",null,{"$f":"ROWS($A$2:A1665)","v":1664},{"$f":"IF(Formulaire!$F$24='Codes postaux par région et dép'!A1665,H1665,\"\")","v":""},"",""]
[31580,"LARROQUE",null,31,"Haute-Garonne","Occitanie",null,{"$f":"ROWS($A$2:A1666)","v":1665},{"$f":"IF(Formulaire!$F$24='Codes postaux par région et dép'!A1666,H1666,\"\")","v":""},{"$f":"IFERROR(SMALL($I:$I,H1666),\"\")","v":""},{"$f":"IFERROR(INDEX($B$2:$B$2867,J1666),\"\")","v":""}]
[31580,"VILLENEUVE LECUSSAN",null,31,"Haute-Garonne","Occitanie",null,{"$f":"ROWS($A$2:A1667)","v":1666},{"$f":"IF(Formulaire!$F$24='Codes postaux par région et dép'!A1667,H1667,\"\")","v":""},"",""]
[31580,"ST PLANCARD",null,31,"Haute-Garonne","Occitanie",null,{"$f":"ROWS($A$2:A1668)","v":1667},{"$f":"IF(Formulaire!$F$24='Codes postaux par région et dép'!A1668,H1668,\"\")","v":""},"",""]
[31580,"LECUSSAN",null,31,"Haute-Garonne","Occitanie",null,{"$f":"ROWS($A$2:A1669)","v":1668},{"$f":"IF(Formulaire!$F$24='Codes postaux par région et dép'!A1669,H1669,\"\")","v":""},"",""]
[31580,"LOUDET",null,31,"Haute-Garonne","Occitanie",null,{"$f":"ROWS($A$2:A1670)","v":1669},{"$f":"IF(Formulaire!$F$24='Codes postaux par région et dép'!A1670,H1670,\"\")","v":""},"",""]
[31580,"BALESTA",null,31,"Haute-Garonne","Occitanie",null,{"$f":"ROWS($A$2:A1671)","v":1670},{"$f":"IF(Formulaire!$F$24='Codes postaux par région et dép'!A1671,H1671,\"\")","v":""},"",""]
[31580,"BOUDRAC",null,31,"Haute-Garonne","Occitanie",null,{"$f":"ROWS($A$2:A1672)","v":1671},{"$f":"IF(Formulaire!$F$24='Codes postaux par région et dép'!A1672,H1672,\"\")","v":""},"",""]
[31590,"BONREPOS RIQUET",null,31,"Haute-Garonne","Occitanie",null,{"$f":"ROWS($A$2:A1673)","v":1672},{"$f":"IF(Formulaire!$F$24='Codes postaux par région et dép'!A1673,H1673,\"\")","v":""},"",""]
[31590,"LAVALETTE",null,31,"Haute-Garonne","Occitanie",null,{"$f":"ROWS($A$2:A1674)","v":1673},{"$f":"IF(Formulaire!$F$24='Codes postaux par région et dép'!A1674,H1674,\"\")","v":""},"",""]
[31590,"VERFEIL",null,31,"Haute-Garonne","Occitanie",null,{"$f":"ROWS($A$2:A1675)","v":1674},{"$f":"IF(Formulaire!$F$24='Codes postaux par région et dép'!A1675,H1675,\"\")","v":""},"",""]
[31590,"GAURE",null,31,"Haute-Garonne","Occitanie",null,{"$f":"ROWS($A$2:A1676)","v":1675},{"$f":"IF(Formulaire!$F$24='Codes postaux par région et dép'!A1676,H1676,\"\")","v":""},"",""]
[31590,"ST MARCEL PAULEL",null,31,"Haute-Garonne","Occitanie",null,{"$f":"ROWS($A$2:A1677)","v":1676},{"$f":"IF(Formulaire!$F$24='Codes postaux par région et dép'!A1677,H1677,\"\")","v":""},"",""]
[31590,"ST PIERRE",null,31,"Haute-Garonne","Occitanie",null,{"$f":"ROWS($A$2:A1678)","v":1677},{"$f":"IF(Formulaire!$F$24='Codes postaux par région et dép'!A1678,H1678,\"\")","v":""},"",""]
[31600,"LHERM",null,31,"Haute-Garonne","Occitanie",null,{"$f":"ROWS($A$2:A1679)","v":1678},{"$f":"IF(Formulaire!$F$24='Codes postaux par région et dép'!A1679,H1679,\"\")","v":""},"",""]
[31600,"EAUNES",null,31,"Haute-Garonne","Occitanie",null,{"$f":"ROWS($A$2:A1680)","v":1679},{"$f":"IF(Formulaire!$F$24='Codes postaux par région et dép'!A1680,H1680,\"\")","v":""},"",""]
[31600,"SEYSSES",null,31,"Haute-Garonne","Occitanie",null,{"$f":"ROWS($A$2:A1681)","v":1680},{"$f":"IF(Formulaire!$F$24='Codes postaux par région et dép'!A1681,H1681,\"\")","v":""},"",""]
[31600,"ST CLAR DE RIVIERE",null,31,"Haute-Garonne","Occitanie",null,{"$f":"ROWS($A$2:A1682)","v":1681},{"$f":"IF(Formulaire!$F$24='Codes postaux par région et dép'!A1682,H1682,\"\")","v":""},"",""]
[31600,"MURET",null,31,"Haute-Garonne","Occitanie",null,{"$f":"ROWS($A$2:A1683)","v":1682},{"$f":"IF(Formulaire!$F$24='Codes postaux par région et dép'!A1683,H1683,\"\")","v":""},"",""]
[31600,"SAUBENS",null,31,"Haute-Garonne","Occitanie",null,{"$f":"ROWS($A$2:A1684)","v":1683},{"$f":"IF(Formulaire!$F$24='Codes postaux par région et dép'!A1684,H1684,\"\")","v":""},"",""]
[31600,"LABASTIDETTE",null,31,"Haute-Garonne","Occitanie",null,{"$f":"ROWS($A$2:A1685)","v":1684},{"$f":"IF(Formulaire!$F$24='Codes postaux par région et dép'!A1685,H1685,\"\")","v":""},"",""]
[31600,"LAMASQUERE",null,31,"Haute-Garonne","Occitanie",null,{"$f":"ROWS($A$2:A1686)","v":1685},{"$f":"IF(Formulaire!$F$24='Codes postaux par région et dép'!A1686,H1686,\"\")","v":""},"",""]
[31620,"FRONTON",null,31,"Haute-Garonne","Occitanie",null,{"$f":"ROWS($A$2:A1687)","v":1686},{"$f":"IF(Formulaire!$F$24='Codes postaux par région et dép'!A1687,H1687,\"\")","v":""},"",""]
[31620,"CASTELNAU D ESTRETEFONDS",null,31,"Haute-Garonne","Occitanie",null,{"$f":"ROWS($A$2:A1688)","v":1687},{"$f":"IF(Formulaire!$F$24='Codes postaux par région et dép'!A1688,H1688,\"\")","v":""},"",""]
[31620,"ST RUSTICE",null,31,"Haute-Garonne","Occitanie",null,{"$f":"ROWS($A$2:A1689)","v":1688},{"$f":"IF(Formulaire!$F$24='Codes postaux par région et dép'!A1689,H1689,\"\")","v":""},"",""]
[31620,"BOULOC",null,31,"Haute-Garonne","Occitanie",null,{"$f":"ROWS($A$2:A1690)","v":1689},{"$f":"IF(Formulaire!$F$24='Codes postaux par région et dép'!A1690,H1690,\"\")","v":""},"",""]
[31620,"CEPET",null,31,"Haute-Garonne","Occitanie",null,{"$f":"ROWS($A$2:A1691)","v":1690},{"$f":"IF(Formulaire!$F$24='Codes postaux par région et dép'!A1691,H1691,\"\")","v":""},"",""]
[31620,"GARGAS",null,31,"Haute-Garonne","Occitanie",null,{"$f":"ROWS($A$2:A1692)","v":1691},{"$f":"IF(Formulaire!$F$24='Codes postaux par région et dép'!A1692,H1692,\"\")","v":""},"",""]
[31620,"LABASTIDE ST SERNIN",null,31,"Haute-Garonne","Occitanie",null,{"$f":"ROWS($A$2:A1693)","v":1692},{"$f":"IF(Formulaire!$F$24='Codes postaux par région et dép'!A1693,H1693,\"\")","v":""},"",""]
[31620,"VILLAUDRIC",null,31,"Haute-Garonne","Occitanie",null,{"$f":"ROWS($A$2:A1694)","v":1693},{"$f":"IF(Formulaire!$F$24='Codes postaux par région et dép'!A1694,H1694,\"\")","v":""},"",""]
[31620,"VILLENEUVE LES BOULOC",null,31,"Haute-Garonne","Occitanie",null,{"$f":"ROWS($A$2:A1695)","v":1694},{"$f":"IF(Formulaire!$F$24='Codes postaux par région et dép'!A1695,H1695,\"\")","v":""},"",""]
[31650,"AUZIELLE",null,31,"Haute-Garonne","Occitanie",null,{"$f":"ROWS($A$2:A1696)","v":1695},{"$f":"IF(Formulaire!$F$24='Codes postaux par région et dép'!A1696,H1696,\"\")","v":""},"",""]
[31650,"ST ORENS DE GAMEVILLE",null,31,"Haute-Garonne","Occitanie",null,{"$f":"ROWS($A$2:A1697)","v":1696},{"$f":"IF(Formulaire!$F$24='Codes postaux par région et dép'!A1697,H1697,\"\")","v":""},"",""]
[31650,"LAUZERVILLE",null,31,"Haute-Garonne","Occitanie",null,{"$f":"ROWS($A$2:A1698)","v":1697},{"$f":"IF(Formulaire!$F$24='Codes postaux par région et dép'!A1698,H1698,\"\")","v":""},"",""]
[31660,"BESSIERES",null,31,"Haute-Garonne","Occitanie",null,{"$f":"ROWS($A$2:A1699)","v":1698},{"$f":"IF(Formulaire!$F$24='Codes postaux par région et dép'!A1699,H1699,\"\")","v":""},"",""]
[31660,"BUZET SUR TARN",null,31,"Haute-Garonne","Occitanie",null,{"$f":"ROWS($A$2:A1700)","v":1699},{"$f":"IF(Formulaire!$F$24='Codes postaux par région et dép'!A1700,H1700,\"\")","v":""},"",""]
[31670,"LABEGE",null,31,"Haute-Garonne","Occitanie",null,{"$f":"ROWS($A$2:A1701)","v":1700},{"$f":"IF(Formulaire!$F$24='Codes postaux par région et dép'!A1701,H1701,\"\")","v":""},"",""]
[31700,"BLAGNAC",null,31,"Haute-Garonne","Occitanie",null,{"$f":"ROWS($A$2:A1702)","v":1701},{"$f":"IF(Formulaire!$F$24='Codes postaux par région et dép'!A1702,H1702,\"\")","v":""},"",""]
[31700,"MONDONVILLE",null,31,"Haute-Garonne","Occitanie",null,{"$f":"ROWS($A$2:A1703)","v":1702},{"$f":"IF(Formulaire!$F$24='Codes postaux par région et dép'!A1703,H1703,\"\")","v":""},"",""]
[31700,"BEAUZELLE",null,31,"Haute-Garonne","Occitanie",null,{"$f":"ROWS($A$2:A1704)","v":1703},{"$f":"IF(Formulaire!$F$24='Codes postaux par région et dép'!A1704,H1704,\"\")","v":""},"",""]
[31700,"DAUX",null,31,"Haute-Garonne","Occitanie",null,{"$f":"ROWS($A$2:A1705)","v":1704},{"$f":"IF(Formulaire!$F$24='Codes postaux par région et dép'!A1705,H1705,\"\")","v":""},"",""]
[31700,"CORNEBARRIEU",null,31,"Haute-Garonne","Occitanie",null,{"$f":"ROWS($A$2:A1706)","v":1705},{"$f":"IF(Formulaire!$F$24='Codes postaux par région et dép'!A1706,H1706,\"\")","v":""},"",""]
[31750,"ESCALQUENS",null,31,"Haute-Garonne","Occitanie",null,{"$f":"ROWS($A$2:A1707)","v":1706},{"$f":"IF(Formulaire!$F$24='Codes postaux par région et dép'!A1707,H1707,\"\")","v":""},"",""]
[31770,"COLOMIERS",null,31,"Haute-Garonne","Occitanie",null,{"$f":"ROWS($A$2:A1708)","v":1707},{"$f":"IF(Formulaire!$F$24='Codes postaux par région et dép'!A1708,H1708,\"\")","v":""},"",""]
[31780,"CASTELGINEST",null,31,"Haute-Garonne","Occitanie",null,{"$f":"ROWS($A$2:A1709)","v":1708},{"$f":"IF(Formulaire!$F$24='Codes postaux par région et dép'!A1709,H1709,\"\")","v":""},"",""]
[31790,"ST SAUVEUR",null,31,"Haute-Garonne","Occitanie",null,{"$f":"ROWS($A$2:A1710)","v":1709},{"$f":"IF(Formulaire!$F$24='Codes postaux par région et dép'!A1710,H1710,\"\")","v":""},"",""]
[31790,"ST JORY",null,31,"Haute-Garonne","Occitanie",null,{"$f":"ROWS($A$2:A1711)","v":1710},{"$f":"IF(Formulaire!$F$24='Codes postaux par région et dép'!A1711,H1711,\"\")","v":""},"",""]
[31800,"ST MARCET",null,31,"Haute-Garonne","Occitanie",null,{"$f":"ROWS($A$2:A1712)","v":1711},{"$f":"IF(Formulaire!$F$24='Codes postaux par région et dép'!A1712,H1712,\"\")","v":""},"",""]
[31800,"LABARTHE INARD",null,31,"Haute-Garonne","Occitanie",null,{"$f":"ROWS($A$2:A1713)","v":1712},{"$f":"IF(Formulaire!$F$24='Codes postaux par région et dép'!A1713,H1713,\"\")","v":""},"",""]
[31800,"LARCAN",null,31,"Haute-Garonne","Occitanie",null,{"$f":"ROWS($A$2:A1714)","v":1713},{"$f":"IF(Formulaire!$F$24='Codes postaux par région et dép'!A1714,H1714,\"\")","v":""},"",""]
[31800,"MIRAMONT DE COMMINGES",null,31,"Haute-Garonne","Occitanie",null,{"$f":"ROWS($A$2:A1715)","v":1714},{"$f":"IF(Formulaire!$F$24='Codes postaux par région et dép'!A1715,H1715,\"\")","v":""},"",""]
[31800,"LANDORTHE",null,31,"Haute-Garonne","Occitanie",null,{"$f":"ROWS($A$2:A1716)","v":1715},{"$f":"IF(Formulaire!$F$24='Codes postaux par région et dép'!A1716,H1716,\"\")","v":""},"",""]
[31800,"LATOUE",null,31,"Haute-Garonne","Occitanie",null,{"$f":"ROWS($A$2:A1717)","v":1716},{"$f":"IF(Formulaire!$F$24='Codes postaux par région et dép'!A1717,H1717,\"\")","v":""},"",""]
[31800,"LIEOUX",null,31,"Haute-Garonne","Occitanie",null,{"$f":"ROWS($A$2:A1718)","v":1717},{"$f":"IF(Formulaire!$F$24='Codes postaux par région et dép'!A1718,H1718,\"\")","v":""},"",""]
[31800,"ST GAUDENS",null,31,"Haute-Garonne","Occitanie",null,{"$f":"ROWS($A$2:A1719)","v":1718},{"$f":"IF(Formulaire!$F$24='Codes postaux par région et dép'!A1719,H1719,\"\")","v":""},"",""]
[31800,"SAUX ET POMAREDE",null,31,"Haute-Garonne","Occitanie",null,{"$f":"ROWS($A$2:A1720)","v":1719},{"$f":"IF(Formulaire!$F$24='Codes postaux par région et dép'!A1720,H1720,\"\")","v":""},"",""]
[31800,"VALENTINE",null,31,"Haute-Garonne","Occitanie",null,{"$f":"ROWS($A$2:A1721)","v":1720},{"$f":"IF(Formulaire!$F$24='Codes postaux par région et dép'!A1721,H1721,\"\")","v":""},"",""]
[31800,"ESTANCARBON",null,31,"Haute-Garonne","Occitanie",null,{"$f":"ROWS($A$2:A1722)","v":1721},{"$f":"IF(Formulaire!$F$24='Codes postaux par région et dép'!A1722,H1722,\"\")","v":""},"",""]
[31800,"LABARTHE RIVIERE",null,31,"Haute-Garonne","Occitanie",null,{"$f":"ROWS($A$2:A1723)","v":1722},{"$f":"IF(Formulaire!$F$24='Codes postaux par région et dép'!A1723,H1723,\"\")","v":""},"",""]
[31800,"ASPRET SARRAT",null,31,"Haute-Garonne","Occitanie",null,{"$f":"ROWS($A$2:A1724)","v":1723},{"$f":"IF(Formulaire!$F$24='Codes postaux par région et dép'!A1724,H1724,\"\")","v":""},"",""]
[31800,"ST IGNAN",null,31,"Haute-Garonne","Occitanie",null,{"$f":"ROWS($A$2:A1725)","v":1724},{"$f":"IF(Formulaire!$F$24='Codes postaux par région et dép'!A1725,H1725,\"\")","v":""},"",""]
[31800,"SAVARTHES",null,31,"Haute-Garonne","Occitanie",null,{"$f":"ROWS($A$2:A1726)","v":1725},{"$f":"IF(Formulaire!$F$24='Codes postaux par région et dép'!A1726,H1726,\"\")","v":""},"",""]
[31800,"LALOURET LAFFITEAU",null,31,"Haute-Garonne","Occitanie",null,{"$f":"ROWS($A$2:A1727)","v":1726},{"$f":"IF(Formulaire!$F$24='Codes postaux par région et dép'!A1727,H1727,\"\")","v":""},"",""]
[31800,"LODES",null,31,"Haute-Garonne","Occitanie",null,{"$f":"ROWS($A$2:A1728)","v":1727},{"$f":"IF(Formulaire!$F$24='Codes postaux par région et dép'!A1728,H1728,\"\")","v":""},"",""]
[31800,"POINTIS INARD",null,31,"Haute-Garonne","Occitanie",null,{"$f":"ROWS($A$2:A1729)","v":1728},{"$f":"IF(Formulaire!$F$24='Codes postaux par région et dép'!A1729,H1729,\"\")","v":""},"",""]
[31800,"REGADES",null,31,"Haute-Garonne","Occitanie",null,{"$f":"ROWS($A$2:A1730)","v":1729},{"$f":"IF(Formulaire!$F$24='Codes postaux par région et dép'!A1730,H1730,\"\")","v":""},{"$f":"IFERROR(SMALL($I:$I,H1730),\"\")","v":""},{"$f":"IFERROR(INDEX($B$2:$B$2867,J1730),\"\")","v":""}]
[31800,"RIEUCAZE",null,31,"Haute-Garonne","Occitanie",null,{"$f":"ROWS($A$2:A1731)","v":1730},{"$f":"IF(Formulaire!$F$24='Codes postaux par région et dép'!A1731,H1731,\"\")","v":""},"",""]
[31800,"VILLENEUVE DE RIVIERE",null,31,"Haute-Garonne","Occitanie",null,{"$f":"ROWS($A$2:A1732)","v":1731},{"$f":"IF(Formulaire!$F$24='Codes postaux par région et dép'!A1732,H1732,\"\")","v":""},"",""]
[31810,"CLERMONT LE FORT",null,31,"Haute-Garonne","Occitanie",null,{"$f":"ROWS($A$2:A1733)","v":1732},{"$f":"IF(Formulaire!$F$24='Codes postaux par région et dép'!A1733,H1733,\"\")","v":""},"",""]
[31810,"VERNET",null,31,"Haute-Garonne","Occitanie",null,{"$f":"ROWS($A$2:A1734)","v":1733},{"$f":"IF(Formulaire!$F$24='Codes postaux par région et dép'!A1734,H1734,\"\")","v":""},"",""]
[31810,"VENERQUE",null,31,"Haute-Garonne","Occitanie",null,{"$f":"ROWS($A$2:A1735)","v":1734},{"$f":"IF(Formulaire!$F$24='Codes postaux par région et dép'!A1735,H1735,\"\")","v":""},"",""]
[31820,"PIBRAC",null,31,"Haute-Garonne","Occitanie",null,{"$f":"ROWS($A$2:A1736)","v":1735},{"$f":"IF(Formulaire!$F$24='Codes postaux par région et dép'!A1736,H1736,\"\")","v":""},"",""]
[31830,"PLAISANCE DU TOUCH",null,31,"Haute-Garonne","Occitanie",null,{"$f":"ROWS($A$2:A1737)","v":1736},{"$f":"IF(Formulaire!$F$24='Codes postaux par région et dép'!A1737,H1737,\"\")","v":""},"",""]
[31840,"AUSSONNE",null,31,"Haute-Garonne","Occitanie",null,{"$f":"ROWS($A$2:A1738)","v":1737},{"$f":"IF(Formulaire!$F$24='Codes postaux par région et dép'!A1738,H1738,\"\")","v":""},"",""]
[31840,"SEILH",null,31,"Haute-Garonne","Occitanie",null,{"$f":"ROWS($A$2:A1739)","v":1738},{"$f":"IF(Formulaire!$F$24='Codes postaux par région et dép'!A1739,H1739,\"\")","v":""},"",""]
[31850,"MONTRABE",null,31,"Haute-Garonne","Occitanie",null,{"$f":"ROWS($A$2:A1740)","v":1739},{"$f":"IF(Formulaire!$F$24='Codes postaux par région et dép'!A1740,H1740,\"\")","v":""},"",""]
[31850,"MONDOUZIL",null,31,"Haute-Garonne","Occitanie",null,{"$f":"ROWS($A$2:A1741)","v":1740},{"$f":"IF(Formulaire!$F$24='Codes postaux par région et dép'!A1741,H1741,\"\")","v":""},"",""]
[31850,"BEAUPUY",null,31,"Haute-Garonne","Occitanie",null,{"$f":"ROWS($A$2:A1742)","v":1741},{"$f":"IF(Formulaire!$F$24='Codes postaux par région et dép'!A1742,H1742,\"\")","v":""},"",""]
[31860,"LABARTHE SUR LEZE",null,31,"Haute-Garonne","Occitanie",null,{"$f":"ROWS($A$2:A1743)","v":1742},{"$f":"IF(Formulaire!$F$24='Codes postaux par région et dép'!A1743,H1743,\"\")","v":""},"",""]
[31860,"PINS JUSTARET",null,31,"Haute-Garonne","Occitanie",null,{"$f":"ROWS($A$2:A1744)","v":1743},{"$f":"IF(Formulaire!$F$24='Codes postaux par région et dép'!A1744,H1744,\"\")","v":""},"",""]
[31860,"VILLATE",null,31,"Haute-Garonne","Occitanie",null,{"$f":"ROWS($A$2:A1745)","v":1744},{"$f":"IF(Formulaire!$F$24='Codes postaux par région et dép'!A1745,H1745,\"\")","v":""},"",""]
[31870,"LAGARDELLE SUR LEZE",null,31,"Haute-Garonne","Occitanie",null,{"$f":"ROWS($A$2:A1746)","v":1745},{"$f":"IF(Formulaire!$F$24='Codes postaux par région et dép'!A1746,H1746,\"\")","v":""},"",""]
[31870,"BEAUMONT SUR LEZE",null,31,"Haute-Garonne","Occitanie",null,{"$f":"ROWS($A$2:A1747)","v":1746},{"$f":"IF(Formulaire!$F$24='Codes postaux par région et dép'!A1747,H1747,\"\")","v":""},"",""]
[31880,"LA SALVETAT ST GILLES",null,31,"Haute-Garonne","Occitanie",null,{"$f":"ROWS($A$2:A1748)","v":1747},{"$f":"IF(Formulaire!$F$24='Codes postaux par région et dép'!A1748,H1748,\"\")","v":""},"",""]
[34000,"MONTPELLIER",null,34,"Hérault","Occitanie",null,{"$f":"ROWS($A$2:A1749)","v":1748},{"$f":"IF(Formulaire!$F$24='Codes postaux par région et dép'!A1749,H1749,\"\")","v":""},"",""]
[34070,"MONTPELLIER",null,34,"Hérault","Occitanie",null,{"$f":"ROWS($A$2:A1750)","v":1749},{"$f":"IF(Formulaire!$F$24='Codes postaux par région et dép'!A1750,H1750,\"\")","v":""},"",""]
[34080,"MONTPELLIER",null,34,"Hérault","Occitanie",null,{"$f":"ROWS($A$2:A1751)","v":1750},{"$f":"IF(Formulaire!$F$24='Codes postaux par région et dép'!A1751,H1751,\"\")","v":""},"",""]
[34090,"MONTPELLIER",null,34,"Hérault","Occitanie",null,{"$f":"ROWS($A$2:A1752)","v":1751},{"$f":"IF(Formulaire!$F$24='Codes postaux par région et dép'!A1752,H1752,\"\")","v":""},"",""]
[34110,"FRONTIGNAN","LA PEYRADE",34,"Hérault","Occitanie",null,{"$f":"ROWS($A$2:A1753)","v":1752},{"$f":"IF(Formulaire!$F$24='Codes postaux par région et dép'!A1753,H1753,\"\")","v":""},"",""]
[34110,"VIC LA GARDIOLE",null,34,"Hérault","Occitanie",null,{"$f":"ROWS($A$2:A1754)","v":1753},{"$f":"IF(Formulaire!$F$24='Codes postaux par région et dép'!A1754,H1754,\"\")","v":""},"",""]
[34110,"FRONTIGNAN",null,34,"Hérault","Occitanie",null,{"$f":"ROWS($A$2:A1755)","v":1754},{"$f":"IF(Formulaire!$F$24='Codes postaux par région et dép'!A1755,H1755,\"\")","v":""},"",""]
[34110,"MIREVAL",null,34,"Hérault","Occitanie",null,{"$f":"ROWS($A$2:A1756)","v":1755},{"$f":"IF(Formulaire!$F$24='Codes postaux par région et dép'!A1756,H1756,\"\")","v":""},"",""]
[34120,"LEZIGNAN LA CEBE",null,34,"Hérault","Occitanie",null,{"$f":"ROWS($A$2:A1757)","v":1756},{"$f":"IF(Formulaire!$F$24='Codes postaux par région et dép'!A1757,H1757,\"\")","v":""},"",""]
[34120,"NEZIGNAN L EVEQUE",null,34,"Hérault","Occitanie",null,{"$f":"ROWS($A$2:A1758)","v":1757},{"$f":"IF(Formulaire!$F$24='Codes postaux par région et dép'!A1758,H1758,\"\")","v":""},"",""]
[34120,"CASTELNAU DE GUERS",null,34,"Hérault","Occitanie",null,{"$f":"ROWS($A$2:A1759)","v":1758},{"$f":"IF(Formulaire!$F$24='Codes postaux par région et dép'!A1759,H1759,\"\")","v":""},"",""]
[34120,"CAZOULS D HERAULT",null,34,"Hérault","Occitanie",null,{"$f":"ROWS($A$2:A1760)","v":1759},{"$f":"IF(Formulaire!$F$24='Codes postaux par région et dép'!A1760,H1760,\"\")","v":""},"",""]
[34120,"PEZENAS",null,34,"Hérault","Occitanie",null,{"$f":"ROWS($A$2:A1761)","v":1760},{"$f":"IF(Formulaire!$F$24='Codes postaux par région et dép'!A1761,H1761,\"\")","v":""},"",""]
[34120,"TOURBES",null,34,"Hérault","Occitanie",null,{"$f":"ROWS($A$2:A1762)","v":1761},{"$f":"IF(Formulaire!$F$24='Codes postaux par région et dép'!A1762,H1762,\"\")","v":""},"",""]
[34130,"CANDILLARGUES",null,34,"Hérault","Occitanie",null,{"$f":"ROWS($A$2:A1763)","v":1762},{"$f":"IF(Formulaire!$F$24='Codes postaux par région et dép'!A1763,H1763,\"\")","v":""},"",""]
[34130,"LANSARGUES",null,34,"Hérault","Occitanie",null,{"$f":"ROWS($A$2:A1764)","v":1763},{"$f":"IF(Formulaire!$F$24='Codes postaux par région et dép'!A1764,H1764,\"\")","v":""},"",""]
[34130,"VALERGUES",null,34,"Hérault","Occitanie",null,{"$f":"ROWS($A$2:A1765)","v":1764},{"$f":"IF(Formulaire!$F$24='Codes postaux par région et dép'!A1765,H1765,\"\")","v":""},"",""]
[34130,"MAUGUIO","CARNON PLAGE",34,"Hérault","Occitanie",null,{"$f":"ROWS($A$2:A1766)","v":1765},{"$f":"IF(Formulaire!$F$24='Codes postaux par région et dép'!A1766,H1766,\"\")","v":""},"",""]
[34130,"MUDAISON",null,34,"Hérault","Occitanie",null,{"$f":"ROWS($A$2:A1767)","v":1766},{"$f":"IF(Formulaire!$F$24='Codes postaux par région et dép'!A1767,H1767,\"\")","v":""},"",""]
[34130,"MAUGUIO",null,34,"Hérault","Occitanie",null,{"$f":"ROWS($A$2:A1768)","v":1767},{"$f":"IF(Formulaire!$F$24='Codes postaux par région et dép'!A1768,H1768,\"\")","v":""},"",""]
[34130,"ST AUNES",null,34,"Hérault","Occitanie",null,{"$f":"ROWS($A$2:A1769)","v":1768},{"$f":"IF(Formulaire!$F$24='Codes postaux par région et dép'!A1769,H1769,\"\")","v":""},"",""]
[34140,"LOUPIAN",null,34,"Hérault","Occitanie",null,{"$f":"ROWS($A$2:A1770)","v":1769},{"$f":"IF(Formulaire!$F$24='Codes postaux par région et dép'!A1770,H1770,\"\")","v":""},"",""]
[34140,"BOUZIGUES",null,34,"Hérault","Occitanie",null,{"$f":"ROWS($A$2:A1771)","v":1770},{"$f":"IF(Formulaire!$F$24='Codes postaux par région et dép'!A1771,H1771,\"\")","v":""},"",""]
[34140,"MEZE",null,34,"Hérault","Occitanie",null,{"$f":"ROWS($A$2:A1772)","v":1771},{"$f":"IF(Formulaire!$F$24='Codes postaux par région et dép'!A1772,H1772,\"\")","v":""},"",""]
[34150,"ST GUILHEM LE DESERT",null,34,"Hérault","Occitanie",null,{"$f":"ROWS($A$2:A1773)","v":1772},{"$f":"IF(Formulaire!$F$24='Codes postaux par région et dép'!A1773,H1773,\"\")","v":""},"",""]
[34150,"ST JEAN DE FOS",null,34,"Hérault","Occitanie",null,{"$f":"ROWS($A$2:A1774)","v":1773},{"$f":"IF(Formulaire!$F$24='Codes postaux par région et dép'!A1774,H1774,\"\")","v":""},"",""]
[34150,"MONTPEYROUX",null,34,"Hérault","Occitanie",null,{"$f":"ROWS($A$2:A1775)","v":1774},{"$f":"IF(Formulaire!$F$24='Codes postaux par région et dép'!A1775,H1775,\"\")","v":""},"",""]
[34150,"PUECHABON",null,34,"Hérault","Occitanie",null,{"$f":"ROWS($A$2:A1776)","v":1775},{"$f":"IF(Formulaire!$F$24='Codes postaux par région et dép'!A1776,H1776,\"\")","v":""},"",""]
[34150,"ANIANE",null,34,"Hérault","Occitanie",null,{"$f":"ROWS($A$2:A1777)","v":1776},{"$f":"IF(Formulaire!$F$24='Codes postaux par région et dép'!A1777,H1777,\"\")","v":""},"",""]
[34150,"ARBORAS",null,34,"Hérault","Occitanie",null,{"$f":"ROWS($A$2:A1778)","v":1777},{"$f":"IF(Formulaire!$F$24='Codes postaux par région et dép'!A1778,H1778,\"\")","v":""},"",""]
[34150,"LA BOISSIERE",null,34,"Hérault","Occitanie",null,{"$f":"ROWS($A$2:A1779)","v":1778},{"$f":"IF(Formulaire!$F$24='Codes postaux par région et dép'!A1779,H1779,\"\")","v":""},"",""]
[34150,"LAGAMAS",null,34,"Hérault","Occitanie",null,{"$f":"ROWS($A$2:A1780)","v":1779},{"$f":"IF(Formulaire!$F$24='Codes postaux par région et dép'!A1780,H1780,\"\")","v":""},"",""]
[34150,"GIGNAC",null,34,"Hérault","Occitanie",null,{"$f":"ROWS($A$2:A1781)","v":1780},{"$f":"IF(Formulaire!$F$24='Codes postaux par région et dép'!A1781,H1781,\"\")","v":""},"",""]
[34160,"BUZIGNARGUES",null,34,"Hérault","Occitanie",null,{"$f":"ROWS($A$2:A1782)","v":1781},{"$f":"IF(Formulaire!$F$24='Codes postaux par région et dép'!A1782,H1782,\"\")","v":""},"",""]
[34160,"CASTRIES",null,34,"Hérault","Occitanie",null,{"$f":"ROWS($A$2:A1783)","v":1782},{"$f":"IF(Formulaire!$F$24='Codes postaux par région et dép'!A1783,H1783,\"\")","v":""},"",""]
[34160,"MONTAUD",null,34,"Hérault","Occitanie",null,{"$f":"ROWS($A$2:A1784)","v":1783},{"$f":"IF(Formulaire!$F$24='Codes postaux par région et dép'!A1784,H1784,\"\")","v":""},"",""]
[34160,"ST DREZERY",null,34,"Hérault","Occitanie",null,{"$f":"ROWS($A$2:A1785)","v":1784},{"$f":"IF(Formulaire!$F$24='Codes postaux par région et dép'!A1785,H1785,\"\")","v":""},"",""]
[34160,"SAUSSINES",null,34,"Hérault","Occitanie",null,{"$f":"ROWS($A$2:A1786)","v":1785},{"$f":"IF(Formulaire!$F$24='Codes postaux par région et dép'!A1786,H1786,\"\")","v":""},"",""]
[34160,"ST HILAIRE DE BEAUVOIR",null,34,"Hérault","Occitanie",null,{"$f":"ROWS($A$2:A1787)","v":1786},{"$f":"IF(Formulaire!$F$24='Codes postaux par région et dép'!A1787,H1787,\"\")","v":""},"",""]
[34160,"ST JEAN DE CORNIES",null,34,"Hérault","Occitanie",null,{"$f":"ROWS($A$2:A1788)","v":1787},{"$f":"IF(Formulaire!$F$24='Codes postaux par région et dép'!A1788,H1788,\"\")","v":""},"",""]
[34160,"BEAULIEU",null,34,"Hérault","Occitanie",null,{"$f":"ROWS($A$2:A1789)","v":1788},{"$f":"IF(Formulaire!$F$24='Codes postaux par région et dép'!A1789,H1789,\"\")","v":""},"",""]
[34160,"ST BAUZILLE DE MONTMEL",null,34,"Hérault","Occitanie",null,{"$f":"ROWS($A$2:A1790)","v":1789},{"$f":"IF(Formulaire!$F$24='Codes postaux par région et dép'!A1790,H1790,\"\")","v":""},"",""]
[34160,"ST GENIES DES MOURGUES",null,34,"Hérault","Occitanie",null,{"$f":"ROWS($A$2:A1791)","v":1790},{"$f":"IF(Formulaire!$F$24='Codes postaux par région et dép'!A1791,H1791,\"\")","v":""},"",""]
[34160,"GARRIGUES",null,34,"Hérault","Occitanie",null,{"$f":"ROWS($A$2:A1792)","v":1791},{"$f":"IF(Formulaire!$F$24='Codes postaux par région et dép'!A1792,H1792,\"\")","v":""},"",""]
[34160,"SUSSARGUES",null,34,"Hérault","Occitanie",null,{"$f":"ROWS($A$2:A1793)","v":1792},{"$f":"IF(Formulaire!$F$24='Codes postaux par région et dép'!A1793,H1793,\"\")","v":""},"",""]
[34160,"BOISSERON",null,34,"Hérault","Occitanie",null,{"$f":"ROWS($A$2:A1794)","v":1793},{"$f":"IF(Formulaire!$F$24='Codes postaux par région et dép'!A1794,H1794,\"\")","v":""},{"$f":"IFERROR(SMALL($I:$I,H1794),\"\")","v":""},{"$f":"IFERROR(INDEX($B$2:$B$2867,J1794),\"\")","v":""}]
[34160,"CAMPAGNE",null,34,"Hérault","Occitanie",null,{"$f":"ROWS($A$2:A1795)","v":1794},{"$f":"IF(Formulaire!$F$24='Codes postaux par région et dép'!A1795,H1795,\"\")","v":""},"",""]
[34160,"GALARGUES",null,34,"Hérault","Occitanie",null,{"$f":"ROWS($A$2:A1796)","v":1795},{"$f":"IF(Formulaire!$F$24='Codes postaux par région et dép'!A1796,H1796,\"\")","v":""},"",""]
[34160,"RESTINCLIERES",null,34,"Hérault","Occitanie",null,{"$f":"ROWS($A$2:A1797)","v":1796},{"$f":"IF(Formulaire!$F$24='Codes postaux par région et dép'!A1797,H1797,\"\")","v":""},"",""]
[34170,"CASTELNAU LE LEZ",null,34,"Hérault","Occitanie",null,{"$f":"ROWS($A$2:A1798)","v":1797},{"$f":"IF(Formulaire!$F$24='Codes postaux par région et dép'!A1798,H1798,\"\")","v":""},"",""]
[34190,"BRISSAC",null,34,"Hérault","Occitanie",null,{"$f":"ROWS($A$2:A1799)","v":1798},{"$f":"IF(Formulaire!$F$24='Codes postaux par région et dép'!A1799,H1799,\"\")","v":""},"",""]
[34190,"FERRIERES LES VERRERIES",null,34,"Hérault","Occitanie",null,{"$f":"ROWS($A$2:A1800)","v":1799},{"$f":"IF(Formulaire!$F$24='Codes postaux par région et dép'!A1800,H1800,\"\")","v":""},"",""]
[34190,"ST BAUZILLE DE PUTOIS",null,34,"Hérault","Occitanie",null,{"$f":"ROWS($A$2:A1801)","v":1800},{"$f":"IF(Formulaire!$F$24='Codes postaux par région et dép'!A1801,H1801,\"\")","v":""},"",""]
[34190,"LAROQUE",null,34,"Hérault","Occitanie",null,{"$f":"ROWS($A$2:A1802)","v":1801},{"$f":"IF(Formulaire!$F$24='Codes postaux par région et dép'!A1802,H1802,\"\")","v":""},"",""]
[34190,"AGONES",null,34,"Hérault","Occitanie",null,{"$f":"ROWS($A$2:A1803)","v":1802},{"$f":"IF(Formulaire!$F$24='Codes postaux par région et dép'!A1803,H1803,\"\")","v":""},"",""]
[34190,"CAZILHAC",null,34,"Hérault","Occitanie",null,{"$f":"ROWS($A$2:A1804)","v":1803},{"$f":"IF(Formulaire!$F$24='Codes postaux par région et dép'!A1804,H1804,\"\")","v":""},"",""]
[34190,"GANGES",null,34,"Hérault","Occitanie",null,{"$f":"ROWS($A$2:A1805)","v":1804},{"$f":"IF(Formulaire!$F$24='Codes postaux par région et dép'!A1805,H1805,\"\")","v":""},"",""]
[34190,"GORNIES",null,34,"Hérault","Occitanie",null,{"$f":"ROWS($A$2:A1806)","v":1805},{"$f":"IF(Formulaire!$F$24='Codes postaux par région et dép'!A1806,H1806,\"\")","v":""},"",""]
[34190,"ST ANDRE DE BUEGES",null,34,"Hérault","Occitanie",null,{"$f":"ROWS($A$2:A1807)","v":1806},{"$f":"IF(Formulaire!$F$24='Codes postaux par région et dép'!A1807,H1807,\"\")","v":""},"",""]
[34190,"MONTOULIEU",null,34,"Hérault","Occitanie",null,{"$f":"ROWS($A$2:A1808)","v":1807},{"$f":"IF(Formulaire!$F$24='Codes postaux par région et dép'!A1808,H1808,\"\")","v":""},"",""]
[34190,"MOULES ET BAUCELS",null,34,"Hérault","Occitanie",null,{"$f":"ROWS($A$2:A1809)","v":1808},{"$f":"IF(Formulaire!$F$24='Codes postaux par région et dép'!A1809,H1809,\"\")","v":""},"",""]
[34190,"ST MAURICE NAVACELLES",null,34,"Hérault","Occitanie",null,{"$f":"ROWS($A$2:A1810)","v":1809},{"$f":"IF(Formulaire!$F$24='Codes postaux par région et dép'!A1810,H1810,\"\")","v":""},"",""]
[34200,"SETE",null,34,"Hérault","Occitanie",null,{"$f":"ROWS($A$2:A1811)","v":1810},{"$f":"IF(Formulaire!$F$24='Codes postaux par région et dép'!A1811,H1811,\"\")","v":""},"",""]
[34210,"AIGNE",null,34,"Hérault","Occitanie",null,{"$f":"ROWS($A$2:A1812)","v":1811},{"$f":"IF(Formulaire!$F$24='Codes postaux par région et dép'!A1812,H1812,\"\")","v":""},"",""]
[34210,"BEAUFORT",null,34,"Hérault","Occitanie",null,{"$f":"ROWS($A$2:A1813)","v":1812},{"$f":"IF(Formulaire!$F$24='Codes postaux par région et dép'!A1813,H1813,\"\")","v":""},"",""]
[34210,"CASSAGNOLES",null,34,"Hérault","Occitanie",null,{"$f":"ROWS($A$2:A1814)","v":1813},{"$f":"IF(Formulaire!$F$24='Codes postaux par région et dép'!A1814,H1814,\"\")","v":""},"",""]
[34210,"LA CAUNETTE",null,34,"Hérault","Occitanie",null,{"$f":"ROWS($A$2:A1815)","v":1814},{"$f":"IF(Formulaire!$F$24='Codes postaux par région et dép'!A1815,H1815,\"\")","v":""},"",""]
[34210,"MINERVE",null,34,"Hérault","Occitanie",null,{"$f":"ROWS($A$2:A1816)","v":1815},{"$f":"IF(Formulaire!$F$24='Codes postaux par région et dép'!A1816,H1816,\"\")","v":""},"",""]
[34210,"AGEL",null,34,"Hérault","Occitanie",null,{"$f":"ROWS($A$2:A1817)","v":1816},{"$f":"IF(Formulaire!$F$24='Codes postaux par région et dép'!A1817,H1817,\"\")","v":""},"",""]
[34210,"OUPIA",null,34,"Hérault","Occitanie",null,{"$f":"ROWS($A$2:A1818)","v":1817},{"$f":"IF(Formulaire!$F$24='Codes postaux par région et dép'!A1818,H1818,\"\")","v":""},"",""]
[34210,"FERRALS LES MONTAGNES",null,34,"Hérault","Occitanie",null,{"$f":"ROWS($A$2:A1819)","v":1818},{"$f":"IF(Formulaire!$F$24='Codes postaux par région et dép'!A1819,H1819,\"\")","v":""},"",""]
[34210,"LA LIVINIERE",null,34,"Hérault","Occitanie",null,{"$f":"ROWS($A$2:A1820)","v":1819},{"$f":"IF(Formulaire!$F$24='Codes postaux par région et dép'!A1820,H1820,\"\")","v":""},"",""]
[34210,"OLONZAC",null,34,"Hérault","Occitanie",null,{"$f":"ROWS($A$2:A1821)","v":1820},{"$f":"IF(Formulaire!$F$24='Codes postaux par région et dép'!A1821,H1821,\"\")","v":""},"",""]
[34210,"SIRAN",null,34,"Hérault","Occitanie",null,{"$f":"ROWS($A$2:A1822)","v":1821},{"$f":"IF(Formulaire!$F$24='Codes postaux par région et dép'!A1822,H1822,\"\")","v":""},"",""]
[34210,"AIGUES VIVES",null,34,"Hérault","Occitanie",null,{"$f":"ROWS($A$2:A1823)","v":1822},{"$f":"IF(Formulaire!$F$24='Codes postaux par région et dép'!A1823,H1823,\"\")","v":""},"",""]
[34210,"CESSERAS",null,34,"Hérault","Occitanie",null,{"$f":"ROWS($A$2:A1824)","v":1823},{"$f":"IF(Formulaire!$F$24='Codes postaux par région et dép'!A1824,H1824,\"\")","v":""},"",""]
[34210,"FELINES MINERVOIS",null,34,"Hérault","Occitanie",null,{"$f":"ROWS($A$2:A1825)","v":1824},{"$f":"IF(Formulaire!$F$24='Codes postaux par région et dép'!A1825,H1825,\"\")","v":""},"",""]
[34210,"AZILLANET",null,34,"Hérault","Occitanie",null,{"$f":"ROWS($A$2:A1826)","v":1825},{"$f":"IF(Formulaire!$F$24='Codes postaux par région et dép'!A1826,H1826,\"\")","v":""},"",""]
[34220,"BOISSET",null,34,"Hérault","Occitanie",null,{"$f":"ROWS($A$2:A1827)","v":1826},{"$f":"IF(Formulaire!$F$24='Codes postaux par région et dép'!A1827,H1827,\"\")","v":""},"",""]
[34220,"RIOLS",null,34,"Hérault","Occitanie",null,{"$f":"ROWS($A$2:A1828)","v":1827},{"$f":"IF(Formulaire!$F$24='Codes postaux par région et dép'!A1828,H1828,\"\")","v":""},"",""]
[34220,"ST PONS DE THOMIERES",null,34,"Hérault","Occitanie",null,{"$f":"ROWS($A$2:A1829)","v":1828},{"$f":"IF(Formulaire!$F$24='Codes postaux par région et dép'!A1829,H1829,\"\")","v":""},"",""]
[34220,"VELIEUX",null,34,"Hérault","Occitanie",null,{"$f":"ROWS($A$2:A1830)","v":1829},{"$f":"IF(Formulaire!$F$24='Codes postaux par région et dép'!A1830,H1830,\"\")","v":""},"",""]
[34220,"COURNIOU",null,34,"Hérault","Occitanie",null,{"$f":"ROWS($A$2:A1831)","v":1830},{"$f":"IF(Formulaire!$F$24='Codes postaux par région et dép'!A1831,H1831,\"\")","v":""},"",""]
[34220,"RIEUSSEC",null,34,"Hérault","Occitanie",null,{"$f":"ROWS($A$2:A1832)","v":1831},{"$f":"IF(Formulaire!$F$24='Codes postaux par région et dép'!A1832,H1832,\"\")","v":""},"",""]
[34220,"VERRERIES DE MOUSSANS",null,34,"Hérault","Occitanie",null,{"$f":"ROWS($A$2:A1833)","v":1832},{"$f":"IF(Formulaire!$F$24='Codes postaux par région et dép'!A1833,H1833,\"\")","v":""},"",""]
[34230,"BELARGA",null,34,"Hérault","Occitanie",null,{"$f":"ROWS($A$2:A1834)","v":1833},{"$f":"IF(Formulaire!$F$24='Codes postaux par région et dép'!A1834,H1834,\"\")","v":""},"",""]
[34230,"ADISSAN",null,34,"Hérault","Occitanie",null,{"$f":"ROWS($A$2:A1835)","v":1834},{"$f":"IF(Formulaire!$F$24='Codes postaux par région et dép'!A1835,H1835,\"\")","v":""},"",""]
[34230,"CAMPAGNAN",null,34,"Hérault","Occitanie",null,{"$f":"ROWS($A$2:A1836)","v":1835},{"$f":"IF(Formulaire!$F$24='Codes postaux par région et dép'!A1836,H1836,\"\")","v":""},"",""]
[34230,"POUZOLS",null,34,"Hérault","Occitanie",null,{"$f":"ROWS($A$2:A1837)","v":1836},{"$f":"IF(Formulaire!$F$24='Codes postaux par région et dép'!A1837,H1837,\"\")","v":""},"",""]
[34230,"PUILACHER",null,34,"Hérault","Occitanie",null,{"$f":"ROWS($A$2:A1838)","v":1837},{"$f":"IF(Formulaire!$F$24='Codes postaux par région et dép'!A1838,H1838,\"\")","v":""},"",""]
[34230,"ST PARGOIRE",null,34,"Hérault","Occitanie",null,{"$f":"ROWS($A$2:A1839)","v":1838},{"$f":"IF(Formulaire!$F$24='Codes postaux par région et dép'!A1839,H1839,\"\")","v":""},"",""]
[34230,"LE POUGET",null,34,"Hérault","Occitanie",null,{"$f":"ROWS($A$2:A1840)","v":1839},{"$f":"IF(Formulaire!$F$24='Codes postaux par région et dép'!A1840,H1840,\"\")","v":""},"",""]
[34230,"TRESSAN",null,34,"Hérault","Occitanie",null,{"$f":"ROWS($A$2:A1841)","v":1840},{"$f":"IF(Formulaire!$F$24='Codes postaux par région et dép'!A1841,H1841,\"\")","v":""},"",""]
[34230,"VENDEMIAN",null,34,"Hérault","Occitanie",null,{"$f":"ROWS($A$2:A1842)","v":1841},{"$f":"IF(Formulaire!$F$24='Codes postaux par région et dép'!A1842,H1842,\"\")","v":""},"",""]
[34230,"ST PONS DE MAUCHIENS",null,34,"Hérault","Occitanie",null,{"$f":"ROWS($A$2:A1843)","v":1842},{"$f":"IF(Formulaire!$F$24='Codes postaux par région et dép'!A1843,H1843,\"\")","v":""},"",""]
[34230,"ST BAUZILLE DE LA SYLVE",null,34,"Hérault","Occitanie",null,{"$f":"ROWS($A$2:A1844)","v":1843},{"$f":"IF(Formulaire!$F$24='Codes postaux par région et dép'!A1844,H1844,\"\")","v":""},"",""]
[34230,"AUMELAS",null,34,"Hérault","Occitanie",null,{"$f":"ROWS($A$2:A1845)","v":1844},{"$f":"IF(Formulaire!$F$24='Codes postaux par région et dép'!A1845,H1845,\"\")","v":""},"",""]
[34230,"PAULHAN",null,34,"Hérault","Occitanie",null,{"$f":"ROWS($A$2:A1846)","v":1845},{"$f":"IF(Formulaire!$F$24='Codes postaux par région et dép'!A1846,H1846,\"\")","v":""},"",""]
[34230,"PLAISSAN",null,34,"Hérault","Occitanie",null,{"$f":"ROWS($A$2:A1847)","v":1846},{"$f":"IF(Formulaire!$F$24='Codes postaux par région et dép'!A1847,H1847,\"\")","v":""},"",""]
[34230,"POPIAN",null,34,"Hérault","Occitanie",null,{"$f":"ROWS($A$2:A1848)","v":1847},{"$f":"IF(Formulaire!$F$24='Codes postaux par région et dép'!A1848,H1848,\"\")","v":""},"",""]
[34230,"USCLAS D HERAULT",null,34,"Hérault","Occitanie",null,{"$f":"ROWS($A$2:A1849)","v":1848},{"$f":"IF(Formulaire!$F$24='Codes postaux par région et dép'!A1849,H1849,\"\")","v":""},"",""]
[34240,"COMBES",null,34,"Hérault","Occitanie",null,{"$f":"ROWS($A$2:A1850)","v":1849},{"$f":"IF(Formulaire!$F$24='Codes postaux par région et dép'!A1850,H1850,\"\")","v":""},"",""]
[34240,"LAMALOU LES BAINS",null,34,"Hérault","Occitanie",null,{"$f":"ROWS($A$2:A1851)","v":1850},{"$f":"IF(Formulaire!$F$24='Codes postaux par région et dép'!A1851,H1851,\"\")","v":""},"",""]
[34250,"PALAVAS LES FLOTS",null,34,"Hérault","Occitanie",null,{"$f":"ROWS($A$2:A1852)","v":1851},{"$f":"IF(Formulaire!$F$24='Codes postaux par région et dép'!A1852,H1852,\"\")","v":""},"",""]
[34260,"CAMPLONG",null,34,"Hérault","Occitanie",null,{"$f":"ROWS($A$2:A1853)","v":1852},{"$f":"IF(Formulaire!$F$24='Codes postaux par région et dép'!A1853,H1853,\"\")","v":""},"",""]
[34260,"LA TOUR SUR ORB",null,34,"Hérault","Occitanie",null,{"$f":"ROWS($A$2:A1854)","v":1853},{"$f":"IF(Formulaire!$F$24='Codes postaux par région et dép'!A1854,H1854,\"\")","v":""},"",""]
[34260,"AVENE",null,34,"Hérault","Occitanie",null,{"$f":"ROWS($A$2:A1855)","v":1854},{"$f":"IF(Formulaire!$F$24='Codes postaux par région et dép'!A1855,H1855,\"\")","v":""},"",""]
[34260,"LE BOUSQUET D ORB",null,34,"Hérault","Occitanie",null,{"$f":"ROWS($A$2:A1856)","v":1855},{"$f":"IF(Formulaire!$F$24='Codes postaux par région et dép'!A1856,H1856,\"\")","v":""},"",""]
[34260,"GRAISSESSAC",null,34,"Hérault","Occitanie",null,{"$f":"ROWS($A$2:A1857)","v":1856},{"$f":"IF(Formulaire!$F$24='Codes postaux par région et dép'!A1857,H1857,\"\")","v":""},"",""]
[34260,"CEILHES ET ROCOZELS",null,34,"Hérault","Occitanie",null,{"$f":"ROWS($A$2:A1858)","v":1857},{"$f":"IF(Formulaire!$F$24='Codes postaux par région et dép'!A1858,H1858,\"\")","v":""},{"$f":"IFERROR(SMALL($I:$I,H1858),\"\")","v":""},{"$f":"IFERROR(INDEX($B$2:$B$2867,J1858),\"\")","v":""}]
[34260,"ST ETIENNE ESTRECHOUX",null,34,"Hérault","Occitanie",null,{"$f":"ROWS($A$2:A1859)","v":1858},{"$f":"IF(Formulaire!$F$24='Codes postaux par région et dép'!A1859,H1859,\"\")","v":""},"",""]
[34270,"ST MATHIEU DE TREVIERS",null,34,"Hérault","Occitanie",null,{"$f":"ROWS($A$2:A1860)","v":1859},{"$f":"IF(Formulaire!$F$24='Codes postaux par région et dép'!A1860,H1860,\"\")","v":""},"",""]
[34270,"STE CROIX DE QUINTILLARGUES",null,34,"Hérault","Occitanie",null,{"$f":"ROWS($A$2:A1861)","v":1860},{"$f":"IF(Formulaire!$F$24='Codes postaux par région et dép'!A1861,H1861,\"\")","v":""},"",""]
[34270,"CAZEVIEILLE",null,34,"Hérault","Occitanie",null,{"$f":"ROWS($A$2:A1862)","v":1861},{"$f":"IF(Formulaire!$F$24='Codes postaux par région et dép'!A1862,H1862,\"\")","v":""},"",""]
[34270,"FONTANES",null,34,"Hérault","Occitanie",null,{"$f":"ROWS($A$2:A1863)","v":1862},{"$f":"IF(Formulaire!$F$24='Codes postaux par région et dép'!A1863,H1863,\"\")","v":""},"",""]
[34270,"LES MATELLES",null,34,"Hérault","Occitanie",null,{"$f":"ROWS($A$2:A1864)","v":1863},{"$f":"IF(Formulaire!$F$24='Codes postaux par région et dép'!A1864,H1864,\"\")","v":""},"",""]
[34270,"ST JEAN DE CUCULLES",null,34,"Hérault","Occitanie",null,{"$f":"ROWS($A$2:A1865)","v":1864},{"$f":"IF(Formulaire!$F$24='Codes postaux par région et dép'!A1865,H1865,\"\")","v":""},"",""]
[34270,"VACQUIERES",null,34,"Hérault","Occitanie",null,{"$f":"ROWS($A$2:A1866)","v":1865},{"$f":"IF(Formulaire!$F$24='Codes postaux par région et dép'!A1866,H1866,\"\")","v":""},"",""]
[34270,"VALFLAUNES",null,34,"Hérault","Occitanie",null,{"$f":"ROWS($A$2:A1867)","v":1866},{"$f":"IF(Formulaire!$F$24='Codes postaux par région et dép'!A1867,H1867,\"\")","v":""},"",""]
[34270,"CLARET",null,34,"Hérault","Occitanie",null,{"$f":"ROWS($A$2:A1868)","v":1867},{"$f":"IF(Formulaire!$F$24='Codes postaux par région et dép'!A1868,H1868,\"\")","v":""},"",""]
[34270,"LAURET",null,34,"Hérault","Occitanie",null,{"$f":"ROWS($A$2:A1869)","v":1868},{"$f":"IF(Formulaire!$F$24='Codes postaux par région et dép'!A1869,H1869,\"\")","v":""},"",""]
[34270,"SAUTEYRARGUES",null,34,"Hérault","Occitanie",null,{"$f":"ROWS($A$2:A1870)","v":1869},{"$f":"IF(Formulaire!$F$24='Codes postaux par région et dép'!A1870,H1870,\"\")","v":""},"",""]
[34270,"LE TRIADOU",null,34,"Hérault","Occitanie",null,{"$f":"ROWS($A$2:A1871)","v":1870},{"$f":"IF(Formulaire!$F$24='Codes postaux par région et dép'!A1871,H1871,\"\")","v":""},"",""]
[34280,"LA GRANDE MOTTE",null,34,"Hérault","Occitanie",null,{"$f":"ROWS($A$2:A1872)","v":1871},{"$f":"IF(Formulaire!$F$24='Codes postaux par région et dép'!A1872,H1872,\"\")","v":""},"",""]
[34290,"ALIGNAN DU VENT",null,34,"Hérault","Occitanie",null,{"$f":"ROWS($A$2:A1873)","v":1872},{"$f":"IF(Formulaire!$F$24='Codes postaux par région et dép'!A1873,H1873,\"\")","v":""},"",""]
[34290,"ESPONDEILHAN",null,34,"Hérault","Occitanie",null,{"$f":"ROWS($A$2:A1874)","v":1873},{"$f":"IF(Formulaire!$F$24='Codes postaux par région et dép'!A1874,H1874,\"\")","v":""},"",""]
[34290,"SERVIAN",null,34,"Hérault","Occitanie",null,{"$f":"ROWS($A$2:A1875)","v":1874},{"$f":"IF(Formulaire!$F$24='Codes postaux par région et dép'!A1875,H1875,\"\")","v":""},"",""]
[34290,"ABEILHAN",null,34,"Hérault","Occitanie",null,{"$f":"ROWS($A$2:A1876)","v":1875},{"$f":"IF(Formulaire!$F$24='Codes postaux par région et dép'!A1876,H1876,\"\")","v":""},"",""]
[34290,"BASSAN",null,34,"Hérault","Occitanie",null,{"$f":"ROWS($A$2:A1877)","v":1876},{"$f":"IF(Formulaire!$F$24='Codes postaux par région et dép'!A1877,H1877,\"\")","v":""},"",""]
[34290,"MONTBLANC",null,34,"Hérault","Occitanie",null,{"$f":"ROWS($A$2:A1878)","v":1877},{"$f":"IF(Formulaire!$F$24='Codes postaux par région et dép'!A1878,H1878,\"\")","v":""},"",""]
[34290,"VALROS",null,34,"Hérault","Occitanie",null,{"$f":"ROWS($A$2:A1879)","v":1878},{"$f":"IF(Formulaire!$F$24='Codes postaux par région et dép'!A1879,H1879,\"\")","v":""},"",""]
[34290,"COULOBRES",null,34,"Hérault","Occitanie",null,{"$f":"ROWS($A$2:A1880)","v":1879},{"$f":"IF(Formulaire!$F$24='Codes postaux par région et dép'!A1880,H1880,\"\")","v":""},"",""]
[34290,"LIEURAN LES BEZIERS",null,34,"Hérault","Occitanie",null,{"$f":"ROWS($A$2:A1881)","v":1880},{"$f":"IF(Formulaire!$F$24='Codes postaux par région et dép'!A1881,H1881,\"\")","v":""},"",""]
[34300,"AGDE","LE CAP D AGDE",34,"Hérault","Occitanie",null,{"$f":"ROWS($A$2:A1882)","v":1881},{"$f":"IF(Formulaire!$F$24='Codes postaux par région et dép'!A1882,H1882,\"\")","v":""},"",""]
[34300,"AGDE",null,34,"Hérault","Occitanie",null,{"$f":"ROWS($A$2:A1883)","v":1882},{"$f":"IF(Formulaire!$F$24='Codes postaux par région et dép'!A1883,H1883,\"\")","v":""},"",""]
[34310,"CAPESTANG",null,34,"Hérault","Occitanie",null,{"$f":"ROWS($A$2:A1884)","v":1883},{"$f":"IF(Formulaire!$F$24='Codes postaux par région et dép'!A1884,H1884,\"\")","v":""},"",""]
[34310,"CRUZY",null,34,"Hérault","Occitanie",null,{"$f":"ROWS($A$2:A1885)","v":1884},{"$f":"IF(Formulaire!$F$24='Codes postaux par région et dép'!A1885,H1885,\"\")","v":""},"",""]
[34310,"POILHES",null,34,"Hérault","Occitanie",null,{"$f":"ROWS($A$2:A1886)","v":1885},{"$f":"IF(Formulaire!$F$24='Codes postaux par région et dép'!A1886,H1886,\"\")","v":""},"",""]
[34310,"MONTADY",null,34,"Hérault","Occitanie",null,{"$f":"ROWS($A$2:A1887)","v":1886},{"$f":"IF(Formulaire!$F$24='Codes postaux par région et dép'!A1887,H1887,\"\")","v":""},"",""]
[34310,"MONTELS",null,34,"Hérault","Occitanie",null,{"$f":"ROWS($A$2:A1888)","v":1887},{"$f":"IF(Formulaire!$F$24='Codes postaux par région et dép'!A1888,H1888,\"\")","v":""},"",""]
[34310,"QUARANTE",null,34,"Hérault","Occitanie",null,{"$f":"ROWS($A$2:A1889)","v":1888},{"$f":"IF(Formulaire!$F$24='Codes postaux par région et dép'!A1889,H1889,\"\")","v":""},"",""]
[34310,"MONTOULIERS",null,34,"Hérault","Occitanie",null,{"$f":"ROWS($A$2:A1890)","v":1889},{"$f":"IF(Formulaire!$F$24='Codes postaux par région et dép'!A1890,H1890,\"\")","v":""},"",""]
[34320,"MARGON",null,34,"Hérault","Occitanie",null,{"$f":"ROWS($A$2:A1891)","v":1890},{"$f":"IF(Formulaire!$F$24='Codes postaux par région et dép'!A1891,H1891,\"\")","v":""},"",""]
[34320,"MONTESQUIEU",null,34,"Hérault","Occitanie",null,{"$f":"ROWS($A$2:A1892)","v":1891},{"$f":"IF(Formulaire!$F$24='Codes postaux par région et dép'!A1892,H1892,\"\")","v":""},"",""]
[34320,"NIZAS",null,34,"Hérault","Occitanie",null,{"$f":"ROWS($A$2:A1893)","v":1892},{"$f":"IF(Formulaire!$F$24='Codes postaux par région et dép'!A1893,H1893,\"\")","v":""},"",""]
[34320,"VAILHAN",null,34,"Hérault","Occitanie",null,{"$f":"ROWS($A$2:A1894)","v":1893},{"$f":"IF(Formulaire!$F$24='Codes postaux par région et dép'!A1894,H1894,\"\")","v":""},"",""]
[34320,"FONTES",null,34,"Hérault","Occitanie",null,{"$f":"ROWS($A$2:A1895)","v":1894},{"$f":"IF(Formulaire!$F$24='Codes postaux par région et dép'!A1895,H1895,\"\")","v":""},"",""]
[34320,"FOS",null,34,"Hérault","Occitanie",null,{"$f":"ROWS($A$2:A1896)","v":1895},{"$f":"IF(Formulaire!$F$24='Codes postaux par région et dép'!A1896,H1896,\"\")","v":""},"",""]
[34320,"GABIAN",null,34,"Hérault","Occitanie",null,{"$f":"ROWS($A$2:A1897)","v":1896},{"$f":"IF(Formulaire!$F$24='Codes postaux par région et dép'!A1897,H1897,\"\")","v":""},"",""]
[34320,"NEFFIES",null,34,"Hérault","Occitanie",null,{"$f":"ROWS($A$2:A1898)","v":1897},{"$f":"IF(Formulaire!$F$24='Codes postaux par région et dép'!A1898,H1898,\"\")","v":""},"",""]
[34320,"ROQUESSELS",null,34,"Hérault","Occitanie",null,{"$f":"ROWS($A$2:A1899)","v":1898},{"$f":"IF(Formulaire!$F$24='Codes postaux par région et dép'!A1899,H1899,\"\")","v":""},"",""]
[34320,"ROUJAN",null,34,"Hérault","Occitanie",null,{"$f":"ROWS($A$2:A1900)","v":1899},{"$f":"IF(Formulaire!$F$24='Codes postaux par région et dép'!A1900,H1900,\"\")","v":""},"",""]
[34330,"CAMBON ET SALVERGUES",null,34,"Hérault","Occitanie",null,{"$f":"ROWS($A$2:A1901)","v":1900},{"$f":"IF(Formulaire!$F$24='Codes postaux par région et dép'!A1901,H1901,\"\")","v":""},"",""]
[34330,"FRAISSE SUR AGOUT",null,34,"Hérault","Occitanie",null,{"$f":"ROWS($A$2:A1902)","v":1901},{"$f":"IF(Formulaire!$F$24='Codes postaux par région et dép'!A1902,H1902,\"\")","v":""},"",""]
[34330,"LE SOULIE",null,34,"Hérault","Occitanie",null,{"$f":"ROWS($A$2:A1903)","v":1902},{"$f":"IF(Formulaire!$F$24='Codes postaux par région et dép'!A1903,H1903,\"\")","v":""},"",""]
[34330,"LA SALVETAT SUR AGOUT",null,34,"Hérault","Occitanie",null,{"$f":"ROWS($A$2:A1904)","v":1903},{"$f":"IF(Formulaire!$F$24='Codes postaux par région et dép'!A1904,H1904,\"\")","v":""},"",""]
[34340,"MARSEILLAN",null,34,"Hérault","Occitanie",null,{"$f":"ROWS($A$2:A1905)","v":1904},{"$f":"IF(Formulaire!$F$24='Codes postaux par région et dép'!A1905,H1905,\"\")","v":""},"",""]
[34340,"MARSEILLAN","MARSEILLAN PLAGE",34,"Hérault","Occitanie",null,{"$f":"ROWS($A$2:A1906)","v":1905},{"$f":"IF(Formulaire!$F$24='Codes postaux par région et dép'!A1906,H1906,\"\")","v":""},"",""]
[34350,"VENDRES",null,34,"Hérault","Occitanie",null,{"$f":"ROWS($A$2:A1907)","v":1906},{"$f":"IF(Formulaire!$F$24='Codes postaux par région et dép'!A1907,H1907,\"\")","v":""},"",""]
[34350,"VALRAS PLAGE",null,34,"Hérault","Occitanie",null,{"$f":"ROWS($A$2:A1908)","v":1907},{"$f":"IF(Formulaire!$F$24='Codes postaux par région et dép'!A1908,H1908,\"\")","v":""},"",""]
[34360,"BABEAU BOULDOUX",null,34,"Hérault","Occitanie",null,{"$f":"ROWS($A$2:A1909)","v":1908},{"$f":"IF(Formulaire!$F$24='Codes postaux par région et dép'!A1909,H1909,\"\")","v":""},"",""]
[34360,"BERLOU",null,34,"Hérault","Occitanie",null,{"$f":"ROWS($A$2:A1910)","v":1909},{"$f":"IF(Formulaire!$F$24='Codes postaux par région et dép'!A1910,H1910,\"\")","v":""},"",""]
[34360,"PRADES SUR VERNAZOBRE",null,34,"Hérault","Occitanie",null,{"$f":"ROWS($A$2:A1911)","v":1910},{"$f":"IF(Formulaire!$F$24='Codes postaux par région et dép'!A1911,H1911,\"\")","v":""},"",""]
[34360,"PARDAILHAN",null,34,"Hérault","Occitanie",null,{"$f":"ROWS($A$2:A1912)","v":1911},{"$f":"IF(Formulaire!$F$24='Codes postaux par région et dép'!A1912,H1912,\"\")","v":""},"",""]
[34360,"FERRIERES POUSSAROU",null,34,"Hérault","Occitanie",null,{"$f":"ROWS($A$2:A1913)","v":1912},{"$f":"IF(Formulaire!$F$24='Codes postaux par région et dép'!A1913,H1913,\"\")","v":""},"",""]
[34360,"VILLESPASSANS",null,34,"Hérault","Occitanie",null,{"$f":"ROWS($A$2:A1914)","v":1913},{"$f":"IF(Formulaire!$F$24='Codes postaux par région et dép'!A1914,H1914,\"\")","v":""},"",""]
[34360,"ASSIGNAN",null,34,"Hérault","Occitanie",null,{"$f":"ROWS($A$2:A1915)","v":1914},{"$f":"IF(Formulaire!$F$24='Codes postaux par région et dép'!A1915,H1915,\"\")","v":""},"",""]
[34360,"CEBAZAN",null,34,"Hérault","Occitanie",null,{"$f":"ROWS($A$2:A1916)","v":1915},{"$f":"IF(Formulaire!$F$24='Codes postaux par région et dép'!A1916,H1916,\"\")","v":""},"",""]
[34360,"ST CHINIAN",null,34,"Hérault","Occitanie",null,{"$f":"ROWS($A$2:A1917)","v":1916},{"$f":"IF(Formulaire!$F$24='Codes postaux par région et dép'!A1917,H1917,\"\")","v":""},"",""]
[34360,"PIERRERUE",null,34,"Hérault","Occitanie",null,{"$f":"ROWS($A$2:A1918)","v":1917},{"$f":"IF(Formulaire!$F$24='Codes postaux par région et dép'!A1918,H1918,\"\")","v":""},"",""]
[34360,"ST JEAN DE MINERVOIS",null,34,"Hérault","Occitanie",null,{"$f":"ROWS($A$2:A1919)","v":1918},{"$f":"IF(Formulaire!$F$24='Codes postaux par région et dép'!A1919,H1919,\"\")","v":""},"",""]
[34370,"CAZOULS LES BEZIERS",null,34,"Hérault","Occitanie",null,{"$f":"ROWS($A$2:A1920)","v":1919},{"$f":"IF(Formulaire!$F$24='Codes postaux par région et dép'!A1920,H1920,\"\")","v":""},"",""]
[34370,"MARAUSSAN",null,34,"Hérault","Occitanie",null,{"$f":"ROWS($A$2:A1921)","v":1920},{"$f":"IF(Formulaire!$F$24='Codes postaux par région et dép'!A1921,H1921,\"\")","v":""},"",""]
[34370,"CREISSAN",null,34,"Hérault","Occitanie",null,{"$f":"ROWS($A$2:A1922)","v":1921},{"$f":"IF(Formulaire!$F$24='Codes postaux par région et dép'!A1922,H1922,\"\")","v":""},{"$f":"IFERROR(SMALL($I:$I,H1922),\"\")","v":""},{"$f":"IFERROR(INDEX($B$2:$B$2867,J1922),\"\")","v":""}]
[34370,"MAUREILHAN",null,34,"Hérault","Occitanie",null,{"$f":"ROWS($A$2:A1923)","v":1922},{"$f":"IF(Formulaire!$F$24='Codes postaux par région et dép'!A1923,H1923,\"\")","v":""},"",""]
[34380,"CAUSSE DE LA SELLE",null,34,"Hérault","Occitanie",null,{"$f":"ROWS($A$2:A1924)","v":1923},{"$f":"IF(Formulaire!$F$24='Codes postaux par région et dép'!A1924,H1924,\"\")","v":""},"",""]
[34380,"MAS DE LONDRES",null,34,"Hérault","Occitanie",null,{"$f":"ROWS($A$2:A1925)","v":1924},{"$f":"IF(Formulaire!$F$24='Codes postaux par région et dép'!A1925,H1925,\"\")","v":""},"",""]
[34380,"ST JEAN DE BUEGES",null,34,"Hérault","Occitanie",null,{"$f":"ROWS($A$2:A1926)","v":1925},{"$f":"IF(Formulaire!$F$24='Codes postaux par région et dép'!A1926,H1926,\"\")","v":""},"",""]
[34380,"ST MARTIN DE LONDRES",null,34,"Hérault","Occitanie",null,{"$f":"ROWS($A$2:A1927)","v":1926},{"$f":"IF(Formulaire!$F$24='Codes postaux par région et dép'!A1927,H1927,\"\")","v":""},"",""]
[34380,"NOTRE DAME DE LONDRES",null,34,"Hérault","Occitanie",null,{"$f":"ROWS($A$2:A1928)","v":1927},{"$f":"IF(Formulaire!$F$24='Codes postaux par région et dép'!A1928,H1928,\"\")","v":""},"",""]
[34380,"VIOLS EN LAVAL",null,34,"Hérault","Occitanie",null,{"$f":"ROWS($A$2:A1929)","v":1928},{"$f":"IF(Formulaire!$F$24='Codes postaux par région et dép'!A1929,H1929,\"\")","v":""},"",""]
[34380,"ARGELLIERS",null,34,"Hérault","Occitanie",null,{"$f":"ROWS($A$2:A1930)","v":1929},{"$f":"IF(Formulaire!$F$24='Codes postaux par région et dép'!A1930,H1930,\"\")","v":""},"",""]
[34380,"LE ROUET",null,34,"Hérault","Occitanie",null,{"$f":"ROWS($A$2:A1931)","v":1930},{"$f":"IF(Formulaire!$F$24='Codes postaux par région et dép'!A1931,H1931,\"\")","v":""},"",""]
[34380,"PEGAIROLLES DE BUEGES",null,34,"Hérault","Occitanie",null,{"$f":"ROWS($A$2:A1932)","v":1931},{"$f":"IF(Formulaire!$F$24='Codes postaux par région et dép'!A1932,H1932,\"\")","v":""},"",""]
[34380,"VIOLS LE FORT",null,34,"Hérault","Occitanie",null,{"$f":"ROWS($A$2:A1933)","v":1932},{"$f":"IF(Formulaire!$F$24='Codes postaux par région et dép'!A1933,H1933,\"\")","v":""},"",""]
[34390,"COLOMBIERES SUR ORB",null,34,"Hérault","Occitanie",null,{"$f":"ROWS($A$2:A1934)","v":1933},{"$f":"IF(Formulaire!$F$24='Codes postaux par région et dép'!A1934,H1934,\"\")","v":""},"",""]
[34390,"ST JULIEN",null,34,"Hérault","Occitanie",null,{"$f":"ROWS($A$2:A1935)","v":1934},{"$f":"IF(Formulaire!$F$24='Codes postaux par région et dép'!A1935,H1935,\"\")","v":""},"",""]
[34390,"PREMIAN",null,34,"Hérault","Occitanie",null,{"$f":"ROWS($A$2:A1936)","v":1935},{"$f":"IF(Formulaire!$F$24='Codes postaux par région et dép'!A1936,H1936,\"\")","v":""},"",""]
[34390,"VIEUSSAN",null,34,"Hérault","Occitanie",null,{"$f":"ROWS($A$2:A1937)","v":1936},{"$f":"IF(Formulaire!$F$24='Codes postaux par région et dép'!A1937,H1937,\"\")","v":""},"",""]
[34390,"OLARGUES",null,34,"Hérault","Occitanie",null,{"$f":"ROWS($A$2:A1938)","v":1937},{"$f":"IF(Formulaire!$F$24='Codes postaux par région et dép'!A1938,H1938,\"\")","v":""},"",""]
[34390,"ST MARTIN DE L ARCON",null,34,"Hérault","Occitanie",null,{"$f":"ROWS($A$2:A1939)","v":1938},{"$f":"IF(Formulaire!$F$24='Codes postaux par région et dép'!A1939,H1939,\"\")","v":""},"",""]
[34390,"MONS",null,34,"Hérault","Occitanie",null,{"$f":"ROWS($A$2:A1940)","v":1939},{"$f":"IF(Formulaire!$F$24='Codes postaux par région et dép'!A1940,H1940,\"\")","v":""},"",""]
[34390,"ST ETIENNE D ALBAGNAN",null,34,"Hérault","Occitanie",null,{"$f":"ROWS($A$2:A1941)","v":1940},{"$f":"IF(Formulaire!$F$24='Codes postaux par région et dép'!A1941,H1941,\"\")","v":""},"",""]
[34390,"ST VINCENT D OLARGUES",null,34,"Hérault","Occitanie",null,{"$f":"ROWS($A$2:A1942)","v":1941},{"$f":"IF(Formulaire!$F$24='Codes postaux par région et dép'!A1942,H1942,\"\")","v":""},"",""]
[34400,"LUNEL",null,34,"Hérault","Occitanie",null,{"$f":"ROWS($A$2:A1943)","v":1942},{"$f":"IF(Formulaire!$F$24='Codes postaux par région et dép'!A1943,H1943,\"\")","v":""},"",""]
[34400,"ENTRE VIGNES","ST CHRISTOL",34,"Hérault","Occitanie",null,{"$f":"ROWS($A$2:A1944)","v":1943},{"$f":"IF(Formulaire!$F$24='Codes postaux par région et dép'!A1944,H1944,\"\")","v":""},"",""]
[34400,"ENTRE VIGNES","VERARGUES",34,"Hérault","Occitanie",null,{"$f":"ROWS($A$2:A1945)","v":1944},{"$f":"IF(Formulaire!$F$24='Codes postaux par région et dép'!A1945,H1945,\"\")","v":""},"",""]
[34400,"VILLETELLE",null,34,"Hérault","Occitanie",null,{"$f":"ROWS($A$2:A1946)","v":1945},{"$f":"IF(Formulaire!$F$24='Codes postaux par région et dép'!A1946,H1946,\"\")","v":""},"",""]
[34400,"LUNEL VIEL",null,34,"Hérault","Occitanie",null,{"$f":"ROWS($A$2:A1947)","v":1946},{"$f":"IF(Formulaire!$F$24='Codes postaux par région et dép'!A1947,H1947,\"\")","v":""},"",""]
[34400,"ST JUST",null,34,"Hérault","Occitanie",null,{"$f":"ROWS($A$2:A1948)","v":1947},{"$f":"IF(Formulaire!$F$24='Codes postaux par région et dép'!A1948,H1948,\"\")","v":""},"",""]
[34400,"ST SERIES",null,34,"Hérault","Occitanie",null,{"$f":"ROWS($A$2:A1949)","v":1948},{"$f":"IF(Formulaire!$F$24='Codes postaux par région et dép'!A1949,H1949,\"\")","v":""},"",""]
[34400,"ST NAZAIRE DE PEZAN",null,34,"Hérault","Occitanie",null,{"$f":"ROWS($A$2:A1950)","v":1949},{"$f":"IF(Formulaire!$F$24='Codes postaux par région et dép'!A1950,H1950,\"\")","v":""},"",""]
[34400,"SATURARGUES",null,34,"Hérault","Occitanie",null,{"$f":"ROWS($A$2:A1951)","v":1950},{"$f":"IF(Formulaire!$F$24='Codes postaux par région et dép'!A1951,H1951,\"\")","v":""},"",""]
[34410,"SERIGNAN",null,34,"Hérault","Occitanie",null,{"$f":"ROWS($A$2:A1952)","v":1951},{"$f":"IF(Formulaire!$F$24='Codes postaux par région et dép'!A1952,H1952,\"\")","v":""},"",""]
[34410,"SAUVIAN",null,34,"Hérault","Occitanie",null,{"$f":"ROWS($A$2:A1953)","v":1952},{"$f":"IF(Formulaire!$F$24='Codes postaux par région et dép'!A1953,H1953,\"\")","v":""},"",""]
[34420,"PORTIRAGNES",null,34,"Hérault","Occitanie",null,{"$f":"ROWS($A$2:A1954)","v":1953},{"$f":"IF(Formulaire!$F$24='Codes postaux par région et dép'!A1954,H1954,\"\")","v":""},"",""]
[34420,"CERS",null,34,"Hérault","Occitanie",null,{"$f":"ROWS($A$2:A1955)","v":1954},{"$f":"IF(Formulaire!$F$24='Codes postaux par région et dép'!A1955,H1955,\"\")","v":""},"",""]
[34420,"VILLENEUVE LES BEZIERS",null,34,"Hérault","Occitanie",null,{"$f":"ROWS($A$2:A1956)","v":1955},{"$f":"IF(Formulaire!$F$24='Codes postaux par région et dép'!A1956,H1956,\"\")","v":""},"",""]
[34430,"ST JEAN DE VEDAS",null,34,"Hérault","Occitanie",null,{"$f":"ROWS($A$2:A1957)","v":1956},{"$f":"IF(Formulaire!$F$24='Codes postaux par région et dép'!A1957,H1957,\"\")","v":""},"",""]
[34440,"COLOMBIERS",null,34,"Hérault","Occitanie",null,{"$f":"ROWS($A$2:A1958)","v":1957},{"$f":"IF(Formulaire!$F$24='Codes postaux par région et dép'!A1958,H1958,\"\")","v":""},"",""]
[34440,"NISSAN LEZ ENSERUNE",null,34,"Hérault","Occitanie",null,{"$f":"ROWS($A$2:A1959)","v":1958},{"$f":"IF(Formulaire!$F$24='Codes postaux par région et dép'!A1959,H1959,\"\")","v":""},"",""]
[34450,"VIAS",null,34,"Hérault","Occitanie",null,{"$f":"ROWS($A$2:A1960)","v":1959},{"$f":"IF(Formulaire!$F$24='Codes postaux par région et dép'!A1960,H1960,\"\")","v":""},"",""]
[34460,"CAZEDARNES",null,34,"Hérault","Occitanie",null,{"$f":"ROWS($A$2:A1961)","v":1960},{"$f":"IF(Formulaire!$F$24='Codes postaux par région et dép'!A1961,H1961,\"\")","v":""},"",""]
[34460,"CESSENON SUR ORB",null,34,"Hérault","Occitanie",null,{"$f":"ROWS($A$2:A1962)","v":1961},{"$f":"IF(Formulaire!$F$24='Codes postaux par région et dép'!A1962,H1962,\"\")","v":""},"",""]
[34460,"ROQUEBRUN",null,34,"Hérault","Occitanie",null,{"$f":"ROWS($A$2:A1963)","v":1962},{"$f":"IF(Formulaire!$F$24='Codes postaux par région et dép'!A1963,H1963,\"\")","v":""},"",""]
[34470,"PEROLS",null,34,"Hérault","Occitanie",null,{"$f":"ROWS($A$2:A1964)","v":1963},{"$f":"IF(Formulaire!$F$24='Codes postaux par région et dép'!A1964,H1964,\"\")","v":""},"",""]
[34480,"FOUZILHON",null,34,"Hérault","Occitanie",null,{"$f":"ROWS($A$2:A1965)","v":1964},{"$f":"IF(Formulaire!$F$24='Codes postaux par région et dép'!A1965,H1965,\"\")","v":""},"",""]
[34480,"ST GENIES DE FONTEDIT",null,34,"Hérault","Occitanie",null,{"$f":"ROWS($A$2:A1966)","v":1965},{"$f":"IF(Formulaire!$F$24='Codes postaux par région et dép'!A1966,H1966,\"\")","v":""},"",""]
[34480,"AUTIGNAC",null,34,"Hérault","Occitanie",null,{"$f":"ROWS($A$2:A1967)","v":1966},{"$f":"IF(Formulaire!$F$24='Codes postaux par région et dép'!A1967,H1967,\"\")","v":""},"",""]
[34480,"POUZOLLES",null,34,"Hérault","Occitanie",null,{"$f":"ROWS($A$2:A1968)","v":1967},{"$f":"IF(Formulaire!$F$24='Codes postaux par région et dép'!A1968,H1968,\"\")","v":""},"",""]
[34480,"CABREROLLES",null,34,"Hérault","Occitanie",null,{"$f":"ROWS($A$2:A1969)","v":1968},{"$f":"IF(Formulaire!$F$24='Codes postaux par région et dép'!A1969,H1969,\"\")","v":""},"",""]
[34480,"MAGALAS",null,34,"Hérault","Occitanie",null,{"$f":"ROWS($A$2:A1970)","v":1969},{"$f":"IF(Formulaire!$F$24='Codes postaux par région et dép'!A1970,H1970,\"\")","v":""},"",""]
[34480,"PUIMISSON",null,34,"Hérault","Occitanie",null,{"$f":"ROWS($A$2:A1971)","v":1970},{"$f":"IF(Formulaire!$F$24='Codes postaux par région et dép'!A1971,H1971,\"\")","v":""},"",""]
[34480,"PUISSALICON",null,34,"Hérault","Occitanie",null,{"$f":"ROWS($A$2:A1972)","v":1971},{"$f":"IF(Formulaire!$F$24='Codes postaux par région et dép'!A1972,H1972,\"\")","v":""},"",""]
[34480,"LAURENS",null,34,"Hérault","Occitanie",null,{"$f":"ROWS($A$2:A1973)","v":1972},{"$f":"IF(Formulaire!$F$24='Codes postaux par région et dép'!A1973,H1973,\"\")","v":""},"",""]
[34490,"CORNEILHAN",null,34,"Hérault","Occitanie",null,{"$f":"ROWS($A$2:A1974)","v":1973},{"$f":"IF(Formulaire!$F$24='Codes postaux par région et dép'!A1974,H1974,\"\")","v":""},"",""]
[34490,"PAILHES",null,34,"Hérault","Occitanie",null,{"$f":"ROWS($A$2:A1975)","v":1974},{"$f":"IF(Formulaire!$F$24='Codes postaux par région et dép'!A1975,H1975,\"\")","v":""},"",""]
[34490,"CAUSSES ET VEYRAN",null,34,"Hérault","Occitanie",null,{"$f":"ROWS($A$2:A1976)","v":1975},{"$f":"IF(Formulaire!$F$24='Codes postaux par région et dép'!A1976,H1976,\"\")","v":""},"",""]
[34490,"LIGNAN SUR ORB",null,34,"Hérault","Occitanie",null,{"$f":"ROWS($A$2:A1977)","v":1976},{"$f":"IF(Formulaire!$F$24='Codes postaux par région et dép'!A1977,H1977,\"\")","v":""},"",""]
[34490,"MURVIEL LES BEZIERS",null,34,"Hérault","Occitanie",null,{"$f":"ROWS($A$2:A1978)","v":1977},{"$f":"IF(Formulaire!$F$24='Codes postaux par région et dép'!A1978,H1978,\"\")","v":""},"",""]
[34490,"ST NAZAIRE DE LADAREZ",null,34,"Hérault","Occitanie",null,{"$f":"ROWS($A$2:A1979)","v":1978},{"$f":"IF(Formulaire!$F$24='Codes postaux par région et dép'!A1979,H1979,\"\")","v":""},"",""]
[34490,"THEZAN LES BEZIERS",null,34,"Hérault","Occitanie",null,{"$f":"ROWS($A$2:A1980)","v":1979},{"$f":"IF(Formulaire!$F$24='Codes postaux par région et dép'!A1980,H1980,\"\")","v":""},"",""]
[34500,"BEZIERS",null,34,"Hérault","Occitanie",null,{"$f":"ROWS($A$2:A1981)","v":1980},{"$f":"IF(Formulaire!$F$24='Codes postaux par région et dép'!A1981,H1981,\"\")","v":""},"",""]
[34500,"VILLENEUVE LES BEZIERS",null,34,"Hérault","Occitanie",null,{"$f":"ROWS($A$2:A1982)","v":1981},{"$f":"IF(Formulaire!$F$24='Codes postaux par région et dép'!A1982,H1982,\"\")","v":""},"",""]
[34510,"FLORENSAC",null,34,"Hérault","Occitanie",null,{"$f":"ROWS($A$2:A1983)","v":1982},{"$f":"IF(Formulaire!$F$24='Codes postaux par région et dép'!A1983,H1983,\"\")","v":""},"",""]
[34520,"LE CAYLAR",null,34,"Hérault","Occitanie",null,{"$f":"ROWS($A$2:A1984)","v":1983},{"$f":"IF(Formulaire!$F$24='Codes postaux par région et dép'!A1984,H1984,\"\")","v":""},"",""]
[34520,"LES RIVES",null,34,"Hérault","Occitanie",null,{"$f":"ROWS($A$2:A1985)","v":1984},{"$f":"IF(Formulaire!$F$24='Codes postaux par région et dép'!A1985,H1985,\"\")","v":""},"",""]
[34520,"SORBS",null,34,"Hérault","Occitanie",null,{"$f":"ROWS($A$2:A1986)","v":1985},{"$f":"IF(Formulaire!$F$24='Codes postaux par région et dép'!A1986,H1986,\"\")","v":""},{"$f":"IFERROR(SMALL($I:$I,H1986),\"\")","v":""},{"$f":"IFERROR(INDEX($B$2:$B$2867,J1986),\"\")","v":""}]
[34520,"LA VACQUERIE ST MARTIN CASTRIES",null,34,"Hérault","Occitanie",null,{"$f":"ROWS($A$2:A1987)","v":1986},{"$f":"IF(Formulaire!$F$24='Codes postaux par région et dép'!A1987,H1987,\"\")","v":""},"",""]
[34520,"ST MAURICE NAVACELLES",null,34,"Hérault","Occitanie",null,{"$f":"ROWS($A$2:A1988)","v":1987},{"$f":"IF(Formulaire!$F$24='Codes postaux par région et dép'!A1988,H1988,\"\")","v":""},"",""]
[34520,"ST MICHEL",null,34,"Hérault","Occitanie",null,{"$f":"ROWS($A$2:A1989)","v":1988},{"$f":"IF(Formulaire!$F$24='Codes postaux par région et dép'!A1989,H1989,\"\")","v":""},"",""]
[34520,"ST PIERRE DE LA FAGE",null,34,"Hérault","Occitanie",null,{"$f":"ROWS($A$2:A1990)","v":1989},{"$f":"IF(Formulaire!$F$24='Codes postaux par région et dép'!A1990,H1990,\"\")","v":""},"",""]
[34520,"LE CROS",null,34,"Hérault","Occitanie",null,{"$f":"ROWS($A$2:A1991)","v":1990},{"$f":"IF(Formulaire!$F$24='Codes postaux par région et dép'!A1991,H1991,\"\")","v":""},"",""]
[34520,"ST FELIX DE L HERAS",null,34,"Hérault","Occitanie",null,{"$f":"ROWS($A$2:A1992)","v":1991},{"$f":"IF(Formulaire!$F$24='Codes postaux par région et dép'!A1992,H1992,\"\")","v":""},"",""]
[34530,"AUMES",null,34,"Hérault","Occitanie",null,{"$f":"ROWS($A$2:A1993)","v":1992},{"$f":"IF(Formulaire!$F$24='Codes postaux par région et dép'!A1993,H1993,\"\")","v":""},"",""]
[34530,"MONTAGNAC",null,34,"Hérault","Occitanie",null,{"$f":"ROWS($A$2:A1994)","v":1993},{"$f":"IF(Formulaire!$F$24='Codes postaux par région et dép'!A1994,H1994,\"\")","v":""},"",""]
[34540,"BALARUC LE VIEUX",null,34,"Hérault","Occitanie",null,{"$f":"ROWS($A$2:A1995)","v":1994},{"$f":"IF(Formulaire!$F$24='Codes postaux par région et dép'!A1995,H1995,\"\")","v":""},"",""]
[34540,"BALARUC LES BAINS",null,34,"Hérault","Occitanie",null,{"$f":"ROWS($A$2:A1996)","v":1995},{"$f":"IF(Formulaire!$F$24='Codes postaux par région et dép'!A1996,H1996,\"\")","v":""},"",""]
[34550,"BESSAN",null,34,"Hérault","Occitanie",null,{"$f":"ROWS($A$2:A1997)","v":1996},{"$f":"IF(Formulaire!$F$24='Codes postaux par région et dép'!A1997,H1997,\"\")","v":""},"",""]
[34560,"MONTBAZIN",null,34,"Hérault","Occitanie",null,{"$f":"ROWS($A$2:A1998)","v":1997},{"$f":"IF(Formulaire!$F$24='Codes postaux par région et dép'!A1998,H1998,\"\")","v":""},"",""]
[34560,"POUSSAN",null,34,"Hérault","Occitanie",null,{"$f":"ROWS($A$2:A1999)","v":1998},{"$f":"IF(Formulaire!$F$24='Codes postaux par région et dép'!A1999,H1999,\"\")","v":""},"",""]
[34560,"VILLEVEYRAC",null,34,"Hérault","Occitanie",null,{"$f":"ROWS($A$2:A2000)","v":1999},{"$f":"IF(Formulaire!$F$24='Codes postaux par région et dép'!A2000,H2000,\"\")","v":""},"",""]
[34570,"MURVIEL LES MONTPELLIER",null,34,"Hérault","Occitanie",null,{"$f":"ROWS($A$2:A2001)","v":2000},{"$f":"IF(Formulaire!$F$24='Codes postaux par région et dép'!A2001,H2001,\"\")","v":""},"",""]
[34570,"VAILHAUQUES",null,34,"Hérault","Occitanie",null,{"$f":"ROWS($A$2:A2002)","v":2001},{"$f":"IF(Formulaire!$F$24='Codes postaux par région et dép'!A2002,H2002,\"\")","v":""},"",""]
[34570,"ST PAUL ET VALMALLE",null,34,"Hérault","Occitanie",null,{"$f":"ROWS($A$2:A2003)","v":2002},{"$f":"IF(Formulaire!$F$24='Codes postaux par région et dép'!A2003,H2003,\"\")","v":""},"",""]
[34570,"PIGNAN",null,34,"Hérault","Occitanie",null,{"$f":"ROWS($A$2:A2004)","v":2003},{"$f":"IF(Formulaire!$F$24='Codes postaux par région et dép'!A2004,H2004,\"\")","v":""},"",""]
[34570,"SAUSSAN",null,34,"Hérault","Occitanie",null,{"$f":"ROWS($A$2:A2005)","v":2004},{"$f":"IF(Formulaire!$F$24='Codes postaux par région et dép'!A2005,H2005,\"\")","v":""},"",""]
[34570,"MONTARNAUD",null,34,"Hérault","Occitanie",null,{"$f":"ROWS($A$2:A2006)","v":2005},{"$f":"IF(Formulaire!$F$24='Codes postaux par région et dép'!A2006,H2006,\"\")","v":""},"",""]
[34590,"MARSILLARGUES",null,34,"Hérault","Occitanie",null,{"$f":"ROWS($A$2:A2007)","v":2006},{"$f":"IF(Formulaire!$F$24='Codes postaux par région et dép'!A2007,H2007,\"\")","v":""},"",""]
[34600,"CAUSSINIOJOULS",null,34,"Hérault","Occitanie",null,{"$f":"ROWS($A$2:A2008)","v":2007},{"$f":"IF(Formulaire!$F$24='Codes postaux par région et dép'!A2008,H2008,\"\")","v":""},"",""]
[34600,"CARLENCAS ET LEVAS",null,34,"Hérault","Occitanie",null,{"$f":"ROWS($A$2:A2009)","v":2008},{"$f":"IF(Formulaire!$F$24='Codes postaux par région et dép'!A2009,H2009,\"\")","v":""},"",""]
[34600,"LE PRADAL",null,34,"Hérault","Occitanie",null,{"$f":"ROWS($A$2:A2010)","v":2009},{"$f":"IF(Formulaire!$F$24='Codes postaux par région et dép'!A2010,H2010,\"\")","v":""},"",""]
[34600,"FAUGERES",null,34,"Hérault","Occitanie",null,{"$f":"ROWS($A$2:A2011)","v":2010},{"$f":"IF(Formulaire!$F$24='Codes postaux par région et dép'!A2011,H2011,\"\")","v":""},"",""]
[34600,"TAUSSAC LA BILLIERE",null,34,"Hérault","Occitanie",null,{"$f":"ROWS($A$2:A2012)","v":2011},{"$f":"IF(Formulaire!$F$24='Codes postaux par région et dép'!A2012,H2012,\"\")","v":""},"",""]
[34600,"LE POUJOL SUR ORB",null,34,"Hérault","Occitanie",null,{"$f":"ROWS($A$2:A2013)","v":2012},{"$f":"IF(Formulaire!$F$24='Codes postaux par région et dép'!A2013,H2013,\"\")","v":""},"",""]
[34600,"VILLEMAGNE L ARGENTIERE",null,34,"Hérault","Occitanie",null,{"$f":"ROWS($A$2:A2014)","v":2013},{"$f":"IF(Formulaire!$F$24='Codes postaux par région et dép'!A2014,H2014,\"\")","v":""},"",""]
[34600,"HEREPIAN",null,34,"Hérault","Occitanie",null,{"$f":"ROWS($A$2:A2015)","v":2014},{"$f":"IF(Formulaire!$F$24='Codes postaux par région et dép'!A2015,H2015,\"\")","v":""},"",""]
[34600,"LES AIRES",null,34,"Hérault","Occitanie",null,{"$f":"ROWS($A$2:A2016)","v":2015},{"$f":"IF(Formulaire!$F$24='Codes postaux par région et dép'!A2016,H2016,\"\")","v":""},"",""]
[34600,"BEDARIEUX",null,34,"Hérault","Occitanie",null,{"$f":"ROWS($A$2:A2017)","v":2016},{"$f":"IF(Formulaire!$F$24='Codes postaux par région et dép'!A2017,H2017,\"\")","v":""},"",""]
[34600,"PEZENES LES MINES",null,34,"Hérault","Occitanie",null,{"$f":"ROWS($A$2:A2018)","v":2017},{"$f":"IF(Formulaire!$F$24='Codes postaux par région et dép'!A2018,H2018,\"\")","v":""},"",""]
[34610,"CASTANET LE HAUT",null,34,"Hérault","Occitanie",null,{"$f":"ROWS($A$2:A2019)","v":2018},{"$f":"IF(Formulaire!$F$24='Codes postaux par région et dép'!A2019,H2019,\"\")","v":""},"",""]
[34610,"ST GENIES DE VARENSAL",null,34,"Hérault","Occitanie",null,{"$f":"ROWS($A$2:A2020)","v":2019},{"$f":"IF(Formulaire!$F$24='Codes postaux par région et dép'!A2020,H2020,\"\")","v":""},"",""]
[34610,"ST GERVAIS SUR MARE",null,34,"Hérault","Occitanie",null,{"$f":"ROWS($A$2:A2021)","v":2020},{"$f":"IF(Formulaire!$F$24='Codes postaux par région et dép'!A2021,H2021,\"\")","v":""},"",""]
[34610,"ROSIS",null,34,"Hérault","Occitanie",null,{"$f":"ROWS($A$2:A2022)","v":2021},{"$f":"IF(Formulaire!$F$24='Codes postaux par région et dép'!A2022,H2022,\"\")","v":""},"",""]
[34610,"ST GENIES DE VARENSAL","PLAISANCE",34,"Hérault","Occitanie",null,{"$f":"ROWS($A$2:A2023)","v":2022},{"$f":"IF(Formulaire!$F$24='Codes postaux par région et dép'!A2023,H2023,\"\")","v":""},"",""]
[34620,"PUISSERGUIER",null,34,"Hérault","Occitanie",null,{"$f":"ROWS($A$2:A2024)","v":2023},{"$f":"IF(Formulaire!$F$24='Codes postaux par région et dép'!A2024,H2024,\"\")","v":""},"",""]
[34630,"ST THIBERY",null,34,"Hérault","Occitanie",null,{"$f":"ROWS($A$2:A2025)","v":2024},{"$f":"IF(Formulaire!$F$24='Codes postaux par région et dép'!A2025,H2025,\"\")","v":""},"",""]
[34650,"DIO ET VALQUIERES",null,34,"Hérault","Occitanie",null,{"$f":"ROWS($A$2:A2026)","v":2025},{"$f":"IF(Formulaire!$F$24='Codes postaux par région et dép'!A2026,H2026,\"\")","v":""},"",""]
[34650,"JONCELS",null,34,"Hérault","Occitanie",null,{"$f":"ROWS($A$2:A2027)","v":2026},{"$f":"IF(Formulaire!$F$24='Codes postaux par région et dép'!A2027,H2027,\"\")","v":""},"",""]
[34650,"ROMIGUIERES",null,34,"Hérault","Occitanie",null,{"$f":"ROWS($A$2:A2028)","v":2027},{"$f":"IF(Formulaire!$F$24='Codes postaux par région et dép'!A2028,H2028,\"\")","v":""},"",""]
[34650,"BRENAS",null,34,"Hérault","Occitanie",null,{"$f":"ROWS($A$2:A2029)","v":2028},{"$f":"IF(Formulaire!$F$24='Codes postaux par région et dép'!A2029,H2029,\"\")","v":""},"",""]
[34650,"LUNAS",null,34,"Hérault","Occitanie",null,{"$f":"ROWS($A$2:A2030)","v":2029},{"$f":"IF(Formulaire!$F$24='Codes postaux par région et dép'!A2030,H2030,\"\")","v":""},"",""]
[34650,"ROQUEREDONDE",null,34,"Hérault","Occitanie",null,{"$f":"ROWS($A$2:A2031)","v":2030},{"$f":"IF(Formulaire!$F$24='Codes postaux par région et dép'!A2031,H2031,\"\")","v":""},"",""]
[34660,"COURNONTERRAL",null,34,"Hérault","Occitanie",null,{"$f":"ROWS($A$2:A2032)","v":2031},{"$f":"IF(Formulaire!$F$24='Codes postaux par région et dép'!A2032,H2032,\"\")","v":""},"",""]
[34660,"COURNONSEC",null,34,"Hérault","Occitanie",null,{"$f":"ROWS($A$2:A2033)","v":2032},{"$f":"IF(Formulaire!$F$24='Codes postaux par région et dép'!A2033,H2033,\"\")","v":""},"",""]
[34670,"BAILLARGUES",null,34,"Hérault","Occitanie",null,{"$f":"ROWS($A$2:A2034)","v":2033},{"$f":"IF(Formulaire!$F$24='Codes postaux par région et dép'!A2034,H2034,\"\")","v":""},"",""]
[34670,"ST BRES",null,34,"Hérault","Occitanie",null,{"$f":"ROWS($A$2:A2035)","v":2034},{"$f":"IF(Formulaire!$F$24='Codes postaux par région et dép'!A2035,H2035,\"\")","v":""},"",""]
[34680,"ST GEORGES D ORQUES",null,34,"Hérault","Occitanie",null,{"$f":"ROWS($A$2:A2036)","v":2035},{"$f":"IF(Formulaire!$F$24='Codes postaux par région et dép'!A2036,H2036,\"\")","v":""},"",""]
[34690,"FABREGUES",null,34,"Hérault","Occitanie",null,{"$f":"ROWS($A$2:A2037)","v":2036},{"$f":"IF(Formulaire!$F$24='Codes postaux par région et dép'!A2037,H2037,\"\")","v":""},"",""]
[34700,"LAUROUX",null,34,"Hérault","Occitanie",null,{"$f":"ROWS($A$2:A2038)","v":2037},{"$f":"IF(Formulaire!$F$24='Codes postaux par région et dép'!A2038,H2038,\"\")","v":""},"",""]
[34700,"LE PUECH",null,34,"Hérault","Occitanie",null,{"$f":"ROWS($A$2:A2039)","v":2038},{"$f":"IF(Formulaire!$F$24='Codes postaux par région et dép'!A2039,H2039,\"\")","v":""},"",""]
[34700,"ST ETIENNE DE GOURGAS",null,34,"Hérault","Occitanie",null,{"$f":"ROWS($A$2:A2040)","v":2039},{"$f":"IF(Formulaire!$F$24='Codes postaux par région et dép'!A2040,H2040,\"\")","v":""},"",""]
[34700,"LAVALETTE",null,34,"Hérault","Occitanie",null,{"$f":"ROWS($A$2:A2041)","v":2040},{"$f":"IF(Formulaire!$F$24='Codes postaux par région et dép'!A2041,H2041,\"\")","v":""},"",""]
[34700,"LES PLANS",null,34,"Hérault","Occitanie",null,{"$f":"ROWS($A$2:A2042)","v":2041},{"$f":"IF(Formulaire!$F$24='Codes postaux par région et dép'!A2042,H2042,\"\")","v":""},"",""]
[34700,"LE BOSC",null,34,"Hérault","Occitanie",null,{"$f":"ROWS($A$2:A2043)","v":2042},{"$f":"IF(Formulaire!$F$24='Codes postaux par région et dép'!A2043,H2043,\"\")","v":""},"",""]
[34700,"OLMET ET VILLECUN",null,34,"Hérault","Occitanie",null,{"$f":"ROWS($A$2:A2044)","v":2043},{"$f":"IF(Formulaire!$F$24='Codes postaux par région et dép'!A2044,H2044,\"\")","v":""},"",""]
[34700,"PEGAIROLLES DE L ESCALETTE",null,34,"Hérault","Occitanie",null,{"$f":"ROWS($A$2:A2045)","v":2044},{"$f":"IF(Formulaire!$F$24='Codes postaux par région et dép'!A2045,H2045,\"\")","v":""},"",""]
[34700,"SOUBES",null,34,"Hérault","Occitanie",null,{"$f":"ROWS($A$2:A2046)","v":2045},{"$f":"IF(Formulaire!$F$24='Codes postaux par région et dép'!A2046,H2046,\"\")","v":""},"",""]
[34700,"CELLES",null,34,"Hérault","Occitanie",null,{"$f":"ROWS($A$2:A2047)","v":2046},{"$f":"IF(Formulaire!$F$24='Codes postaux par région et dép'!A2047,H2047,\"\")","v":""},"",""]
[34700,"POUJOLS",null,34,"Hérault","Occitanie",null,{"$f":"ROWS($A$2:A2048)","v":2047},{"$f":"IF(Formulaire!$F$24='Codes postaux par région et dép'!A2048,H2048,\"\")","v":""},"",""]
[34700,"ST PRIVAT",null,34,"Hérault","Occitanie",null,{"$f":"ROWS($A$2:A2049)","v":2048},{"$f":"IF(Formulaire!$F$24='Codes postaux par région et dép'!A2049,H2049,\"\")","v":""},"",""]
[34700,"USCLAS DU BOSC",null,34,"Hérault","Occitanie",null,{"$f":"ROWS($A$2:A2050)","v":2049},{"$f":"IF(Formulaire!$F$24='Codes postaux par région et dép'!A2050,H2050,\"\")","v":""},{"$f":"IFERROR(SMALL($I:$I,H2050),\"\")","v":""},{"$f":"IFERROR(INDEX($B$2:$B$2867,J2050),\"\")","v":""}]
[34700,"FOZIERES",null,34,"Hérault","Occitanie",null,{"$f":"ROWS($A$2:A2051)","v":2050},{"$f":"IF(Formulaire!$F$24='Codes postaux par région et dép'!A2051,H2051,\"\")","v":""},"",""]
[34700,"LODEVE",null,34,"Hérault","Occitanie",null,{"$f":"ROWS($A$2:A2052)","v":2051},{"$f":"IF(Formulaire!$F$24='Codes postaux par région et dép'!A2052,H2052,\"\")","v":""},"",""]
[34700,"ST JEAN DE LA BLAQUIERE",null,34,"Hérault","Occitanie",null,{"$f":"ROWS($A$2:A2053)","v":2052},{"$f":"IF(Formulaire!$F$24='Codes postaux par région et dép'!A2053,H2053,\"\")","v":""},"",""]
[34700,"SOUMONT",null,34,"Hérault","Occitanie",null,{"$f":"ROWS($A$2:A2054)","v":2053},{"$f":"IF(Formulaire!$F$24='Codes postaux par région et dép'!A2054,H2054,\"\")","v":""},"",""]
[34710,"LESPIGNAN",null,34,"Hérault","Occitanie",null,{"$f":"ROWS($A$2:A2055)","v":2054},{"$f":"IF(Formulaire!$F$24='Codes postaux par région et dép'!A2055,H2055,\"\")","v":""},"",""]
[34720,"CAUX",null,34,"Hérault","Occitanie",null,{"$f":"ROWS($A$2:A2056)","v":2055},{"$f":"IF(Formulaire!$F$24='Codes postaux par région et dép'!A2056,H2056,\"\")","v":""},"",""]
[34725,"ST ANDRE DE SANGONIS",null,34,"Hérault","Occitanie",null,{"$f":"ROWS($A$2:A2057)","v":2056},{"$f":"IF(Formulaire!$F$24='Codes postaux par région et dép'!A2057,H2057,\"\")","v":""},"",""]
[34725,"ST GUIRAUD",null,34,"Hérault","Occitanie",null,{"$f":"ROWS($A$2:A2058)","v":2057},{"$f":"IF(Formulaire!$F$24='Codes postaux par région et dép'!A2058,H2058,\"\")","v":""},"",""]
[34725,"JONQUIERES",null,34,"Hérault","Occitanie",null,{"$f":"ROWS($A$2:A2059)","v":2058},{"$f":"IF(Formulaire!$F$24='Codes postaux par région et dép'!A2059,H2059,\"\")","v":""},"",""]
[34725,"ST FELIX DE LODEZ",null,34,"Hérault","Occitanie",null,{"$f":"ROWS($A$2:A2060)","v":2059},{"$f":"IF(Formulaire!$F$24='Codes postaux par région et dép'!A2060,H2060,\"\")","v":""},"",""]
[34725,"ST SATURNIN DE LUCIAN",null,34,"Hérault","Occitanie",null,{"$f":"ROWS($A$2:A2061)","v":2060},{"$f":"IF(Formulaire!$F$24='Codes postaux par région et dép'!A2061,H2061,\"\")","v":""},"",""]
[34730,"PRADES LE LEZ",null,34,"Hérault","Occitanie",null,{"$f":"ROWS($A$2:A2062)","v":2061},{"$f":"IF(Formulaire!$F$24='Codes postaux par région et dép'!A2062,H2062,\"\")","v":""},"",""]
[34730,"ST VINCENT DE BARBEYRARGUES",null,34,"Hérault","Occitanie",null,{"$f":"ROWS($A$2:A2063)","v":2062},{"$f":"IF(Formulaire!$F$24='Codes postaux par région et dép'!A2063,H2063,\"\")","v":""},"",""]
[34740,"VENDARGUES",null,34,"Hérault","Occitanie",null,{"$f":"ROWS($A$2:A2064)","v":2063},{"$f":"IF(Formulaire!$F$24='Codes postaux par région et dép'!A2064,H2064,\"\")","v":""},"",""]
[34750,"VILLENEUVE LES MAGUELONE",null,34,"Hérault","Occitanie",null,{"$f":"ROWS($A$2:A2065)","v":2064},{"$f":"IF(Formulaire!$F$24='Codes postaux par région et dép'!A2065,H2065,\"\")","v":""},"",""]
[34760,"BOUJAN SUR LIBRON",null,34,"Hérault","Occitanie",null,{"$f":"ROWS($A$2:A2066)","v":2065},{"$f":"IF(Formulaire!$F$24='Codes postaux par région et dép'!A2066,H2066,\"\")","v":""},"",""]
[34770,"GIGEAN",null,34,"Hérault","Occitanie",null,{"$f":"ROWS($A$2:A2067)","v":2066},{"$f":"IF(Formulaire!$F$24='Codes postaux par région et dép'!A2067,H2067,\"\")","v":""},"",""]
[34790,"GRABELS",null,34,"Hérault","Occitanie",null,{"$f":"ROWS($A$2:A2068)","v":2067},{"$f":"IF(Formulaire!$F$24='Codes postaux par région et dép'!A2068,H2068,\"\")","v":""},"",""]
[34800,"LACOSTE",null,34,"Hérault","Occitanie",null,{"$f":"ROWS($A$2:A2069)","v":2068},{"$f":"IF(Formulaire!$F$24='Codes postaux par région et dép'!A2069,H2069,\"\")","v":""},"",""]
[34800,"OCTON",null,34,"Hérault","Occitanie",null,{"$f":"ROWS($A$2:A2070)","v":2069},{"$f":"IF(Formulaire!$F$24='Codes postaux par région et dép'!A2070,H2070,\"\")","v":""},"",""]
[34800,"CEYRAS",null,34,"Hérault","Occitanie",null,{"$f":"ROWS($A$2:A2071)","v":2070},{"$f":"IF(Formulaire!$F$24='Codes postaux par région et dép'!A2071,H2071,\"\")","v":""},"",""]
[34800,"PERET",null,34,"Hérault","Occitanie",null,{"$f":"ROWS($A$2:A2072)","v":2071},{"$f":"IF(Formulaire!$F$24='Codes postaux par région et dép'!A2072,H2072,\"\")","v":""},"",""]
[34800,"CANET",null,34,"Hérault","Occitanie",null,{"$f":"ROWS($A$2:A2073)","v":2072},{"$f":"IF(Formulaire!$F$24='Codes postaux par région et dép'!A2073,H2073,\"\")","v":""},"",""]
[34800,"LIEURAN CABRIERES",null,34,"Hérault","Occitanie",null,{"$f":"ROWS($A$2:A2074)","v":2073},{"$f":"IF(Formulaire!$F$24='Codes postaux par région et dép'!A2074,H2074,\"\")","v":""},"",""]
[34800,"NEBIAN",null,34,"Hérault","Occitanie",null,{"$f":"ROWS($A$2:A2075)","v":2074},{"$f":"IF(Formulaire!$F$24='Codes postaux par région et dép'!A2075,H2075,\"\")","v":""},"",""]
[34800,"VALMASCLE",null,34,"Hérault","Occitanie",null,{"$f":"ROWS($A$2:A2076)","v":2075},{"$f":"IF(Formulaire!$F$24='Codes postaux par région et dép'!A2076,H2076,\"\")","v":""},"",""]
[34800,"CABRIERES",null,34,"Hérault","Occitanie",null,{"$f":"ROWS($A$2:A2077)","v":2076},{"$f":"IF(Formulaire!$F$24='Codes postaux par région et dép'!A2077,H2077,\"\")","v":""},"",""]
[34800,"SALASC",null,34,"Hérault","Occitanie",null,{"$f":"ROWS($A$2:A2078)","v":2077},{"$f":"IF(Formulaire!$F$24='Codes postaux par région et dép'!A2078,H2078,\"\")","v":""},"",""]
[34800,"VILLENEUVETTE",null,34,"Hérault","Occitanie",null,{"$f":"ROWS($A$2:A2079)","v":2078},{"$f":"IF(Formulaire!$F$24='Codes postaux par région et dép'!A2079,H2079,\"\")","v":""},"",""]
[34800,"ASPIRAN",null,34,"Hérault","Occitanie",null,{"$f":"ROWS($A$2:A2080)","v":2079},{"$f":"IF(Formulaire!$F$24='Codes postaux par région et dép'!A2080,H2080,\"\")","v":""},"",""]
[34800,"BRIGNAC",null,34,"Hérault","Occitanie",null,{"$f":"ROWS($A$2:A2081)","v":2080},{"$f":"IF(Formulaire!$F$24='Codes postaux par région et dép'!A2081,H2081,\"\")","v":""},"",""]
[34800,"CLERMONT L HERAULT",null,34,"Hérault","Occitanie",null,{"$f":"ROWS($A$2:A2082)","v":2081},{"$f":"IF(Formulaire!$F$24='Codes postaux par région et dép'!A2082,H2082,\"\")","v":""},"",""]
[34800,"LIAUSSON",null,34,"Hérault","Occitanie",null,{"$f":"ROWS($A$2:A2083)","v":2082},{"$f":"IF(Formulaire!$F$24='Codes postaux par région et dép'!A2083,H2083,\"\")","v":""},"",""]
[34800,"MERIFONS",null,34,"Hérault","Occitanie",null,{"$f":"ROWS($A$2:A2084)","v":2083},{"$f":"IF(Formulaire!$F$24='Codes postaux par région et dép'!A2084,H2084,\"\")","v":""},"",""]
[34800,"MOUREZE",null,34,"Hérault","Occitanie",null,{"$f":"ROWS($A$2:A2085)","v":2084},{"$f":"IF(Formulaire!$F$24='Codes postaux par région et dép'!A2085,H2085,\"\")","v":""},"",""]
[34810,"POMEROLS",null,34,"Hérault","Occitanie",null,{"$f":"ROWS($A$2:A2086)","v":2085},{"$f":"IF(Formulaire!$F$24='Codes postaux par région et dép'!A2086,H2086,\"\")","v":""},"",""]
[34820,"TEYRAN",null,34,"Hérault","Occitanie",null,{"$f":"ROWS($A$2:A2087)","v":2086},{"$f":"IF(Formulaire!$F$24='Codes postaux par région et dép'!A2087,H2087,\"\")","v":""},"",""]
[34820,"ASSAS",null,34,"Hérault","Occitanie",null,{"$f":"ROWS($A$2:A2088)","v":2087},{"$f":"IF(Formulaire!$F$24='Codes postaux par région et dép'!A2088,H2088,\"\")","v":""},"",""]
[34820,"GUZARGUES",null,34,"Hérault","Occitanie",null,{"$f":"ROWS($A$2:A2089)","v":2088},{"$f":"IF(Formulaire!$F$24='Codes postaux par région et dép'!A2089,H2089,\"\")","v":""},"",""]
[34830,"JACOU",null,34,"Hérault","Occitanie",null,{"$f":"ROWS($A$2:A2090)","v":2089},{"$f":"IF(Formulaire!$F$24='Codes postaux par région et dép'!A2090,H2090,\"\")","v":""},"",""]
[34830,"CLAPIERS",null,34,"Hérault","Occitanie",null,{"$f":"ROWS($A$2:A2091)","v":2090},{"$f":"IF(Formulaire!$F$24='Codes postaux par région et dép'!A2091,H2091,\"\")","v":""},"",""]
[34850,"PINET",null,34,"Hérault","Occitanie",null,{"$f":"ROWS($A$2:A2092)","v":2091},{"$f":"IF(Formulaire!$F$24='Codes postaux par région et dép'!A2092,H2092,\"\")","v":""},"",""]
[34880,"LAVERUNE",null,34,"Hérault","Occitanie",null,{"$f":"ROWS($A$2:A2093)","v":2092},{"$f":"IF(Formulaire!$F$24='Codes postaux par région et dép'!A2093,H2093,\"\")","v":""},"",""]
[34920,"LE CRES",null,34,"Hérault","Occitanie",null,{"$f":"ROWS($A$2:A2094)","v":2093},{"$f":"IF(Formulaire!$F$24='Codes postaux par région et dép'!A2094,H2094,\"\")","v":""},"",""]
[34970,"LATTES",null,34,"Hérault","Occitanie",null,{"$f":"ROWS($A$2:A2095)","v":2094},{"$f":"IF(Formulaire!$F$24='Codes postaux par région et dép'!A2095,H2095,\"\")","v":""},"",""]
[34980,"COMBAILLAUX",null,34,"Hérault","Occitanie",null,{"$f":"ROWS($A$2:A2096)","v":2095},{"$f":"IF(Formulaire!$F$24='Codes postaux par région et dép'!A2096,H2096,\"\")","v":""},"",""]
[34980,"ST CLEMENT DE RIVIERE",null,34,"Hérault","Occitanie",null,{"$f":"ROWS($A$2:A2097)","v":2096},{"$f":"IF(Formulaire!$F$24='Codes postaux par région et dép'!A2097,H2097,\"\")","v":""},"",""]
[34980,"MURLES",null,34,"Hérault","Occitanie",null,{"$f":"ROWS($A$2:A2098)","v":2097},{"$f":"IF(Formulaire!$F$24='Codes postaux par région et dép'!A2098,H2098,\"\")","v":""},"",""]
[34980,"ST GELY DU FESC",null,34,"Hérault","Occitanie",null,{"$f":"ROWS($A$2:A2099)","v":2098},{"$f":"IF(Formulaire!$F$24='Codes postaux par région et dép'!A2099,H2099,\"\")","v":""},"",""]
[34980,"MONTFERRIER SUR LEZ",null,34,"Hérault","Occitanie",null,{"$f":"ROWS($A$2:A2100)","v":2099},{"$f":"IF(Formulaire!$F$24='Codes postaux par région et dép'!A2100,H2100,\"\")","v":""},"",""]
[34990,"JUVIGNAC",null,34,"Hérault","Occitanie",null,{"$f":"ROWS($A$2:A2101)","v":2100},{"$f":"IF(Formulaire!$F$24='Codes postaux par région et dép'!A2101,H2101,\"\")","v":""},"",""]
[48000,"BALSIEGES",null,48,"Lozère","Occitanie",null,{"$f":"ROWS($A$2:A2102)","v":2101},{"$f":"IF(Formulaire!$F$24='Codes postaux par région et dép'!A2102,H2102,\"\")","v":""},"",""]
[48000,"LE BORN",null,48,"Lozère","Occitanie",null,{"$f":"ROWS($A$2:A2103)","v":2102},{"$f":"IF(Formulaire!$F$24='Codes postaux par région et dép'!A2103,H2103,\"\")","v":""},"",""]
[48000,"ST BAUZILE",null,48,"Lozère","Occitanie",null,{"$f":"ROWS($A$2:A2104)","v":2103},{"$f":"IF(Formulaire!$F$24='Codes postaux par région et dép'!A2104,H2104,\"\")","v":""},"",""]
[48000,"BADAROUX",null,48,"Lozère","Occitanie",null,{"$f":"ROWS($A$2:A2105)","v":2104},{"$f":"IF(Formulaire!$F$24='Codes postaux par région et dép'!A2105,H2105,\"\")","v":""},"",""]
[48000,"MENDE",null,48,"Lozère","Occitanie",null,{"$f":"ROWS($A$2:A2106)","v":2105},{"$f":"IF(Formulaire!$F$24='Codes postaux par région et dép'!A2106,H2106,\"\")","v":""},"",""]
[48000,"PELOUSE",null,48,"Lozère","Occitanie",null,{"$f":"ROWS($A$2:A2107)","v":2106},{"$f":"IF(Formulaire!$F$24='Codes postaux par région et dép'!A2107,H2107,\"\")","v":""},"",""]
[48000,"ST ETIENNE DU VALDONNEZ",null,48,"Lozère","Occitanie",null,{"$f":"ROWS($A$2:A2108)","v":2107},{"$f":"IF(Formulaire!$F$24='Codes postaux par région et dép'!A2108,H2108,\"\")","v":""},"",""]
[48000,"BARJAC",null,48,"Lozère","Occitanie",null,{"$f":"ROWS($A$2:A2109)","v":2108},{"$f":"IF(Formulaire!$F$24='Codes postaux par région et dép'!A2109,H2109,\"\")","v":""},"",""]
[48000,"BRENOUX",null,48,"Lozère","Occitanie",null,{"$f":"ROWS($A$2:A2110)","v":2109},{"$f":"IF(Formulaire!$F$24='Codes postaux par région et dép'!A2110,H2110,\"\")","v":""},"",""]
[48000,"LANUEJOLS",null,48,"Lozère","Occitanie",null,{"$f":"ROWS($A$2:A2111)","v":2110},{"$f":"IF(Formulaire!$F$24='Codes postaux par région et dép'!A2111,H2111,\"\")","v":""},"",""]
[48000,"MONTS DE RANDON","SERVIERES",48,"Lozère","Occitanie",null,{"$f":"ROWS($A$2:A2112)","v":2111},{"$f":"IF(Formulaire!$F$24='Codes postaux par région et dép'!A2112,H2112,\"\")","v":""},"",""]
[48000,"CHASTEL NOUVEL",null,48,"Lozère","Occitanie",null,{"$f":"ROWS($A$2:A2113)","v":2112},{"$f":"IF(Formulaire!$F$24='Codes postaux par région et dép'!A2113,H2113,\"\")","v":""},"",""]
[48100,"ANTRENAS",null,48,"Lozère","Occitanie",null,{"$f":"ROWS($A$2:A2114)","v":2113},{"$f":"IF(Formulaire!$F$24='Codes postaux par région et dép'!A2114,H2114,\"\")","v":""},{"$f":"IFERROR(SMALL($I:$I,H2114),\"\")","v":""},{"$f":"IFERROR(INDEX($B$2:$B$2867,J2114),\"\")","v":""}]
[48100,"LE BUISSON",null,48,"Lozère","Occitanie",null,{"$f":"ROWS($A$2:A2115)","v":2114},{"$f":"IF(Formulaire!$F$24='Codes postaux par région et dép'!A2115,H2115,\"\")","v":""},"",""]
[48100,"GABRIAS",null,48,"Lozère","Occitanie",null,{"$f":"ROWS($A$2:A2116)","v":2115},{"$f":"IF(Formulaire!$F$24='Codes postaux par région et dép'!A2116,H2116,\"\")","v":""},"",""]
[48100,"GREZES",null,48,"Lozère","Occitanie",null,{"$f":"ROWS($A$2:A2117)","v":2116},{"$f":"IF(Formulaire!$F$24='Codes postaux par région et dép'!A2117,H2117,\"\")","v":""},"",""]
[48100,"MARVEJOLS",null,48,"Lozère","Occitanie",null,{"$f":"ROWS($A$2:A2118)","v":2117},{"$f":"IF(Formulaire!$F$24='Codes postaux par région et dép'!A2118,H2118,\"\")","v":""},"",""]
[48100,"BOURGS SUR COLAGNE","LE MONASTIER PIN MORIES",48,"Lozère","Occitanie",null,{"$f":"ROWS($A$2:A2119)","v":2118},{"$f":"IF(Formulaire!$F$24='Codes postaux par région et dép'!A2119,H2119,\"\")","v":""},"",""]
[48100,"BOURGS SUR COLAGNE","PIN MORIES",48,"Lozère","Occitanie",null,{"$f":"ROWS($A$2:A2120)","v":2119},{"$f":"IF(Formulaire!$F$24='Codes postaux par région et dép'!A2120,H2120,\"\")","v":""},"",""]
[48100,"LACHAMP RIBENNES","LACHAMP",48,"Lozère","Occitanie",null,{"$f":"ROWS($A$2:A2121)","v":2120},{"$f":"IF(Formulaire!$F$24='Codes postaux par région et dép'!A2121,H2121,\"\")","v":""},"",""]
[48100,"ST BONNET DE CHIRAC",null,48,"Lozère","Occitanie",null,{"$f":"ROWS($A$2:A2122)","v":2121},{"$f":"IF(Formulaire!$F$24='Codes postaux par région et dép'!A2122,H2122,\"\")","v":""},"",""]
[48100,"ST LAURENT DE MURET",null,48,"Lozère","Occitanie",null,{"$f":"ROWS($A$2:A2123)","v":2122},{"$f":"IF(Formulaire!$F$24='Codes postaux par région et dép'!A2123,H2123,\"\")","v":""},"",""]
[48100,"RECOULES DE FUMAS",null,48,"Lozère","Occitanie",null,{"$f":"ROWS($A$2:A2124)","v":2123},{"$f":"IF(Formulaire!$F$24='Codes postaux par région et dép'!A2124,H2124,\"\")","v":""},"",""]
[48100,"PRINSUEJOLS MALBOUZON","PRINSUEJOLS",48,"Lozère","Occitanie",null,{"$f":"ROWS($A$2:A2125)","v":2124},{"$f":"IF(Formulaire!$F$24='Codes postaux par région et dép'!A2125,H2125,\"\")","v":""},"",""]
[48100,"BOURGS SUR COLAGNE","CHIRAC",48,"Lozère","Occitanie",null,{"$f":"ROWS($A$2:A2126)","v":2125},{"$f":"IF(Formulaire!$F$24='Codes postaux par région et dép'!A2126,H2126,\"\")","v":""},"",""]
[48100,"PALHERS",null,48,"Lozère","Occitanie",null,{"$f":"ROWS($A$2:A2127)","v":2126},{"$f":"IF(Formulaire!$F$24='Codes postaux par région et dép'!A2127,H2127,\"\")","v":""},"",""]
[48100,"ST LEGER DE PEYRE",null,48,"Lozère","Occitanie",null,{"$f":"ROWS($A$2:A2128)","v":2127},{"$f":"IF(Formulaire!$F$24='Codes postaux par région et dép'!A2128,H2128,\"\")","v":""},"",""]
[48100,"MONTRODAT",null,48,"Lozère","Occitanie",null,{"$f":"ROWS($A$2:A2129)","v":2128},{"$f":"IF(Formulaire!$F$24='Codes postaux par région et dép'!A2129,H2129,\"\")","v":""},"",""]
[48100,"LES SALCES",null,48,"Lozère","Occitanie",null,{"$f":"ROWS($A$2:A2130)","v":2129},{"$f":"IF(Formulaire!$F$24='Codes postaux par région et dép'!A2130,H2130,\"\")","v":""},"",""]
[48110,"GABRIAC",null,48,"Lozère","Occitanie",null,{"$f":"ROWS($A$2:A2131)","v":2130},{"$f":"IF(Formulaire!$F$24='Codes postaux par région et dép'!A2131,H2131,\"\")","v":""},"",""]
[48110,"MOLEZON",null,48,"Lozère","Occitanie",null,{"$f":"ROWS($A$2:A2132)","v":2131},{"$f":"IF(Formulaire!$F$24='Codes postaux par région et dép'!A2132,H2132,\"\")","v":""},"",""]
[48110,"STE CROIX VALLEE FRANCAISE",null,48,"Lozère","Occitanie",null,{"$f":"ROWS($A$2:A2133)","v":2132},{"$f":"IF(Formulaire!$F$24='Codes postaux par région et dép'!A2133,H2133,\"\")","v":""},"",""]
[48110,"MOISSAC VALLEE FRANCAISE",null,48,"Lozère","Occitanie",null,{"$f":"ROWS($A$2:A2134)","v":2133},{"$f":"IF(Formulaire!$F$24='Codes postaux par région et dép'!A2134,H2134,\"\")","v":""},"",""]
[48110,"LE POMPIDOU",null,48,"Lozère","Occitanie",null,{"$f":"ROWS($A$2:A2135)","v":2134},{"$f":"IF(Formulaire!$F$24='Codes postaux par région et dép'!A2135,H2135,\"\")","v":""},"",""]
[48110,"ST MARTIN DE LANSUSCLE",null,48,"Lozère","Occitanie",null,{"$f":"ROWS($A$2:A2136)","v":2135},{"$f":"IF(Formulaire!$F$24='Codes postaux par région et dép'!A2136,H2136,\"\")","v":""},"",""]
[48120,"LAJO",null,48,"Lozère","Occitanie",null,{"$f":"ROWS($A$2:A2137)","v":2136},{"$f":"IF(Formulaire!$F$24='Codes postaux par région et dép'!A2137,H2137,\"\")","v":""},"",""]
[48120,"ST ALBAN SUR LIMAGNOLE",null,48,"Lozère","Occitanie",null,{"$f":"ROWS($A$2:A2138)","v":2137},{"$f":"IF(Formulaire!$F$24='Codes postaux par région et dép'!A2138,H2138,\"\")","v":""},"",""]
[48120,"STE EULALIE",null,48,"Lozère","Occitanie",null,{"$f":"ROWS($A$2:A2139)","v":2138},{"$f":"IF(Formulaire!$F$24='Codes postaux par région et dép'!A2139,H2139,\"\")","v":""},"",""]
[48130,"PEYRE EN AUBRAC","AUMONT AUBRAC",48,"Lozère","Occitanie",null,{"$f":"ROWS($A$2:A2140)","v":2139},{"$f":"IF(Formulaire!$F$24='Codes postaux par région et dép'!A2140,H2140,\"\")","v":""},"",""]
[48130,"PEYRE EN AUBRAC","LA CHAZE DE PEYRE",48,"Lozère","Occitanie",null,{"$f":"ROWS($A$2:A2141)","v":2140},{"$f":"IF(Formulaire!$F$24='Codes postaux par région et dép'!A2141,H2141,\"\")","v":""},"",""]
[48130,"PEYRE EN AUBRAC","ST SAUVEUR DE PEYRE",48,"Lozère","Occitanie",null,{"$f":"ROWS($A$2:A2142)","v":2141},{"$f":"IF(Formulaire!$F$24='Codes postaux par région et dép'!A2142,H2142,\"\")","v":""},"",""]
[48130,"PEYRE EN AUBRAC","FAU DE PEYRE",48,"Lozère","Occitanie",null,{"$f":"ROWS($A$2:A2143)","v":2142},{"$f":"IF(Formulaire!$F$24='Codes postaux par région et dép'!A2143,H2143,\"\")","v":""},"",""]
[48130,"PEYRE EN AUBRAC","STE COLOMBE DE PEYRE",48,"Lozère","Occitanie",null,{"$f":"ROWS($A$2:A2144)","v":2143},{"$f":"IF(Formulaire!$F$24='Codes postaux par région et dép'!A2144,H2144,\"\")","v":""},"",""]
[48130,"PEYRE EN AUBRAC","JAVOLS",48,"Lozère","Occitanie",null,{"$f":"ROWS($A$2:A2145)","v":2144},{"$f":"IF(Formulaire!$F$24='Codes postaux par région et dép'!A2145,H2145,\"\")","v":""},"",""]
[48140,"CHAULHAC",null,48,"Lozère","Occitanie",null,{"$f":"ROWS($A$2:A2146)","v":2145},{"$f":"IF(Formulaire!$F$24='Codes postaux par région et dép'!A2146,H2146,\"\")","v":""},"",""]
[48140,"LE MALZIEU FORAIN",null,48,"Lozère","Occitanie",null,{"$f":"ROWS($A$2:A2147)","v":2146},{"$f":"IF(Formulaire!$F$24='Codes postaux par région et dép'!A2147,H2147,\"\")","v":""},"",""]
[48140,"LE MALZIEU VILLE",null,48,"Lozère","Occitanie",null,{"$f":"ROWS($A$2:A2148)","v":2147},{"$f":"IF(Formulaire!$F$24='Codes postaux par région et dép'!A2148,H2148,\"\")","v":""},"",""]
[48140,"JULIANGES",null,48,"Lozère","Occitanie",null,{"$f":"ROWS($A$2:A2149)","v":2148},{"$f":"IF(Formulaire!$F$24='Codes postaux par région et dép'!A2149,H2149,\"\")","v":""},"",""]
[48140,"PAULHAC EN MARGERIDE",null,48,"Lozère","Occitanie",null,{"$f":"ROWS($A$2:A2150)","v":2149},{"$f":"IF(Formulaire!$F$24='Codes postaux par région et dép'!A2150,H2150,\"\")","v":""},"",""]
[48140,"ST LEGER DU MALZIEU",null,48,"Lozère","Occitanie",null,{"$f":"ROWS($A$2:A2151)","v":2150},{"$f":"IF(Formulaire!$F$24='Codes postaux par région et dép'!A2151,H2151,\"\")","v":""},"",""]
[48140,"ST PRIVAT DU FAU",null,48,"Lozère","Occitanie",null,{"$f":"ROWS($A$2:A2152)","v":2151},{"$f":"IF(Formulaire!$F$24='Codes postaux par région et dép'!A2152,H2152,\"\")","v":""},"",""]
[48150,"MEYRUEIS",null,48,"Lozère","Occitanie",null,{"$f":"ROWS($A$2:A2153)","v":2152},{"$f":"IF(Formulaire!$F$24='Codes postaux par région et dép'!A2153,H2153,\"\")","v":""},"",""]
[48150,"LE ROZIER",null,48,"Lozère","Occitanie",null,{"$f":"ROWS($A$2:A2154)","v":2153},{"$f":"IF(Formulaire!$F$24='Codes postaux par région et dép'!A2154,H2154,\"\")","v":""},"",""]
[48150,"GATUZIERES",null,48,"Lozère","Occitanie",null,{"$f":"ROWS($A$2:A2155)","v":2154},{"$f":"IF(Formulaire!$F$24='Codes postaux par région et dép'!A2155,H2155,\"\")","v":""},"",""]
[48150,"HURES LA PARADE",null,48,"Lozère","Occitanie",null,{"$f":"ROWS($A$2:A2156)","v":2155},{"$f":"IF(Formulaire!$F$24='Codes postaux par région et dép'!A2156,H2156,\"\")","v":""},"",""]
[48150,"ST PIERRE DES TRIPIERS",null,48,"Lozère","Occitanie",null,{"$f":"ROWS($A$2:A2157)","v":2156},{"$f":"IF(Formulaire!$F$24='Codes postaux par région et dép'!A2157,H2157,\"\")","v":""},"",""]
[48160,"ST HILAIRE DE LAVIT",null,48,"Lozère","Occitanie",null,{"$f":"ROWS($A$2:A2158)","v":2157},{"$f":"IF(Formulaire!$F$24='Codes postaux par région et dép'!A2158,H2158,\"\")","v":""},"",""]
[48160,"VENTALON EN CEVENNES","ST ANDEOL DE CLERGUEMORT",48,"Lozère","Occitanie",null,{"$f":"ROWS($A$2:A2159)","v":2158},{"$f":"IF(Formulaire!$F$24='Codes postaux par région et dép'!A2159,H2159,\"\")","v":""},"",""]
[48160,"ST JULIEN DES POINTS",null,48,"Lozère","Occitanie",null,{"$f":"ROWS($A$2:A2160)","v":2159},{"$f":"IF(Formulaire!$F$24='Codes postaux par région et dép'!A2160,H2160,\"\")","v":""},"",""]
[48160,"ST MARTIN DE BOUBAUX",null,48,"Lozère","Occitanie",null,{"$f":"ROWS($A$2:A2161)","v":2160},{"$f":"IF(Formulaire!$F$24='Codes postaux par région et dép'!A2161,H2161,\"\")","v":""},"",""]
[48160,"LE COLLET DE DEZE",null,48,"Lozère","Occitanie",null,{"$f":"ROWS($A$2:A2162)","v":2161},{"$f":"IF(Formulaire!$F$24='Codes postaux par région et dép'!A2162,H2162,\"\")","v":""},"",""]
[48160,"ST MICHEL DE DEZE",null,48,"Lozère","Occitanie",null,{"$f":"ROWS($A$2:A2163)","v":2162},{"$f":"IF(Formulaire!$F$24='Codes postaux par région et dép'!A2163,H2163,\"\")","v":""},"",""]
[48170,"ARZENC DE RANDON",null,48,"Lozère","Occitanie",null,{"$f":"ROWS($A$2:A2164)","v":2163},{"$f":"IF(Formulaire!$F$24='Codes postaux par région et dép'!A2164,H2164,\"\")","v":""},"",""]
[48170,"LAUBERT",null,48,"Lozère","Occitanie",null,{"$f":"ROWS($A$2:A2165)","v":2164},{"$f":"IF(Formulaire!$F$24='Codes postaux par région et dép'!A2165,H2165,\"\")","v":""},"",""]
[48170,"MONTBEL",null,48,"Lozère","Occitanie",null,{"$f":"ROWS($A$2:A2166)","v":2165},{"$f":"IF(Formulaire!$F$24='Codes postaux par région et dép'!A2166,H2166,\"\")","v":""},"",""]
[48170,"ST FREZAL D ALBUGES",null,48,"Lozère","Occitanie",null,{"$f":"ROWS($A$2:A2167)","v":2166},{"$f":"IF(Formulaire!$F$24='Codes postaux par région et dép'!A2167,H2167,\"\")","v":""},"",""]
[48170,"ST JEAN LA FOUILLOUSE",null,48,"Lozère","Occitanie",null,{"$f":"ROWS($A$2:A2168)","v":2167},{"$f":"IF(Formulaire!$F$24='Codes postaux par région et dép'!A2168,H2168,\"\")","v":""},"",""]
[48170,"ST SAUVEUR DE GINESTOUX",null,48,"Lozère","Occitanie",null,{"$f":"ROWS($A$2:A2169)","v":2168},{"$f":"IF(Formulaire!$F$24='Codes postaux par région et dép'!A2169,H2169,\"\")","v":""},"",""]
[48170,"CHATEAUNEUF DE RANDON",null,48,"Lozère","Occitanie",null,{"$f":"ROWS($A$2:A2170)","v":2169},{"$f":"IF(Formulaire!$F$24='Codes postaux par région et dép'!A2170,H2170,\"\")","v":""},"",""]
[48170,"CHAUDEYRAC",null,48,"Lozère","Occitanie",null,{"$f":"ROWS($A$2:A2171)","v":2170},{"$f":"IF(Formulaire!$F$24='Codes postaux par région et dép'!A2171,H2171,\"\")","v":""},"",""]
[48170,"MONT LOZERE ET GOULET","BELVEZET",48,"Lozère","Occitanie",null,{"$f":"ROWS($A$2:A2172)","v":2171},{"$f":"IF(Formulaire!$F$24='Codes postaux par région et dép'!A2172,H2172,\"\")","v":""},"",""]
[48190,"MONT LOZERE ET GOULET","BAGNOLS LES BAINS",48,"Lozère","Occitanie",null,{"$f":"ROWS($A$2:A2173)","v":2172},{"$f":"IF(Formulaire!$F$24='Codes postaux par région et dép'!A2173,H2173,\"\")","v":""},"",""]
[48190,"MONT LOZERE ET GOULET","LE BLEYMARD",48,"Lozère","Occitanie",null,{"$f":"ROWS($A$2:A2174)","v":2173},{"$f":"IF(Formulaire!$F$24='Codes postaux par région et dép'!A2174,H2174,\"\")","v":""},"",""]
[48190,"CUBIERES",null,48,"Lozère","Occitanie",null,{"$f":"ROWS($A$2:A2175)","v":2174},{"$f":"IF(Formulaire!$F$24='Codes postaux par région et dép'!A2175,H2175,\"\")","v":""},"",""]
[48190,"ALLENC",null,48,"Lozère","Occitanie",null,{"$f":"ROWS($A$2:A2176)","v":2175},{"$f":"IF(Formulaire!$F$24='Codes postaux par région et dép'!A2176,H2176,\"\")","v":""},"",""]
[48190,"MONT LOZERE ET GOULET","MAS D ORCIERES",48,"Lozère","Occitanie",null,{"$f":"ROWS($A$2:A2177)","v":2176},{"$f":"IF(Formulaire!$F$24='Codes postaux par région et dép'!A2177,H2177,\"\")","v":""},"",""]
[48190,"CHADENET",null,48,"Lozère","Occitanie",null,{"$f":"ROWS($A$2:A2178)","v":2177},{"$f":"IF(Formulaire!$F$24='Codes postaux par région et dép'!A2178,H2178,\"\")","v":""},{"$f":"IFERROR(SMALL($I:$I,H2178),\"\")","v":""},{"$f":"IFERROR(INDEX($B$2:$B$2867,J2178),\"\")","v":""}]
[48190,"CUBIERETTES",null,48,"Lozère","Occitanie",null,{"$f":"ROWS($A$2:A2179)","v":2178},{"$f":"IF(Formulaire!$F$24='Codes postaux par région et dép'!A2179,H2179,\"\")","v":""},"",""]
[48190,"STE HELENE",null,48,"Lozère","Occitanie",null,{"$f":"ROWS($A$2:A2180)","v":2179},{"$f":"IF(Formulaire!$F$24='Codes postaux par région et dép'!A2180,H2180,\"\")","v":""},"",""]
[48190,"MONT LOZERE ET GOULET","ST JULIEN DU TOURNEL",48,"Lozère","Occitanie",null,{"$f":"ROWS($A$2:A2181)","v":2180},{"$f":"IF(Formulaire!$F$24='Codes postaux par région et dép'!A2181,H2181,\"\")","v":""},"",""]
[48200,"ALBARET STE MARIE",null,48,"Lozère","Occitanie",null,{"$f":"ROWS($A$2:A2182)","v":2181},{"$f":"IF(Formulaire!$F$24='Codes postaux par région et dép'!A2182,H2182,\"\")","v":""},"",""]
[48200,"ALBARET STE MARIE","LA GARDE",48,"Lozère","Occitanie",null,{"$f":"ROWS($A$2:A2183)","v":2182},{"$f":"IF(Formulaire!$F$24='Codes postaux par région et dép'!A2183,H2183,\"\")","v":""},"",""]
[48200,"LES MONTS VERTS","BERC",48,"Lozère","Occitanie",null,{"$f":"ROWS($A$2:A2184)","v":2183},{"$f":"IF(Formulaire!$F$24='Codes postaux par région et dép'!A2184,H2184,\"\")","v":""},"",""]
[48200,"BLAVIGNAC",null,48,"Lozère","Occitanie",null,{"$f":"ROWS($A$2:A2185)","v":2184},{"$f":"IF(Formulaire!$F$24='Codes postaux par région et dép'!A2185,H2185,\"\")","v":""},"",""]
[48200,"LA FAGE ST JULIEN",null,48,"Lozère","Occitanie",null,{"$f":"ROWS($A$2:A2186)","v":2185},{"$f":"IF(Formulaire!$F$24='Codes postaux par région et dép'!A2186,H2186,\"\")","v":""},"",""]
[48200,"LES MONTS VERTS","ARCOMIE",48,"Lozère","Occitanie",null,{"$f":"ROWS($A$2:A2187)","v":2186},{"$f":"IF(Formulaire!$F$24='Codes postaux par région et dép'!A2187,H2187,\"\")","v":""},"",""]
[48200,"PRUNIERES",null,48,"Lozère","Occitanie",null,{"$f":"ROWS($A$2:A2188)","v":2187},{"$f":"IF(Formulaire!$F$24='Codes postaux par région et dép'!A2188,H2188,\"\")","v":""},"",""]
[48200,"LES MONTS VERTS",null,48,"Lozère","Occitanie",null,{"$f":"ROWS($A$2:A2189)","v":2188},{"$f":"IF(Formulaire!$F$24='Codes postaux par région et dép'!A2189,H2189,\"\")","v":""},"",""]
[48200,"LES BESSONS",null,48,"Lozère","Occitanie",null,{"$f":"ROWS($A$2:A2190)","v":2189},{"$f":"IF(Formulaire!$F$24='Codes postaux par région et dép'!A2190,H2190,\"\")","v":""},"",""]
[48200,"RIMEIZE",null,48,"Lozère","Occitanie",null,{"$f":"ROWS($A$2:A2191)","v":2190},{"$f":"IF(Formulaire!$F$24='Codes postaux par région et dép'!A2191,H2191,\"\")","v":""},"",""]
[48200,"ST CHELY D APCHER",null,48,"Lozère","Occitanie",null,{"$f":"ROWS($A$2:A2192)","v":2191},{"$f":"IF(Formulaire!$F$24='Codes postaux par région et dép'!A2192,H2192,\"\")","v":""},"",""]
[48200,"ST PIERRE LE VIEUX",null,48,"Lozère","Occitanie",null,{"$f":"ROWS($A$2:A2193)","v":2192},{"$f":"IF(Formulaire!$F$24='Codes postaux par région et dép'!A2193,H2193,\"\")","v":""},"",""]
[48210,"LA MALENE",null,48,"Lozère","Occitanie",null,{"$f":"ROWS($A$2:A2194)","v":2193},{"$f":"IF(Formulaire!$F$24='Codes postaux par région et dép'!A2194,H2194,\"\")","v":""},"",""]
[48210,"MASSEGROS CAUSSES GORGES","LES VIGNES",48,"Lozère","Occitanie",null,{"$f":"ROWS($A$2:A2195)","v":2194},{"$f":"IF(Formulaire!$F$24='Codes postaux par région et dép'!A2195,H2195,\"\")","v":""},"",""]
[48210,"GORGES DU TARN CAUSSES","MONTBRUN",48,"Lozère","Occitanie",null,{"$f":"ROWS($A$2:A2196)","v":2195},{"$f":"IF(Formulaire!$F$24='Codes postaux par région et dép'!A2196,H2196,\"\")","v":""},"",""]
[48210,"MAS ST CHELY",null,48,"Lozère","Occitanie",null,{"$f":"ROWS($A$2:A2197)","v":2196},{"$f":"IF(Formulaire!$F$24='Codes postaux par région et dép'!A2197,H2197,\"\")","v":""},"",""]
[48210,"GORGES DU TARN CAUSSES","PRADES",48,"Lozère","Occitanie",null,{"$f":"ROWS($A$2:A2198)","v":2197},{"$f":"IF(Formulaire!$F$24='Codes postaux par région et dép'!A2198,H2198,\"\")","v":""},"",""]
[48210,"GORGES DU TARN CAUSSES","STE ENIMIE",48,"Lozère","Occitanie",null,{"$f":"ROWS($A$2:A2199)","v":2198},{"$f":"IF(Formulaire!$F$24='Codes postaux par région et dép'!A2199,H2199,\"\")","v":""},"",""]
[48220,"PONT DE MONTVERT SUD MONT LOZERE","LE PONT DE MONTVERT",48,"Lozère","Occitanie",null,{"$f":"ROWS($A$2:A2200)","v":2199},{"$f":"IF(Formulaire!$F$24='Codes postaux par région et dép'!A2200,H2200,\"\")","v":""},"",""]
[48220,"PONT DE MONTVERT SUD MONT LOZERE","FRAISSINET DE LOZERE",48,"Lozère","Occitanie",null,{"$f":"ROWS($A$2:A2201)","v":2200},{"$f":"IF(Formulaire!$F$24='Codes postaux par région et dép'!A2201,H2201,\"\")","v":""},"",""]
[48220,"PONT DE MONTVERT SUD MONT LOZERE","ST MAURICE DE VENTALON",48,"Lozère","Occitanie",null,{"$f":"ROWS($A$2:A2202)","v":2201},{"$f":"IF(Formulaire!$F$24='Codes postaux par région et dép'!A2202,H2202,\"\")","v":""},"",""]
[48220,"VIALAS",null,48,"Lozère","Occitanie",null,{"$f":"ROWS($A$2:A2203)","v":2202},{"$f":"IF(Formulaire!$F$24='Codes postaux par région et dép'!A2203,H2203,\"\")","v":""},"",""]
[48230,"ESCLANEDES",null,48,"Lozère","Occitanie",null,{"$f":"ROWS($A$2:A2204)","v":2203},{"$f":"IF(Formulaire!$F$24='Codes postaux par région et dép'!A2204,H2204,\"\")","v":""},"",""]
[48230,"LES SALELLES",null,48,"Lozère","Occitanie",null,{"$f":"ROWS($A$2:A2205)","v":2204},{"$f":"IF(Formulaire!$F$24='Codes postaux par région et dép'!A2205,H2205,\"\")","v":""},"",""]
[48230,"CHANAC",null,48,"Lozère","Occitanie",null,{"$f":"ROWS($A$2:A2206)","v":2205},{"$f":"IF(Formulaire!$F$24='Codes postaux par région et dép'!A2206,H2206,\"\")","v":""},"",""]
[48230,"CHANAC","LE VILLARD",48,"Lozère","Occitanie",null,{"$f":"ROWS($A$2:A2207)","v":2206},{"$f":"IF(Formulaire!$F$24='Codes postaux par région et dép'!A2207,H2207,\"\")","v":""},"",""]
[48230,"CULTURES",null,48,"Lozère","Occitanie",null,{"$f":"ROWS($A$2:A2208)","v":2207},{"$f":"IF(Formulaire!$F$24='Codes postaux par région et dép'!A2208,H2208,\"\")","v":""},"",""]
[48240,"ST ANDRE DE LANCIZE",null,48,"Lozère","Occitanie",null,{"$f":"ROWS($A$2:A2209)","v":2208},{"$f":"IF(Formulaire!$F$24='Codes postaux par région et dép'!A2209,H2209,\"\")","v":""},"",""]
[48240,"VENTALON EN CEVENNES","ST FREZAL DE VENTALON",48,"Lozère","Occitanie",null,{"$f":"ROWS($A$2:A2210)","v":2209},{"$f":"IF(Formulaire!$F$24='Codes postaux par région et dép'!A2210,H2210,\"\")","v":""},"",""]
[48240,"ST PRIVAT DE VALLONGUE",null,48,"Lozère","Occitanie",null,{"$f":"ROWS($A$2:A2211)","v":2210},{"$f":"IF(Formulaire!$F$24='Codes postaux par région et dép'!A2211,H2211,\"\")","v":""},"",""]
[48250,"LAVEYRUNE",null,48,"Lozère","Occitanie",null,{"$f":"ROWS($A$2:A2212)","v":2211},{"$f":"IF(Formulaire!$F$24='Codes postaux par région et dép'!A2212,H2212,\"\")","v":""},"",""]
[48250,"LA BASTIDE PUYLAURENT",null,48,"Lozère","Occitanie",null,{"$f":"ROWS($A$2:A2213)","v":2212},{"$f":"IF(Formulaire!$F$24='Codes postaux par région et dép'!A2213,H2213,\"\")","v":""},"",""]
[48250,"MONT LOZERE ET GOULET","CHASSERADES",48,"Lozère","Occitanie",null,{"$f":"ROWS($A$2:A2214)","v":2213},{"$f":"IF(Formulaire!$F$24='Codes postaux par région et dép'!A2214,H2214,\"\")","v":""},"",""]
[48250,"LUC",null,48,"Lozère","Occitanie",null,{"$f":"ROWS($A$2:A2215)","v":2214},{"$f":"IF(Formulaire!$F$24='Codes postaux par région et dép'!A2215,H2215,\"\")","v":""},"",""]
[48260,"GRANDVALS",null,48,"Lozère","Occitanie",null,{"$f":"ROWS($A$2:A2216)","v":2215},{"$f":"IF(Formulaire!$F$24='Codes postaux par région et dép'!A2216,H2216,\"\")","v":""},"",""]
[48260,"MARCHASTEL",null,48,"Lozère","Occitanie",null,{"$f":"ROWS($A$2:A2217)","v":2216},{"$f":"IF(Formulaire!$F$24='Codes postaux par région et dép'!A2217,H2217,\"\")","v":""},"",""]
[48260,"NASBINALS",null,48,"Lozère","Occitanie",null,{"$f":"ROWS($A$2:A2218)","v":2217},{"$f":"IF(Formulaire!$F$24='Codes postaux par région et dép'!A2218,H2218,\"\")","v":""},"",""]
[48260,"RECOULES D AUBRAC",null,48,"Lozère","Occitanie",null,{"$f":"ROWS($A$2:A2219)","v":2218},{"$f":"IF(Formulaire!$F$24='Codes postaux par région et dép'!A2219,H2219,\"\")","v":""},"",""]
[48270,"PRINSUEJOLS MALBOUZON","MALBOUZON",48,"Lozère","Occitanie",null,{"$f":"ROWS($A$2:A2220)","v":2219},{"$f":"IF(Formulaire!$F$24='Codes postaux par région et dép'!A2220,H2220,\"\")","v":""},"",""]
[48300,"PIERREFICHE",null,48,"Lozère","Occitanie",null,{"$f":"ROWS($A$2:A2221)","v":2220},{"$f":"IF(Formulaire!$F$24='Codes postaux par région et dép'!A2221,H2221,\"\")","v":""},"",""]
[48300,"NAUSSAC FONTANES","NAUSSAC",48,"Lozère","Occitanie",null,{"$f":"ROWS($A$2:A2222)","v":2221},{"$f":"IF(Formulaire!$F$24='Codes postaux par région et dép'!A2222,H2222,\"\")","v":""},"",""]
[48300,"CHASTANIER",null,48,"Lozère","Occitanie",null,{"$f":"ROWS($A$2:A2223)","v":2222},{"$f":"IF(Formulaire!$F$24='Codes postaux par région et dép'!A2223,H2223,\"\")","v":""},"",""]
[48300,"NAUSSAC FONTANES","FONTANES",48,"Lozère","Occitanie",null,{"$f":"ROWS($A$2:A2224)","v":2223},{"$f":"IF(Formulaire!$F$24='Codes postaux par région et dép'!A2224,H2224,\"\")","v":""},"",""]
[48300,"LANGOGNE",null,48,"Lozère","Occitanie",null,{"$f":"ROWS($A$2:A2225)","v":2224},{"$f":"IF(Formulaire!$F$24='Codes postaux par région et dép'!A2225,H2225,\"\")","v":""},"",""]
[48300,"CHEYLARD L EVEQUE",null,48,"Lozère","Occitanie",null,{"$f":"ROWS($A$2:A2226)","v":2225},{"$f":"IF(Formulaire!$F$24='Codes postaux par région et dép'!A2226,H2226,\"\")","v":""},"",""]
[48300,"ROCLES",null,48,"Lozère","Occitanie",null,{"$f":"ROWS($A$2:A2227)","v":2226},{"$f":"IF(Formulaire!$F$24='Codes postaux par région et dép'!A2227,H2227,\"\")","v":""},"",""]
[48300,"ST FLOUR DE MERCOIRE",null,48,"Lozère","Occitanie",null,{"$f":"ROWS($A$2:A2228)","v":2227},{"$f":"IF(Formulaire!$F$24='Codes postaux par région et dép'!A2228,H2228,\"\")","v":""},"",""]
[48310,"FOURNELS",null,48,"Lozère","Occitanie",null,{"$f":"ROWS($A$2:A2229)","v":2228},{"$f":"IF(Formulaire!$F$24='Codes postaux par région et dép'!A2229,H2229,\"\")","v":""},"",""]
[48310,"CHAUCHAILLES",null,48,"Lozère","Occitanie",null,{"$f":"ROWS($A$2:A2230)","v":2229},{"$f":"IF(Formulaire!$F$24='Codes postaux par région et dép'!A2230,H2230,\"\")","v":""},"",""]
[48310,"ST JUERY",null,48,"Lozère","Occitanie",null,{"$f":"ROWS($A$2:A2231)","v":2230},{"$f":"IF(Formulaire!$F$24='Codes postaux par région et dép'!A2231,H2231,\"\")","v":""},"",""]
[48310,"ALBARET LE COMTAL",null,48,"Lozère","Occitanie",null,{"$f":"ROWS($A$2:A2232)","v":2231},{"$f":"IF(Formulaire!$F$24='Codes postaux par région et dép'!A2232,H2232,\"\")","v":""},"",""]
[48310,"LA FAGE MONTIVERNOUX",null,48,"Lozère","Occitanie",null,{"$f":"ROWS($A$2:A2233)","v":2232},{"$f":"IF(Formulaire!$F$24='Codes postaux par région et dép'!A2233,H2233,\"\")","v":""},"",""]
[48310,"NOALHAC",null,48,"Lozère","Occitanie",null,{"$f":"ROWS($A$2:A2234)","v":2233},{"$f":"IF(Formulaire!$F$24='Codes postaux par région et dép'!A2234,H2234,\"\")","v":""},"",""]
[48310,"BRION","LA CHALDETTE",48,"Lozère","Occitanie",null,{"$f":"ROWS($A$2:A2235)","v":2234},{"$f":"IF(Formulaire!$F$24='Codes postaux par région et dép'!A2235,H2235,\"\")","v":""},"",""]
[48310,"ST LAURENT DE VEYRES",null,48,"Lozère","Occitanie",null,{"$f":"ROWS($A$2:A2236)","v":2235},{"$f":"IF(Formulaire!$F$24='Codes postaux par région et dép'!A2236,H2236,\"\")","v":""},"",""]
[48310,"TERMES",null,48,"Lozère","Occitanie",null,{"$f":"ROWS($A$2:A2237)","v":2236},{"$f":"IF(Formulaire!$F$24='Codes postaux par région et dép'!A2237,H2237,\"\")","v":""},"",""]
[48310,"ARZENC D APCHER",null,48,"Lozère","Occitanie",null,{"$f":"ROWS($A$2:A2238)","v":2237},{"$f":"IF(Formulaire!$F$24='Codes postaux par région et dép'!A2238,H2238,\"\")","v":""},"",""]
[48310,"BRION",null,48,"Lozère","Occitanie",null,{"$f":"ROWS($A$2:A2239)","v":2238},{"$f":"IF(Formulaire!$F$24='Codes postaux par région et dép'!A2239,H2239,\"\")","v":""},"",""]
[48320,"GORGES DU TARN CAUSSES","BLAJOUX",48,"Lozère","Occitanie",null,{"$f":"ROWS($A$2:A2240)","v":2239},{"$f":"IF(Formulaire!$F$24='Codes postaux par région et dép'!A2240,H2240,\"\")","v":""},"",""]
[48320,"GORGES DU TARN CAUSSES","QUEZAC",48,"Lozère","Occitanie",null,{"$f":"ROWS($A$2:A2241)","v":2240},{"$f":"IF(Formulaire!$F$24='Codes postaux par région et dép'!A2241,H2241,\"\")","v":""},"",""]
[48320,"ISPAGNAC",null,48,"Lozère","Occitanie",null,{"$f":"ROWS($A$2:A2242)","v":2241},{"$f":"IF(Formulaire!$F$24='Codes postaux par région et dép'!A2242,H2242,\"\")","v":""},{"$f":"IFERROR(SMALL($I:$I,H2242),\"\")","v":""},{"$f":"IFERROR(INDEX($B$2:$B$2867,J2242),\"\")","v":""}]
[48330,"ST ETIENNE VALLEE FRANCAISE",null,48,"Lozère","Occitanie",null,{"$f":"ROWS($A$2:A2243)","v":2242},{"$f":"IF(Formulaire!$F$24='Codes postaux par région et dép'!A2243,H2243,\"\")","v":""},"",""]
[48340,"ST PIERRE DE NOGARET",null,48,"Lozère","Occitanie",null,{"$f":"ROWS($A$2:A2244)","v":2243},{"$f":"IF(Formulaire!$F$24='Codes postaux par région et dép'!A2244,H2244,\"\")","v":""},"",""]
[48340,"TRELANS",null,48,"Lozère","Occitanie",null,{"$f":"ROWS($A$2:A2245)","v":2244},{"$f":"IF(Formulaire!$F$24='Codes postaux par région et dép'!A2245,H2245,\"\")","v":""},"",""]
[48340,"LES HERMAUX",null,48,"Lozère","Occitanie",null,{"$f":"ROWS($A$2:A2246)","v":2245},{"$f":"IF(Formulaire!$F$24='Codes postaux par région et dép'!A2246,H2246,\"\")","v":""},"",""]
[48340,"ST GERMAIN DU TEIL",null,48,"Lozère","Occitanie",null,{"$f":"ROWS($A$2:A2247)","v":2246},{"$f":"IF(Formulaire!$F$24='Codes postaux par région et dép'!A2247,H2247,\"\")","v":""},"",""]
[48370,"ST GERMAIN DE CALBERTE",null,48,"Lozère","Occitanie",null,{"$f":"ROWS($A$2:A2248)","v":2247},{"$f":"IF(Formulaire!$F$24='Codes postaux par région et dép'!A2248,H2248,\"\")","v":""},"",""]
[48400,"FRAISSINET DE FOURQUES",null,48,"Lozère","Occitanie",null,{"$f":"ROWS($A$2:A2249)","v":2248},{"$f":"IF(Formulaire!$F$24='Codes postaux par région et dép'!A2249,H2249,\"\")","v":""},"",""]
[48400,"FLORAC TROIS RIVIERES","FLORAC",48,"Lozère","Occitanie",null,{"$f":"ROWS($A$2:A2250)","v":2249},{"$f":"IF(Formulaire!$F$24='Codes postaux par région et dép'!A2250,H2250,\"\")","v":""},"",""]
[48400,"ROUSSES",null,48,"Lozère","Occitanie",null,{"$f":"ROWS($A$2:A2251)","v":2250},{"$f":"IF(Formulaire!$F$24='Codes postaux par région et dép'!A2251,H2251,\"\")","v":""},"",""]
[48400,"CANS ET CEVENNES","ST JULIEN D ARPAON",48,"Lozère","Occitanie",null,{"$f":"ROWS($A$2:A2252)","v":2251},{"$f":"IF(Formulaire!$F$24='Codes postaux par région et dép'!A2252,H2252,\"\")","v":""},"",""]
[48400,"VEBRON","LES VANELS",48,"Lozère","Occitanie",null,{"$f":"ROWS($A$2:A2253)","v":2252},{"$f":"IF(Formulaire!$F$24='Codes postaux par région et dép'!A2253,H2253,\"\")","v":""},"",""]
[48400,"BARRE DES CEVENNES",null,48,"Lozère","Occitanie",null,{"$f":"ROWS($A$2:A2254)","v":2253},{"$f":"IF(Formulaire!$F$24='Codes postaux par région et dép'!A2254,H2254,\"\")","v":""},"",""]
[48400,"BASSURELS",null,48,"Lozère","Occitanie",null,{"$f":"ROWS($A$2:A2255)","v":2254},{"$f":"IF(Formulaire!$F$24='Codes postaux par région et dép'!A2255,H2255,\"\")","v":""},"",""]
[48400,"LES BONDONS",null,48,"Lozère","Occitanie",null,{"$f":"ROWS($A$2:A2256)","v":2255},{"$f":"IF(Formulaire!$F$24='Codes postaux par région et dép'!A2256,H2256,\"\")","v":""},"",""]
[48400,"CASSAGNAS",null,48,"Lozère","Occitanie",null,{"$f":"ROWS($A$2:A2257)","v":2256},{"$f":"IF(Formulaire!$F$24='Codes postaux par région et dép'!A2257,H2257,\"\")","v":""},"",""]
[48400,"BEDOUES COCURES","BEDOUES",48,"Lozère","Occitanie",null,{"$f":"ROWS($A$2:A2258)","v":2257},{"$f":"IF(Formulaire!$F$24='Codes postaux par région et dép'!A2258,H2258,\"\")","v":""},"",""]
[48400,"BEDOUES COCURES","COCURES",48,"Lozère","Occitanie",null,{"$f":"ROWS($A$2:A2259)","v":2258},{"$f":"IF(Formulaire!$F$24='Codes postaux par région et dép'!A2259,H2259,\"\")","v":""},"",""]
[48400,"FLORAC TROIS RIVIERES","LA SALLE PRUNET",48,"Lozère","Occitanie",null,{"$f":"ROWS($A$2:A2260)","v":2259},{"$f":"IF(Formulaire!$F$24='Codes postaux par région et dép'!A2260,H2260,\"\")","v":""},"",""]
[48400,"CANS ET CEVENNES","ST LAURENT DE TREVES",48,"Lozère","Occitanie",null,{"$f":"ROWS($A$2:A2261)","v":2260},{"$f":"IF(Formulaire!$F$24='Codes postaux par région et dép'!A2261,H2261,\"\")","v":""},"",""]
[48400,"VEBRON",null,48,"Lozère","Occitanie",null,{"$f":"ROWS($A$2:A2262)","v":2261},{"$f":"IF(Formulaire!$F$24='Codes postaux par région et dép'!A2262,H2262,\"\")","v":""},"",""]
[48500,"BANASSAC CANILHAC","BANASSAC",48,"Lozère","Occitanie",null,{"$f":"ROWS($A$2:A2263)","v":2262},{"$f":"IF(Formulaire!$F$24='Codes postaux par région et dép'!A2263,H2263,\"\")","v":""},"",""]
[48500,"BANASSAC CANILHAC","CANILHAC",48,"Lozère","Occitanie",null,{"$f":"ROWS($A$2:A2264)","v":2263},{"$f":"IF(Formulaire!$F$24='Codes postaux par région et dép'!A2264,H2264,\"\")","v":""},"",""]
[48500,"LA CANOURGUE",null,48,"Lozère","Occitanie",null,{"$f":"ROWS($A$2:A2265)","v":2264},{"$f":"IF(Formulaire!$F$24='Codes postaux par région et dép'!A2265,H2265,\"\")","v":""},"",""]
[48500,"LA CANOURGUE","AUXILLAC",48,"Lozère","Occitanie",null,{"$f":"ROWS($A$2:A2266)","v":2265},{"$f":"IF(Formulaire!$F$24='Codes postaux par région et dép'!A2266,H2266,\"\")","v":""},"",""]
[48500,"LA CANOURGUE","LA CAPELLE",48,"Lozère","Occitanie",null,{"$f":"ROWS($A$2:A2267)","v":2266},{"$f":"IF(Formulaire!$F$24='Codes postaux par région et dép'!A2267,H2267,\"\")","v":""},"",""]
[48500,"LAVAL DU TARN",null,48,"Lozère","Occitanie",null,{"$f":"ROWS($A$2:A2268)","v":2267},{"$f":"IF(Formulaire!$F$24='Codes postaux par région et dép'!A2268,H2268,\"\")","v":""},"",""]
[48500,"ST SATURNIN",null,48,"Lozère","Occitanie",null,{"$f":"ROWS($A$2:A2269)","v":2268},{"$f":"IF(Formulaire!$F$24='Codes postaux par région et dép'!A2269,H2269,\"\")","v":""},"",""]
[48500,"LA CANOURGUE","MONTJEZIEU",48,"Lozère","Occitanie",null,{"$f":"ROWS($A$2:A2270)","v":2269},{"$f":"IF(Formulaire!$F$24='Codes postaux par région et dép'!A2270,H2270,\"\")","v":""},"",""]
[48500,"MASSEGROS CAUSSES GORGES","LE MASSEGROS",48,"Lozère","Occitanie",null,{"$f":"ROWS($A$2:A2271)","v":2270},{"$f":"IF(Formulaire!$F$24='Codes postaux par région et dép'!A2271,H2271,\"\")","v":""},"",""]
[48500,"MASSEGROS CAUSSES GORGES","LE RECOUX",48,"Lozère","Occitanie",null,{"$f":"ROWS($A$2:A2272)","v":2271},{"$f":"IF(Formulaire!$F$24='Codes postaux par région et dép'!A2272,H2272,\"\")","v":""},"",""]
[48500,"MASSEGROS CAUSSES GORGES","ST GEORGES DE LEVEJAC",48,"Lozère","Occitanie",null,{"$f":"ROWS($A$2:A2273)","v":2272},{"$f":"IF(Formulaire!$F$24='Codes postaux par région et dép'!A2273,H2273,\"\")","v":""},"",""]
[48500,"MASSEGROS CAUSSES GORGES","ST ROME DE DOLAN",48,"Lozère","Occitanie",null,{"$f":"ROWS($A$2:A2274)","v":2273},{"$f":"IF(Formulaire!$F$24='Codes postaux par région et dép'!A2274,H2274,\"\")","v":""},"",""]
[48500,"LA TIEULE",null,48,"Lozère","Occitanie",null,{"$f":"ROWS($A$2:A2275)","v":2274},{"$f":"IF(Formulaire!$F$24='Codes postaux par région et dép'!A2275,H2275,\"\")","v":""},"",""]
[48600,"AUROUX",null,48,"Lozère","Occitanie",null,{"$f":"ROWS($A$2:A2276)","v":2275},{"$f":"IF(Formulaire!$F$24='Codes postaux par région et dép'!A2276,H2276,\"\")","v":""},"",""]
[48600,"BEL AIR VAL D ANCE","CHAMBON LE CHATEAU",48,"Lozère","Occitanie",null,{"$f":"ROWS($A$2:A2277)","v":2276},{"$f":"IF(Formulaire!$F$24='Codes postaux par région et dép'!A2277,H2277,\"\")","v":""},"",""]
[48600,"ST PAUL LE FROID",null,48,"Lozère","Occitanie",null,{"$f":"ROWS($A$2:A2278)","v":2277},{"$f":"IF(Formulaire!$F$24='Codes postaux par région et dép'!A2278,H2278,\"\")","v":""},"",""]
[48600,"BEL AIR VAL D ANCE","ST SYMPHORIEN",48,"Lozère","Occitanie",null,{"$f":"ROWS($A$2:A2279)","v":2278},{"$f":"IF(Formulaire!$F$24='Codes postaux par région et dép'!A2279,H2279,\"\")","v":""},"",""]
[48600,"ST BONNET LAVAL","CHAPEAUROUX",48,"Lozère","Occitanie",null,{"$f":"ROWS($A$2:A2280)","v":2279},{"$f":"IF(Formulaire!$F$24='Codes postaux par région et dép'!A2280,H2280,\"\")","v":""},"",""]
[48600,"ST BONNET LAVAL","LAVAL ATGER",48,"Lozère","Occitanie",null,{"$f":"ROWS($A$2:A2281)","v":2280},{"$f":"IF(Formulaire!$F$24='Codes postaux par région et dép'!A2281,H2281,\"\")","v":""},"",""]
[48600,"ST BONNET LAVAL","ST BONNET DE MONTAUROUX",48,"Lozère","Occitanie",null,{"$f":"ROWS($A$2:A2282)","v":2281},{"$f":"IF(Formulaire!$F$24='Codes postaux par région et dép'!A2282,H2282,\"\")","v":""},"",""]
[48600,"LA PANOUSE",null,48,"Lozère","Occitanie",null,{"$f":"ROWS($A$2:A2283)","v":2282},{"$f":"IF(Formulaire!$F$24='Codes postaux par région et dép'!A2283,H2283,\"\")","v":""},"",""]
[48600,"GRANDRIEU",null,48,"Lozère","Occitanie",null,{"$f":"ROWS($A$2:A2284)","v":2283},{"$f":"IF(Formulaire!$F$24='Codes postaux par région et dép'!A2284,H2284,\"\")","v":""},"",""]
[48700,"FONTANS",null,48,"Lozère","Occitanie",null,{"$f":"ROWS($A$2:A2285)","v":2284},{"$f":"IF(Formulaire!$F$24='Codes postaux par région et dép'!A2285,H2285,\"\")","v":""},"",""]
[48700,"LES LAUBIES",null,48,"Lozère","Occitanie",null,{"$f":"ROWS($A$2:A2286)","v":2285},{"$f":"IF(Formulaire!$F$24='Codes postaux par région et dép'!A2286,H2286,\"\")","v":""},"",""]
[48700,"LACHAMP RIBENNES","RIBENNES",48,"Lozère","Occitanie",null,{"$f":"ROWS($A$2:A2287)","v":2286},{"$f":"IF(Formulaire!$F$24='Codes postaux par région et dép'!A2287,H2287,\"\")","v":""},"",""]
[48700,"MONTS DE RANDON","ESTABLES",48,"Lozère","Occitanie",null,{"$f":"ROWS($A$2:A2288)","v":2287},{"$f":"IF(Formulaire!$F$24='Codes postaux par région et dép'!A2288,H2288,\"\")","v":""},"",""]
[48700,"MONTS DE RANDON","RIEUTORT DE RANDON",48,"Lozère","Occitanie",null,{"$f":"ROWS($A$2:A2289)","v":2288},{"$f":"IF(Formulaire!$F$24='Codes postaux par région et dép'!A2289,H2289,\"\")","v":""},"",""]
[48700,"MONTS DE RANDON","ST AMANS",48,"Lozère","Occitanie",null,{"$f":"ROWS($A$2:A2290)","v":2289},{"$f":"IF(Formulaire!$F$24='Codes postaux par région et dép'!A2290,H2290,\"\")","v":""},"",""]
[48700,"ST DENIS EN MARGERIDE",null,48,"Lozère","Occitanie",null,{"$f":"ROWS($A$2:A2291)","v":2290},{"$f":"IF(Formulaire!$F$24='Codes postaux par région et dép'!A2291,H2291,\"\")","v":""},"",""]
[48700,"ST GAL",null,48,"Lozère","Occitanie",null,{"$f":"ROWS($A$2:A2292)","v":2291},{"$f":"IF(Formulaire!$F$24='Codes postaux par région et dép'!A2292,H2292,\"\")","v":""},"",""]
[48700,"SERVERETTE",null,48,"Lozère","Occitanie",null,{"$f":"ROWS($A$2:A2293)","v":2292},{"$f":"IF(Formulaire!$F$24='Codes postaux par région et dép'!A2293,H2293,\"\")","v":""},"",""]
[48700,"MONTS DE RANDON","LA VILLEDIEU",48,"Lozère","Occitanie",null,{"$f":"ROWS($A$2:A2294)","v":2293},{"$f":"IF(Formulaire!$F$24='Codes postaux par région et dép'!A2294,H2294,\"\")","v":""},"",""]
[48800,"ALTIER",null,48,"Lozère","Occitanie",null,{"$f":"ROWS($A$2:A2295)","v":2294},{"$f":"IF(Formulaire!$F$24='Codes postaux par région et dép'!A2295,H2295,\"\")","v":""},"",""]
[48800,"PREVENCHERES",null,48,"Lozère","Occitanie",null,{"$f":"ROWS($A$2:A2296)","v":2295},{"$f":"IF(Formulaire!$F$24='Codes postaux par région et dép'!A2296,H2296,\"\")","v":""},"",""]
[48800,"ST ANDRE CAPCEZE",null,48,"Lozère","Occitanie",null,{"$f":"ROWS($A$2:A2297)","v":2296},{"$f":"IF(Formulaire!$F$24='Codes postaux par région et dép'!A2297,H2297,\"\")","v":""},"",""]
[48800,"PIED DE BORNE",null,48,"Lozère","Occitanie",null,{"$f":"ROWS($A$2:A2298)","v":2297},{"$f":"IF(Formulaire!$F$24='Codes postaux par région et dép'!A2298,H2298,\"\")","v":""},"",""]
[48800,"VILLEFORT","MAS DE LA BARQUE",48,"Lozère","Occitanie",null,{"$f":"ROWS($A$2:A2299)","v":2298},{"$f":"IF(Formulaire!$F$24='Codes postaux par région et dép'!A2299,H2299,\"\")","v":""},"",""]
[48800,"VILLEFORT",null,48,"Lozère","Occitanie",null,{"$f":"ROWS($A$2:A2300)","v":2299},{"$f":"IF(Formulaire!$F$24='Codes postaux par région et dép'!A2300,H2300,\"\")","v":""},"",""]
[48800,"POURCHARESSES",null,48,"Lozère","Occitanie",null,{"$f":"ROWS($A$2:A2301)","v":2300},{"$f":"IF(Formulaire!$F$24='Codes postaux par région et dép'!A2301,H2301,\"\")","v":""},"",""]
[66000,"PERPIGNAN",null,66,"Pyrénées-Orientales","Occitanie",null,{"$f":"ROWS($A$2:A2302)","v":2301},{"$f":"IF(Formulaire!$F$24='Codes postaux par région et dép'!A2302,H2302,\"\")","v":""},"",""]
[66100,"PERPIGNAN",null,66,"Pyrénées-Orientales","Occitanie",null,{"$f":"ROWS($A$2:A2303)","v":2302},{"$f":"IF(Formulaire!$F$24='Codes postaux par région et dép'!A2303,H2303,\"\")","v":""},"",""]
[66110,"AMELIE LES BAINS PALALDA",null,66,"Pyrénées-Orientales","Occitanie",null,{"$f":"ROWS($A$2:A2304)","v":2303},{"$f":"IF(Formulaire!$F$24='Codes postaux par région et dép'!A2304,H2304,\"\")","v":""},"",""]
[66110,"MONTBOLO",null,66,"Pyrénées-Orientales","Occitanie",null,{"$f":"ROWS($A$2:A2305)","v":2304},{"$f":"IF(Formulaire!$F$24='Codes postaux par région et dép'!A2305,H2305,\"\")","v":""},"",""]
[66110,"TAULIS",null,66,"Pyrénées-Orientales","Occitanie",null,{"$f":"ROWS($A$2:A2306)","v":2305},{"$f":"IF(Formulaire!$F$24='Codes postaux par région et dép'!A2306,H2306,\"\")","v":""},{"$f":"IFERROR(SMALL($I:$I,H2306),\"\")","v":""},{"$f":"IFERROR(INDEX($B$2:$B$2867,J2306),\"\")","v":""}]
[66110,"LA BASTIDE",null,66,"Pyrénées-Orientales","Occitanie",null,{"$f":"ROWS($A$2:A2307)","v":2306},{"$f":"IF(Formulaire!$F$24='Codes postaux par région et dép'!A2307,H2307,\"\")","v":""},"",""]
[66110,"ST MARSAL",null,66,"Pyrénées-Orientales","Occitanie",null,{"$f":"ROWS($A$2:A2308)","v":2307},{"$f":"IF(Formulaire!$F$24='Codes postaux par région et dép'!A2308,H2308,\"\")","v":""},"",""]
[66120,"EGAT",null,66,"Pyrénées-Orientales","Occitanie",null,{"$f":"ROWS($A$2:A2309)","v":2308},{"$f":"IF(Formulaire!$F$24='Codes postaux par région et dép'!A2309,H2309,\"\")","v":""},"",""]
[66120,"TARGASSONNE",null,66,"Pyrénées-Orientales","Occitanie",null,{"$f":"ROWS($A$2:A2310)","v":2309},{"$f":"IF(Formulaire!$F$24='Codes postaux par région et dép'!A2310,H2310,\"\")","v":""},"",""]
[66120,"FONT ROMEU ODEILLO VIA",null,66,"Pyrénées-Orientales","Occitanie",null,{"$f":"ROWS($A$2:A2311)","v":2310},{"$f":"IF(Formulaire!$F$24='Codes postaux par région et dép'!A2311,H2311,\"\")","v":""},"",""]
[66120,"FONT ROMEU ODEILLO VIA","ODEILLO VIA",66,"Pyrénées-Orientales","Occitanie",null,{"$f":"ROWS($A$2:A2312)","v":2311},{"$f":"IF(Formulaire!$F$24='Codes postaux par région et dép'!A2312,H2312,\"\")","v":""},"",""]
[66130,"BOULETERNERE",null,66,"Pyrénées-Orientales","Occitanie",null,{"$f":"ROWS($A$2:A2313)","v":2312},{"$f":"IF(Formulaire!$F$24='Codes postaux par région et dép'!A2313,H2313,\"\")","v":""},"",""]
[66130,"CORBERE",null,66,"Pyrénées-Orientales","Occitanie",null,{"$f":"ROWS($A$2:A2314)","v":2313},{"$f":"IF(Formulaire!$F$24='Codes postaux par région et dép'!A2314,H2314,\"\")","v":""},"",""]
[66130,"ILLE SUR TET",null,66,"Pyrénées-Orientales","Occitanie",null,{"$f":"ROWS($A$2:A2315)","v":2314},{"$f":"IF(Formulaire!$F$24='Codes postaux par région et dép'!A2315,H2315,\"\")","v":""},"",""]
[66130,"MONTALBA LE CHATEAU",null,66,"Pyrénées-Orientales","Occitanie",null,{"$f":"ROWS($A$2:A2316)","v":2315},{"$f":"IF(Formulaire!$F$24='Codes postaux par région et dép'!A2316,H2316,\"\")","v":""},"",""]
[66130,"BOULE D AMONT",null,66,"Pyrénées-Orientales","Occitanie",null,{"$f":"ROWS($A$2:A2317)","v":2316},{"$f":"IF(Formulaire!$F$24='Codes postaux par région et dép'!A2317,H2317,\"\")","v":""},"",""]
[66130,"ST MICHEL DE LLOTES",null,66,"Pyrénées-Orientales","Occitanie",null,{"$f":"ROWS($A$2:A2318)","v":2317},{"$f":"IF(Formulaire!$F$24='Codes postaux par région et dép'!A2318,H2318,\"\")","v":""},"",""]
[66130,"CORBERE LES CABANES",null,66,"Pyrénées-Orientales","Occitanie",null,{"$f":"ROWS($A$2:A2319)","v":2318},{"$f":"IF(Formulaire!$F$24='Codes postaux par région et dép'!A2319,H2319,\"\")","v":""},"",""]
[66130,"CASEFABRE",null,66,"Pyrénées-Orientales","Occitanie",null,{"$f":"ROWS($A$2:A2320)","v":2319},{"$f":"IF(Formulaire!$F$24='Codes postaux par région et dép'!A2320,H2320,\"\")","v":""},"",""]
[66130,"TREVILLACH",null,66,"Pyrénées-Orientales","Occitanie",null,{"$f":"ROWS($A$2:A2321)","v":2320},{"$f":"IF(Formulaire!$F$24='Codes postaux par région et dép'!A2321,H2321,\"\")","v":""},"",""]
[66130,"PRUNET ET BELPUIG",null,66,"Pyrénées-Orientales","Occitanie",null,{"$f":"ROWS($A$2:A2322)","v":2321},{"$f":"IF(Formulaire!$F$24='Codes postaux par région et dép'!A2322,H2322,\"\")","v":""},"",""]
[66140,"CANET EN ROUSSILLON",null,66,"Pyrénées-Orientales","Occitanie",null,{"$f":"ROWS($A$2:A2323)","v":2322},{"$f":"IF(Formulaire!$F$24='Codes postaux par région et dép'!A2323,H2323,\"\")","v":""},"",""]
[66140,"CANET EN ROUSSILLON","CANET PLAGE",66,"Pyrénées-Orientales","Occitanie",null,{"$f":"ROWS($A$2:A2324)","v":2323},{"$f":"IF(Formulaire!$F$24='Codes postaux par région et dép'!A2324,H2324,\"\")","v":""},"",""]
[66150,"CORSAVY",null,66,"Pyrénées-Orientales","Occitanie",null,{"$f":"ROWS($A$2:A2325)","v":2324},{"$f":"IF(Formulaire!$F$24='Codes postaux par région et dép'!A2325,H2325,\"\")","v":""},"",""]
[66150,"ARLES SUR TECH",null,66,"Pyrénées-Orientales","Occitanie",null,{"$f":"ROWS($A$2:A2326)","v":2325},{"$f":"IF(Formulaire!$F$24='Codes postaux par région et dép'!A2326,H2326,\"\")","v":""},"",""]
[66150,"MONTFERRER",null,66,"Pyrénées-Orientales","Occitanie",null,{"$f":"ROWS($A$2:A2327)","v":2326},{"$f":"IF(Formulaire!$F$24='Codes postaux par région et dép'!A2327,H2327,\"\")","v":""},"",""]
[66160,"LE BOULOU",null,66,"Pyrénées-Orientales","Occitanie",null,{"$f":"ROWS($A$2:A2328)","v":2327},{"$f":"IF(Formulaire!$F$24='Codes postaux par région et dép'!A2328,H2328,\"\")","v":""},"",""]
[66170,"ST FELIU D AMONT",null,66,"Pyrénées-Orientales","Occitanie",null,{"$f":"ROWS($A$2:A2329)","v":2328},{"$f":"IF(Formulaire!$F$24='Codes postaux par région et dép'!A2329,H2329,\"\")","v":""},"",""]
[66170,"NEFIACH",null,66,"Pyrénées-Orientales","Occitanie",null,{"$f":"ROWS($A$2:A2330)","v":2329},{"$f":"IF(Formulaire!$F$24='Codes postaux par région et dép'!A2330,H2330,\"\")","v":""},"",""]
[66170,"MILLAS",null,66,"Pyrénées-Orientales","Occitanie",null,{"$f":"ROWS($A$2:A2331)","v":2330},{"$f":"IF(Formulaire!$F$24='Codes postaux par région et dép'!A2331,H2331,\"\")","v":""},"",""]
[66170,"ST FELIU D AVALL",null,66,"Pyrénées-Orientales","Occitanie",null,{"$f":"ROWS($A$2:A2332)","v":2331},{"$f":"IF(Formulaire!$F$24='Codes postaux par région et dép'!A2332,H2332,\"\")","v":""},"",""]
[66180,"VILLENEUVE DE LA RAHO",null,66,"Pyrénées-Orientales","Occitanie",null,{"$f":"ROWS($A$2:A2333)","v":2332},{"$f":"IF(Formulaire!$F$24='Codes postaux par région et dép'!A2333,H2333,\"\")","v":""},"",""]
[66190,"COLLIOURE",null,66,"Pyrénées-Orientales","Occitanie",null,{"$f":"ROWS($A$2:A2334)","v":2333},{"$f":"IF(Formulaire!$F$24='Codes postaux par région et dép'!A2334,H2334,\"\")","v":""},"",""]
[66200,"THEZA",null,66,"Pyrénées-Orientales","Occitanie",null,{"$f":"ROWS($A$2:A2335)","v":2334},{"$f":"IF(Formulaire!$F$24='Codes postaux par région et dép'!A2335,H2335,\"\")","v":""},"",""]
[66200,"ELNE",null,66,"Pyrénées-Orientales","Occitanie",null,{"$f":"ROWS($A$2:A2336)","v":2335},{"$f":"IF(Formulaire!$F$24='Codes postaux par région et dép'!A2336,H2336,\"\")","v":""},"",""]
[66200,"MONTESCOT",null,66,"Pyrénées-Orientales","Occitanie",null,{"$f":"ROWS($A$2:A2337)","v":2336},{"$f":"IF(Formulaire!$F$24='Codes postaux par région et dép'!A2337,H2337,\"\")","v":""},"",""]
[66200,"ALENYA",null,66,"Pyrénées-Orientales","Occitanie",null,{"$f":"ROWS($A$2:A2338)","v":2337},{"$f":"IF(Formulaire!$F$24='Codes postaux par région et dép'!A2338,H2338,\"\")","v":""},"",""]
[66200,"CORNEILLA DEL VERCOL",null,66,"Pyrénées-Orientales","Occitanie",null,{"$f":"ROWS($A$2:A2339)","v":2338},{"$f":"IF(Formulaire!$F$24='Codes postaux par région et dép'!A2339,H2339,\"\")","v":""},"",""]
[66200,"LATOUR BAS ELNE",null,66,"Pyrénées-Orientales","Occitanie",null,{"$f":"ROWS($A$2:A2340)","v":2339},{"$f":"IF(Formulaire!$F$24='Codes postaux par région et dép'!A2340,H2340,\"\")","v":""},"",""]
[66210,"LES ANGLES",null,66,"Pyrénées-Orientales","Occitanie",null,{"$f":"ROWS($A$2:A2341)","v":2340},{"$f":"IF(Formulaire!$F$24='Codes postaux par région et dép'!A2341,H2341,\"\")","v":""},"",""]
[66210,"FONTRABIOUSE",null,66,"Pyrénées-Orientales","Occitanie",null,{"$f":"ROWS($A$2:A2342)","v":2341},{"$f":"IF(Formulaire!$F$24='Codes postaux par région et dép'!A2342,H2342,\"\")","v":""},"",""]
[66210,"MONT LOUIS",null,66,"Pyrénées-Orientales","Occitanie",null,{"$f":"ROWS($A$2:A2343)","v":2342},{"$f":"IF(Formulaire!$F$24='Codes postaux par région et dép'!A2343,H2343,\"\")","v":""},"",""]
[66210,"BOLQUERE",null,66,"Pyrénées-Orientales","Occitanie",null,{"$f":"ROWS($A$2:A2344)","v":2343},{"$f":"IF(Formulaire!$F$24='Codes postaux par région et dép'!A2344,H2344,\"\")","v":""},"",""]
[66210,"ST PIERRE DELS FORCATS",null,66,"Pyrénées-Orientales","Occitanie",null,{"$f":"ROWS($A$2:A2345)","v":2344},{"$f":"IF(Formulaire!$F$24='Codes postaux par région et dép'!A2345,H2345,\"\")","v":""},"",""]
[66210,"REAL",null,66,"Pyrénées-Orientales","Occitanie",null,{"$f":"ROWS($A$2:A2346)","v":2345},{"$f":"IF(Formulaire!$F$24='Codes postaux par région et dép'!A2346,H2346,\"\")","v":""},"",""]
[66210,"FORMIGUERES",null,66,"Pyrénées-Orientales","Occitanie",null,{"$f":"ROWS($A$2:A2347)","v":2346},{"$f":"IF(Formulaire!$F$24='Codes postaux par région et dép'!A2347,H2347,\"\")","v":""},"",""]
[66210,"PUYVALADOR",null,66,"Pyrénées-Orientales","Occitanie",null,{"$f":"ROWS($A$2:A2348)","v":2347},{"$f":"IF(Formulaire!$F$24='Codes postaux par région et dép'!A2348,H2348,\"\")","v":""},"",""]
[66210,"BOLQUERE","SUPERBOLQUERE",66,"Pyrénées-Orientales","Occitanie",null,{"$f":"ROWS($A$2:A2349)","v":2348},{"$f":"IF(Formulaire!$F$24='Codes postaux par région et dép'!A2349,H2349,\"\")","v":""},"",""]
[66210,"LA CABANASSE",null,66,"Pyrénées-Orientales","Occitanie",null,{"$f":"ROWS($A$2:A2350)","v":2349},{"$f":"IF(Formulaire!$F$24='Codes postaux par région et dép'!A2350,H2350,\"\")","v":""},"",""]
[66210,"PLANES",null,66,"Pyrénées-Orientales","Occitanie",null,{"$f":"ROWS($A$2:A2351)","v":2350},{"$f":"IF(Formulaire!$F$24='Codes postaux par région et dép'!A2351,H2351,\"\")","v":""},"",""]
[66210,"LA LLAGONNE",null,66,"Pyrénées-Orientales","Occitanie",null,{"$f":"ROWS($A$2:A2352)","v":2351},{"$f":"IF(Formulaire!$F$24='Codes postaux par région et dép'!A2352,H2352,\"\")","v":""},"",""]
[66210,"SAUTO",null,66,"Pyrénées-Orientales","Occitanie",null,{"$f":"ROWS($A$2:A2353)","v":2352},{"$f":"IF(Formulaire!$F$24='Codes postaux par région et dép'!A2353,H2353,\"\")","v":""},"",""]
[66210,"MATEMALE",null,66,"Pyrénées-Orientales","Occitanie",null,{"$f":"ROWS($A$2:A2354)","v":2353},{"$f":"IF(Formulaire!$F$24='Codes postaux par région et dép'!A2354,H2354,\"\")","v":""},"",""]
[66220,"ST MARTIN DE FENOUILLET",null,66,"Pyrénées-Orientales","Occitanie",null,{"$f":"ROWS($A$2:A2355)","v":2354},{"$f":"IF(Formulaire!$F$24='Codes postaux par région et dép'!A2355,H2355,\"\")","v":""},"",""]
[66220,"TRILLA",null,66,"Pyrénées-Orientales","Occitanie",null,{"$f":"ROWS($A$2:A2356)","v":2355},{"$f":"IF(Formulaire!$F$24='Codes postaux par région et dép'!A2356,H2356,\"\")","v":""},"",""]
[66220,"PRUGNANES",null,66,"Pyrénées-Orientales","Occitanie",null,{"$f":"ROWS($A$2:A2357)","v":2356},{"$f":"IF(Formulaire!$F$24='Codes postaux par région et dép'!A2357,H2357,\"\")","v":""},"",""]
[66220,"ST PAUL DE FENOUILLET",null,66,"Pyrénées-Orientales","Occitanie",null,{"$f":"ROWS($A$2:A2358)","v":2357},{"$f":"IF(Formulaire!$F$24='Codes postaux par région et dép'!A2358,H2358,\"\")","v":""},"",""]
[66220,"FENOUILLET",null,66,"Pyrénées-Orientales","Occitanie",null,{"$f":"ROWS($A$2:A2359)","v":2358},{"$f":"IF(Formulaire!$F$24='Codes postaux par région et dép'!A2359,H2359,\"\")","v":""},"",""]
[66220,"FOSSE",null,66,"Pyrénées-Orientales","Occitanie",null,{"$f":"ROWS($A$2:A2360)","v":2359},{"$f":"IF(Formulaire!$F$24='Codes postaux par région et dép'!A2360,H2360,\"\")","v":""},"",""]
[66220,"ANSIGNAN",null,66,"Pyrénées-Orientales","Occitanie",null,{"$f":"ROWS($A$2:A2361)","v":2360},{"$f":"IF(Formulaire!$F$24='Codes postaux par région et dép'!A2361,H2361,\"\")","v":""},"",""]
[66220,"CAUDIES DE FENOUILLEDES",null,66,"Pyrénées-Orientales","Occitanie",null,{"$f":"ROWS($A$2:A2362)","v":2361},{"$f":"IF(Formulaire!$F$24='Codes postaux par région et dép'!A2362,H2362,\"\")","v":""},"",""]
[66220,"ST ARNAC",null,66,"Pyrénées-Orientales","Occitanie",null,{"$f":"ROWS($A$2:A2363)","v":2362},{"$f":"IF(Formulaire!$F$24='Codes postaux par région et dép'!A2363,H2363,\"\")","v":""},"",""]
[66220,"LESQUERDE",null,66,"Pyrénées-Orientales","Occitanie",null,{"$f":"ROWS($A$2:A2364)","v":2363},{"$f":"IF(Formulaire!$F$24='Codes postaux par région et dép'!A2364,H2364,\"\")","v":""},"",""]
[66220,"VIRA",null,66,"Pyrénées-Orientales","Occitanie",null,{"$f":"ROWS($A$2:A2365)","v":2364},{"$f":"IF(Formulaire!$F$24='Codes postaux par région et dép'!A2365,H2365,\"\")","v":""},"",""]
[66230,"SERRALONGUE",null,66,"Pyrénées-Orientales","Occitanie",null,{"$f":"ROWS($A$2:A2366)","v":2365},{"$f":"IF(Formulaire!$F$24='Codes postaux par région et dép'!A2366,H2366,\"\")","v":""},"",""]
[66230,"PRATS DE MOLLO LA PRESTE","LA PRESTE",66,"Pyrénées-Orientales","Occitanie",null,{"$f":"ROWS($A$2:A2367)","v":2366},{"$f":"IF(Formulaire!$F$24='Codes postaux par région et dép'!A2367,H2367,\"\")","v":""},"",""]
[66230,"LAMANERE",null,66,"Pyrénées-Orientales","Occitanie",null,{"$f":"ROWS($A$2:A2368)","v":2367},{"$f":"IF(Formulaire!$F$24='Codes postaux par région et dép'!A2368,H2368,\"\")","v":""},"",""]
[66230,"PRATS DE MOLLO LA PRESTE",null,66,"Pyrénées-Orientales","Occitanie",null,{"$f":"ROWS($A$2:A2369)","v":2368},{"$f":"IF(Formulaire!$F$24='Codes postaux par région et dép'!A2369,H2369,\"\")","v":""},"",""]
[66230,"LE TECH",null,66,"Pyrénées-Orientales","Occitanie",null,{"$f":"ROWS($A$2:A2370)","v":2369},{"$f":"IF(Formulaire!$F$24='Codes postaux par région et dép'!A2370,H2370,\"\")","v":""},{"$f":"IFERROR(SMALL($I:$I,H2370),\"\")","v":""},{"$f":"IFERROR(INDEX($B$2:$B$2867,J2370),\"\")","v":""}]
[66240,"ST ESTEVE",null,66,"Pyrénées-Orientales","Occitanie",null,{"$f":"ROWS($A$2:A2371)","v":2370},{"$f":"IF(Formulaire!$F$24='Codes postaux par région et dép'!A2371,H2371,\"\")","v":""},"",""]
[66250,"ST LAURENT DE LA SALANQUE",null,66,"Pyrénées-Orientales","Occitanie",null,{"$f":"ROWS($A$2:A2372)","v":2371},{"$f":"IF(Formulaire!$F$24='Codes postaux par région et dép'!A2372,H2372,\"\")","v":""},"",""]
[66260,"ST LAURENT DE CERDANS",null,66,"Pyrénées-Orientales","Occitanie",null,{"$f":"ROWS($A$2:A2373)","v":2372},{"$f":"IF(Formulaire!$F$24='Codes postaux par région et dép'!A2373,H2373,\"\")","v":""},"",""]
[66260,"COUSTOUGES",null,66,"Pyrénées-Orientales","Occitanie",null,{"$f":"ROWS($A$2:A2374)","v":2373},{"$f":"IF(Formulaire!$F$24='Codes postaux par région et dép'!A2374,H2374,\"\")","v":""},"",""]
[66270,"LE SOLER",null,66,"Pyrénées-Orientales","Occitanie",null,{"$f":"ROWS($A$2:A2375)","v":2374},{"$f":"IF(Formulaire!$F$24='Codes postaux par région et dép'!A2375,H2375,\"\")","v":""},"",""]
[66280,"SALEILLES",null,66,"Pyrénées-Orientales","Occitanie",null,{"$f":"ROWS($A$2:A2376)","v":2375},{"$f":"IF(Formulaire!$F$24='Codes postaux par région et dép'!A2376,H2376,\"\")","v":""},"",""]
[66290,"CERBERE",null,66,"Pyrénées-Orientales","Occitanie",null,{"$f":"ROWS($A$2:A2377)","v":2376},{"$f":"IF(Formulaire!$F$24='Codes postaux par région et dép'!A2377,H2377,\"\")","v":""},"",""]
[66300,"LLAURO",null,66,"Pyrénées-Orientales","Occitanie",null,{"$f":"ROWS($A$2:A2378)","v":2377},{"$f":"IF(Formulaire!$F$24='Codes postaux par région et dép'!A2378,H2378,\"\")","v":""},"",""]
[66300,"LLUPIA",null,66,"Pyrénées-Orientales","Occitanie",null,{"$f":"ROWS($A$2:A2379)","v":2378},{"$f":"IF(Formulaire!$F$24='Codes postaux par région et dép'!A2379,H2379,\"\")","v":""},"",""]
[66300,"PASSA",null,66,"Pyrénées-Orientales","Occitanie",null,{"$f":"ROWS($A$2:A2380)","v":2379},{"$f":"IF(Formulaire!$F$24='Codes postaux par région et dép'!A2380,H2380,\"\")","v":""},"",""]
[66300,"BANYULS DELS ASPRES",null,66,"Pyrénées-Orientales","Occitanie",null,{"$f":"ROWS($A$2:A2381)","v":2380},{"$f":"IF(Formulaire!$F$24='Codes postaux par région et dép'!A2381,H2381,\"\")","v":""},"",""]
[66300,"TERRATS",null,66,"Pyrénées-Orientales","Occitanie",null,{"$f":"ROWS($A$2:A2382)","v":2381},{"$f":"IF(Formulaire!$F$24='Codes postaux par région et dép'!A2382,H2382,\"\")","v":""},"",""]
[66300,"THUIR",null,66,"Pyrénées-Orientales","Occitanie",null,{"$f":"ROWS($A$2:A2383)","v":2382},{"$f":"IF(Formulaire!$F$24='Codes postaux par région et dép'!A2383,H2383,\"\")","v":""},"",""]
[66300,"TORDERES",null,66,"Pyrénées-Orientales","Occitanie",null,{"$f":"ROWS($A$2:A2384)","v":2383},{"$f":"IF(Formulaire!$F$24='Codes postaux par région et dép'!A2384,H2384,\"\")","v":""},"",""]
[66300,"FOURQUES",null,66,"Pyrénées-Orientales","Occitanie",null,{"$f":"ROWS($A$2:A2385)","v":2384},{"$f":"IF(Formulaire!$F$24='Codes postaux par région et dép'!A2385,H2385,\"\")","v":""},"",""]
[66300,"PONTEILLA",null,66,"Pyrénées-Orientales","Occitanie",null,{"$f":"ROWS($A$2:A2386)","v":2385},{"$f":"IF(Formulaire!$F$24='Codes postaux par région et dép'!A2386,H2386,\"\")","v":""},"",""]
[66300,"TRESSERRE",null,66,"Pyrénées-Orientales","Occitanie",null,{"$f":"ROWS($A$2:A2387)","v":2386},{"$f":"IF(Formulaire!$F$24='Codes postaux par région et dép'!A2387,H2387,\"\")","v":""},"",""]
[66300,"CAMELAS",null,66,"Pyrénées-Orientales","Occitanie",null,{"$f":"ROWS($A$2:A2388)","v":2387},{"$f":"IF(Formulaire!$F$24='Codes postaux par région et dép'!A2388,H2388,\"\")","v":""},"",""]
[66300,"VILLEMOLAQUE",null,66,"Pyrénées-Orientales","Occitanie",null,{"$f":"ROWS($A$2:A2389)","v":2388},{"$f":"IF(Formulaire!$F$24='Codes postaux par région et dép'!A2389,H2389,\"\")","v":""},"",""]
[66300,"MONTAURIOL",null,66,"Pyrénées-Orientales","Occitanie",null,{"$f":"ROWS($A$2:A2390)","v":2389},{"$f":"IF(Formulaire!$F$24='Codes postaux par région et dép'!A2390,H2390,\"\")","v":""},"",""]
[66300,"CAIXAS",null,66,"Pyrénées-Orientales","Occitanie",null,{"$f":"ROWS($A$2:A2391)","v":2390},{"$f":"IF(Formulaire!$F$24='Codes postaux par région et dép'!A2391,H2391,\"\")","v":""},"",""]
[66300,"CASTELNOU",null,66,"Pyrénées-Orientales","Occitanie",null,{"$f":"ROWS($A$2:A2392)","v":2391},{"$f":"IF(Formulaire!$F$24='Codes postaux par région et dép'!A2392,H2392,\"\")","v":""},"",""]
[66300,"STE COLOMBE DE LA COMMANDERIE",null,66,"Pyrénées-Orientales","Occitanie",null,{"$f":"ROWS($A$2:A2393)","v":2392},{"$f":"IF(Formulaire!$F$24='Codes postaux par région et dép'!A2393,H2393,\"\")","v":""},"",""]
[66300,"ST JEAN LASSEILLE",null,66,"Pyrénées-Orientales","Occitanie",null,{"$f":"ROWS($A$2:A2394)","v":2393},{"$f":"IF(Formulaire!$F$24='Codes postaux par région et dép'!A2394,H2394,\"\")","v":""},"",""]
[66300,"TROUILLAS",null,66,"Pyrénées-Orientales","Occitanie",null,{"$f":"ROWS($A$2:A2395)","v":2394},{"$f":"IF(Formulaire!$F$24='Codes postaux par région et dép'!A2395,H2395,\"\")","v":""},"",""]
[66310,"ESTAGEL",null,66,"Pyrénées-Orientales","Occitanie",null,{"$f":"ROWS($A$2:A2396)","v":2395},{"$f":"IF(Formulaire!$F$24='Codes postaux par région et dép'!A2396,H2396,\"\")","v":""},"",""]
[66320,"ARBOUSSOLS",null,66,"Pyrénées-Orientales","Occitanie",null,{"$f":"ROWS($A$2:A2397)","v":2396},{"$f":"IF(Formulaire!$F$24='Codes postaux par région et dép'!A2397,H2397,\"\")","v":""},"",""]
[66320,"VINCA",null,66,"Pyrénées-Orientales","Occitanie",null,{"$f":"ROWS($A$2:A2398)","v":2397},{"$f":"IF(Formulaire!$F$24='Codes postaux par région et dép'!A2398,H2398,\"\")","v":""},"",""]
[66320,"ESTOHER",null,66,"Pyrénées-Orientales","Occitanie",null,{"$f":"ROWS($A$2:A2399)","v":2398},{"$f":"IF(Formulaire!$F$24='Codes postaux par région et dép'!A2399,H2399,\"\")","v":""},"",""]
[66320,"FINESTRET",null,66,"Pyrénées-Orientales","Occitanie",null,{"$f":"ROWS($A$2:A2400)","v":2399},{"$f":"IF(Formulaire!$F$24='Codes postaux par région et dép'!A2400,H2400,\"\")","v":""},"",""]
[66320,"GLORIANES",null,66,"Pyrénées-Orientales","Occitanie",null,{"$f":"ROWS($A$2:A2401)","v":2400},{"$f":"IF(Formulaire!$F$24='Codes postaux par région et dép'!A2401,H2401,\"\")","v":""},"",""]
[66320,"MARQUIXANES",null,66,"Pyrénées-Orientales","Occitanie",null,{"$f":"ROWS($A$2:A2402)","v":2401},{"$f":"IF(Formulaire!$F$24='Codes postaux par région et dép'!A2402,H2402,\"\")","v":""},"",""]
[66320,"TARERACH",null,66,"Pyrénées-Orientales","Occitanie",null,{"$f":"ROWS($A$2:A2403)","v":2402},{"$f":"IF(Formulaire!$F$24='Codes postaux par région et dép'!A2403,H2403,\"\")","v":""},"",""]
[66320,"VALMANYA",null,66,"Pyrénées-Orientales","Occitanie",null,{"$f":"ROWS($A$2:A2404)","v":2403},{"$f":"IF(Formulaire!$F$24='Codes postaux par région et dép'!A2404,H2404,\"\")","v":""},"",""]
[66320,"BAILLESTAVY",null,66,"Pyrénées-Orientales","Occitanie",null,{"$f":"ROWS($A$2:A2405)","v":2404},{"$f":"IF(Formulaire!$F$24='Codes postaux par région et dép'!A2405,H2405,\"\")","v":""},"",""]
[66320,"ESPIRA DE CONFLENT",null,66,"Pyrénées-Orientales","Occitanie",null,{"$f":"ROWS($A$2:A2406)","v":2405},{"$f":"IF(Formulaire!$F$24='Codes postaux par région et dép'!A2406,H2406,\"\")","v":""},"",""]
[66320,"RODES",null,66,"Pyrénées-Orientales","Occitanie",null,{"$f":"ROWS($A$2:A2407)","v":2406},{"$f":"IF(Formulaire!$F$24='Codes postaux par région et dép'!A2407,H2407,\"\")","v":""},"",""]
[66320,"JOCH",null,66,"Pyrénées-Orientales","Occitanie",null,{"$f":"ROWS($A$2:A2408)","v":2407},{"$f":"IF(Formulaire!$F$24='Codes postaux par région et dép'!A2408,H2408,\"\")","v":""},"",""]
[66320,"RIGARDA",null,66,"Pyrénées-Orientales","Occitanie",null,{"$f":"ROWS($A$2:A2409)","v":2408},{"$f":"IF(Formulaire!$F$24='Codes postaux par région et dép'!A2409,H2409,\"\")","v":""},"",""]
[66330,"CABESTANY",null,66,"Pyrénées-Orientales","Occitanie",null,{"$f":"ROWS($A$2:A2410)","v":2409},{"$f":"IF(Formulaire!$F$24='Codes postaux par région et dép'!A2410,H2410,\"\")","v":""},"",""]
[66340,"NAHUJA",null,66,"Pyrénées-Orientales","Occitanie",null,{"$f":"ROWS($A$2:A2411)","v":2410},{"$f":"IF(Formulaire!$F$24='Codes postaux par région et dép'!A2411,H2411,\"\")","v":""},"",""]
[66340,"VALCEBOLLERE",null,66,"Pyrénées-Orientales","Occitanie",null,{"$f":"ROWS($A$2:A2412)","v":2411},{"$f":"IF(Formulaire!$F$24='Codes postaux par région et dép'!A2412,H2412,\"\")","v":""},"",""]
[66340,"OSSEJA",null,66,"Pyrénées-Orientales","Occitanie",null,{"$f":"ROWS($A$2:A2413)","v":2412},{"$f":"IF(Formulaire!$F$24='Codes postaux par région et dép'!A2413,H2413,\"\")","v":""},"",""]
[66340,"PALAU DE CERDAGNE",null,66,"Pyrénées-Orientales","Occitanie",null,{"$f":"ROWS($A$2:A2414)","v":2413},{"$f":"IF(Formulaire!$F$24='Codes postaux par région et dép'!A2414,H2414,\"\")","v":""},"",""]
[66350,"TOULOUGES",null,66,"Pyrénées-Orientales","Occitanie",null,{"$f":"ROWS($A$2:A2415)","v":2414},{"$f":"IF(Formulaire!$F$24='Codes postaux par région et dép'!A2415,H2415,\"\")","v":""},"",""]
[66360,"PY",null,66,"Pyrénées-Orientales","Occitanie",null,{"$f":"ROWS($A$2:A2416)","v":2415},{"$f":"IF(Formulaire!$F$24='Codes postaux par région et dép'!A2416,H2416,\"\")","v":""},"",""]
[66360,"AYGUATEBIA TALAU","TALAU",66,"Pyrénées-Orientales","Occitanie",null,{"$f":"ROWS($A$2:A2417)","v":2416},{"$f":"IF(Formulaire!$F$24='Codes postaux par région et dép'!A2417,H2417,\"\")","v":""},"",""]
[66360,"CAUDIES DE CONFLENT",null,66,"Pyrénées-Orientales","Occitanie",null,{"$f":"ROWS($A$2:A2418)","v":2417},{"$f":"IF(Formulaire!$F$24='Codes postaux par région et dép'!A2418,H2418,\"\")","v":""},"",""]
[66360,"FONTPEDROUSE",null,66,"Pyrénées-Orientales","Occitanie",null,{"$f":"ROWS($A$2:A2419)","v":2418},{"$f":"IF(Formulaire!$F$24='Codes postaux par région et dép'!A2419,H2419,\"\")","v":""},"",""]
[66360,"JUJOLS",null,66,"Pyrénées-Orientales","Occitanie",null,{"$f":"ROWS($A$2:A2420)","v":2419},{"$f":"IF(Formulaire!$F$24='Codes postaux par région et dép'!A2420,H2420,\"\")","v":""},"",""]
[66360,"SAHORRE",null,66,"Pyrénées-Orientales","Occitanie",null,{"$f":"ROWS($A$2:A2421)","v":2420},{"$f":"IF(Formulaire!$F$24='Codes postaux par région et dép'!A2421,H2421,\"\")","v":""},"",""]
[66360,"SANSA",null,66,"Pyrénées-Orientales","Occitanie",null,{"$f":"ROWS($A$2:A2422)","v":2421},{"$f":"IF(Formulaire!$F$24='Codes postaux par région et dép'!A2422,H2422,\"\")","v":""},"",""]
[66360,"ESCARO",null,66,"Pyrénées-Orientales","Occitanie",null,{"$f":"ROWS($A$2:A2423)","v":2422},{"$f":"IF(Formulaire!$F$24='Codes postaux par région et dép'!A2423,H2423,\"\")","v":""},"",""]
[66360,"MANTET",null,66,"Pyrénées-Orientales","Occitanie",null,{"$f":"ROWS($A$2:A2424)","v":2423},{"$f":"IF(Formulaire!$F$24='Codes postaux par région et dép'!A2424,H2424,\"\")","v":""},"",""]
[66360,"OLETTE",null,66,"Pyrénées-Orientales","Occitanie",null,{"$f":"ROWS($A$2:A2425)","v":2424},{"$f":"IF(Formulaire!$F$24='Codes postaux par région et dép'!A2425,H2425,\"\")","v":""},"",""]
[66360,"RAILLEU",null,66,"Pyrénées-Orientales","Occitanie",null,{"$f":"ROWS($A$2:A2426)","v":2425},{"$f":"IF(Formulaire!$F$24='Codes postaux par région et dép'!A2426,H2426,\"\")","v":""},"",""]
[66360,"SERDINYA",null,66,"Pyrénées-Orientales","Occitanie",null,{"$f":"ROWS($A$2:A2427)","v":2426},{"$f":"IF(Formulaire!$F$24='Codes postaux par région et dép'!A2427,H2427,\"\")","v":""},"",""]
[66360,"AYGUATEBIA TALAU",null,66,"Pyrénées-Orientales","Occitanie",null,{"$f":"ROWS($A$2:A2428)","v":2427},{"$f":"IF(Formulaire!$F$24='Codes postaux par région et dép'!A2428,H2428,\"\")","v":""},"",""]
[66360,"CANAVEILLES",null,66,"Pyrénées-Orientales","Occitanie",null,{"$f":"ROWS($A$2:A2429)","v":2428},{"$f":"IF(Formulaire!$F$24='Codes postaux par région et dép'!A2429,H2429,\"\")","v":""},"",""]
[66360,"NYER",null,66,"Pyrénées-Orientales","Occitanie",null,{"$f":"ROWS($A$2:A2430)","v":2429},{"$f":"IF(Formulaire!$F$24='Codes postaux par région et dép'!A2430,H2430,\"\")","v":""},"",""]
[66360,"SOUANYAS",null,66,"Pyrénées-Orientales","Occitanie",null,{"$f":"ROWS($A$2:A2431)","v":2430},{"$f":"IF(Formulaire!$F$24='Codes postaux par région et dép'!A2431,H2431,\"\")","v":""},"",""]
[66360,"THUES ENTRE VALLS",null,66,"Pyrénées-Orientales","Occitanie",null,{"$f":"ROWS($A$2:A2432)","v":2431},{"$f":"IF(Formulaire!$F$24='Codes postaux par région et dép'!A2432,H2432,\"\")","v":""},"",""]
[66360,"OREILLA",null,66,"Pyrénées-Orientales","Occitanie",null,{"$f":"ROWS($A$2:A2433)","v":2432},{"$f":"IF(Formulaire!$F$24='Codes postaux par région et dép'!A2433,H2433,\"\")","v":""},"",""]
[66370,"PEZILLA LA RIVIERE",null,66,"Pyrénées-Orientales","Occitanie",null,{"$f":"ROWS($A$2:A2434)","v":2433},{"$f":"IF(Formulaire!$F$24='Codes postaux par région et dép'!A2434,H2434,\"\")","v":""},{"$f":"IFERROR(SMALL($I:$I,H2434),\"\")","v":""},{"$f":"IFERROR(INDEX($B$2:$B$2867,J2434),\"\")","v":""}]
[66380,"PIA",null,66,"Pyrénées-Orientales","Occitanie",null,{"$f":"ROWS($A$2:A2435)","v":2434},{"$f":"IF(Formulaire!$F$24='Codes postaux par région et dép'!A2435,H2435,\"\")","v":""},"",""]
[66390,"BAIXAS",null,66,"Pyrénées-Orientales","Occitanie",null,{"$f":"ROWS($A$2:A2436)","v":2435},{"$f":"IF(Formulaire!$F$24='Codes postaux par région et dép'!A2436,H2436,\"\")","v":""},"",""]
[66400,"CERET",null,66,"Pyrénées-Orientales","Occitanie",null,{"$f":"ROWS($A$2:A2437)","v":2436},{"$f":"IF(Formulaire!$F$24='Codes postaux par région et dép'!A2437,H2437,\"\")","v":""},"",""]
[66400,"TAILLET",null,66,"Pyrénées-Orientales","Occitanie",null,{"$f":"ROWS($A$2:A2438)","v":2437},{"$f":"IF(Formulaire!$F$24='Codes postaux par région et dép'!A2438,H2438,\"\")","v":""},"",""]
[66400,"CALMEILLES",null,66,"Pyrénées-Orientales","Occitanie",null,{"$f":"ROWS($A$2:A2439)","v":2438},{"$f":"IF(Formulaire!$F$24='Codes postaux par région et dép'!A2439,H2439,\"\")","v":""},"",""]
[66400,"OMS",null,66,"Pyrénées-Orientales","Occitanie",null,{"$f":"ROWS($A$2:A2440)","v":2439},{"$f":"IF(Formulaire!$F$24='Codes postaux par région et dép'!A2440,H2440,\"\")","v":""},"",""]
[66400,"REYNES",null,66,"Pyrénées-Orientales","Occitanie",null,{"$f":"ROWS($A$2:A2441)","v":2440},{"$f":"IF(Formulaire!$F$24='Codes postaux par région et dép'!A2441,H2441,\"\")","v":""},"",""]
[66410,"VILLELONGUE DE LA SALANQUE",null,66,"Pyrénées-Orientales","Occitanie",null,{"$f":"ROWS($A$2:A2442)","v":2441},{"$f":"IF(Formulaire!$F$24='Codes postaux par région et dép'!A2442,H2442,\"\")","v":""},"",""]
[66420,"LE BARCARES",null,66,"Pyrénées-Orientales","Occitanie",null,{"$f":"ROWS($A$2:A2443)","v":2442},{"$f":"IF(Formulaire!$F$24='Codes postaux par région et dép'!A2443,H2443,\"\")","v":""},"",""]
[66420,"LE BARCARES","PORT BARCARES",66,"Pyrénées-Orientales","Occitanie",null,{"$f":"ROWS($A$2:A2444)","v":2443},{"$f":"IF(Formulaire!$F$24='Codes postaux par région et dép'!A2444,H2444,\"\")","v":""},"",""]
[66430,"BOMPAS",null,66,"Pyrénées-Orientales","Occitanie",null,{"$f":"ROWS($A$2:A2445)","v":2444},{"$f":"IF(Formulaire!$F$24='Codes postaux par région et dép'!A2445,H2445,\"\")","v":""},"",""]
[66440,"TORREILLES",null,66,"Pyrénées-Orientales","Occitanie",null,{"$f":"ROWS($A$2:A2446)","v":2445},{"$f":"IF(Formulaire!$F$24='Codes postaux par région et dép'!A2446,H2446,\"\")","v":""},"",""]
[66450,"POLLESTRES",null,66,"Pyrénées-Orientales","Occitanie",null,{"$f":"ROWS($A$2:A2447)","v":2446},{"$f":"IF(Formulaire!$F$24='Codes postaux par région et dép'!A2447,H2447,\"\")","v":""},"",""]
[66460,"MAURY",null,66,"Pyrénées-Orientales","Occitanie",null,{"$f":"ROWS($A$2:A2448)","v":2447},{"$f":"IF(Formulaire!$F$24='Codes postaux par région et dép'!A2448,H2448,\"\")","v":""},"",""]
[66470,"STE MARIE LA MER",null,66,"Pyrénées-Orientales","Occitanie",null,{"$f":"ROWS($A$2:A2449)","v":2448},{"$f":"IF(Formulaire!$F$24='Codes postaux par région et dép'!A2449,H2449,\"\")","v":""},"",""]
[66480,"LES CLUSES",null,66,"Pyrénées-Orientales","Occitanie",null,{"$f":"ROWS($A$2:A2450)","v":2449},{"$f":"IF(Formulaire!$F$24='Codes postaux par région et dép'!A2450,H2450,\"\")","v":""},"",""]
[66480,"MAUREILLAS LAS ILLAS","LAS ILLAS",66,"Pyrénées-Orientales","Occitanie",null,{"$f":"ROWS($A$2:A2451)","v":2450},{"$f":"IF(Formulaire!$F$24='Codes postaux par région et dép'!A2451,H2451,\"\")","v":""},"",""]
[66480,"LE PERTHUS",null,66,"Pyrénées-Orientales","Occitanie",null,{"$f":"ROWS($A$2:A2452)","v":2451},{"$f":"IF(Formulaire!$F$24='Codes postaux par région et dép'!A2452,H2452,\"\")","v":""},"",""]
[66480,"L ALBERE",null,66,"Pyrénées-Orientales","Occitanie",null,{"$f":"ROWS($A$2:A2453)","v":2452},{"$f":"IF(Formulaire!$F$24='Codes postaux par région et dép'!A2453,H2453,\"\")","v":""},"",""]
[66480,"MAUREILLAS LAS ILLAS",null,66,"Pyrénées-Orientales","Occitanie",null,{"$f":"ROWS($A$2:A2454)","v":2453},{"$f":"IF(Formulaire!$F$24='Codes postaux par région et dép'!A2454,H2454,\"\")","v":""},"",""]
[66480,"MAUREILLAS LAS ILLAS","RIUNOGUES",66,"Pyrénées-Orientales","Occitanie",null,{"$f":"ROWS($A$2:A2455)","v":2454},{"$f":"IF(Formulaire!$F$24='Codes postaux par région et dép'!A2455,H2455,\"\")","v":""},"",""]
[66490,"ST JEAN PLA DE CORTS",null,66,"Pyrénées-Orientales","Occitanie",null,{"$f":"ROWS($A$2:A2456)","v":2455},{"$f":"IF(Formulaire!$F$24='Codes postaux par région et dép'!A2456,H2456,\"\")","v":""},"",""]
[66490,"VIVES",null,66,"Pyrénées-Orientales","Occitanie",null,{"$f":"ROWS($A$2:A2457)","v":2456},{"$f":"IF(Formulaire!$F$24='Codes postaux par région et dép'!A2457,H2457,\"\")","v":""},"",""]
[66500,"NOHEDES",null,66,"Pyrénées-Orientales","Occitanie",null,{"$f":"ROWS($A$2:A2458)","v":2457},{"$f":"IF(Formulaire!$F$24='Codes postaux par région et dép'!A2458,H2458,\"\")","v":""},"",""]
[66500,"CAMPOME",null,66,"Pyrénées-Orientales","Occitanie",null,{"$f":"ROWS($A$2:A2459)","v":2458},{"$f":"IF(Formulaire!$F$24='Codes postaux par région et dép'!A2459,H2459,\"\")","v":""},"",""]
[66500,"TAURINYA",null,66,"Pyrénées-Orientales","Occitanie",null,{"$f":"ROWS($A$2:A2460)","v":2459},{"$f":"IF(Formulaire!$F$24='Codes postaux par région et dép'!A2460,H2460,\"\")","v":""},"",""]
[66500,"CATLLAR",null,66,"Pyrénées-Orientales","Occitanie",null,{"$f":"ROWS($A$2:A2461)","v":2460},{"$f":"IF(Formulaire!$F$24='Codes postaux par région et dép'!A2461,H2461,\"\")","v":""},"",""]
[66500,"EUS",null,66,"Pyrénées-Orientales","Occitanie",null,{"$f":"ROWS($A$2:A2462)","v":2461},{"$f":"IF(Formulaire!$F$24='Codes postaux par région et dép'!A2462,H2462,\"\")","v":""},"",""]
[66500,"PRADES",null,66,"Pyrénées-Orientales","Occitanie",null,{"$f":"ROWS($A$2:A2463)","v":2462},{"$f":"IF(Formulaire!$F$24='Codes postaux par région et dép'!A2463,H2463,\"\")","v":""},"",""]
[66500,"CONAT",null,66,"Pyrénées-Orientales","Occitanie",null,{"$f":"ROWS($A$2:A2464)","v":2463},{"$f":"IF(Formulaire!$F$24='Codes postaux par région et dép'!A2464,H2464,\"\")","v":""},"",""]
[66500,"CLARA VILLERACH",null,66,"Pyrénées-Orientales","Occitanie",null,{"$f":"ROWS($A$2:A2465)","v":2464},{"$f":"IF(Formulaire!$F$24='Codes postaux par région et dép'!A2465,H2465,\"\")","v":""},"",""]
[66500,"CODALET",null,66,"Pyrénées-Orientales","Occitanie",null,{"$f":"ROWS($A$2:A2466)","v":2465},{"$f":"IF(Formulaire!$F$24='Codes postaux par région et dép'!A2466,H2466,\"\")","v":""},"",""]
[66500,"RIA SIRACH",null,66,"Pyrénées-Orientales","Occitanie",null,{"$f":"ROWS($A$2:A2467)","v":2466},{"$f":"IF(Formulaire!$F$24='Codes postaux par région et dép'!A2467,H2467,\"\")","v":""},"",""]
[66500,"LOS MASOS",null,66,"Pyrénées-Orientales","Occitanie",null,{"$f":"ROWS($A$2:A2468)","v":2467},{"$f":"IF(Formulaire!$F$24='Codes postaux par région et dép'!A2468,H2468,\"\")","v":""},"",""]
[66500,"MOLITG LES BAINS",null,66,"Pyrénées-Orientales","Occitanie",null,{"$f":"ROWS($A$2:A2469)","v":2468},{"$f":"IF(Formulaire!$F$24='Codes postaux par région et dép'!A2469,H2469,\"\")","v":""},"",""]
[66500,"MOSSET",null,66,"Pyrénées-Orientales","Occitanie",null,{"$f":"ROWS($A$2:A2470)","v":2469},{"$f":"IF(Formulaire!$F$24='Codes postaux par région et dép'!A2470,H2470,\"\")","v":""},"",""]
[66500,"URBANYA",null,66,"Pyrénées-Orientales","Occitanie",null,{"$f":"ROWS($A$2:A2471)","v":2470},{"$f":"IF(Formulaire!$F$24='Codes postaux par région et dép'!A2471,H2471,\"\")","v":""},"",""]
[66500,"VILLEFRANCHE DE CONFLENT",null,66,"Pyrénées-Orientales","Occitanie",null,{"$f":"ROWS($A$2:A2472)","v":2471},{"$f":"IF(Formulaire!$F$24='Codes postaux par région et dép'!A2472,H2472,\"\")","v":""},"",""]
[66510,"ST HIPPOLYTE",null,66,"Pyrénées-Orientales","Occitanie",null,{"$f":"ROWS($A$2:A2473)","v":2472},{"$f":"IF(Formulaire!$F$24='Codes postaux par région et dép'!A2473,H2473,\"\")","v":""},"",""]
[66530,"CLAIRA",null,66,"Pyrénées-Orientales","Occitanie",null,{"$f":"ROWS($A$2:A2474)","v":2473},{"$f":"IF(Formulaire!$F$24='Codes postaux par région et dép'!A2474,H2474,\"\")","v":""},"",""]
[66540,"BAHO",null,66,"Pyrénées-Orientales","Occitanie",null,{"$f":"ROWS($A$2:A2475)","v":2474},{"$f":"IF(Formulaire!$F$24='Codes postaux par région et dép'!A2475,H2475,\"\")","v":""},"",""]
[66550,"CORNEILLA LA RIVIERE",null,66,"Pyrénées-Orientales","Occitanie",null,{"$f":"ROWS($A$2:A2476)","v":2475},{"$f":"IF(Formulaire!$F$24='Codes postaux par région et dép'!A2476,H2476,\"\")","v":""},"",""]
[66560,"ORTAFFA",null,66,"Pyrénées-Orientales","Occitanie",null,{"$f":"ROWS($A$2:A2477)","v":2476},{"$f":"IF(Formulaire!$F$24='Codes postaux par région et dép'!A2477,H2477,\"\")","v":""},"",""]
[66570,"ST NAZAIRE",null,66,"Pyrénées-Orientales","Occitanie",null,{"$f":"ROWS($A$2:A2478)","v":2477},{"$f":"IF(Formulaire!$F$24='Codes postaux par région et dép'!A2478,H2478,\"\")","v":""},"",""]
[66600,"CALCE",null,66,"Pyrénées-Orientales","Occitanie",null,{"$f":"ROWS($A$2:A2479)","v":2478},{"$f":"IF(Formulaire!$F$24='Codes postaux par région et dép'!A2479,H2479,\"\")","v":""},"",""]
[66600,"CASES DE PENE",null,66,"Pyrénées-Orientales","Occitanie",null,{"$f":"ROWS($A$2:A2480)","v":2479},{"$f":"IF(Formulaire!$F$24='Codes postaux par région et dép'!A2480,H2480,\"\")","v":""},"",""]
[66600,"ESPIRA DE L AGLY",null,66,"Pyrénées-Orientales","Occitanie",null,{"$f":"ROWS($A$2:A2481)","v":2480},{"$f":"IF(Formulaire!$F$24='Codes postaux par région et dép'!A2481,H2481,\"\")","v":""},"",""]
[66600,"OPOUL PERILLOS","PERILLOS",66,"Pyrénées-Orientales","Occitanie",null,{"$f":"ROWS($A$2:A2482)","v":2481},{"$f":"IF(Formulaire!$F$24='Codes postaux par région et dép'!A2482,H2482,\"\")","v":""},"",""]
[66600,"PEYRESTORTES",null,66,"Pyrénées-Orientales","Occitanie",null,{"$f":"ROWS($A$2:A2483)","v":2482},{"$f":"IF(Formulaire!$F$24='Codes postaux par région et dép'!A2483,H2483,\"\")","v":""},"",""]
[66600,"RIVESALTES",null,66,"Pyrénées-Orientales","Occitanie",null,{"$f":"ROWS($A$2:A2484)","v":2483},{"$f":"IF(Formulaire!$F$24='Codes postaux par région et dép'!A2484,H2484,\"\")","v":""},"",""]
[66600,"OPOUL PERILLOS",null,66,"Pyrénées-Orientales","Occitanie",null,{"$f":"ROWS($A$2:A2485)","v":2484},{"$f":"IF(Formulaire!$F$24='Codes postaux par région et dép'!A2485,H2485,\"\")","v":""},"",""]
[66600,"SALSES LE CHATEAU",null,66,"Pyrénées-Orientales","Occitanie",null,{"$f":"ROWS($A$2:A2486)","v":2485},{"$f":"IF(Formulaire!$F$24='Codes postaux par région et dép'!A2486,H2486,\"\")","v":""},"",""]
[66600,"VINGRAU",null,66,"Pyrénées-Orientales","Occitanie",null,{"$f":"ROWS($A$2:A2487)","v":2486},{"$f":"IF(Formulaire!$F$24='Codes postaux par région et dép'!A2487,H2487,\"\")","v":""},"",""]
[66610,"VILLENEUVE LA RIVIERE",null,66,"Pyrénées-Orientales","Occitanie",null,{"$f":"ROWS($A$2:A2488)","v":2487},{"$f":"IF(Formulaire!$F$24='Codes postaux par région et dép'!A2488,H2488,\"\")","v":""},"",""]
[66620,"BROUILLA",null,66,"Pyrénées-Orientales","Occitanie",null,{"$f":"ROWS($A$2:A2489)","v":2488},{"$f":"IF(Formulaire!$F$24='Codes postaux par région et dép'!A2489,H2489,\"\")","v":""},"",""]
[66650,"BANYULS SUR MER",null,66,"Pyrénées-Orientales","Occitanie",null,{"$f":"ROWS($A$2:A2490)","v":2489},{"$f":"IF(Formulaire!$F$24='Codes postaux par région et dép'!A2490,H2490,\"\")","v":""},"",""]
[66660,"PORT VENDRES",null,66,"Pyrénées-Orientales","Occitanie",null,{"$f":"ROWS($A$2:A2491)","v":2490},{"$f":"IF(Formulaire!$F$24='Codes postaux par région et dép'!A2491,H2491,\"\")","v":""},"",""]
[66670,"BAGES",null,66,"Pyrénées-Orientales","Occitanie",null,{"$f":"ROWS($A$2:A2492)","v":2491},{"$f":"IF(Formulaire!$F$24='Codes postaux par région et dép'!A2492,H2492,\"\")","v":""},"",""]
[66680,"CANOHES",null,66,"Pyrénées-Orientales","Occitanie",null,{"$f":"ROWS($A$2:A2493)","v":2492},{"$f":"IF(Formulaire!$F$24='Codes postaux par région et dép'!A2493,H2493,\"\")","v":""},"",""]
[66690,"PALAU DEL VIDRE",null,66,"Pyrénées-Orientales","Occitanie",null,{"$f":"ROWS($A$2:A2494)","v":2493},{"$f":"IF(Formulaire!$F$24='Codes postaux par région et dép'!A2494,H2494,\"\")","v":""},"",""]
[66690,"SOREDE",null,66,"Pyrénées-Orientales","Occitanie",null,{"$f":"ROWS($A$2:A2495)","v":2494},{"$f":"IF(Formulaire!$F$24='Codes postaux par région et dép'!A2495,H2495,\"\")","v":""},"",""]
[66690,"ST ANDRE",null,66,"Pyrénées-Orientales","Occitanie",null,{"$f":"ROWS($A$2:A2496)","v":2495},{"$f":"IF(Formulaire!$F$24='Codes postaux par région et dép'!A2496,H2496,\"\")","v":""},"",""]
[66700,"ARGELES SUR MER",null,66,"Pyrénées-Orientales","Occitanie",null,{"$f":"ROWS($A$2:A2497)","v":2496},{"$f":"IF(Formulaire!$F$24='Codes postaux par région et dép'!A2497,H2497,\"\")","v":""},"",""]
[66700,"ARGELES SUR MER","ARGELES PLAGE",66,"Pyrénées-Orientales","Occitanie",null,{"$f":"ROWS($A$2:A2498)","v":2497},{"$f":"IF(Formulaire!$F$24='Codes postaux par région et dép'!A2498,H2498,\"\")","v":""},{"$f":"IFERROR(SMALL($I:$I,H2498),\"\")","v":""},{"$f":"IFERROR(INDEX($B$2:$B$2867,J2498),\"\")","v":""}]
[66720,"CARAMANY",null,66,"Pyrénées-Orientales","Occitanie",null,{"$f":"ROWS($A$2:A2499)","v":2498},{"$f":"IF(Formulaire!$F$24='Codes postaux par région et dép'!A2499,H2499,\"\")","v":""},"",""]
[66720,"CASSAGNES",null,66,"Pyrénées-Orientales","Occitanie",null,{"$f":"ROWS($A$2:A2500)","v":2499},{"$f":"IF(Formulaire!$F$24='Codes postaux par région et dép'!A2500,H2500,\"\")","v":""},"",""]
[66720,"RASIGUERES",null,66,"Pyrénées-Orientales","Occitanie",null,{"$f":"ROWS($A$2:A2501)","v":2500},{"$f":"IF(Formulaire!$F$24='Codes postaux par région et dép'!A2501,H2501,\"\")","v":""},"",""]
[66720,"TAUTAVEL",null,66,"Pyrénées-Orientales","Occitanie",null,{"$f":"ROWS($A$2:A2502)","v":2501},{"$f":"IF(Formulaire!$F$24='Codes postaux par région et dép'!A2502,H2502,\"\")","v":""},"",""]
[66720,"LANSAC",null,66,"Pyrénées-Orientales","Occitanie",null,{"$f":"ROWS($A$2:A2503)","v":2502},{"$f":"IF(Formulaire!$F$24='Codes postaux par région et dép'!A2503,H2503,\"\")","v":""},"",""]
[66720,"LATOUR DE FRANCE",null,66,"Pyrénées-Orientales","Occitanie",null,{"$f":"ROWS($A$2:A2504)","v":2503},{"$f":"IF(Formulaire!$F$24='Codes postaux par région et dép'!A2504,H2504,\"\")","v":""},"",""]
[66720,"BELESTA",null,66,"Pyrénées-Orientales","Occitanie",null,{"$f":"ROWS($A$2:A2505)","v":2504},{"$f":"IF(Formulaire!$F$24='Codes postaux par région et dép'!A2505,H2505,\"\")","v":""},"",""]
[66720,"MONTNER",null,66,"Pyrénées-Orientales","Occitanie",null,{"$f":"ROWS($A$2:A2506)","v":2505},{"$f":"IF(Formulaire!$F$24='Codes postaux par région et dép'!A2506,H2506,\"\")","v":""},"",""]
[66720,"PLANEZES",null,66,"Pyrénées-Orientales","Occitanie",null,{"$f":"ROWS($A$2:A2507)","v":2506},{"$f":"IF(Formulaire!$F$24='Codes postaux par région et dép'!A2507,H2507,\"\")","v":""},"",""]
[66730,"RABOUILLET",null,66,"Pyrénées-Orientales","Occitanie",null,{"$f":"ROWS($A$2:A2508)","v":2507},{"$f":"IF(Formulaire!$F$24='Codes postaux par région et dép'!A2508,H2508,\"\")","v":""},"",""]
[66730,"FEILLUNS",null,66,"Pyrénées-Orientales","Occitanie",null,{"$f":"ROWS($A$2:A2509)","v":2508},{"$f":"IF(Formulaire!$F$24='Codes postaux par région et dép'!A2509,H2509,\"\")","v":""},"",""]
[66730,"SOURNIA",null,66,"Pyrénées-Orientales","Occitanie",null,{"$f":"ROWS($A$2:A2510)","v":2509},{"$f":"IF(Formulaire!$F$24='Codes postaux par région et dép'!A2510,H2510,\"\")","v":""},"",""]
[66730,"LE VIVIER",null,66,"Pyrénées-Orientales","Occitanie",null,{"$f":"ROWS($A$2:A2511)","v":2510},{"$f":"IF(Formulaire!$F$24='Codes postaux par région et dép'!A2511,H2511,\"\")","v":""},"",""]
[66730,"PEZILLA DE CONFLENT",null,66,"Pyrénées-Orientales","Occitanie",null,{"$f":"ROWS($A$2:A2512)","v":2511},{"$f":"IF(Formulaire!$F$24='Codes postaux par région et dép'!A2512,H2512,\"\")","v":""},"",""]
[66730,"PRATS DE SOURNIA",null,66,"Pyrénées-Orientales","Occitanie",null,{"$f":"ROWS($A$2:A2513)","v":2512},{"$f":"IF(Formulaire!$F$24='Codes postaux par région et dép'!A2513,H2513,\"\")","v":""},"",""]
[66730,"CAMPOUSSY",null,66,"Pyrénées-Orientales","Occitanie",null,{"$f":"ROWS($A$2:A2514)","v":2513},{"$f":"IF(Formulaire!$F$24='Codes postaux par région et dép'!A2514,H2514,\"\")","v":""},"",""]
[66740,"ST GENIS DES FONTAINES",null,66,"Pyrénées-Orientales","Occitanie",null,{"$f":"ROWS($A$2:A2515)","v":2514},{"$f":"IF(Formulaire!$F$24='Codes postaux par région et dép'!A2515,H2515,\"\")","v":""},"",""]
[66740,"VILLELONGUE DELS MONTS",null,66,"Pyrénées-Orientales","Occitanie",null,{"$f":"ROWS($A$2:A2516)","v":2515},{"$f":"IF(Formulaire!$F$24='Codes postaux par région et dép'!A2516,H2516,\"\")","v":""},"",""]
[66740,"LAROQUE DES ALBERES",null,66,"Pyrénées-Orientales","Occitanie",null,{"$f":"ROWS($A$2:A2517)","v":2516},{"$f":"IF(Formulaire!$F$24='Codes postaux par région et dép'!A2517,H2517,\"\")","v":""},"",""]
[66740,"MONTESQUIEU DES ALBERES",null,66,"Pyrénées-Orientales","Occitanie",null,{"$f":"ROWS($A$2:A2518)","v":2517},{"$f":"IF(Formulaire!$F$24='Codes postaux par région et dép'!A2518,H2518,\"\")","v":""},"",""]
[66750,"ST CYPRIEN","ST CYPRIEN PLAGE",66,"Pyrénées-Orientales","Occitanie",null,{"$f":"ROWS($A$2:A2519)","v":2518},{"$f":"IF(Formulaire!$F$24='Codes postaux par région et dép'!A2519,H2519,\"\")","v":""},"",""]
[66750,"ST CYPRIEN",null,66,"Pyrénées-Orientales","Occitanie",null,{"$f":"ROWS($A$2:A2520)","v":2519},{"$f":"IF(Formulaire!$F$24='Codes postaux par région et dép'!A2520,H2520,\"\")","v":""},"",""]
[66760,"BOURG MADAME",null,66,"Pyrénées-Orientales","Occitanie",null,{"$f":"ROWS($A$2:A2521)","v":2520},{"$f":"IF(Formulaire!$F$24='Codes postaux par région et dép'!A2521,H2521,\"\")","v":""},"",""]
[66760,"BOURG MADAME","CALDEGAS",66,"Pyrénées-Orientales","Occitanie",null,{"$f":"ROWS($A$2:A2522)","v":2521},{"$f":"IF(Formulaire!$F$24='Codes postaux par région et dép'!A2522,H2522,\"\")","v":""},"",""]
[66760,"UR",null,66,"Pyrénées-Orientales","Occitanie",null,{"$f":"ROWS($A$2:A2523)","v":2522},{"$f":"IF(Formulaire!$F$24='Codes postaux par région et dép'!A2523,H2523,\"\")","v":""},"",""]
[66760,"LATOUR DE CAROL",null,66,"Pyrénées-Orientales","Occitanie",null,{"$f":"ROWS($A$2:A2524)","v":2523},{"$f":"IF(Formulaire!$F$24='Codes postaux par région et dép'!A2524,H2524,\"\")","v":""},"",""]
[66760,"ANGOUSTRINE VILLENEUVE ESCALDES",null,66,"Pyrénées-Orientales","Occitanie",null,{"$f":"ROWS($A$2:A2525)","v":2524},{"$f":"IF(Formulaire!$F$24='Codes postaux par région et dép'!A2525,H2525,\"\")","v":""},"",""]
[66760,"ANGOUSTRINE VILLENEUVE ESCALDES","VILLENEUVE DES ESCALDES",66,"Pyrénées-Orientales","Occitanie",null,{"$f":"ROWS($A$2:A2526)","v":2525},{"$f":"IF(Formulaire!$F$24='Codes postaux par région et dép'!A2526,H2526,\"\")","v":""},"",""]
[66760,"DORRES",null,66,"Pyrénées-Orientales","Occitanie",null,{"$f":"ROWS($A$2:A2527)","v":2526},{"$f":"IF(Formulaire!$F$24='Codes postaux par région et dép'!A2527,H2527,\"\")","v":""},"",""]
[66760,"ENVEITG",null,66,"Pyrénées-Orientales","Occitanie",null,{"$f":"ROWS($A$2:A2528)","v":2527},{"$f":"IF(Formulaire!$F$24='Codes postaux par région et dép'!A2528,H2528,\"\")","v":""},"",""]
[66760,"PORTE PUYMORENS",null,66,"Pyrénées-Orientales","Occitanie",null,{"$f":"ROWS($A$2:A2529)","v":2528},{"$f":"IF(Formulaire!$F$24='Codes postaux par région et dép'!A2529,H2529,\"\")","v":""},"",""]
[66760,"PORTA",null,66,"Pyrénées-Orientales","Occitanie",null,{"$f":"ROWS($A$2:A2530)","v":2529},{"$f":"IF(Formulaire!$F$24='Codes postaux par région et dép'!A2530,H2530,\"\")","v":""},"",""]
[66800,"LLO",null,66,"Pyrénées-Orientales","Occitanie",null,{"$f":"ROWS($A$2:A2531)","v":2530},{"$f":"IF(Formulaire!$F$24='Codes postaux par région et dép'!A2531,H2531,\"\")","v":""},"",""]
[66800,"ERR",null,66,"Pyrénées-Orientales","Occitanie",null,{"$f":"ROWS($A$2:A2532)","v":2531},{"$f":"IF(Formulaire!$F$24='Codes postaux par région et dép'!A2532,H2532,\"\")","v":""},"",""]
[66800,"STE LEOCADIE",null,66,"Pyrénées-Orientales","Occitanie",null,{"$f":"ROWS($A$2:A2533)","v":2532},{"$f":"IF(Formulaire!$F$24='Codes postaux par région et dép'!A2533,H2533,\"\")","v":""},"",""]
[66800,"ESTAVAR",null,66,"Pyrénées-Orientales","Occitanie",null,{"$f":"ROWS($A$2:A2534)","v":2533},{"$f":"IF(Formulaire!$F$24='Codes postaux par région et dép'!A2534,H2534,\"\")","v":""},"",""]
[66800,"EYNE",null,66,"Pyrénées-Orientales","Occitanie",null,{"$f":"ROWS($A$2:A2535)","v":2534},{"$f":"IF(Formulaire!$F$24='Codes postaux par région et dép'!A2535,H2535,\"\")","v":""},"",""]
[66800,"SAILLAGOUSE",null,66,"Pyrénées-Orientales","Occitanie",null,{"$f":"ROWS($A$2:A2536)","v":2535},{"$f":"IF(Formulaire!$F$24='Codes postaux par région et dép'!A2536,H2536,\"\")","v":""},"",""]
[66820,"CORNEILLA DE CONFLENT",null,66,"Pyrénées-Orientales","Occitanie",null,{"$f":"ROWS($A$2:A2537)","v":2536},{"$f":"IF(Formulaire!$F$24='Codes postaux par région et dép'!A2537,H2537,\"\")","v":""},"",""]
[66820,"FILLOLS",null,66,"Pyrénées-Orientales","Occitanie",null,{"$f":"ROWS($A$2:A2538)","v":2537},{"$f":"IF(Formulaire!$F$24='Codes postaux par région et dép'!A2538,H2538,\"\")","v":""},"",""]
[66820,"VERNET LES BAINS",null,66,"Pyrénées-Orientales","Occitanie",null,{"$f":"ROWS($A$2:A2539)","v":2538},{"$f":"IF(Formulaire!$F$24='Codes postaux par région et dép'!A2539,H2539,\"\")","v":""},"",""]
[66820,"CASTEIL",null,66,"Pyrénées-Orientales","Occitanie",null,{"$f":"ROWS($A$2:A2540)","v":2539},{"$f":"IF(Formulaire!$F$24='Codes postaux par région et dép'!A2540,H2540,\"\")","v":""},"",""]
[66820,"FUILLA",null,66,"Pyrénées-Orientales","Occitanie",null,{"$f":"ROWS($A$2:A2541)","v":2540},{"$f":"IF(Formulaire!$F$24='Codes postaux par région et dép'!A2541,H2541,\"\")","v":""},"",""]
[81000,"ALBI",null,81,"Tarn","Occitanie",null,{"$f":"ROWS($A$2:A2542)","v":2541},{"$f":"IF(Formulaire!$F$24='Codes postaux par région et dép'!A2542,H2542,\"\")","v":""},"",""]
[81090,"VALDURENQUE",null,81,"Tarn","Occitanie",null,{"$f":"ROWS($A$2:A2543)","v":2542},{"$f":"IF(Formulaire!$F$24='Codes postaux par région et dép'!A2543,H2543,\"\")","v":""},"",""]
[81090,"LAGARRIGUE",null,81,"Tarn","Occitanie",null,{"$f":"ROWS($A$2:A2544)","v":2543},{"$f":"IF(Formulaire!$F$24='Codes postaux par région et dép'!A2544,H2544,\"\")","v":""},"",""]
[81100,"CASTRES",null,81,"Tarn","Occitanie",null,{"$f":"ROWS($A$2:A2545)","v":2544},{"$f":"IF(Formulaire!$F$24='Codes postaux par région et dép'!A2545,H2545,\"\")","v":""},"",""]
[81100,"BURLATS",null,81,"Tarn","Occitanie",null,{"$f":"ROWS($A$2:A2546)","v":2545},{"$f":"IF(Formulaire!$F$24='Codes postaux par région et dép'!A2546,H2546,\"\")","v":""},"",""]
[81100,"LABOULBENE",null,81,"Tarn","Occitanie",null,{"$f":"ROWS($A$2:A2547)","v":2546},{"$f":"IF(Formulaire!$F$24='Codes postaux par région et dép'!A2547,H2547,\"\")","v":""},"",""]
[81110,"DOURGNE",null,81,"Tarn","Occitanie",null,{"$f":"ROWS($A$2:A2548)","v":2547},{"$f":"IF(Formulaire!$F$24='Codes postaux par région et dép'!A2548,H2548,\"\")","v":""},"",""]
[81110,"LAGARDIOLLE",null,81,"Tarn","Occitanie",null,{"$f":"ROWS($A$2:A2549)","v":2548},{"$f":"IF(Formulaire!$F$24='Codes postaux par région et dép'!A2549,H2549,\"\")","v":""},"",""]
[81110,"VERDALLE",null,81,"Tarn","Occitanie",null,{"$f":"ROWS($A$2:A2550)","v":2549},{"$f":"IF(Formulaire!$F$24='Codes postaux par région et dép'!A2550,H2550,\"\")","v":""},"",""]
[81110,"ARFONS",null,81,"Tarn","Occitanie",null,{"$f":"ROWS($A$2:A2551)","v":2550},{"$f":"IF(Formulaire!$F$24='Codes postaux par région et dép'!A2551,H2551,\"\")","v":""},"",""]
[81110,"LESCOUT",null,81,"Tarn","Occitanie",null,{"$f":"ROWS($A$2:A2552)","v":2551},{"$f":"IF(Formulaire!$F$24='Codes postaux par région et dép'!A2552,H2552,\"\")","v":""},"",""]
[81110,"ST AMANCET",null,81,"Tarn","Occitanie",null,{"$f":"ROWS($A$2:A2553)","v":2552},{"$f":"IF(Formulaire!$F$24='Codes postaux par région et dép'!A2553,H2553,\"\")","v":""},"",""]
[81110,"ST AVIT",null,81,"Tarn","Occitanie",null,{"$f":"ROWS($A$2:A2554)","v":2553},{"$f":"IF(Formulaire!$F$24='Codes postaux par région et dép'!A2554,H2554,\"\")","v":""},"",""]
[81110,"MASSAGUEL",null,81,"Tarn","Occitanie",null,{"$f":"ROWS($A$2:A2555)","v":2554},{"$f":"IF(Formulaire!$F$24='Codes postaux par région et dép'!A2555,H2555,\"\")","v":""},"",""]
[81120,"DENAT",null,81,"Tarn","Occitanie",null,{"$f":"ROWS($A$2:A2556)","v":2555},{"$f":"IF(Formulaire!$F$24='Codes postaux par région et dép'!A2556,H2556,\"\")","v":""},"",""]
[81120,"LOMBERS",null,81,"Tarn","Occitanie",null,{"$f":"ROWS($A$2:A2557)","v":2556},{"$f":"IF(Formulaire!$F$24='Codes postaux par région et dép'!A2557,H2557,\"\")","v":""},"",""]
[81120,"PUYGOUZON","LABASTIDE DENAT",81,"Tarn","Occitanie",null,{"$f":"ROWS($A$2:A2558)","v":2557},{"$f":"IF(Formulaire!$F$24='Codes postaux par région et dép'!A2558,H2558,\"\")","v":""},"",""]
[81120,"TERRE DE BANCALIE","LE TRAVET",81,"Tarn","Occitanie",null,{"$f":"ROWS($A$2:A2559)","v":2558},{"$f":"IF(Formulaire!$F$24='Codes postaux par région et dép'!A2559,H2559,\"\")","v":""},"",""]
[81120,"ORBAN",null,81,"Tarn","Occitanie",null,{"$f":"ROWS($A$2:A2560)","v":2559},{"$f":"IF(Formulaire!$F$24='Codes postaux par région et dép'!A2560,H2560,\"\")","v":""},"",""]
[81120,"TEILLET",null,81,"Tarn","Occitanie",null,{"$f":"ROWS($A$2:A2561)","v":2560},{"$f":"IF(Formulaire!$F$24='Codes postaux par région et dép'!A2561,H2561,\"\")","v":""},"",""]
[81120,"SIEURAC",null,81,"Tarn","Occitanie",null,{"$f":"ROWS($A$2:A2562)","v":2561},{"$f":"IF(Formulaire!$F$24='Codes postaux par région et dép'!A2562,H2562,\"\")","v":""},{"$f":"IFERROR(SMALL($I:$I,H2562),\"\")","v":""},{"$f":"IFERROR(INDEX($B$2:$B$2867,J2562),\"\")","v":""}]
[81120,"LABOUTARIE",null,81,"Tarn","Occitanie",null,{"$f":"ROWS($A$2:A2563)","v":2562},{"$f":"IF(Formulaire!$F$24='Codes postaux par région et dép'!A2563,H2563,\"\")","v":""},"",""]
[81120,"REALMONT",null,81,"Tarn","Occitanie",null,{"$f":"ROWS($A$2:A2564)","v":2563},{"$f":"IF(Formulaire!$F$24='Codes postaux par région et dép'!A2564,H2564,\"\")","v":""},"",""]
[81120,"TERRE DE BANCALIE","RONEL",81,"Tarn","Occitanie",null,{"$f":"ROWS($A$2:A2565)","v":2564},{"$f":"IF(Formulaire!$F$24='Codes postaux par région et dép'!A2565,H2565,\"\")","v":""},"",""]
[81120,"TERRE DE BANCALIE","TERRE CLAPIER",81,"Tarn","Occitanie",null,{"$f":"ROWS($A$2:A2566)","v":2565},{"$f":"IF(Formulaire!$F$24='Codes postaux par région et dép'!A2566,H2566,\"\")","v":""},"",""]
[81120,"LAMILLARIE",null,81,"Tarn","Occitanie",null,{"$f":"ROWS($A$2:A2567)","v":2566},{"$f":"IF(Formulaire!$F$24='Codes postaux par région et dép'!A2567,H2567,\"\")","v":""},"",""]
[81120,"FAUCH",null,81,"Tarn","Occitanie",null,{"$f":"ROWS($A$2:A2568)","v":2567},{"$f":"IF(Formulaire!$F$24='Codes postaux par région et dép'!A2568,H2568,\"\")","v":""},"",""]
[81120,"MONT ROC",null,81,"Tarn","Occitanie",null,{"$f":"ROWS($A$2:A2569)","v":2568},{"$f":"IF(Formulaire!$F$24='Codes postaux par région et dép'!A2569,H2569,\"\")","v":""},"",""]
[81120,"POULAN POUZOLS",null,81,"Tarn","Occitanie",null,{"$f":"ROWS($A$2:A2570)","v":2569},{"$f":"IF(Formulaire!$F$24='Codes postaux par région et dép'!A2570,H2570,\"\")","v":""},"",""]
[81120,"TERRE DE BANCALIE","ROUMEGOUX",81,"Tarn","Occitanie",null,{"$f":"ROWS($A$2:A2571)","v":2570},{"$f":"IF(Formulaire!$F$24='Codes postaux par région et dép'!A2571,H2571,\"\")","v":""},"",""]
[81120,"TERRE DE BANCALIE","ST LIEUX LAFENASSE",81,"Tarn","Occitanie",null,{"$f":"ROWS($A$2:A2572)","v":2571},{"$f":"IF(Formulaire!$F$24='Codes postaux par région et dép'!A2572,H2572,\"\")","v":""},"",""]
[81120,"TERRE DE BANCALIE","ST ANTONIN DE LACALM",81,"Tarn","Occitanie",null,{"$f":"ROWS($A$2:A2573)","v":2572},{"$f":"IF(Formulaire!$F$24='Codes postaux par région et dép'!A2573,H2573,\"\")","v":""},"",""]
[81130,"TAIX",null,81,"Tarn","Occitanie",null,{"$f":"ROWS($A$2:A2574)","v":2573},{"$f":"IF(Formulaire!$F$24='Codes postaux par région et dép'!A2574,H2574,\"\")","v":""},"",""]
[81130,"VILLENEUVE SUR VERE",null,81,"Tarn","Occitanie",null,{"$f":"ROWS($A$2:A2575)","v":2574},{"$f":"IF(Formulaire!$F$24='Codes postaux par région et dép'!A2575,H2575,\"\")","v":""},"",""]
[81130,"CAGNAC LES MINES",null,81,"Tarn","Occitanie",null,{"$f":"ROWS($A$2:A2576)","v":2575},{"$f":"IF(Formulaire!$F$24='Codes postaux par région et dép'!A2576,H2576,\"\")","v":""},"",""]
[81130,"MILHAVET",null,81,"Tarn","Occitanie",null,{"$f":"ROWS($A$2:A2577)","v":2576},{"$f":"IF(Formulaire!$F$24='Codes postaux par région et dép'!A2577,H2577,\"\")","v":""},"",""]
[81130,"MAILHOC",null,81,"Tarn","Occitanie",null,{"$f":"ROWS($A$2:A2578)","v":2577},{"$f":"IF(Formulaire!$F$24='Codes postaux par région et dép'!A2578,H2578,\"\")","v":""},"",""]
[81140,"CASTELNAU DE MONTMIRAL",null,81,"Tarn","Occitanie",null,{"$f":"ROWS($A$2:A2579)","v":2578},{"$f":"IF(Formulaire!$F$24='Codes postaux par région et dép'!A2579,H2579,\"\")","v":""},"",""]
[81140,"ALOS",null,81,"Tarn","Occitanie",null,{"$f":"ROWS($A$2:A2580)","v":2579},{"$f":"IF(Formulaire!$F$24='Codes postaux par région et dép'!A2580,H2580,\"\")","v":""},"",""]
[81140,"CAHUZAC SUR VERE",null,81,"Tarn","Occitanie",null,{"$f":"ROWS($A$2:A2581)","v":2580},{"$f":"IF(Formulaire!$F$24='Codes postaux par région et dép'!A2581,H2581,\"\")","v":""},"",""]
[81140,"MONTELS",null,81,"Tarn","Occitanie",null,{"$f":"ROWS($A$2:A2582)","v":2581},{"$f":"IF(Formulaire!$F$24='Codes postaux par région et dép'!A2582,H2582,\"\")","v":""},"",""]
[81140,"LE VERDIER",null,81,"Tarn","Occitanie",null,{"$f":"ROWS($A$2:A2583)","v":2582},{"$f":"IF(Formulaire!$F$24='Codes postaux par région et dép'!A2583,H2583,\"\")","v":""},"",""]
[81140,"ANDILLAC",null,81,"Tarn","Occitanie",null,{"$f":"ROWS($A$2:A2584)","v":2583},{"$f":"IF(Formulaire!$F$24='Codes postaux par région et dép'!A2584,H2584,\"\")","v":""},"",""]
[81140,"CAMPAGNAC",null,81,"Tarn","Occitanie",null,{"$f":"ROWS($A$2:A2585)","v":2584},{"$f":"IF(Formulaire!$F$24='Codes postaux par région et dép'!A2585,H2585,\"\")","v":""},"",""]
[81140,"LARROQUE",null,81,"Tarn","Occitanie",null,{"$f":"ROWS($A$2:A2586)","v":2585},{"$f":"IF(Formulaire!$F$24='Codes postaux par région et dép'!A2586,H2586,\"\")","v":""},"",""]
[81140,"PENNE",null,81,"Tarn","Occitanie",null,{"$f":"ROWS($A$2:A2587)","v":2586},{"$f":"IF(Formulaire!$F$24='Codes postaux par région et dép'!A2587,H2587,\"\")","v":""},"",""]
[81140,"PUYCELSI",null,81,"Tarn","Occitanie",null,{"$f":"ROWS($A$2:A2588)","v":2587},{"$f":"IF(Formulaire!$F$24='Codes postaux par région et dép'!A2588,H2588,\"\")","v":""},"",""]
[81140,"ROUSSAYROLLES",null,81,"Tarn","Occitanie",null,{"$f":"ROWS($A$2:A2589)","v":2588},{"$f":"IF(Formulaire!$F$24='Codes postaux par région et dép'!A2589,H2589,\"\")","v":""},"",""]
[81140,"ST BEAUZILE",null,81,"Tarn","Occitanie",null,{"$f":"ROWS($A$2:A2590)","v":2589},{"$f":"IF(Formulaire!$F$24='Codes postaux par région et dép'!A2590,H2590,\"\")","v":""},"",""]
[81140,"STE CECILE DU CAYROU",null,81,"Tarn","Occitanie",null,{"$f":"ROWS($A$2:A2591)","v":2590},{"$f":"IF(Formulaire!$F$24='Codes postaux par région et dép'!A2591,H2591,\"\")","v":""},"",""]
[81140,"ST MICHEL DE VAX",null,81,"Tarn","Occitanie",null,{"$f":"ROWS($A$2:A2592)","v":2591},{"$f":"IF(Formulaire!$F$24='Codes postaux par région et dép'!A2592,H2592,\"\")","v":""},"",""]
[81140,"VAOUR",null,81,"Tarn","Occitanie",null,{"$f":"ROWS($A$2:A2593)","v":2592},{"$f":"IF(Formulaire!$F$24='Codes postaux par région et dép'!A2593,H2593,\"\")","v":""},"",""]
[81140,"VIEUX",null,81,"Tarn","Occitanie",null,{"$f":"ROWS($A$2:A2594)","v":2593},{"$f":"IF(Formulaire!$F$24='Codes postaux par région et dép'!A2594,H2594,\"\")","v":""},"",""]
[81150,"BERNAC",null,81,"Tarn","Occitanie",null,{"$f":"ROWS($A$2:A2595)","v":2594},{"$f":"IF(Formulaire!$F$24='Codes postaux par région et dép'!A2595,H2595,\"\")","v":""},"",""]
[81150,"FLORENTIN",null,81,"Tarn","Occitanie",null,{"$f":"ROWS($A$2:A2596)","v":2595},{"$f":"IF(Formulaire!$F$24='Codes postaux par région et dép'!A2596,H2596,\"\")","v":""},"",""]
[81150,"LAGRAVE",null,81,"Tarn","Occitanie",null,{"$f":"ROWS($A$2:A2597)","v":2596},{"$f":"IF(Formulaire!$F$24='Codes postaux par région et dép'!A2597,H2597,\"\")","v":""},"",""]
[81150,"CESTAYROLS",null,81,"Tarn","Occitanie",null,{"$f":"ROWS($A$2:A2598)","v":2597},{"$f":"IF(Formulaire!$F$24='Codes postaux par région et dép'!A2598,H2598,\"\")","v":""},"",""]
[81150,"LABASTIDE DE LEVIS",null,81,"Tarn","Occitanie",null,{"$f":"ROWS($A$2:A2599)","v":2598},{"$f":"IF(Formulaire!$F$24='Codes postaux par région et dép'!A2599,H2599,\"\")","v":""},"",""]
[81150,"ROUFFIAC",null,81,"Tarn","Occitanie",null,{"$f":"ROWS($A$2:A2600)","v":2599},{"$f":"IF(Formulaire!$F$24='Codes postaux par région et dép'!A2600,H2600,\"\")","v":""},"",""]
[81150,"CASTELNAU DE LEVIS",null,81,"Tarn","Occitanie",null,{"$f":"ROWS($A$2:A2601)","v":2600},{"$f":"IF(Formulaire!$F$24='Codes postaux par région et dép'!A2601,H2601,\"\")","v":""},"",""]
[81150,"CASTANET",null,81,"Tarn","Occitanie",null,{"$f":"ROWS($A$2:A2602)","v":2601},{"$f":"IF(Formulaire!$F$24='Codes postaux par région et dép'!A2602,H2602,\"\")","v":""},"",""]
[81150,"MARSSAC SUR TARN",null,81,"Tarn","Occitanie",null,{"$f":"ROWS($A$2:A2603)","v":2602},{"$f":"IF(Formulaire!$F$24='Codes postaux par région et dép'!A2603,H2603,\"\")","v":""},"",""]
[81150,"FAYSSAC",null,81,"Tarn","Occitanie",null,{"$f":"ROWS($A$2:A2604)","v":2603},{"$f":"IF(Formulaire!$F$24='Codes postaux par région et dép'!A2604,H2604,\"\")","v":""},"",""]
[81150,"TERSSAC",null,81,"Tarn","Occitanie",null,{"$f":"ROWS($A$2:A2605)","v":2604},{"$f":"IF(Formulaire!$F$24='Codes postaux par région et dép'!A2605,H2605,\"\")","v":""},"",""]
[81150,"STE CROIX",null,81,"Tarn","Occitanie",null,{"$f":"ROWS($A$2:A2606)","v":2605},{"$f":"IF(Formulaire!$F$24='Codes postaux par région et dép'!A2606,H2606,\"\")","v":""},"",""]
[81160,"ST JUERY",null,81,"Tarn","Occitanie",null,{"$f":"ROWS($A$2:A2607)","v":2606},{"$f":"IF(Formulaire!$F$24='Codes postaux par région et dép'!A2607,H2607,\"\")","v":""},"",""]
[81160,"ARTHES",null,81,"Tarn","Occitanie",null,{"$f":"ROWS($A$2:A2608)","v":2607},{"$f":"IF(Formulaire!$F$24='Codes postaux par région et dép'!A2608,H2608,\"\")","v":""},"",""]
[81170,"LES CABANNES",null,81,"Tarn","Occitanie",null,{"$f":"ROWS($A$2:A2609)","v":2608},{"$f":"IF(Formulaire!$F$24='Codes postaux par région et dép'!A2609,H2609,\"\")","v":""},"",""]
[81170,"BOURNAZEL",null,81,"Tarn","Occitanie",null,{"$f":"ROWS($A$2:A2610)","v":2609},{"$f":"IF(Formulaire!$F$24='Codes postaux par région et dép'!A2610,H2610,\"\")","v":""},"",""]
[81170,"ITZAC",null,81,"Tarn","Occitanie",null,{"$f":"ROWS($A$2:A2611)","v":2610},{"$f":"IF(Formulaire!$F$24='Codes postaux par région et dép'!A2611,H2611,\"\")","v":""},"",""]
[81170,"LIVERS CAZELLES",null,81,"Tarn","Occitanie",null,{"$f":"ROWS($A$2:A2612)","v":2611},{"$f":"IF(Formulaire!$F$24='Codes postaux par région et dép'!A2612,H2612,\"\")","v":""},"",""]
[81170,"MARNAVES",null,81,"Tarn","Occitanie",null,{"$f":"ROWS($A$2:A2613)","v":2612},{"$f":"IF(Formulaire!$F$24='Codes postaux par région et dép'!A2613,H2613,\"\")","v":""},"",""]
[81170,"NOAILLES",null,81,"Tarn","Occitanie",null,{"$f":"ROWS($A$2:A2614)","v":2613},{"$f":"IF(Formulaire!$F$24='Codes postaux par région et dép'!A2614,H2614,\"\")","v":""},"",""]
[81170,"ST MARCEL CAMPES",null,81,"Tarn","Occitanie",null,{"$f":"ROWS($A$2:A2615)","v":2614},{"$f":"IF(Formulaire!$F$24='Codes postaux par région et dép'!A2615,H2615,\"\")","v":""},"",""]
[81170,"VINDRAC ALAYRAC",null,81,"Tarn","Occitanie",null,{"$f":"ROWS($A$2:A2616)","v":2615},{"$f":"IF(Formulaire!$F$24='Codes postaux par région et dép'!A2616,H2616,\"\")","v":""},"",""]
[81170,"LABARTHE BLEYS",null,81,"Tarn","Occitanie",null,{"$f":"ROWS($A$2:A2617)","v":2616},{"$f":"IF(Formulaire!$F$24='Codes postaux par région et dép'!A2617,H2617,\"\")","v":""},"",""]
[81170,"MONTROSIER",null,81,"Tarn","Occitanie",null,{"$f":"ROWS($A$2:A2618)","v":2617},{"$f":"IF(Formulaire!$F$24='Codes postaux par région et dép'!A2618,H2618,\"\")","v":""},"",""]
[81170,"ST MARCEL CAMPES","CAMPES",81,"Tarn","Occitanie",null,{"$f":"ROWS($A$2:A2619)","v":2618},{"$f":"IF(Formulaire!$F$24='Codes postaux par région et dép'!A2619,H2619,\"\")","v":""},"",""]
[81170,"ST MARTIN LAGUEPIE",null,81,"Tarn","Occitanie",null,{"$f":"ROWS($A$2:A2620)","v":2619},{"$f":"IF(Formulaire!$F$24='Codes postaux par région et dép'!A2620,H2620,\"\")","v":""},"",""]
[81170,"TONNAC",null,81,"Tarn","Occitanie",null,{"$f":"ROWS($A$2:A2621)","v":2620},{"$f":"IF(Formulaire!$F$24='Codes postaux par région et dép'!A2621,H2621,\"\")","v":""},"",""]
[81170,"AMARENS",null,81,"Tarn","Occitanie",null,{"$f":"ROWS($A$2:A2622)","v":2621},{"$f":"IF(Formulaire!$F$24='Codes postaux par région et dép'!A2622,H2622,\"\")","v":""},"",""]
[81170,"FRAUSSEILLES",null,81,"Tarn","Occitanie",null,{"$f":"ROWS($A$2:A2623)","v":2622},{"$f":"IF(Formulaire!$F$24='Codes postaux par région et dép'!A2623,H2623,\"\")","v":""},"",""]
[81170,"LACAPELLE SEGALAR",null,81,"Tarn","Occitanie",null,{"$f":"ROWS($A$2:A2624)","v":2623},{"$f":"IF(Formulaire!$F$24='Codes postaux par région et dép'!A2624,H2624,\"\")","v":""},"",""]
[81170,"LOUBERS",null,81,"Tarn","Occitanie",null,{"$f":"ROWS($A$2:A2625)","v":2624},{"$f":"IF(Formulaire!$F$24='Codes postaux par région et dép'!A2625,H2625,\"\")","v":""},"",""]
[81170,"CORDES SUR CIEL",null,81,"Tarn","Occitanie",null,{"$f":"ROWS($A$2:A2626)","v":2625},{"$f":"IF(Formulaire!$F$24='Codes postaux par région et dép'!A2626,H2626,\"\")","v":""},{"$f":"IFERROR(SMALL($I:$I,H2626),\"\")","v":""},{"$f":"IFERROR(INDEX($B$2:$B$2867,J2626),\"\")","v":""}]
[81170,"DONNAZAC",null,81,"Tarn","Occitanie",null,{"$f":"ROWS($A$2:A2627)","v":2626},{"$f":"IF(Formulaire!$F$24='Codes postaux par région et dép'!A2627,H2627,\"\")","v":""},"",""]
[81170,"MILHARS",null,81,"Tarn","Occitanie",null,{"$f":"ROWS($A$2:A2628)","v":2627},{"$f":"IF(Formulaire!$F$24='Codes postaux par région et dép'!A2628,H2628,\"\")","v":""},"",""]
[81170,"LE RIOLS",null,81,"Tarn","Occitanie",null,{"$f":"ROWS($A$2:A2629)","v":2628},{"$f":"IF(Formulaire!$F$24='Codes postaux par région et dép'!A2629,H2629,\"\")","v":""},"",""]
[81170,"MOUZIEYS PANENS",null,81,"Tarn","Occitanie",null,{"$f":"ROWS($A$2:A2630)","v":2629},{"$f":"IF(Formulaire!$F$24='Codes postaux par région et dép'!A2630,H2630,\"\")","v":""},"",""]
[81170,"SOUEL",null,81,"Tarn","Occitanie",null,{"$f":"ROWS($A$2:A2631)","v":2630},{"$f":"IF(Formulaire!$F$24='Codes postaux par région et dép'!A2631,H2631,\"\")","v":""},"",""]
[81190,"MOULARES",null,81,"Tarn","Occitanie",null,{"$f":"ROWS($A$2:A2632)","v":2631},{"$f":"IF(Formulaire!$F$24='Codes postaux par région et dép'!A2632,H2632,\"\")","v":""},"",""]
[81190,"ST CHRISTOPHE",null,81,"Tarn","Occitanie",null,{"$f":"ROWS($A$2:A2633)","v":2632},{"$f":"IF(Formulaire!$F$24='Codes postaux par région et dép'!A2633,H2633,\"\")","v":""},"",""]
[81190,"ALMAYRAC",null,81,"Tarn","Occitanie",null,{"$f":"ROWS($A$2:A2634)","v":2633},{"$f":"IF(Formulaire!$F$24='Codes postaux par région et dép'!A2634,H2634,\"\")","v":""},"",""]
[81190,"MONTAURIOL",null,81,"Tarn","Occitanie",null,{"$f":"ROWS($A$2:A2635)","v":2634},{"$f":"IF(Formulaire!$F$24='Codes postaux par région et dép'!A2635,H2635,\"\")","v":""},"",""]
[81190,"TANUS",null,81,"Tarn","Occitanie",null,{"$f":"ROWS($A$2:A2636)","v":2635},{"$f":"IF(Formulaire!$F$24='Codes postaux par région et dép'!A2636,H2636,\"\")","v":""},"",""]
[81190,"TREBAN",null,81,"Tarn","Occitanie",null,{"$f":"ROWS($A$2:A2637)","v":2636},{"$f":"IF(Formulaire!$F$24='Codes postaux par région et dép'!A2637,H2637,\"\")","v":""},"",""]
[81190,"JOUQUEVIEL",null,81,"Tarn","Occitanie",null,{"$f":"ROWS($A$2:A2638)","v":2637},{"$f":"IF(Formulaire!$F$24='Codes postaux par région et dép'!A2638,H2638,\"\")","v":""},"",""]
[81190,"MONTIRAT",null,81,"Tarn","Occitanie",null,{"$f":"ROWS($A$2:A2639)","v":2638},{"$f":"IF(Formulaire!$F$24='Codes postaux par région et dép'!A2639,H2639,\"\")","v":""},"",""]
[81190,"ST CHRISTOPHE","NARTHOUX",81,"Tarn","Occitanie",null,{"$f":"ROWS($A$2:A2640)","v":2639},{"$f":"IF(Formulaire!$F$24='Codes postaux par région et dép'!A2640,H2640,\"\")","v":""},"",""]
[81190,"MIRANDOL BOURGNOUNAC",null,81,"Tarn","Occitanie",null,{"$f":"ROWS($A$2:A2641)","v":2640},{"$f":"IF(Formulaire!$F$24='Codes postaux par région et dép'!A2641,H2641,\"\")","v":""},"",""]
[81190,"PAMPELONNE",null,81,"Tarn","Occitanie",null,{"$f":"ROWS($A$2:A2642)","v":2641},{"$f":"IF(Formulaire!$F$24='Codes postaux par région et dép'!A2642,H2642,\"\")","v":""},"",""]
[81190,"TREVIEN",null,81,"Tarn","Occitanie",null,{"$f":"ROWS($A$2:A2643)","v":2642},{"$f":"IF(Formulaire!$F$24='Codes postaux par région et dép'!A2643,H2643,\"\")","v":""},"",""]
[81190,"STE GEMME",null,81,"Tarn","Occitanie",null,{"$f":"ROWS($A$2:A2644)","v":2643},{"$f":"IF(Formulaire!$F$24='Codes postaux par région et dép'!A2644,H2644,\"\")","v":""},"",""]
[81200,"AIGUEFONDE",null,81,"Tarn","Occitanie",null,{"$f":"ROWS($A$2:A2645)","v":2644},{"$f":"IF(Formulaire!$F$24='Codes postaux par région et dép'!A2645,H2645,\"\")","v":""},"",""]
[81200,"MAZAMET",null,81,"Tarn","Occitanie",null,{"$f":"ROWS($A$2:A2646)","v":2645},{"$f":"IF(Formulaire!$F$24='Codes postaux par région et dép'!A2646,H2646,\"\")","v":""},"",""]
[81200,"AUSSILLON",null,81,"Tarn","Occitanie",null,{"$f":"ROWS($A$2:A2647)","v":2646},{"$f":"IF(Formulaire!$F$24='Codes postaux par région et dép'!A2647,H2647,\"\")","v":""},"",""]
[81200,"CAUCALIERES",null,81,"Tarn","Occitanie",null,{"$f":"ROWS($A$2:A2648)","v":2647},{"$f":"IF(Formulaire!$F$24='Codes postaux par région et dép'!A2648,H2648,\"\")","v":""},"",""]
[81210,"LACROUZETTE",null,81,"Tarn","Occitanie",null,{"$f":"ROWS($A$2:A2649)","v":2648},{"$f":"IF(Formulaire!$F$24='Codes postaux par région et dép'!A2649,H2649,\"\")","v":""},"",""]
[81210,"ST GERMIER",null,81,"Tarn","Occitanie",null,{"$f":"ROWS($A$2:A2650)","v":2649},{"$f":"IF(Formulaire!$F$24='Codes postaux par région et dép'!A2650,H2650,\"\")","v":""},"",""]
[81210,"ROQUECOURBE",null,81,"Tarn","Occitanie",null,{"$f":"ROWS($A$2:A2651)","v":2650},{"$f":"IF(Formulaire!$F$24='Codes postaux par région et dép'!A2651,H2651,\"\")","v":""},"",""]
[81210,"MONTFA",null,81,"Tarn","Occitanie",null,{"$f":"ROWS($A$2:A2652)","v":2651},{"$f":"IF(Formulaire!$F$24='Codes postaux par région et dép'!A2652,H2652,\"\")","v":""},"",""]
[81210,"ST JEAN DE VALS",null,81,"Tarn","Occitanie",null,{"$f":"ROWS($A$2:A2653)","v":2652},{"$f":"IF(Formulaire!$F$24='Codes postaux par région et dép'!A2653,H2653,\"\")","v":""},"",""]
[81220,"DAMIATTE",null,81,"Tarn","Occitanie",null,{"$f":"ROWS($A$2:A2654)","v":2653},{"$f":"IF(Formulaire!$F$24='Codes postaux par région et dép'!A2654,H2654,\"\")","v":""},"",""]
[81220,"GUITALENS L ALBAREDE",null,81,"Tarn","Occitanie",null,{"$f":"ROWS($A$2:A2655)","v":2654},{"$f":"IF(Formulaire!$F$24='Codes postaux par région et dép'!A2655,H2655,\"\")","v":""},"",""]
[81220,"PRADES",null,81,"Tarn","Occitanie",null,{"$f":"ROWS($A$2:A2656)","v":2655},{"$f":"IF(Formulaire!$F$24='Codes postaux par région et dép'!A2656,H2656,\"\")","v":""},"",""]
[81220,"VITERBE",null,81,"Tarn","Occitanie",null,{"$f":"ROWS($A$2:A2657)","v":2656},{"$f":"IF(Formulaire!$F$24='Codes postaux par région et dép'!A2657,H2657,\"\")","v":""},"",""]
[81220,"ST PAUL CAP DE JOUX",null,81,"Tarn","Occitanie",null,{"$f":"ROWS($A$2:A2658)","v":2657},{"$f":"IF(Formulaire!$F$24='Codes postaux par région et dép'!A2658,H2658,\"\")","v":""},"",""]
[81220,"SERVIES",null,81,"Tarn","Occitanie",null,{"$f":"ROWS($A$2:A2659)","v":2658},{"$f":"IF(Formulaire!$F$24='Codes postaux par région et dép'!A2659,H2659,\"\")","v":""},"",""]
[81220,"TEYSSODE",null,81,"Tarn","Occitanie",null,{"$f":"ROWS($A$2:A2660)","v":2659},{"$f":"IF(Formulaire!$F$24='Codes postaux par région et dép'!A2660,H2660,\"\")","v":""},"",""]
[81220,"MAGRIN",null,81,"Tarn","Occitanie",null,{"$f":"ROWS($A$2:A2661)","v":2660},{"$f":"IF(Formulaire!$F$24='Codes postaux par région et dép'!A2661,H2661,\"\")","v":""},"",""]
[81220,"GUITALENS L ALBAREDE","GUITALENS",81,"Tarn","Occitanie",null,{"$f":"ROWS($A$2:A2662)","v":2661},{"$f":"IF(Formulaire!$F$24='Codes postaux par région et dép'!A2662,H2662,\"\")","v":""},"",""]
[81230,"LACAUNE",null,81,"Tarn","Occitanie",null,{"$f":"ROWS($A$2:A2663)","v":2662},{"$f":"IF(Formulaire!$F$24='Codes postaux par région et dép'!A2663,H2663,\"\")","v":""},"",""]
[81240,"ROUAIROUX",null,81,"Tarn","Occitanie",null,{"$f":"ROWS($A$2:A2664)","v":2663},{"$f":"IF(Formulaire!$F$24='Codes postaux par région et dép'!A2664,H2664,\"\")","v":""},"",""]
[81240,"ST AMANS VALTORET",null,81,"Tarn","Occitanie",null,{"$f":"ROWS($A$2:A2665)","v":2664},{"$f":"IF(Formulaire!$F$24='Codes postaux par région et dép'!A2665,H2665,\"\")","v":""},"",""]
[81240,"SAUVETERRE",null,81,"Tarn","Occitanie",null,{"$f":"ROWS($A$2:A2666)","v":2665},{"$f":"IF(Formulaire!$F$24='Codes postaux par région et dép'!A2666,H2666,\"\")","v":""},"",""]
[81240,"ALBINE",null,81,"Tarn","Occitanie",null,{"$f":"ROWS($A$2:A2667)","v":2666},{"$f":"IF(Formulaire!$F$24='Codes postaux par région et dép'!A2667,H2667,\"\")","v":""},"",""]
[81240,"LACABAREDE",null,81,"Tarn","Occitanie",null,{"$f":"ROWS($A$2:A2668)","v":2667},{"$f":"IF(Formulaire!$F$24='Codes postaux par région et dép'!A2668,H2668,\"\")","v":""},"",""]
[81240,"LE RIALET",null,81,"Tarn","Occitanie",null,{"$f":"ROWS($A$2:A2669)","v":2668},{"$f":"IF(Formulaire!$F$24='Codes postaux par région et dép'!A2669,H2669,\"\")","v":""},"",""]
[81240,"LE VINTROU",null,81,"Tarn","Occitanie",null,{"$f":"ROWS($A$2:A2670)","v":2669},{"$f":"IF(Formulaire!$F$24='Codes postaux par région et dép'!A2670,H2670,\"\")","v":""},"",""]
[81240,"ST AMANS SOULT",null,81,"Tarn","Occitanie",null,{"$f":"ROWS($A$2:A2671)","v":2670},{"$f":"IF(Formulaire!$F$24='Codes postaux par région et dép'!A2671,H2671,\"\")","v":""},"",""]
[81250,"PAULINET",null,81,"Tarn","Occitanie",null,{"$f":"ROWS($A$2:A2672)","v":2671},{"$f":"IF(Formulaire!$F$24='Codes postaux par région et dép'!A2672,H2672,\"\")","v":""},"",""]
[81250,"ST ANDRE",null,81,"Tarn","Occitanie",null,{"$f":"ROWS($A$2:A2673)","v":2672},{"$f":"IF(Formulaire!$F$24='Codes postaux par région et dép'!A2673,H2673,\"\")","v":""},"",""]
[81250,"CURVALLE",null,81,"Tarn","Occitanie",null,{"$f":"ROWS($A$2:A2674)","v":2673},{"$f":"IF(Formulaire!$F$24='Codes postaux par région et dép'!A2674,H2674,\"\")","v":""},"",""]
[81250,"MIOLLES",null,81,"Tarn","Occitanie",null,{"$f":"ROWS($A$2:A2675)","v":2674},{"$f":"IF(Formulaire!$F$24='Codes postaux par région et dép'!A2675,H2675,\"\")","v":""},"",""]
[81250,"ALBAN",null,81,"Tarn","Occitanie",null,{"$f":"ROWS($A$2:A2676)","v":2675},{"$f":"IF(Formulaire!$F$24='Codes postaux par région et dép'!A2676,H2676,\"\")","v":""},"",""]
[81250,"MASSALS",null,81,"Tarn","Occitanie",null,{"$f":"ROWS($A$2:A2677)","v":2676},{"$f":"IF(Formulaire!$F$24='Codes postaux par région et dép'!A2677,H2677,\"\")","v":""},"",""]
[81260,"LE BEZ",null,81,"Tarn","Occitanie",null,{"$f":"ROWS($A$2:A2678)","v":2677},{"$f":"IF(Formulaire!$F$24='Codes postaux par région et dép'!A2678,H2678,\"\")","v":""},"",""]
[81260,"BRASSAC",null,81,"Tarn","Occitanie",null,{"$f":"ROWS($A$2:A2679)","v":2678},{"$f":"IF(Formulaire!$F$24='Codes postaux par région et dép'!A2679,H2679,\"\")","v":""},"",""]
[81260,"FONTRIEU","LE MARGNES",81,"Tarn","Occitanie",null,{"$f":"ROWS($A$2:A2680)","v":2679},{"$f":"IF(Formulaire!$F$24='Codes postaux par région et dép'!A2680,H2680,\"\")","v":""},"",""]
[81260,"ANGLES",null,81,"Tarn","Occitanie",null,{"$f":"ROWS($A$2:A2681)","v":2680},{"$f":"IF(Formulaire!$F$24='Codes postaux par région et dép'!A2681,H2681,\"\")","v":""},"",""]
[81260,"CAMBOUNES",null,81,"Tarn","Occitanie",null,{"$f":"ROWS($A$2:A2682)","v":2681},{"$f":"IF(Formulaire!$F$24='Codes postaux par région et dép'!A2682,H2682,\"\")","v":""},"",""]
[81260,"ESPERAUSSES",null,81,"Tarn","Occitanie",null,{"$f":"ROWS($A$2:A2683)","v":2682},{"$f":"IF(Formulaire!$F$24='Codes postaux par région et dép'!A2683,H2683,\"\")","v":""},"",""]
[81260,"FONTRIEU","FERRIERES",81,"Tarn","Occitanie",null,{"$f":"ROWS($A$2:A2684)","v":2683},{"$f":"IF(Formulaire!$F$24='Codes postaux par région et dép'!A2684,H2684,\"\")","v":""},"",""]
[81260,"LAMONTELARIE",null,81,"Tarn","Occitanie",null,{"$f":"ROWS($A$2:A2685)","v":2684},{"$f":"IF(Formulaire!$F$24='Codes postaux par région et dép'!A2685,H2685,\"\")","v":""},"",""]
[81260,"FONTRIEU","CASTELNAU DE BRASSAC",81,"Tarn","Occitanie",null,{"$f":"ROWS($A$2:A2686)","v":2685},{"$f":"IF(Formulaire!$F$24='Codes postaux par région et dép'!A2686,H2686,\"\")","v":""},"",""]
[81260,"LASFAILLADES",null,81,"Tarn","Occitanie",null,{"$f":"ROWS($A$2:A2687)","v":2686},{"$f":"IF(Formulaire!$F$24='Codes postaux par région et dép'!A2687,H2687,\"\")","v":""},"",""]
[81260,"BERLATS",null,81,"Tarn","Occitanie",null,{"$f":"ROWS($A$2:A2688)","v":2687},{"$f":"IF(Formulaire!$F$24='Codes postaux par région et dép'!A2688,H2688,\"\")","v":""},"",""]
[81270,"LABASTIDE ROUAIROUX",null,81,"Tarn","Occitanie",null,{"$f":"ROWS($A$2:A2689)","v":2688},{"$f":"IF(Formulaire!$F$24='Codes postaux par région et dép'!A2689,H2689,\"\")","v":""},"",""]
[81290,"ESCOUSSENS",null,81,"Tarn","Occitanie",null,{"$f":"ROWS($A$2:A2690)","v":2689},{"$f":"IF(Formulaire!$F$24='Codes postaux par région et dép'!A2690,H2690,\"\")","v":""},{"$f":"IFERROR(SMALL($I:$I,H2690),\"\")","v":""},{"$f":"IFERROR(INDEX($B$2:$B$2867,J2690),\"\")","v":""}]
[81290,"ST AFFRIQUE LES MONTAGNES",null,81,"Tarn","Occitanie",null,{"$f":"ROWS($A$2:A2691)","v":2690},{"$f":"IF(Formulaire!$F$24='Codes postaux par région et dép'!A2691,H2691,\"\")","v":""},"",""]
[81290,"LABRUGUIERE",null,81,"Tarn","Occitanie",null,{"$f":"ROWS($A$2:A2692)","v":2691},{"$f":"IF(Formulaire!$F$24='Codes postaux par région et dép'!A2692,H2692,\"\")","v":""},"",""]
[81290,"VIVIERS LES MONTAGNES",null,81,"Tarn","Occitanie",null,{"$f":"ROWS($A$2:A2693)","v":2692},{"$f":"IF(Formulaire!$F$24='Codes postaux par région et dép'!A2693,H2693,\"\")","v":""},"",""]
[81300,"LABESSIERE CANDEIL",null,81,"Tarn","Occitanie",null,{"$f":"ROWS($A$2:A2694)","v":2693},{"$f":"IF(Formulaire!$F$24='Codes postaux par région et dép'!A2694,H2694,\"\")","v":""},"",""]
[81300,"MISSECLE",null,81,"Tarn","Occitanie",null,{"$f":"ROWS($A$2:A2695)","v":2694},{"$f":"IF(Formulaire!$F$24='Codes postaux par région et dép'!A2695,H2695,\"\")","v":""},"",""]
[81300,"MOULAYRES",null,81,"Tarn","Occitanie",null,{"$f":"ROWS($A$2:A2696)","v":2695},{"$f":"IF(Formulaire!$F$24='Codes postaux par région et dép'!A2696,H2696,\"\")","v":""},"",""]
[81300,"GRAULHET",null,81,"Tarn","Occitanie",null,{"$f":"ROWS($A$2:A2697)","v":2696},{"$f":"IF(Formulaire!$F$24='Codes postaux par région et dép'!A2697,H2697,\"\")","v":""},"",""]
[81300,"LASGRAISSES",null,81,"Tarn","Occitanie",null,{"$f":"ROWS($A$2:A2698)","v":2697},{"$f":"IF(Formulaire!$F$24='Codes postaux par région et dép'!A2698,H2698,\"\")","v":""},"",""]
[81300,"BUSQUE",null,81,"Tarn","Occitanie",null,{"$f":"ROWS($A$2:A2699)","v":2698},{"$f":"IF(Formulaire!$F$24='Codes postaux par région et dép'!A2699,H2699,\"\")","v":""},"",""]
[81310,"LISLE SUR TARN",null,81,"Tarn","Occitanie",null,{"$f":"ROWS($A$2:A2700)","v":2699},{"$f":"IF(Formulaire!$F$24='Codes postaux par région et dép'!A2700,H2700,\"\")","v":""},"",""]
[81310,"PARISOT",null,81,"Tarn","Occitanie",null,{"$f":"ROWS($A$2:A2701)","v":2700},{"$f":"IF(Formulaire!$F$24='Codes postaux par région et dép'!A2701,H2701,\"\")","v":""},"",""]
[81310,"PEYROLE",null,81,"Tarn","Occitanie",null,{"$f":"ROWS($A$2:A2702)","v":2701},{"$f":"IF(Formulaire!$F$24='Codes postaux par région et dép'!A2702,H2702,\"\")","v":""},"",""]
[81320,"NAGES",null,81,"Tarn","Occitanie",null,{"$f":"ROWS($A$2:A2703)","v":2702},{"$f":"IF(Formulaire!$F$24='Codes postaux par région et dép'!A2703,H2703,\"\")","v":""},"",""]
[81320,"MOULIN MAGE",null,81,"Tarn","Occitanie",null,{"$f":"ROWS($A$2:A2704)","v":2703},{"$f":"IF(Formulaire!$F$24='Codes postaux par région et dép'!A2704,H2704,\"\")","v":""},"",""]
[81320,"BARRE",null,81,"Tarn","Occitanie",null,{"$f":"ROWS($A$2:A2705)","v":2704},{"$f":"IF(Formulaire!$F$24='Codes postaux par région et dép'!A2705,H2705,\"\")","v":""},"",""]
[81320,"MURAT SUR VEBRE",null,81,"Tarn","Occitanie",null,{"$f":"ROWS($A$2:A2706)","v":2705},{"$f":"IF(Formulaire!$F$24='Codes postaux par région et dép'!A2706,H2706,\"\")","v":""},"",""]
[81330,"RAYSSAC",null,81,"Tarn","Occitanie",null,{"$f":"ROWS($A$2:A2707)","v":2706},{"$f":"IF(Formulaire!$F$24='Codes postaux par région et dép'!A2707,H2707,\"\")","v":""},"",""]
[81330,"VABRE",null,81,"Tarn","Occitanie",null,{"$f":"ROWS($A$2:A2708)","v":2707},{"$f":"IF(Formulaire!$F$24='Codes postaux par région et dép'!A2708,H2708,\"\")","v":""},"",""]
[81330,"LACAZE",null,81,"Tarn","Occitanie",null,{"$f":"ROWS($A$2:A2709)","v":2708},{"$f":"IF(Formulaire!$F$24='Codes postaux par région et dép'!A2709,H2709,\"\")","v":""},"",""]
[81330,"ST PIERRE DE TRIVISY",null,81,"Tarn","Occitanie",null,{"$f":"ROWS($A$2:A2710)","v":2709},{"$f":"IF(Formulaire!$F$24='Codes postaux par région et dép'!A2710,H2710,\"\")","v":""},"",""]
[81340,"CADIX",null,81,"Tarn","Occitanie",null,{"$f":"ROWS($A$2:A2711)","v":2710},{"$f":"IF(Formulaire!$F$24='Codes postaux par région et dép'!A2711,H2711,\"\")","v":""},"",""]
[81340,"COURRIS",null,81,"Tarn","Occitanie",null,{"$f":"ROWS($A$2:A2712)","v":2711},{"$f":"IF(Formulaire!$F$24='Codes postaux par région et dép'!A2712,H2712,\"\")","v":""},"",""]
[81340,"TREBAS",null,81,"Tarn","Occitanie",null,{"$f":"ROWS($A$2:A2713)","v":2712},{"$f":"IF(Formulaire!$F$24='Codes postaux par région et dép'!A2713,H2713,\"\")","v":""},"",""]
[81340,"ST MICHEL LABADIE",null,81,"Tarn","Occitanie",null,{"$f":"ROWS($A$2:A2714)","v":2713},{"$f":"IF(Formulaire!$F$24='Codes postaux par région et dép'!A2714,H2714,\"\")","v":""},"",""]
[81340,"ASSAC",null,81,"Tarn","Occitanie",null,{"$f":"ROWS($A$2:A2715)","v":2714},{"$f":"IF(Formulaire!$F$24='Codes postaux par région et dép'!A2715,H2715,\"\")","v":""},"",""]
[81340,"LE DOURN",null,81,"Tarn","Occitanie",null,{"$f":"ROWS($A$2:A2716)","v":2715},{"$f":"IF(Formulaire!$F$24='Codes postaux par région et dép'!A2716,H2716,\"\")","v":""},"",""]
[81340,"FAUSSERGUES",null,81,"Tarn","Occitanie",null,{"$f":"ROWS($A$2:A2717)","v":2716},{"$f":"IF(Formulaire!$F$24='Codes postaux par région et dép'!A2717,H2717,\"\")","v":""},"",""]
[81340,"FRAISSINES",null,81,"Tarn","Occitanie",null,{"$f":"ROWS($A$2:A2718)","v":2717},{"$f":"IF(Formulaire!$F$24='Codes postaux par région et dép'!A2718,H2718,\"\")","v":""},"",""]
[81340,"PADIES",null,81,"Tarn","Occitanie",null,{"$f":"ROWS($A$2:A2719)","v":2718},{"$f":"IF(Formulaire!$F$24='Codes postaux par région et dép'!A2719,H2719,\"\")","v":""},"",""]
[81340,"LEDAS ET PENTHIES",null,81,"Tarn","Occitanie",null,{"$f":"ROWS($A$2:A2720)","v":2719},{"$f":"IF(Formulaire!$F$24='Codes postaux par région et dép'!A2720,H2720,\"\")","v":""},"",""]
[81340,"LACAPELLE PINET",null,81,"Tarn","Occitanie",null,{"$f":"ROWS($A$2:A2721)","v":2720},{"$f":"IF(Formulaire!$F$24='Codes postaux par région et dép'!A2721,H2721,\"\")","v":""},"",""]
[81340,"ST CIRGUE",null,81,"Tarn","Occitanie",null,{"$f":"ROWS($A$2:A2722)","v":2721},{"$f":"IF(Formulaire!$F$24='Codes postaux par région et dép'!A2722,H2722,\"\")","v":""},"",""]
[81340,"ST JULIEN GAULENE",null,81,"Tarn","Occitanie",null,{"$f":"ROWS($A$2:A2723)","v":2722},{"$f":"IF(Formulaire!$F$24='Codes postaux par région et dép'!A2723,H2723,\"\")","v":""},"",""]
[81340,"VALENCE D ALBIGEOIS",null,81,"Tarn","Occitanie",null,{"$f":"ROWS($A$2:A2724)","v":2723},{"$f":"IF(Formulaire!$F$24='Codes postaux par région et dép'!A2724,H2724,\"\")","v":""},"",""]
[81350,"ANDOUQUE",null,81,"Tarn","Occitanie",null,{"$f":"ROWS($A$2:A2725)","v":2724},{"$f":"IF(Formulaire!$F$24='Codes postaux par région et dép'!A2725,H2725,\"\")","v":""},"",""]
[81350,"SAUSSENAC",null,81,"Tarn","Occitanie",null,{"$f":"ROWS($A$2:A2726)","v":2725},{"$f":"IF(Formulaire!$F$24='Codes postaux par région et dép'!A2726,H2726,\"\")","v":""},"",""]
[81350,"VALDERIES",null,81,"Tarn","Occitanie",null,{"$f":"ROWS($A$2:A2727)","v":2726},{"$f":"IF(Formulaire!$F$24='Codes postaux par région et dép'!A2727,H2727,\"\")","v":""},"",""]
[81350,"CRESPIN",null,81,"Tarn","Occitanie",null,{"$f":"ROWS($A$2:A2728)","v":2727},{"$f":"IF(Formulaire!$F$24='Codes postaux par région et dép'!A2728,H2728,\"\")","v":""},"",""]
[81350,"CRESPINET",null,81,"Tarn","Occitanie",null,{"$f":"ROWS($A$2:A2729)","v":2728},{"$f":"IF(Formulaire!$F$24='Codes postaux par région et dép'!A2729,H2729,\"\")","v":""},"",""]
[81350,"SERENAC",null,81,"Tarn","Occitanie",null,{"$f":"ROWS($A$2:A2730)","v":2729},{"$f":"IF(Formulaire!$F$24='Codes postaux par région et dép'!A2730,H2730,\"\")","v":""},"",""]
[81350,"ST JEAN DE MARCEL",null,81,"Tarn","Occitanie",null,{"$f":"ROWS($A$2:A2731)","v":2730},{"$f":"IF(Formulaire!$F$24='Codes postaux par région et dép'!A2731,H2731,\"\")","v":""},"",""]
[81350,"ST GREGOIRE",null,81,"Tarn","Occitanie",null,{"$f":"ROWS($A$2:A2732)","v":2731},{"$f":"IF(Formulaire!$F$24='Codes postaux par région et dép'!A2732,H2732,\"\")","v":""},"",""]
[81360,"MONTREDON LABESSONNIE",null,81,"Tarn","Occitanie",null,{"$f":"ROWS($A$2:A2733)","v":2732},{"$f":"IF(Formulaire!$F$24='Codes postaux par région et dép'!A2733,H2733,\"\")","v":""},"",""]
[81360,"ARIFAT",null,81,"Tarn","Occitanie",null,{"$f":"ROWS($A$2:A2734)","v":2733},{"$f":"IF(Formulaire!$F$24='Codes postaux par région et dép'!A2734,H2734,\"\")","v":""},"",""]
[81370,"ST SULPICE LA POINTE",null,81,"Tarn","Occitanie",null,{"$f":"ROWS($A$2:A2735)","v":2734},{"$f":"IF(Formulaire!$F$24='Codes postaux par région et dép'!A2735,H2735,\"\")","v":""},"",""]
[81380,"LESCURE D ALBIGEOIS",null,81,"Tarn","Occitanie",null,{"$f":"ROWS($A$2:A2736)","v":2735},{"$f":"IF(Formulaire!$F$24='Codes postaux par région et dép'!A2736,H2736,\"\")","v":""},"",""]
[81390,"BRIATEXTE",null,81,"Tarn","Occitanie",null,{"$f":"ROWS($A$2:A2737)","v":2736},{"$f":"IF(Formulaire!$F$24='Codes postaux par région et dép'!A2737,H2737,\"\")","v":""},"",""]
[81390,"PUYBEGON",null,81,"Tarn","Occitanie",null,{"$f":"ROWS($A$2:A2738)","v":2737},{"$f":"IF(Formulaire!$F$24='Codes postaux par région et dép'!A2738,H2738,\"\")","v":""},"",""]
[81390,"ST GAUZENS",null,81,"Tarn","Occitanie",null,{"$f":"ROWS($A$2:A2739)","v":2738},{"$f":"IF(Formulaire!$F$24='Codes postaux par région et dép'!A2739,H2739,\"\")","v":""},"",""]
[81400,"CARMAUX",null,81,"Tarn","Occitanie",null,{"$f":"ROWS($A$2:A2740)","v":2739},{"$f":"IF(Formulaire!$F$24='Codes postaux par région et dép'!A2740,H2740,\"\")","v":""},"",""]
[81400,"LABASTIDE GABAUSSE",null,81,"Tarn","Occitanie",null,{"$f":"ROWS($A$2:A2741)","v":2740},{"$f":"IF(Formulaire!$F$24='Codes postaux par région et dép'!A2741,H2741,\"\")","v":""},"",""]
[81400,"ROSIERES",null,81,"Tarn","Occitanie",null,{"$f":"ROWS($A$2:A2742)","v":2741},{"$f":"IF(Formulaire!$F$24='Codes postaux par région et dép'!A2742,H2742,\"\")","v":""},"",""]
[81400,"ST BENOIT DE CARMAUX",null,81,"Tarn","Occitanie",null,{"$f":"ROWS($A$2:A2743)","v":2742},{"$f":"IF(Formulaire!$F$24='Codes postaux par région et dép'!A2743,H2743,\"\")","v":""},"",""]
[81400,"BLAYE LES MINES",null,81,"Tarn","Occitanie",null,{"$f":"ROWS($A$2:A2744)","v":2743},{"$f":"IF(Formulaire!$F$24='Codes postaux par région et dép'!A2744,H2744,\"\")","v":""},"",""]
[81430,"VILLEFRANCHE D ALBIGEOIS",null,81,"Tarn","Occitanie",null,{"$f":"ROWS($A$2:A2745)","v":2744},{"$f":"IF(Formulaire!$F$24='Codes postaux par région et dép'!A2745,H2745,\"\")","v":""},"",""]
[81430,"BELLEGARDE MARSAL","BELLEGARDE",81,"Tarn","Occitanie",null,{"$f":"ROWS($A$2:A2746)","v":2745},{"$f":"IF(Formulaire!$F$24='Codes postaux par région et dép'!A2746,H2746,\"\")","v":""},"",""]
[81430,"LE FRAYSSE",null,81,"Tarn","Occitanie",null,{"$f":"ROWS($A$2:A2747)","v":2746},{"$f":"IF(Formulaire!$F$24='Codes postaux par région et dép'!A2747,H2747,\"\")","v":""},"",""]
[81430,"AMBIALET",null,81,"Tarn","Occitanie",null,{"$f":"ROWS($A$2:A2748)","v":2747},{"$f":"IF(Formulaire!$F$24='Codes postaux par région et dép'!A2748,H2748,\"\")","v":""},"",""]
[81430,"BELLEGARDE MARSAL","MARSAL",81,"Tarn","Occitanie",null,{"$f":"ROWS($A$2:A2749)","v":2748},{"$f":"IF(Formulaire!$F$24='Codes postaux par région et dép'!A2749,H2749,\"\")","v":""},"",""]
[81430,"MOUZIEYS TEULET",null,81,"Tarn","Occitanie",null,{"$f":"ROWS($A$2:A2750)","v":2749},{"$f":"IF(Formulaire!$F$24='Codes postaux par région et dép'!A2750,H2750,\"\")","v":""},"",""]
[81440,"LAUTREC",null,81,"Tarn","Occitanie",null,{"$f":"ROWS($A$2:A2751)","v":2750},{"$f":"IF(Formulaire!$F$24='Codes postaux par région et dép'!A2751,H2751,\"\")","v":""},"",""]
[81440,"MONTDRAGON",null,81,"Tarn","Occitanie",null,{"$f":"ROWS($A$2:A2752)","v":2751},{"$f":"IF(Formulaire!$F$24='Codes postaux par région et dép'!A2752,H2752,\"\")","v":""},"",""]
[81440,"MONTPINIER",null,81,"Tarn","Occitanie",null,{"$f":"ROWS($A$2:A2753)","v":2752},{"$f":"IF(Formulaire!$F$24='Codes postaux par région et dép'!A2753,H2753,\"\")","v":""},"",""]
[81440,"PEYREGOUX",null,81,"Tarn","Occitanie",null,{"$f":"ROWS($A$2:A2754)","v":2753},{"$f":"IF(Formulaire!$F$24='Codes postaux par région et dép'!A2754,H2754,\"\")","v":""},{"$f":"IFERROR(SMALL($I:$I,H2754),\"\")","v":""},{"$f":"IFERROR(INDEX($B$2:$B$2867,J2754),\"\")","v":""}]
[81440,"PUYCALVEL",null,81,"Tarn","Occitanie",null,{"$f":"ROWS($A$2:A2755)","v":2754},{"$f":"IF(Formulaire!$F$24='Codes postaux par région et dép'!A2755,H2755,\"\")","v":""},"",""]
[81440,"VENES",null,81,"Tarn","Occitanie",null,{"$f":"ROWS($A$2:A2756)","v":2755},{"$f":"IF(Formulaire!$F$24='Codes postaux par région et dép'!A2756,H2756,\"\")","v":""},"",""]
[81440,"BROUSSE",null,81,"Tarn","Occitanie",null,{"$f":"ROWS($A$2:A2757)","v":2756},{"$f":"IF(Formulaire!$F$24='Codes postaux par région et dép'!A2757,H2757,\"\")","v":""},"",""]
[81440,"JONQUIERES",null,81,"Tarn","Occitanie",null,{"$f":"ROWS($A$2:A2758)","v":2757},{"$f":"IF(Formulaire!$F$24='Codes postaux par région et dép'!A2758,H2758,\"\")","v":""},"",""]
[81440,"ST GENEST DE CONTEST",null,81,"Tarn","Occitanie",null,{"$f":"ROWS($A$2:A2759)","v":2758},{"$f":"IF(Formulaire!$F$24='Codes postaux par région et dép'!A2759,H2759,\"\")","v":""},"",""]
[81440,"ST JULIEN DU PUY",null,81,"Tarn","Occitanie",null,{"$f":"ROWS($A$2:A2760)","v":2759},{"$f":"IF(Formulaire!$F$24='Codes postaux par région et dép'!A2760,H2760,\"\")","v":""},"",""]
[81450,"LE GARRIC",null,81,"Tarn","Occitanie",null,{"$f":"ROWS($A$2:A2761)","v":2760},{"$f":"IF(Formulaire!$F$24='Codes postaux par région et dép'!A2761,H2761,\"\")","v":""},"",""]
[81470,"AGUTS",null,81,"Tarn","Occitanie",null,{"$f":"ROWS($A$2:A2762)","v":2761},{"$f":"IF(Formulaire!$F$24='Codes postaux par région et dép'!A2762,H2762,\"\")","v":""},"",""]
[81470,"MONTGEY",null,81,"Tarn","Occitanie",null,{"$f":"ROWS($A$2:A2763)","v":2762},{"$f":"IF(Formulaire!$F$24='Codes postaux par région et dép'!A2763,H2763,\"\")","v":""},"",""]
[81470,"LACROISILLE",null,81,"Tarn","Occitanie",null,{"$f":"ROWS($A$2:A2764)","v":2763},{"$f":"IF(Formulaire!$F$24='Codes postaux par région et dép'!A2764,H2764,\"\")","v":""},"",""]
[81470,"ROQUEVIDAL",null,81,"Tarn","Occitanie",null,{"$f":"ROWS($A$2:A2765)","v":2764},{"$f":"IF(Formulaire!$F$24='Codes postaux par région et dép'!A2765,H2765,\"\")","v":""},"",""]
[81470,"MOUZENS",null,81,"Tarn","Occitanie",null,{"$f":"ROWS($A$2:A2766)","v":2765},{"$f":"IF(Formulaire!$F$24='Codes postaux par région et dép'!A2766,H2766,\"\")","v":""},"",""]
[81470,"PUECHOURSI",null,81,"Tarn","Occitanie",null,{"$f":"ROWS($A$2:A2767)","v":2766},{"$f":"IF(Formulaire!$F$24='Codes postaux par région et dép'!A2767,H2767,\"\")","v":""},"",""]
[81470,"CAMBON LES LAVAUR",null,81,"Tarn","Occitanie",null,{"$f":"ROWS($A$2:A2768)","v":2767},{"$f":"IF(Formulaire!$F$24='Codes postaux par région et dép'!A2768,H2768,\"\")","v":""},"",""]
[81470,"ALGANS",null,81,"Tarn","Occitanie",null,{"$f":"ROWS($A$2:A2769)","v":2768},{"$f":"IF(Formulaire!$F$24='Codes postaux par région et dép'!A2769,H2769,\"\")","v":""},"",""]
[81470,"CUQ TOULZA",null,81,"Tarn","Occitanie",null,{"$f":"ROWS($A$2:A2770)","v":2769},{"$f":"IF(Formulaire!$F$24='Codes postaux par région et dép'!A2770,H2770,\"\")","v":""},"",""]
[81470,"MAURENS SCOPONT",null,81,"Tarn","Occitanie",null,{"$f":"ROWS($A$2:A2771)","v":2770},{"$f":"IF(Formulaire!$F$24='Codes postaux par région et dép'!A2771,H2771,\"\")","v":""},"",""]
[81470,"PECHAUDIER",null,81,"Tarn","Occitanie",null,{"$f":"ROWS($A$2:A2772)","v":2771},{"$f":"IF(Formulaire!$F$24='Codes postaux par région et dép'!A2772,H2772,\"\")","v":""},"",""]
[81490,"BOISSEZON",null,81,"Tarn","Occitanie",null,{"$f":"ROWS($A$2:A2773)","v":2772},{"$f":"IF(Formulaire!$F$24='Codes postaux par région et dép'!A2773,H2773,\"\")","v":""},"",""]
[81490,"NOAILHAC",null,81,"Tarn","Occitanie",null,{"$f":"ROWS($A$2:A2774)","v":2773},{"$f":"IF(Formulaire!$F$24='Codes postaux par région et dép'!A2774,H2774,\"\")","v":""},"",""]
[81490,"ST SALVY DE LA BALME",null,81,"Tarn","Occitanie",null,{"$f":"ROWS($A$2:A2775)","v":2774},{"$f":"IF(Formulaire!$F$24='Codes postaux par région et dép'!A2775,H2775,\"\")","v":""},"",""]
[81500,"BELCASTEL",null,81,"Tarn","Occitanie",null,{"$f":"ROWS($A$2:A2776)","v":2775},{"$f":"IF(Formulaire!$F$24='Codes postaux par région et dép'!A2776,H2776,\"\")","v":""},"",""]
[81500,"GARRIGUES",null,81,"Tarn","Occitanie",null,{"$f":"ROWS($A$2:A2777)","v":2776},{"$f":"IF(Formulaire!$F$24='Codes postaux par région et dép'!A2777,H2777,\"\")","v":""},"",""]
[81500,"AMBRES",null,81,"Tarn","Occitanie",null,{"$f":"ROWS($A$2:A2778)","v":2777},{"$f":"IF(Formulaire!$F$24='Codes postaux par région et dép'!A2778,H2778,\"\")","v":""},"",""]
[81500,"GIROUSSENS",null,81,"Tarn","Occitanie",null,{"$f":"ROWS($A$2:A2779)","v":2778},{"$f":"IF(Formulaire!$F$24='Codes postaux par région et dép'!A2779,H2779,\"\")","v":""},"",""]
[81500,"BANNIERES",null,81,"Tarn","Occitanie",null,{"$f":"ROWS($A$2:A2780)","v":2779},{"$f":"IF(Formulaire!$F$24='Codes postaux par région et dép'!A2780,H2780,\"\")","v":""},"",""]
[81500,"LUGAN",null,81,"Tarn","Occitanie",null,{"$f":"ROWS($A$2:A2781)","v":2780},{"$f":"IF(Formulaire!$F$24='Codes postaux par région et dép'!A2781,H2781,\"\")","v":""},"",""]
[81500,"LABASTIDE ST GEORGES",null,81,"Tarn","Occitanie",null,{"$f":"ROWS($A$2:A2782)","v":2781},{"$f":"IF(Formulaire!$F$24='Codes postaux par région et dép'!A2782,H2782,\"\")","v":""},"",""]
[81500,"TEULAT",null,81,"Tarn","Occitanie",null,{"$f":"ROWS($A$2:A2783)","v":2782},{"$f":"IF(Formulaire!$F$24='Codes postaux par région et dép'!A2783,H2783,\"\")","v":""},"",""]
[81500,"ST AGNAN",null,81,"Tarn","Occitanie",null,{"$f":"ROWS($A$2:A2784)","v":2783},{"$f":"IF(Formulaire!$F$24='Codes postaux par région et dép'!A2784,H2784,\"\")","v":""},"",""]
[81500,"VEILHES",null,81,"Tarn","Occitanie",null,{"$f":"ROWS($A$2:A2785)","v":2784},{"$f":"IF(Formulaire!$F$24='Codes postaux par région et dép'!A2785,H2785,\"\")","v":""},"",""]
[81500,"CABANES",null,81,"Tarn","Occitanie",null,{"$f":"ROWS($A$2:A2786)","v":2785},{"$f":"IF(Formulaire!$F$24='Codes postaux par région et dép'!A2786,H2786,\"\")","v":""},"",""]
[81500,"MARZENS",null,81,"Tarn","Occitanie",null,{"$f":"ROWS($A$2:A2787)","v":2786},{"$f":"IF(Formulaire!$F$24='Codes postaux par région et dép'!A2787,H2787,\"\")","v":""},"",""]
[81500,"MONTCABRIER",null,81,"Tarn","Occitanie",null,{"$f":"ROWS($A$2:A2788)","v":2787},{"$f":"IF(Formulaire!$F$24='Codes postaux par région et dép'!A2788,H2788,\"\")","v":""},"",""]
[81500,"PRATVIEL",null,81,"Tarn","Occitanie",null,{"$f":"ROWS($A$2:A2789)","v":2788},{"$f":"IF(Formulaire!$F$24='Codes postaux par région et dép'!A2789,H2789,\"\")","v":""},"",""]
[81500,"LACOUGOTTE CADOUL",null,81,"Tarn","Occitanie",null,{"$f":"ROWS($A$2:A2790)","v":2789},{"$f":"IF(Formulaire!$F$24='Codes postaux par région et dép'!A2790,H2790,\"\")","v":""},"",""]
[81500,"LAVAUR",null,81,"Tarn","Occitanie",null,{"$f":"ROWS($A$2:A2791)","v":2790},{"$f":"IF(Formulaire!$F$24='Codes postaux par région et dép'!A2791,H2791,\"\")","v":""},"",""]
[81500,"FIAC",null,81,"Tarn","Occitanie",null,{"$f":"ROWS($A$2:A2792)","v":2791},{"$f":"IF(Formulaire!$F$24='Codes postaux par région et dép'!A2792,H2792,\"\")","v":""},"",""]
[81500,"MASSAC SERAN",null,81,"Tarn","Occitanie",null,{"$f":"ROWS($A$2:A2793)","v":2792},{"$f":"IF(Formulaire!$F$24='Codes postaux par région et dép'!A2793,H2793,\"\")","v":""},"",""]
[81500,"ST LIEUX LES LAVAUR",null,81,"Tarn","Occitanie",null,{"$f":"ROWS($A$2:A2794)","v":2793},{"$f":"IF(Formulaire!$F$24='Codes postaux par région et dép'!A2794,H2794,\"\")","v":""},"",""]
[81500,"ST JEAN DE RIVES",null,81,"Tarn","Occitanie",null,{"$f":"ROWS($A$2:A2795)","v":2794},{"$f":"IF(Formulaire!$F$24='Codes postaux par région et dép'!A2795,H2795,\"\")","v":""},"",""]
[81500,"VILLENEUVE LES LAVAUR",null,81,"Tarn","Occitanie",null,{"$f":"ROWS($A$2:A2796)","v":2795},{"$f":"IF(Formulaire!$F$24='Codes postaux par région et dép'!A2796,H2796,\"\")","v":""},"",""]
[81500,"VIVIERS LES LAVAUR",null,81,"Tarn","Occitanie",null,{"$f":"ROWS($A$2:A2797)","v":2796},{"$f":"IF(Formulaire!$F$24='Codes postaux par région et dép'!A2797,H2797,\"\")","v":""},"",""]
[81530,"GIJOUNET",null,81,"Tarn","Occitanie",null,{"$f":"ROWS($A$2:A2798)","v":2797},{"$f":"IF(Formulaire!$F$24='Codes postaux par région et dép'!A2798,H2798,\"\")","v":""},"",""]
[81530,"LE MASNAU MASSUGUIES",null,81,"Tarn","Occitanie",null,{"$f":"ROWS($A$2:A2799)","v":2798},{"$f":"IF(Formulaire!$F$24='Codes postaux par région et dép'!A2799,H2799,\"\")","v":""},"",""]
[81530,"ST SALVI DE CARCAVES",null,81,"Tarn","Occitanie",null,{"$f":"ROWS($A$2:A2800)","v":2799},{"$f":"IF(Formulaire!$F$24='Codes postaux par région et dép'!A2800,H2800,\"\")","v":""},"",""]
[81530,"SENAUX",null,81,"Tarn","Occitanie",null,{"$f":"ROWS($A$2:A2801)","v":2800},{"$f":"IF(Formulaire!$F$24='Codes postaux par région et dép'!A2801,H2801,\"\")","v":""},"",""]
[81530,"VIANE",null,81,"Tarn","Occitanie",null,{"$f":"ROWS($A$2:A2802)","v":2801},{"$f":"IF(Formulaire!$F$24='Codes postaux par région et dép'!A2802,H2802,\"\")","v":""},"",""]
[81530,"ESCROUX",null,81,"Tarn","Occitanie",null,{"$f":"ROWS($A$2:A2803)","v":2802},{"$f":"IF(Formulaire!$F$24='Codes postaux par région et dép'!A2803,H2803,\"\")","v":""},"",""]
[81540,"BELLESERRE",null,81,"Tarn","Occitanie",null,{"$f":"ROWS($A$2:A2804)","v":2803},{"$f":"IF(Formulaire!$F$24='Codes postaux par région et dép'!A2804,H2804,\"\")","v":""},"",""]
[81540,"DURFORT",null,81,"Tarn","Occitanie",null,{"$f":"ROWS($A$2:A2805)","v":2804},{"$f":"IF(Formulaire!$F$24='Codes postaux par région et dép'!A2805,H2805,\"\")","v":""},"",""]
[81540,"LES CAMMAZES",null,81,"Tarn","Occitanie",null,{"$f":"ROWS($A$2:A2806)","v":2805},{"$f":"IF(Formulaire!$F$24='Codes postaux par région et dép'!A2806,H2806,\"\")","v":""},"",""]
[81540,"CAHUZAC",null,81,"Tarn","Occitanie",null,{"$f":"ROWS($A$2:A2807)","v":2806},{"$f":"IF(Formulaire!$F$24='Codes postaux par région et dép'!A2807,H2807,\"\")","v":""},"",""]
[81540,"SOREZE",null,81,"Tarn","Occitanie",null,{"$f":"ROWS($A$2:A2808)","v":2807},{"$f":"IF(Formulaire!$F$24='Codes postaux par région et dép'!A2808,H2808,\"\")","v":""},"",""]
[81570,"CARBES",null,81,"Tarn","Occitanie",null,{"$f":"ROWS($A$2:A2809)","v":2808},{"$f":"IF(Formulaire!$F$24='Codes postaux par région et dép'!A2809,H2809,\"\")","v":""},"",""]
[81570,"CUQ LES VIELMUR",null,81,"Tarn","Occitanie",null,{"$f":"ROWS($A$2:A2810)","v":2809},{"$f":"IF(Formulaire!$F$24='Codes postaux par région et dép'!A2810,H2810,\"\")","v":""},"",""]
[81570,"SEMALENS",null,81,"Tarn","Occitanie",null,{"$f":"ROWS($A$2:A2811)","v":2810},{"$f":"IF(Formulaire!$F$24='Codes postaux par région et dép'!A2811,H2811,\"\")","v":""},"",""]
[81570,"FREJEVILLE",null,81,"Tarn","Occitanie",null,{"$f":"ROWS($A$2:A2812)","v":2811},{"$f":"IF(Formulaire!$F$24='Codes postaux par région et dép'!A2812,H2812,\"\")","v":""},"",""]
[81570,"VIELMUR SUR AGOUT",null,81,"Tarn","Occitanie",null,{"$f":"ROWS($A$2:A2813)","v":2812},{"$f":"IF(Formulaire!$F$24='Codes postaux par région et dép'!A2813,H2813,\"\")","v":""},"",""]
[81580,"CAMBOUNET SUR LE SOR",null,81,"Tarn","Occitanie",null,{"$f":"ROWS($A$2:A2814)","v":2813},{"$f":"IF(Formulaire!$F$24='Codes postaux par région et dép'!A2814,H2814,\"\")","v":""},"",""]
[81580,"SOUAL",null,81,"Tarn","Occitanie",null,{"$f":"ROWS($A$2:A2815)","v":2814},{"$f":"IF(Formulaire!$F$24='Codes postaux par région et dép'!A2815,H2815,\"\")","v":""},"",""]
[81600,"CADALEN",null,81,"Tarn","Occitanie",null,{"$f":"ROWS($A$2:A2816)","v":2815},{"$f":"IF(Formulaire!$F$24='Codes postaux par région et dép'!A2816,H2816,\"\")","v":""},"",""]
[81600,"FENOLS",null,81,"Tarn","Occitanie",null,{"$f":"ROWS($A$2:A2817)","v":2816},{"$f":"IF(Formulaire!$F$24='Codes postaux par région et dép'!A2817,H2817,\"\")","v":""},"",""]
[81600,"AUSSAC",null,81,"Tarn","Occitanie",null,{"$f":"ROWS($A$2:A2818)","v":2817},{"$f":"IF(Formulaire!$F$24='Codes postaux par région et dép'!A2818,H2818,\"\")","v":""},{"$f":"IFERROR(SMALL($I:$I,H2818),\"\")","v":""},{"$f":"IFERROR(INDEX($B$2:$B$2867,J2818),\"\")","v":""}]
[81600,"MONTANS",null,81,"Tarn","Occitanie",null,{"$f":"ROWS($A$2:A2819)","v":2818},{"$f":"IF(Formulaire!$F$24='Codes postaux par région et dép'!A2819,H2819,\"\")","v":""},"",""]
[81600,"TECOU",null,81,"Tarn","Occitanie",null,{"$f":"ROWS($A$2:A2820)","v":2819},{"$f":"IF(Formulaire!$F$24='Codes postaux par région et dép'!A2820,H2820,\"\")","v":""},"",""]
[81600,"BROZE",null,81,"Tarn","Occitanie",null,{"$f":"ROWS($A$2:A2821)","v":2820},{"$f":"IF(Formulaire!$F$24='Codes postaux par région et dép'!A2821,H2821,\"\")","v":""},"",""]
[81600,"BRENS",null,81,"Tarn","Occitanie",null,{"$f":"ROWS($A$2:A2822)","v":2821},{"$f":"IF(Formulaire!$F$24='Codes postaux par région et dép'!A2822,H2822,\"\")","v":""},"",""]
[81600,"GAILLAC",null,81,"Tarn","Occitanie",null,{"$f":"ROWS($A$2:A2823)","v":2822},{"$f":"IF(Formulaire!$F$24='Codes postaux par région et dép'!A2823,H2823,\"\")","v":""},"",""]
[81600,"RIVIERES",null,81,"Tarn","Occitanie",null,{"$f":"ROWS($A$2:A2824)","v":2823},{"$f":"IF(Formulaire!$F$24='Codes postaux par région et dép'!A2824,H2824,\"\")","v":""},"",""]
[81600,"SENOUILLAC",null,81,"Tarn","Occitanie",null,{"$f":"ROWS($A$2:A2825)","v":2824},{"$f":"IF(Formulaire!$F$24='Codes postaux par région et dép'!A2825,H2825,\"\")","v":""},"",""]
[81630,"MONTVALEN",null,81,"Tarn","Occitanie",null,{"$f":"ROWS($A$2:A2826)","v":2825},{"$f":"IF(Formulaire!$F$24='Codes postaux par région et dép'!A2826,H2826,\"\")","v":""},"",""]
[81630,"LA SAUZIERE ST JEAN",null,81,"Tarn","Occitanie",null,{"$f":"ROWS($A$2:A2827)","v":2826},{"$f":"IF(Formulaire!$F$24='Codes postaux par région et dép'!A2827,H2827,\"\")","v":""},"",""]
[81630,"ST URCISSE",null,81,"Tarn","Occitanie",null,{"$f":"ROWS($A$2:A2828)","v":2827},{"$f":"IF(Formulaire!$F$24='Codes postaux par région et dép'!A2828,H2828,\"\")","v":""},"",""]
[81630,"MONTDURAUSSE",null,81,"Tarn","Occitanie",null,{"$f":"ROWS($A$2:A2829)","v":2828},{"$f":"IF(Formulaire!$F$24='Codes postaux par région et dép'!A2829,H2829,\"\")","v":""},"",""]
[81630,"SALVAGNAC",null,81,"Tarn","Occitanie",null,{"$f":"ROWS($A$2:A2830)","v":2829},{"$f":"IF(Formulaire!$F$24='Codes postaux par région et dép'!A2830,H2830,\"\")","v":""},"",""]
[81630,"BEAUVAIS SUR TESCOU",null,81,"Tarn","Occitanie",null,{"$f":"ROWS($A$2:A2831)","v":2830},{"$f":"IF(Formulaire!$F$24='Codes postaux par région et dép'!A2831,H2831,\"\")","v":""},"",""]
[81630,"MONTGAILLARD",null,81,"Tarn","Occitanie",null,{"$f":"ROWS($A$2:A2832)","v":2831},{"$f":"IF(Formulaire!$F$24='Codes postaux par région et dép'!A2832,H2832,\"\")","v":""},"",""]
[81630,"TAURIAC",null,81,"Tarn","Occitanie",null,{"$f":"ROWS($A$2:A2833)","v":2832},{"$f":"IF(Formulaire!$F$24='Codes postaux par région et dép'!A2833,H2833,\"\")","v":""},"",""]
[81640,"LAPARROUQUIAL",null,81,"Tarn","Occitanie",null,{"$f":"ROWS($A$2:A2834)","v":2833},{"$f":"IF(Formulaire!$F$24='Codes postaux par région et dép'!A2834,H2834,\"\")","v":""},"",""]
[81640,"MONESTIES",null,81,"Tarn","Occitanie",null,{"$f":"ROWS($A$2:A2835)","v":2834},{"$f":"IF(Formulaire!$F$24='Codes postaux par région et dép'!A2835,H2835,\"\")","v":""},"",""]
[81640,"VIRAC",null,81,"Tarn","Occitanie",null,{"$f":"ROWS($A$2:A2836)","v":2835},{"$f":"IF(Formulaire!$F$24='Codes postaux par région et dép'!A2836,H2836,\"\")","v":""},"",""]
[81640,"LE SEGUR",null,81,"Tarn","Occitanie",null,{"$f":"ROWS($A$2:A2837)","v":2836},{"$f":"IF(Formulaire!$F$24='Codes postaux par région et dép'!A2837,H2837,\"\")","v":""},"",""]
[81640,"COMBEFA",null,81,"Tarn","Occitanie",null,{"$f":"ROWS($A$2:A2838)","v":2837},{"$f":"IF(Formulaire!$F$24='Codes postaux par région et dép'!A2838,H2838,\"\")","v":""},"",""]
[81640,"SALLES",null,81,"Tarn","Occitanie",null,{"$f":"ROWS($A$2:A2839)","v":2838},{"$f":"IF(Formulaire!$F$24='Codes postaux par région et dép'!A2839,H2839,\"\")","v":""},"",""]
[81660,"BOUT DU PONT DE LARN",null,81,"Tarn","Occitanie",null,{"$f":"ROWS($A$2:A2840)","v":2839},{"$f":"IF(Formulaire!$F$24='Codes postaux par région et dép'!A2840,H2840,\"\")","v":""},"",""]
[81660,"PAYRIN AUGMONTEL",null,81,"Tarn","Occitanie",null,{"$f":"ROWS($A$2:A2841)","v":2840},{"$f":"IF(Formulaire!$F$24='Codes postaux par région et dép'!A2841,H2841,\"\")","v":""},"",""]
[81660,"PONT DE LARN",null,81,"Tarn","Occitanie",null,{"$f":"ROWS($A$2:A2842)","v":2841},{"$f":"IF(Formulaire!$F$24='Codes postaux par région et dép'!A2842,H2842,\"\")","v":""},"",""]
[81700,"BLAN",null,81,"Tarn","Occitanie",null,{"$f":"ROWS($A$2:A2843)","v":2842},{"$f":"IF(Formulaire!$F$24='Codes postaux par région et dép'!A2843,H2843,\"\")","v":""},"",""]
[81700,"LEMPAUT",null,81,"Tarn","Occitanie",null,{"$f":"ROWS($A$2:A2844)","v":2843},{"$f":"IF(Formulaire!$F$24='Codes postaux par région et dép'!A2844,H2844,\"\")","v":""},"",""]
[81700,"POUDIS",null,81,"Tarn","Occitanie",null,{"$f":"ROWS($A$2:A2845)","v":2844},{"$f":"IF(Formulaire!$F$24='Codes postaux par région et dép'!A2845,H2845,\"\")","v":""},"",""]
[81700,"ST GERMAIN DES PRES",null,81,"Tarn","Occitanie",null,{"$f":"ROWS($A$2:A2846)","v":2845},{"$f":"IF(Formulaire!$F$24='Codes postaux par région et dép'!A2846,H2846,\"\")","v":""},"",""]
[81700,"PUYLAURENS",null,81,"Tarn","Occitanie",null,{"$f":"ROWS($A$2:A2847)","v":2846},{"$f":"IF(Formulaire!$F$24='Codes postaux par région et dép'!A2847,H2847,\"\")","v":""},"",""]
[81700,"ST SERNIN LES LAVAUR",null,81,"Tarn","Occitanie",null,{"$f":"ROWS($A$2:A2848)","v":2847},{"$f":"IF(Formulaire!$F$24='Codes postaux par région et dép'!A2848,H2848,\"\")","v":""},"",""]
[81700,"APPELLE",null,81,"Tarn","Occitanie",null,{"$f":"ROWS($A$2:A2849)","v":2848},{"$f":"IF(Formulaire!$F$24='Codes postaux par région et dép'!A2849,H2849,\"\")","v":""},"",""]
[81700,"BERTRE",null,81,"Tarn","Occitanie",null,{"$f":"ROWS($A$2:A2850)","v":2849},{"$f":"IF(Formulaire!$F$24='Codes postaux par région et dép'!A2850,H2850,\"\")","v":""},"",""]
[81700,"GARREVAQUES",null,81,"Tarn","Occitanie",null,{"$f":"ROWS($A$2:A2851)","v":2850},{"$f":"IF(Formulaire!$F$24='Codes postaux par région et dép'!A2851,H2851,\"\")","v":""},"",""]
[81700,"PALLEVILLE",null,81,"Tarn","Occitanie",null,{"$f":"ROWS($A$2:A2852)","v":2851},{"$f":"IF(Formulaire!$F$24='Codes postaux par région et dép'!A2852,H2852,\"\")","v":""},"",""]
[81710,"NAVES",null,81,"Tarn","Occitanie",null,{"$f":"ROWS($A$2:A2853)","v":2852},{"$f":"IF(Formulaire!$F$24='Codes postaux par région et dép'!A2853,H2853,\"\")","v":""},"",""]
[81710,"SAIX",null,81,"Tarn","Occitanie",null,{"$f":"ROWS($A$2:A2854)","v":2853},{"$f":"IF(Formulaire!$F$24='Codes postaux par région et dép'!A2854,H2854,\"\")","v":""},"",""]
[81800,"COUFOULEUX",null,81,"Tarn","Occitanie",null,{"$f":"ROWS($A$2:A2855)","v":2854},{"$f":"IF(Formulaire!$F$24='Codes postaux par région et dép'!A2855,H2855,\"\")","v":""},"",""]
[81800,"LOUPIAC",null,81,"Tarn","Occitanie",null,{"$f":"ROWS($A$2:A2856)","v":2855},{"$f":"IF(Formulaire!$F$24='Codes postaux par région et dép'!A2856,H2856,\"\")","v":""},"",""]
[81800,"MEZENS",null,81,"Tarn","Occitanie",null,{"$f":"ROWS($A$2:A2857)","v":2856},{"$f":"IF(Formulaire!$F$24='Codes postaux par région et dép'!A2857,H2857,\"\")","v":""},"",""]
[81800,"RABASTENS",null,81,"Tarn","Occitanie",null,{"$f":"ROWS($A$2:A2858)","v":2857},{"$f":"IF(Formulaire!$F$24='Codes postaux par région et dép'!A2858,H2858,\"\")","v":""},"",""]
[81800,"ROQUEMAURE",null,81,"Tarn","Occitanie",null,{"$f":"ROWS($A$2:A2859)","v":2858},{"$f":"IF(Formulaire!$F$24='Codes postaux par région et dép'!A2859,H2859,\"\")","v":""},"",""]
[81800,"GRAZAC",null,81,"Tarn","Occitanie",null,{"$f":"ROWS($A$2:A2860)","v":2859},{"$f":"IF(Formulaire!$F$24='Codes postaux par région et dép'!A2860,H2860,\"\")","v":""},"",""]
[81990,"CUNAC",null,81,"Tarn","Occitanie",null,{"$f":"ROWS($A$2:A2861)","v":2860},{"$f":"IF(Formulaire!$F$24='Codes postaux par région et dép'!A2861,H2861,\"\")","v":""},"",""]
[81990,"FREJAIROLLES",null,81,"Tarn","Occitanie",null,{"$f":"ROWS($A$2:A2862)","v":2861},{"$f":"IF(Formulaire!$F$24='Codes postaux par région et dép'!A2862,H2862,\"\")","v":""},"",""]
[81990,"PUYGOUZON",null,81,"Tarn","Occitanie",null,{"$f":"ROWS($A$2:A2863)","v":2862},{"$f":"IF(Formulaire!$F$24='Codes postaux par région et dép'!A2863,H2863,\"\")","v":""},"",""]
[81990,"LE SEQUESTRE",null,81,"Tarn","Occitanie",null,{"$f":"ROWS($A$2:A2864)","v":2863},{"$f":"IF(Formulaire!$F$24='Codes postaux par région et dép'!A2864,H2864,\"\")","v":""},"",""]
[81990,"CAMBON D ALBI",null,81,"Tarn","Occitanie",null,{"$f":"ROWS($A$2:A2865)","v":2864},{"$f":"IF(Formulaire!$F$24='Codes postaux par région et dép'!A2865,H2865,\"\")","v":""},"",""]
[81990,"SALIES",null,81,"Tarn","Occitanie",null,{"$f":"ROWS($A$2:A2866)","v":2865},{"$f":"IF(Formulaire!$F$24='Codes postaux par région et dép'!A2866,H2866,\"\")","v":""},"",""]
[81990,"CARLUS",null,81,"Tarn","Occitanie",null,{"$f":"ROWS($A$2:A2867)","v":2866},{"$f":"IF(Formulaire!$F$24='Codes postaux par région et dép'!A2867,H2867,\"\")","v":""},"",""]

{"sheet":"Liste client","index":3,"n_rows":11,"n_cols":20,"rows_kept":11,"cut":false,"hidden":false,"merged":[]}
[]
[]
[]
[null,"FICHIER CLIENT "]
[]
[null,"N°","CLIENT  PROSPECT","PARTICULIER  PROFESSIONNEL ","PRENOM","NOM","TELEPHONE 1","TELEPHONE 2","ADRESSE","CODE POSTAL","VILLE","E-MAIL","DEPUIS LE ","NOTE","NOTE3","ENTRETIEN ","NOTE2","RAISON SOCIALE","N° SIRET","Prenom Nom"]
[null,null,"Prospect","Particulier","aaaa","n","t1","t2","adr","cp","vil","e","dat","nn","nnn","Oui","nnnn","rai","sir",{"$f":"CONCATENATE(Tableau5[[#This Row],[PRENOM]],\" \",Tableau5[[#This Row],[NOM]])","v":"aaaa n"}]
[null,null,"Prospect","Particulier","pppppp","n","t1","t2","adr","cp","vil","e","dat","nn","nnn","Oui","nnnn","rai","sir",{"$f":"CONCATENATE(Tableau5[[#This Row],[PRENOM]],\" \",Tableau5[[#This Row],[NOM]])","v":"pppppp n"}]
[null,null,"Prospect","Particulier","ppp","n","t1","t2","adr","cp","vil","e","dat","nn","nnn","oui","nnnn","rai","sir",{"$f":"CONCATENATE(Tableau5[[#This Row],[PRENOM]],\" \",Tableau5[[#This Row],[NOM]])","v":"ppp n"}]
[null,null,"Prospect","Particulier","pp","n","t1","t2","adr","cp","vil","e","dat","nn","nnn","oui","nnnn","rai","sir",{"$f":"CONCATENATE(Tableau5[[#This Row],[PRENOM]],\" \",Tableau5[[#This Row],[NOM]])","v":"pp n"}]
[null,null,"Prospect","Particulier","p","n","t1","t2","adr","cp","vil","e","dat","nn","nnn","Oui","nnnn","rai","sir",{"$f":"CONCATENATE(Tableau5[[#This Row],[PRENOM]],\" \",Tableau5[[#This Row],[NOM]])","v":"p n"}]

{"sheet":"Liste","index":4,"n_rows":6,"n_cols":4,"rows_kept":6,"cut":false,"hidden":false,"merged":[]}
[]
[null,"Client ou Prospect ? ","Type","Entretien "]
[null,"Client","Particulier","Oui"]
[null,"Prospect","Professionnel ","Non"]
[null,null,null,"Attente"]
[null,null,null,"…"]

{"sheet":"Feuil1","index":5,"n_rows":15,"n_cols":3,"rows_kept":15,"cut":false,"hidden":false,"merged":[]}
[]
[]
[]
[]
[null,null,"perlox34 - 12 déc. 2023 à 22:21"]
[null,null," f894009 - 13 déc. 2023 à 09:27"]
[null,null,"Bonjour,"]
[null,null,"Je vous mets ci-joint un lien d'un fichier Excel ou j'ai expliquer ce que je voudrais faire dans les moindres détails avec quelque photos pour que vous comprenez bien. "]
[null,null,"https://www.cjoint.com/c/MLmvqFbwQRl"]
[null,null,"Dans ce deuxième lien ci-dessous veuillez trouvez le fichier Excel .xlsm qui contient donc la macro ou vous pouvez modifier et ajouter des codes si nécessaires. Merci votre aide. Bonne soirée."]
[null,null,"https://www.cjoint.com/c/MLmvt1fOanlMacintosh / Safari 14.1.2"]
[]
[]
[]
[null,null,"Sur la ligne du client je veux que les cellules des colonnes \"nom prénom\" \" adresse\" \"ville\" \"code postal\" \" tel1 et \"tel2\" que j'ai indiqué dans mon explication se copie automatiquement dans la feuille \" ENTRETIEN \" que s'il y a un \" oui \" a entretien. "]

{"sheet":"Feuil2","index":6,"n_rows":18,"n_cols":2,"rows_kept":18,"cut":false,"hidden":false,"merged":[]}
[]
[]
[null,"rang: 1descrip: Prospect Valeur: Professionnel"]
[null,"rang: 3descrip: RAISON SOCIALE Valeur: 2"]
[null,"rang: 5descrip: N° SIRET Valeur: 3"]
[null,"rang: 7descrip: PRENOM Valeur: 4"]
[null,"rang: 9descrip: NOM Valeur: 5"]
[null,"rang: 11descrip: TELEPHONE 1 Valeur: 6"]
[null,"rang: 13descrip: TELEPHONE 2 Valeur: 7"]
[null,"rang: 15descrip: E-MAIL Valeur: 8"]
[null,"rang: 17descrip: ADRESSE Valeur: 9"]
[null,"rang: 19descrip: CODE POSTAL  Valeur: 10"]
[null,"rang: 21descrip: VILLE  Valeur: 11"]
[null,"rang: 23descrip: DEPUIS LE Valeur: 11/01/1900"]
[null,"rang: 25descrip: NOTE Valeur: 13"]
[null,"rang: 27descrip: NOTE Valeur: 14"]
[null,"rang: 29descrip: ENTRETIEN Valeur: 15"]
[null,"rang: 31descrip: NOTE Valeur: "]

{"sheet":"Feuil3","index":7,"n_rows":7,"n_cols":20,"rows_kept":7,"cut":false,"hidden":false,"merged":[]}
[]
[]
[]
[]
[]
[null,"N°","CLIENT  PROSPECT","PARTICULIER  PROFESSIONNEL ","PRENOM","NOM","TELEPHONE 1","TELEPHONE 2","ADRESSE","CODE POSTAL","VILLE","E-MAIL","DEPUIS LE ","NOTE","NOTE3","ENTRETIEN ","NOTE2","RAISON SOCIALE","N° SIRET","Prenom Nom"]
[null,null,"Prospect","Professionnel","pren","nom","t1","t2","adr","cp","ville","@","date","n1","n2","ent","n3","rason","N°"]