{"text_format":"1","workbook":"xlsx","n_sheets":8,"sheets":["TABLES","RECAP","Arnou Bienvenue","Arridano Talon","Auriville Hervieux","Bevis Tessier","Byron Daviau","Chappell Chartré"],"not_rendered":{"charts":0,"images":0,"macros":1,"external_links":0,"defined_names":6,"comments":0,"pivot_tables":0},"unopened":[],"bounds":{"document_bytes":16777216,"sheet_cells":100000,"rows_first":2000,"rows_last":500,"rows_between":2000,"halvings":0,"cell_chars":16384,"cell_head_chars":4096},"cells_cut":0,"cells_raw":0,"read":"whole","date_system":"1900"}

{"sheet":"TABLES","index":0,"n_rows":50,"n_cols":54,"rows_kept":50,"cut":false,"hidden":false,"merged":[[1,2,1,4]]}
[]
[null,null,"SEMAINE FINISSANT LE"]
["NOMS",null,"2022-01-08","2022-01-15","2022-01-22","2022-01-29","2022-02-05","2022-02-12","2022-02-19","2022-02-26","2022-03-05","2022-03-12","2022-03-19","2022-03-26","2022-04-02","2022-04-09","2022-04-16","2022-04-23","2022-04-30","2022-05-07","2022-05-14","2022-05-21","2022-05-28","2022-06-04","2022-06-11","2022-06-18","2022-06-25","2022-07-02","2022-07-09","2022-07-16","2022-07-23","2022-07-30","2022-08-06","2022-08-13","2022-08-20","2022-08-27","2022-09-03","2022-09-10","2022-09-17","2022-09-24","2022-10-01","2022-10-08","2022-10-15","2022-10-22","2022-10-29","2022-11-05","2022-11-12","2022-11-19","2022-11-26","2022-12-03","2022-12-10","2022-12-17","2022-12-24","2022-12-31"]
[]
["Arnou Bienvenue","2022",23.5,16,32,32]
["Arridano Talon","2022",5,24,42,42,40,37]
["Auriville Hervieux","2022",null,15.5]
["Bevis Tessier","2022",40,40,35,40,32,41]
["Byron Daviau","2022",40,40,32,40,8,32]
["Chappell Chartré","2022",40,40,40,40,40,40]
["Charles Viens","2022",null,null,40,40]
["Delmar Lavallée","2022",null,null,48.5,46,45,45]
["Denis Jacques","2022",null,40,37.5,40,36.5]
["Éric Despins","2022",40,40,40,null,38.5,36.5]
["Éric Méthot","2022",null,null,40,29,36,40]
["Éric Tanguay","2022",36,8,null,null,null,39]
["Franck Rousseau","2022",40,40,40,40,39,40]
["Frontino Sorel","2022",null,41.5,45,40.5,44,44]
["Gabriel Gamelin","2022",40,37.5,40,37,null,40]
["Ganelon Bélair","2022",40,40,39,35.75,40,32.5]
["Germain Carignan","2022",37,null,40,32,39.25,42]
["Honoré Quessy","2022",40,40,40,40,40,40]
["Javier Boncoeur","2022",40,40,40,40,40,41]
["Jay Tougas","2022",null,null,29.5]
["Jean Couturier","2022",40,40,40,41.5,8,33]
["Karel Guertin","2022",40,40,40,27,42,42]
["Kerman Marleau","2022",42,43.5,47,44.5,46.5,48]
["Lance Mathieu","2022",null,null,40]
["Luc Béland","2022",null,null,null,null,40]
["Malagigi Deniger","2022",null,null,null,null,39.5]
["Manville Hughes","2022",null,10,15,14.5,29.5,22.5]
["Manville Provencher","2022",40,40,40,40,40,32]
["Marc Quinn","2022",42.5,38,41,31,40,38.5]
["Marlon Berthelette","2022",null,null,40,24]
["Maslin Bourassa","2022",40,40,40,40,40,40]
["Matthieu Thériault","2022",39,6]
["Matthieu Varieur","2022",39,40,40,null,38.5,36.25]
["Merle Saurel","2022",40,40,40,40,40,40]
["Michel Batard","2022",32,40,32,36.5,40,32]
["Nicolas Babin","2022",34.5,39.5,35.5,41,39,42.5]
["Noël De La Ronde","2022",40,40,40,40,38.5,35.5]
["Normand Paiement","2022",31.5,24.5,8.5,15,35,45.25]
["Odo Ruel","2022",42.5,42.5,42.5,42.5,42.5,34]
["Olivier Marquis","2022",40,40,40,4,null,32]
["Olivier Turcotte","2022",37,32,32,24,16,40]
["Paien Souplet","2022",32,38,32,24,36,32]
["Patrick Guernon","2022",29,31,40,36.5,34.5,40]
["Prewitt Francoeur","2022",null,null,null,null,29.25]
["René Rossignol","2022",40,36.5,34.75,24,24,40]
["Roger Louineaux","2022",null,25.5,35,42.5,42.5,42.5]

{"sheet":"RECAP","index":1,"n_rows":80,"n_cols":6,"rows_kept":80,"cut":false,"hidden":false,"merged":[]}
[]
[]
["NOMS","TOTAL"]
[]
["Arnou Bienvenue",{"$f":"INDIRECT(\"'\" & $A5 & \"'!F55\")","v":{"$error":"#N/A"}},null,{"$f":"INDIRECT(\"'\" & A$5&\"'!\"&\"F55\")","v":{"$error":"#N/A"}},{"$f":"INDIRECT(\"'Sheet\"&_xludf.ROW()-1&\"'!\"&$F$55)","v":{"$error":"#NAME?"}},{"$f":"INDIRECT(\"'\"&A5&\"'!F55\")","v":{"$error":"#N/A"}}]
["Arridano Talon",{"$f":"INDIRECT(\"'\" & $A6 & \"'!F55\")","v":{"$error":"#N/A"}},null,null,null,{"$f":"INDIRECT(\"'\"&A6&\"'!F55\")","v":{"$error":"#N/A"}}]
["Auriville Hervieux",{"$error":"#N/A"},null,null,null,{"$error":"#N/A"}]
["Bevis Tessier",{"$error":"#N/A"},null,null,null,{"$error":"#N/A"}]
["Byron Daviau",{"$error":"#N/A"},null,null,null,{"$error":"#N/A"}]
["Chappell Chartré",{"$error":"#N/A"},null,null,null,{"$error":"#N/A"}]
["Charles Viens",{"$error":"#REF!"},null,null,null,{"$error":"#REF!"}]
["Delmar Lavallée",{"$error":"#REF!"},null,null,null,{"$error":"#REF!"}]
["Denis Jacques",{"$error":"#REF!"},null,null,null,{"$error":"#REF!"}]
["Éric Despins",{"$error":"#REF!"},null,null,null,{"$error":"#REF!"}]
["Éric Méthot",{"$error":"#REF!"}]
["Éric Tanguay",{"$error":"#REF!"}]
["Franck Rousseau",{"$error":"#REF!"}]
["Frontino Sorel",{"$error":"#REF!"}]
["Gabriel Gamelin",{"$error":"#REF!"}]
["Ganelon Bélair",{"$error":"#REF!"}]
["Germain Carignan",{"$error":"#REF!"}]
["Honoré Quessy",{"$error":"#REF!"}]
["Javier Boncoeur",{"$error":"#REF!"}]
["Jay Tougas",{"$error":"#REF!"}]
["Jean Couturier",{"$error":"#REF!"}]
["Karel Guertin",{"$error":"#REF!"}]
["Kerman Marleau",{"$error":"#REF!"}]
["Lance Mathieu",{"$error":"#REF!"}]
["Luc Béland",{"$error":"#REF!"}]
["Malagigi Deniger",{"$error":"#REF!"}]
["Manville Hughes",{"$error":"#REF!"}]
["Manville Provencher",{"$error":"#REF!"}]
["Marc Quinn",{"$error":"#REF!"}]
["Marlon Berthelette",{"$error":"#REF!"}]
["Maslin Bourassa",{"$error":"#REF!"}]
["Matthieu Thériault",{"$error":"#REF!"}]
["Matthieu Varieur",{"$error":"#REF!"}]
["Merle Saurel",{"$error":"#REF!"}]
["Michel Batard",{"$error":"#REF!"}]
["Nicolas Babin",{"$error":"#REF!"}]
["Noël De La Ronde",{"$error":"#REF!"}]
["Normand Paiement",{"$error":"#REF!"}]
["Odo Ruel",{"$error":"#REF!"}]
["Olivier Marquis",{"$error":"#REF!"}]
["Olivier Turcotte",{"$error":"#REF!"}]
["Paien Souplet",{"$error":"#REF!"}]
["Patrick Guernon",{"$error":"#REF!"}]
["Prewitt Francoeur",{"$error":"#REF!"}]
["René Rossignol",{"$error":"#REF!"}]
["Roger Louineaux",{"$error":"#REF!"}]
[{"$f":"TABLES!A51","v":0}]
[{"$f":"TABLES!A52","v":0}]
[{"$f":"TABLES!A53","v":0}]
[{"$f":"TABLES!A54","v":0}]
[{"$f":"TABLES!A55","v":0}]
[{"$f":"TABLES!A56","v":0}]
[{"$f":"TABLES!A57","v":0}]
[{"$f":"TABLES!A58","v":0}]
[{"$f":"TABLES!A59","v":0}]
[{"$f":"TABLES!A60","v":0}]
[{"$f":"TABLES!A61","v":0}]
[{"$f":"TABLES!A62","v":0}]
[{"$f":"TABLES!A63","v":0}]
[{"$f":"TABLES!A64","v":0}]
[{"$f":"TABLES!A65","v":0}]
[{"$f":"TABLES!A66","v":0}]
[{"$f":"TABLES!A67","v":0}]
[{"$f":"TABLES!A68","v":0}]
[{"$f":"TABLES!A69","v":0}]
[{"$f":"TABLES!A70","v":0}]
[{"$f":"TABLES!A71","v":0}]
[{"$f":"TABLES!A72","v":0}]
[{"$f":"TABLES!A73","v":0}]
[{"$f":"TABLES!A74","v":0}]
[{"$f":"TABLES!A75","v":0}]
[{"$f":"TABLES!A76","v":0}]
[{"$f":"TABLES!A77","v":0}]
[{"$f":"TABLES!A78","v":0}]
[{"$f":"TABLES!A79","v":0}]
[{"$f":"TABLES!A80","v":0}]

{"sheet":"Arnou Bienvenue","index":2,"n_rows":55,"n_cols":8,"rows_kept":55,"cut":false,"hidden":false,"merged":[[0,0,1,0]]}
["Semaine commencant le","SEMAINES","HRS TRAVAILLÉES","HRS PAYÉES","DIFFÉRENCE","ACCUMULÉES","COMMENTAIRE 1","COMMENTAIRE 2"]
[null,2022]
[{"$f":"DATE($B$2,1,3)-WEEKDAY(DATE($B$2,1,3))+1","v":"2022-01-02"},{"$f":"UPPER(TEXT(A3,\"j mmmm\"))&\" - \"&UPPER(TEXT(A3+6,\"j mmmm\"))","v":"2 JANVIER - 8 JANVIER"},{"$f":"INDEX(TABLES!$A$3:$BB$200,MATCH(MID(CELL(\"nomfichier\",A1),FIND(\"]\",CELL(\"nomfichier\",A1))+1,20),TABLES!$A$3:$A$200,0),MATCH((TEXT(A3+6,\"j mmmm\")&\" \"&B$2)*1,TABLES!$A$3:$BB$3,0))","v":23.5},null,{"$f":"C3-D3","v":23.5},{"$f":"IF(AND(C3<>\"\",D3<>\"\"),E3+F2,\"\")","v":""}]
[{"$f":"A3+7","v":"2022-01-09"},{"$f":"UPPER(TEXT(A4,\"j mmmm\"))&\" - \"&UPPER(TEXT(A4+6,\"j mmmm\"))","v":"9 JANVIER - 15 JANVIER"},{"$f":"INDEX(TABLES!$A$3:$BB$200,MATCH(MID(CELL(\"nomfichier\",A2),FIND(\"]\",CELL(\"nomfichier\",A2))+1,20),TABLES!$A$3:$A$200,0),MATCH((TEXT(A4+6,\"j mmmm\")&\" \"&B$2)*1,TABLES!$A$3:$BB$3,0))","v":16},null,{"$f":"C4-D4","v":16},""]
[{"$f":"A4+7","v":"2022-01-16"},"16 JANVIER - 22 JANVIER",{"$f":"INDEX(TABLES!$A$3:$BB$200,MATCH(MID(CELL(\"nomfichier\",A3),FIND(\"]\",CELL(\"nomfichier\",A3))+1,20),TABLES!$A$3:$A$200,0),MATCH((TEXT(A5+6,\"j mmmm\")&\" \"&B$2)*1,TABLES!$A$3:$BB$3,0))","v":32},null,32,""]
["2022-01-23","23 JANVIER - 29 JANVIER",{"$f":"INDEX(TABLES!$A$3:$BB$200,MATCH(MID(CELL(\"nomfichier\",A4),FIND(\"]\",CELL(\"nomfichier\",A4))+1,20),TABLES!$A$3:$A$200,0),MATCH((TEXT(A6+6,\"j mmmm\")&\" \"&B$2)*1,TABLES!$A$3:$BB$3,0))","v":32},null,32,""]
["2022-01-30","30 JANVIER - 5 FÉVRIER",{"$f":"INDEX(TABLES!$A$3:$BB$200,MATCH(MID(CELL(\"nomfichier\",A5),FIND(\"]\",CELL(\"nomfichier\",A5))+1,20),TABLES!$A$3:$A$200,0),MATCH((TEXT(A7+6,\"j mmmm\")&\" \"&B$2)*1,TABLES!$A$3:$BB$3,0))","v":0},null,0,""]
["2022-02-06","6 FÉVRIER - 12 FÉVRIER",{"$f":"INDEX(TABLES!$A$3:$BB$200,MATCH(MID(CELL(\"nomfichier\",A6),FIND(\"]\",CELL(\"nomfichier\",A6))+1,20),TABLES!$A$3:$A$200,0),MATCH((TEXT(A8+6,\"j mmmm\")&\" \"&B$2)*1,TABLES!$A$3:$BB$3,0))","v":0},null,0,""]
["2022-02-13","13 FÉVRIER - 19 FÉVRIER",{"$f":"INDEX(TABLES!$A$3:$BB$200,MATCH(MID(CELL(\"nomfichier\",A7),FIND(\"]\",CELL(\"nomfichier\",A7))+1,20),TABLES!$A$3:$A$200,0),MATCH((TEXT(A9+6,\"j mmmm\")&\" \"&B$2)*1,TABLES!$A$3:$BB$3,0))","v":0},null,0,""]
["2022-02-20","20 FÉVRIER - 26 FÉVRIER",{"$f":"INDEX(TABLES!$A$3:$BB$200,MATCH(MID(CELL(\"nomfichier\",A8),FIND(\"]\",CELL(\"nomfichier\",A8))+1,20),TABLES!$A$3:$A$200,0),MATCH((TEXT(A10+6,\"j mmmm\")&\" \"&B$2)*1,TABLES!$A$3:$BB$3,0))","v":0},null,0,""]
["2022-02-27","27 FÉVRIER - 5 MARS",{"$f":"INDEX(TABLES!$A$3:$BB$200,MATCH(MID(CELL(\"nomfichier\",A9),FIND(\"]\",CELL(\"nomfichier\",A9))+1,20),TABLES!$A$3:$A$200,0),MATCH((TEXT(A11+6,\"j mmmm\")&\" \"&B$2)*1,TABLES!$A$3:$BB$3,0))","v":0},null,0,""]
["2022-03-06","6 MARS - 12 MARS",{"$f":"INDEX(TABLES!$A$3:$BB$200,MATCH(MID(CELL(\"nomfichier\",A10),FIND(\"]\",CELL(\"nomfichier\",A10))+1,20),TABLES!$A$3:$A$200,0),MATCH((TEXT(A12+6,\"j mmmm\")&\" \"&B$2)*1,TABLES!$A$3:$BB$3,0))","v":0},null,0,""]
["2022-03-13","13 MARS - 19 MARS",{"$f":"INDEX(TABLES!$A$3:$BB$200,MATCH(MID(CELL(\"nomfichier\",A11),FIND(\"]\",CELL(\"nomfichier\",A11))+1,20),TABLES!$A$3:$A$200,0),MATCH((TEXT(A13+6,\"j mmmm\")&\" \"&B$2)*1,TABLES!$A$3:$BB$3,0))","v":0},null,0,""]
["2022-03-20","20 MARS - 26 MARS",{"$f":"INDEX(TABLES!$A$3:$BB$200,MATCH(MID(CELL(\"nomfichier\",A12),FIND(\"]\",CELL(\"nomfichier\",A12))+1,20),TABLES!$A$3:$A$200,0),MATCH((TEXT(A14+6,\"j mmmm\")&\" \"&B$2)*1,TABLES!$A$3:$BB$3,0))","v":0},null,0,""]
["2022-03-27","27 MARS - 2 AVRIL",{"$f":"INDEX(TABLES!$A$3:$BB$200,MATCH(MID(CELL(\"nomfichier\",A13),FIND(\"]\",CELL(\"nomfichier\",A13))+1,20),TABLES!$A$3:$A$200,0),MATCH((TEXT(A15+6,\"j mmmm\")&\" \"&B$2)*1,TABLES!$A$3:$BB$3,0))","v":0},null,0,""]
["2022-04-03","3 AVRIL - 9 AVRIL",{"$f":"INDEX(TABLES!$A$3:$BB$200,MATCH(MID(CELL(\"nomfichier\",A14),FIND(\"]\",CELL(\"nomfichier\",A14))+1,20),TABLES!$A$3:$A$200,0),MATCH((TEXT(A16+6,\"j mmmm\")&\" \"&B$2)*1,TABLES!$A$3:$BB$3,0))","v":0},null,0,""]
["2022-04-10","10 AVRIL - 16 AVRIL",{"$f":"INDEX(TABLES!$A$3:$BB$200,MATCH(MID(CELL(\"nomfichier\",A15),FIND(\"]\",CELL(\"nomfichier\",A15))+1,20),TABLES!$A$3:$A$200,0),MATCH((TEXT(A17+6,\"j mmmm\")&\" \"&B$2)*1,TABLES!$A$3:$BB$3,0))","v":0},null,0,""]
["2022-04-17","17 AVRIL - 23 AVRIL",{"$f":"INDEX(TABLES!$A$3:$BB$200,MATCH(MID(CELL(\"nomfichier\",A16),FIND(\"]\",CELL(\"nomfichier\",A16))+1,20),TABLES!$A$3:$A$200,0),MATCH((TEXT(A18+6,\"j mmmm\")&\" \"&B$2)*1,TABLES!$A$3:$BB$3,0))","v":0},null,0,""]
["2022-04-24","24 AVRIL - 30 AVRIL",{"$f":"INDEX(TABLES!$A$3:$BB$200,MATCH(MID(CELL(\"nomfichier\",A17),FIND(\"]\",CELL(\"nomfichier\",A17))+1,20),TABLES!$A$3:$A$200,0),MATCH((TEXT(A19+6,\"j mmmm\")&\" \"&B$2)*1,TABLES!$A$3:$BB$3,0))","v":0},null,0,""]
["2022-05-01","1 MAI - 7 MAI",{"$f":"INDEX(TABLES!$A$3:$BB$200,MATCH(MID(CELL(\"nomfichier\",A18),FIND(\"]\",CELL(\"nomfichier\",A18))+1,20),TABLES!$A$3:$A$200,0),MATCH((TEXT(A20+6,\"j mmmm\")&\" \"&B$2)*1,TABLES!$A$3:$BB$3,0))","v":0},null,0,""]
["2022-05-08","8 MAI - 14 MAI",{"$f":"INDEX(TABLES!$A$3:$BB$200,MATCH(MID(CELL(\"nomfichier\",A19),FIND(\"]\",CELL(\"nomfichier\",A19))+1,20),TABLES!$A$3:$A$200,0),MATCH((TEXT(A21+6,\"j mmmm\")&\" \"&B$2)*1,TABLES!$A$3:$BB$3,0))","v":0},null,0,""]
["2022-05-15","15 MAI - 21 MAI",{"$f":"INDEX(TABLES!$A$3:$BB$200,MATCH(MID(CELL(\"nomfichier\",A20),FIND(\"]\",CELL(\"nomfichier\",A20))+1,20),TABLES!$A$3:$A$200,0),MATCH((TEXT(A22+6,\"j mmmm\")&\" \"&B$2)*1,TABLES!$A$3:$BB$3,0))","v":0},null,0,""]
["2022-05-22","22 MAI - 28 MAI",{"$f":"INDEX(TABLES!$A$3:$BB$200,MATCH(MID(CELL(\"nomfichier\",A21),FIND(\"]\",CELL(\"nomfichier\",A21))+1,20),TABLES!$A$3:$A$200,0),MATCH((TEXT(A23+6,\"j mmmm\")&\" \"&B$2)*1,TABLES!$A$3:$BB$3,0))","v":0},null,0,""]
["2022-05-29","29 MAI - 4 JUIN",{"$f":"INDEX(TABLES!$A$3:$BB$200,MATCH(MID(CELL(\"nomfichier\",A22),FIND(\"]\",CELL(\"nomfichier\",A22))+1,20),TABLES!$A$3:$A$200,0),MATCH((TEXT(A24+6,\"j mmmm\")&\" \"&B$2)*1,TABLES!$A$3:$BB$3,0))","v":0},null,0,""]
["2022-06-05","5 JUIN - 11 JUIN",{"$f":"INDEX(TABLES!$A$3:$BB$200,MATCH(MID(CELL(\"nomfichier\",A23),FIND(\"]\",CELL(\"nomfichier\",A23))+1,20),TABLES!$A$3:$A$200,0),MATCH((TEXT(A25+6,\"j mmmm\")&\" \"&B$2)*1,TABLES!$A$3:$BB$3,0))","v":0},null,0,""]
["2022-06-12","12 JUIN - 18 JUIN",{"$f":"INDEX(TABLES!$A$3:$BB$200,MATCH(MID(CELL(\"nomfichier\",A24),FIND(\"]\",CELL(\"nomfichier\",A24))+1,20),TABLES!$A$3:$A$200,0),MATCH((TEXT(A26+6,\"j mmmm\")&\" \"&B$2)*1,TABLES!$A$3:$BB$3,0))","v":0},null,0,""]
["2022-06-19","19 JUIN - 25 JUIN",{"$f":"INDEX(TABLES!$A$3:$BB$200,MATCH(MID(CELL(\"nomfichier\",A25),FIND(\"]\",CELL(\"nomfichier\",A25))+1,20),TABLES!$A$3:$A$200,0),MATCH((TEXT(A27+6,\"j mmmm\")&\" \"&B$2)*1,TABLES!$A$3:$BB$3,0))","v":0},null,0,""]
["2022-06-26","26 JUIN - 2 JUILLET",{"$f":"INDEX(TABLES!$A$3:$BB$200,MATCH(MID(CELL(\"nomfichier\",A26),FIND(\"]\",CELL(\"nomfichier\",A26))+1,20),TABLES!$A$3:$A$200,0),MATCH((TEXT(A28+6,\"j mmmm\")&\" \"&B$2)*1,TABLES!$A$3:$BB$3,0))","v":0},null,0,""]
["2022-07-03","3 JUILLET - 9 JUILLET",{"$f":"INDEX(TABLES!$A$3:$BB$200,MATCH(MID(CELL(\"nomfichier\",A27),FIND(\"]\",CELL(\"nomfichier\",A27))+1,20),TABLES!$A$3:$A$200,0),MATCH((TEXT(A29+6,\"j mmmm\")&\" \"&B$2)*1,TABLES!$A$3:$BB$3,0))","v":0},null,0,""]
["2022-07-10","10 JUILLET - 16 JUILLET",{"$f":"INDEX(TABLES!$A$3:$BB$200,MATCH(MID(CELL(\"nomfichier\",A28),FIND(\"]\",CELL(\"nomfichier\",A28))+1,20),TABLES!$A$3:$A$200,0),MATCH((TEXT(A30+6,\"j mmmm\")&\" \"&B$2)*1,TABLES!$A$3:$BB$3,0))","v":0},null,0,""]
["2022-07-17","17 JUILLET - 23 JUILLET",{"$f":"INDEX(TABLES!$A$3:$BB$200,MATCH(MID(CELL(\"nomfichier\",A29),FIND(\"]\",CELL(\"nomfichier\",A29))+1,20),TABLES!$A$3:$A$200,0),MATCH((TEXT(A31+6,\"j mmmm\")&\" \"&B$2)*1,TABLES!$A$3:$BB$3,0))","v":0},null,0,""]
["2022-07-24","24 JUILLET - 30 JUILLET",{"$f":"INDEX(TABLES!$A$3:$BB$200,MATCH(MID(CELL(\"nomfichier\",A30),FIND(\"]\",CELL(\"nomfichier\",A30))+1,20),TABLES!$A$3:$A$200,0),MATCH((TEXT(A32+6,\"j mmmm\")&\" \"&B$2)*1,TABLES!$A$3:$BB$3,0))","v":0},null,0,""]
["2022-07-31","31 JUILLET - 6 AOÛT",{"$f":"INDEX(TABLES!$A$3:$BB$200,MATCH(MID(CELL(\"nomfichier\",A31),FIND(\"]\",CELL(\"nomfichier\",A31))+1,20),TABLES!$A$3:$A$200,0),MATCH((TEXT(A33+6,\"j mmmm\")&\" \"&B$2)*1,TABLES!$A$3:$BB$3,0))","v":0},null,0,""]
["2022-08-07","7 AOÛT - 13 AOÛT",{"$f":"INDEX(TABLES!$A$3:$BB$200,MATCH(MID(CELL(\"nomfichier\",A32),FIND(\"]\",CELL(\"nomfichier\",A32))+1,20),TABLES!$A$3:$A$200,0),MATCH((TEXT(A34+6,\"j mmmm\")&\" \"&B$2)*1,TABLES!$A$3:$BB$3,0))","v":0},null,0,""]
["2022-08-14","14 AOÛT - 20 AOÛT",{"$f":"INDEX(TABLES!$A$3:$BB$200,MATCH(MID(CELL(\"nomfichier\",A33),FIND(\"]\",CELL(\"nomfichier\",A33))+1,20),TABLES!$A$3:$A$200,0),MATCH((TEXT(A35+6,\"j mmmm\")&\" \"&B$2)*1,TABLES!$A$3:$BB$3,0))","v":0},null,0,""]
["2022-08-21","21 AOÛT - 27 AOÛT",{"$f":"INDEX(TABLES!$A$3:$BB$200,MATCH(MID(CELL(\"nomfichier\",A34),FIND(\"]\",CELL(\"nomfichier\",A34))+1,20),TABLES!$A$3:$A$200,0),MATCH((TEXT(A36+6,\"j mmmm\")&\" \"&B$2)*1,TABLES!$A$3:$BB$3,0))","v":0},null,0,""]
["2022-08-28","28 AOÛT - 3 SEPTEMBRE",{"$f":"INDEX(TABLES!$A$3:$BB$200,MATCH(MID(CELL(\"nomfichier\",A35),FIND(\"]\",CELL(\"nomfichier\",A35))+1,20),TABLES!$A$3:$A$200,0),MATCH((TEXT(A37+6,\"j mmmm\")&\" \"&B$2)*1,TABLES!$A$3:$BB$3,0))","v":0},null,0,""]
["2022-09-04","4 SEPTEMBRE - 10 SEPTEMBRE",{"$f":"INDEX(TABLES!$A$3:$BB$200,MATCH(MID(CELL(\"nomfichier\",A36),FIND(\"]\",CELL(\"nomfichier\",A36))+1,20),TABLES!$A$3:$A$200,0),MATCH((TEXT(A38+6,\"j mmmm\")&\" \"&B$2)*1,TABLES!$A$3:$BB$3,0))","v":0},null,0,""]
["2022-09-11","11 SEPTEMBRE - 17 SEPTEMBRE",{"$f":"INDEX(TABLES!$A$3:$BB$200,MATCH(MID(CELL(\"nomfichier\",A37),FIND(\"]\",CELL(\"nomfichier\",A37))+1,20),TABLES!$A$3:$A$200,0),MATCH((TEXT(A39+6,\"j mmmm\")&\" \"&B$2)*1,TABLES!$A$3:$BB$3,0))","v":0},null,0,""]
["2022-09-18","18 SEPTEMBRE - 24 SEPTEMBRE",{"$f":"INDEX(TABLES!$A$3:$BB$200,MATCH(MID(CELL(\"nomfichier\",A38),FIND(\"]\",CELL(\"nomfichier\",A38))+1,20),TABLES!$A$3:$A$200,0),MATCH((TEXT(A40+6,\"j mmmm\")&\" \"&B$2)*1,TABLES!$A$3:$BB$3,0))","v":0},null,0,""]
["2022-09-25","25 SEPTEMBRE - 1 OCTOBRE",{"$f":"INDEX(TABLES!$A$3:$BB$200,MATCH(MID(CELL(\"nomfichier\",A39),FIND(\"]\",CELL(\"nomfichier\",A39))+1,20),TABLES!$A$3:$A$200,0),MATCH((TEXT(A41+6,\"j mmmm\")&\" \"&B$2)*1,TABLES!$A$3:$BB$3,0))","v":0},null,0,""]
["2022-10-02","2 OCTOBRE - 8 OCTOBRE",{"$f":"INDEX(TABLES!$A$3:$BB$200,MATCH(MID(CELL(\"nomfichier\",A40),FIND(\"]\",CELL(\"nomfichier\",A40))+1,20),TABLES!$A$3:$A$200,0),MATCH((TEXT(A42+6,\"j mmmm\")&\" \"&B$2)*1,TABLES!$A$3:$BB$3,0))","v":0},null,0,""]
["2022-10-09","9 OCTOBRE - 15 OCTOBRE",{"$f":"INDEX(TABLES!$A$3:$BB$200,MATCH(MID(CELL(\"nomfichier\",A41),FIND(\"]\",CELL(\"nomfichier\",A41))+1,20),TABLES!$A$3:$A$200,0),MATCH((TEXT(A43+6,\"j mmmm\")&\" \"&B$2)*1,TABLES!$A$3:$BB$3,0))","v":0},null,0,""]
["2022-10-16","16 OCTOBRE - 22 OCTOBRE",{"$f":"INDEX(TABLES!$A$3:$BB$200,MATCH(MID(CELL(\"nomfichier\",A42),FIND(\"]\",CELL(\"nomfichier\",A42))+1,20),TABLES!$A$3:$A$200,0),MATCH((TEXT(A44+6,\"j mmmm\")&\" \"&B$2)*1,TABLES!$A$3:$BB$3,0))","v":0},null,0,""]
["2022-10-23","23 OCTOBRE - 29 OCTOBRE",{"$f":"INDEX(TABLES!$A$3:$BB$200,MATCH(MID(CELL(\"nomfichier\",A43),FIND(\"]\",CELL(\"nomfichier\",A43))+1,20),TABLES!$A$3:$A$200,0),MATCH((TEXT(A45+6,\"j mmmm\")&\" \"&B$2)*1,TABLES!$A$3:$BB$3,0))","v":0},null,0,""]
["2022-10-30","30 OCTOBRE - 5 NOVEMBRE",{"$f":"INDEX(TABLES!$A$3:$BB$200,MATCH(MID(CELL(\"nomfichier\",A44),FIND(\"]\",CELL(\"nomfichier\",A44))+1,20),TABLES!$A$3:$A$200,0),MATCH((TEXT(A46+6,\"j mmmm\")&\" \"&B$2)*1,TABLES!$A$3:$BB$3,0))","v":0},null,0,""]
["2022-11-06","6 NOVEMBRE - 12 NOVEMBRE",{"$f":"INDEX(TABLES!$A$3:$BB$200,MATCH(MID(CELL(\"nomfichier\",A45),FIND(\"]\",CELL(\"nomfichier\",A45))+1,20),TABLES!$A$3:$A$200,0),MATCH((TEXT(A47+6,\"j mmmm\")&\" \"&B$2)*1,TABLES!$A$3:$BB$3,0))","v":0},null,0,""]
["2022-11-13","13 NOVEMBRE - 19 NOVEMBRE",{"$f":"INDEX(TABLES!$A$3:$BB$200,MATCH(MID(CELL(\"nomfichier\",A46),FIND(\"]\",CELL(\"nomfichier\",A46))+1,20),TABLES!$A$3:$A$200,0),MATCH((TEXT(A48+6,\"j mmmm\")&\" \"&B$2)*1,TABLES!$A$3:$BB$3,0))","v":0},null,0,""]
["2022-11-20","20 NOVEMBRE - 26 NOVEMBRE",{"$f":"INDEX(TABLES!$A$3:$BB$200,MATCH(MID(CELL(\"nomfichier\",A47),FIND(\"]\",CELL(\"nomfichier\",A47))+1,20),TABLES!$A$3:$A$200,0),MATCH((TEXT(A49+6,\"j mmmm\")&\" \"&B$2)*1,TABLES!$A$3:$BB$3,0))","v":0},null,0,""]
["2022-11-27","27 NOVEMBRE - 3 DÉCEMBRE",{"$f":"INDEX(TABLES!$A$3:$BB$200,MATCH(MID(CELL(\"nomfichier\",A48),FIND(\"]\",CELL(\"nomfichier\",A48))+1,20),TABLES!$A$3:$A$200,0),MATCH((TEXT(A50+6,\"j mmmm\")&\" \"&B$2)*1,TABLES!$A$3:$BB$3,0))","v":0},null,0,""]
["2022-12-04","4 DÉCEMBRE - 10 DÉCEMBRE",{"$f":"INDEX(TABLES!$A$3:$BB$200,MATCH(MID(CELL(\"nomfichier\",A49),FIND(\"]\",CELL(\"nomfichier\",A49))+1,20),TABLES!$A$3:$A$200,0),MATCH((TEXT(A51+6,\"j mmmm\")&\" \"&B$2)*1,TABLES!$A$3:$BB$3,0))","v":0},null,0,""]
["2022-12-11","11 DÉCEMBRE - 17 DÉCEMBRE",{"$f":"INDEX(TABLES!$A$3:$BB$200,MATCH(MID(CELL(\"nomfichier\",A50),FIND(\"]\",CELL(\"nomfichier\",A50))+1,20),TABLES!$A$3:$A$200,0),MATCH((TEXT(A52+6,\"j mmmm\")&\" \"&B$2)*1,TABLES!$A$3:$BB$3,0))","v":0},null,0,""]
["2022-12-18","18 DÉCEMBRE - 24 DÉCEMBRE",{"$f":"INDEX(TABLES!$A$3:$BB$200,MATCH(MID(CELL(\"nomfichier\",A51),FIND(\"]\",CELL(\"nomfichier\",A51))+1,20),TABLES!$A$3:$A$200,0),MATCH((TEXT(A53+6,\"j mmmm\")&\" \"&B$2)*1,TABLES!$A$3:$BB$3,0))","v":0},null,0,""]
["2022-12-25",{"$f":"UPPER(TEXT(A54,\"j mmmm\"))&\" - \"&UPPER(TEXT(A54+6,\"j mmmm\"))","v":"25 DÉCEMBRE - 31 DÉCEMBRE"},{"$f":"INDEX(TABLES!$A$3:$BB$200,MATCH(MID(CELL(\"nomfichier\",A52),FIND(\"]\",CELL(\"nomfichier\",A52))+1,20),TABLES!$A$3:$A$200,0),MATCH((TEXT(A54+6,\"j mmmm\")&\" \"&B$2)*1,TABLES!$A$3:$BB$3,0))","v":0},null,0,""]
[null,null,null,null,null,{"$f":"LOOKUP(9^9,F3:F54)","v":{"$error":"#N/A"}}]

{"sheet":"Arridano Talon","index":3,"n_rows":55,"n_cols":11,"rows_kept":55,"cut":false,"hidden":false,"merged":[[0,0,1,0]]}
["Semaine commencant le","SEMAINES","HRS TRAVAILLÉES","HRS PAYÉES","DIFFÉRENCE","ACCUMULÉES","COMMENTAIRE 1","COMMENTAIRE 2"]
[null,2022]
[{"$f":"DATE($B$2,1,3)-WEEKDAY(DATE($B$2,1,3))+1","v":"2022-01-02"},{"$f":"UPPER(TEXT(A3,\"j mmmm\"))&\" - \"&UPPER(TEXT(A3+6,\"j mmmm\"))","v":"2 JANVIER - 8 JANVIER"},{"$f":"INDEX(TABLES!$A$3:$BB$200,MATCH(MID(CELL(\"nomfichier\",A1),FIND(\"]\",CELL(\"nomfichier\",A1))+1,20),TABLES!$A$3:$A$200,0),MATCH((TEXT(A3+6,\"j mmmm\")&\" \"&B$2)*1,TABLES!$A$3:$BB$3,0))","v":5},null,{"$f":"C3-D3","v":5},{"$f":"IF(AND(C3<>\"\",D3<>\"\"),E3+F2,\"\")","v":""}]
[{"$f":"A3+7","v":"2022-01-09"},{"$f":"UPPER(TEXT(A4,\"j mmmm\"))&\" - \"&UPPER(TEXT(A4+6,\"j mmmm\"))","v":"9 JANVIER - 15 JANVIER"},{"$f":"INDEX(TABLES!$A$3:$BB$200,MATCH(MID(CELL(\"nomfichier\",A2),FIND(\"]\",CELL(\"nomfichier\",A2))+1,20),TABLES!$A$3:$A$200,0),MATCH((TEXT(A4+6,\"j mmmm\")&\" \"&B$2)*1,TABLES!$A$3:$BB$3,0))","v":24},null,{"$f":"C4-D4","v":24},""]
[{"$f":"A4+7","v":"2022-01-16"},"16 JANVIER - 22 JANVIER",{"$f":"INDEX(TABLES!$A$3:$BB$200,MATCH(MID(CELL(\"nomfichier\",A3),FIND(\"]\",CELL(\"nomfichier\",A3))+1,20),TABLES!$A$3:$A$200,0),MATCH((TEXT(A5+6,\"j mmmm\")&\" \"&B$2)*1,TABLES!$A$3:$BB$3,0))","v":42},null,42,""]
["2022-01-23","23 JANVIER - 29 JANVIER",{"$f":"INDEX(TABLES!$A$3:$BB$200,MATCH(MID(CELL(\"nomfichier\",A4),FIND(\"]\",CELL(\"nomfichier\",A4))+1,20),TABLES!$A$3:$A$200,0),MATCH((TEXT(A6+6,\"j mmmm\")&\" \"&B$2)*1,TABLES!$A$3:$BB$3,0))","v":42},null,42,""]
["2022-01-30","30 JANVIER - 5 FÉVRIER",{"$f":"INDEX(TABLES!$A$3:$BB$200,MATCH(MID(CELL(\"nomfichier\",A5),FIND(\"]\",CELL(\"nomfichier\",A5))+1,20),TABLES!$A$3:$A$200,0),MATCH((TEXT(A7+6,\"j mmmm\")&\" \"&B$2)*1,TABLES!$A$3:$BB$3,0))","v":40},null,40,""]
["2022-02-06","6 FÉVRIER - 12 FÉVRIER",{"$f":"INDEX(TABLES!$A$3:$BB$200,MATCH(MID(CELL(\"nomfichier\",A6),FIND(\"]\",CELL(\"nomfichier\",A6))+1,20),TABLES!$A$3:$A$200,0),MATCH((TEXT(A8+6,\"j mmmm\")&\" \"&B$2)*1,TABLES!$A$3:$BB$3,0))","v":37},null,37,""]
["2022-02-13","13 FÉVRIER - 19 FÉVRIER",{"$f":"INDEX(TABLES!$A$3:$BB$200,MATCH(MID(CELL(\"nomfichier\",A7),FIND(\"]\",CELL(\"nomfichier\",A7))+1,20),TABLES!$A$3:$A$200,0),MATCH((TEXT(A9+6,\"j mmmm\")&\" \"&B$2)*1,TABLES!$A$3:$BB$3,0))","v":0},null,0,""]
["2022-02-20","20 FÉVRIER - 26 FÉVRIER",{"$f":"INDEX(TABLES!$A$3:$BB$200,MATCH(MID(CELL(\"nomfichier\",A8),FIND(\"]\",CELL(\"nomfichier\",A8))+1,20),TABLES!$A$3:$A$200,0),MATCH((TEXT(A10+6,\"j mmmm\")&\" \"&B$2)*1,TABLES!$A$3:$BB$3,0))","v":0},null,0,""]
["2022-02-27","27 FÉVRIER - 5 MARS",{"$f":"INDEX(TABLES!$A$3:$BB$200,MATCH(MID(CELL(\"nomfichier\",A9),FIND(\"]\",CELL(\"nomfichier\",A9))+1,20),TABLES!$A$3:$A$200,0),MATCH((TEXT(A11+6,\"j mmmm\")&\" \"&B$2)*1,TABLES!$A$3:$BB$3,0))","v":0},null,0,""]
["2022-03-06","6 MARS - 12 MARS",{"$f":"INDEX(TABLES!$A$3:$BB$200,MATCH(MID(CELL(\"nomfichier\",A10),FIND(\"]\",CELL(\"nomfichier\",A10))+1,20),TABLES!$A$3:$A$200,0),MATCH((TEXT(A12+6,\"j mmmm\")&\" \"&B$2)*1,TABLES!$A$3:$BB$3,0))","v":0},null,0,""]
["2022-03-13","13 MARS - 19 MARS",{"$f":"INDEX(TABLES!$A$3:$BB$200,MATCH(MID(CELL(\"nomfichier\",A11),FIND(\"]\",CELL(\"nomfichier\",A11))+1,20),TABLES!$A$3:$A$200,0),MATCH((TEXT(A13+6,\"j mmmm\")&\" \"&B$2)*1,TABLES!$A$3:$BB$3,0))","v":0},null,0,""]
["2022-03-20","20 MARS - 26 MARS",{"$f":"INDEX(TABLES!$A$3:$BB$200,MATCH(MID(CELL(\"nomfichier\",A12),FIND(\"]\",CELL(\"nomfichier\",A12))+1,20),TABLES!$A$3:$A$200,0),MATCH((TEXT(A14+6,\"j mmmm\")&\" \"&B$2)*1,TABLES!$A$3:$BB$3,0))","v":0},null,0,""]
["2022-03-27","27 MARS - 2 AVRIL",{"$f":"INDEX(TABLES!$A$3:$BB$200,MATCH(MID(CELL(\"nomfichier\",A13),FIND(\"]\",CELL(\"nomfichier\",A13))+1,20),TABLES!$A$3:$A$200,0),MATCH((TEXT(A15+6,\"j mmmm\")&\" \"&B$2)*1,TABLES!$A$3:$BB$3,0))","v":0},null,0,""]
["2022-04-03","3 AVRIL - 9 AVRIL",{"$f":"INDEX(TABLES!$A$3:$BB$200,MATCH(MID(CELL(\"nomfichier\",A14),FIND(\"]\",CELL(\"nomfichier\",A14))+1,20),TABLES!$A$3:$A$200,0),MATCH((TEXT(A16+6,\"j mmmm\")&\" \"&B$2)*1,TABLES!$A$3:$BB$3,0))","v":0},null,0,""]
["2022-04-10","10 AVRIL - 16 AVRIL",{"$f":"INDEX(TABLES!$A$3:$BB$200,MATCH(MID(CELL(\"nomfichier\",A15),FIND(\"]\",CELL(\"nomfichier\",A15))+1,20),TABLES!$A$3:$A$200,0),MATCH((TEXT(A17+6,\"j mmmm\")&\" \"&B$2)*1,TABLES!$A$3:$BB$3,0))","v":0},null,0,""]
["2022-04-17","17 AVRIL - 23 AVRIL",{"$f":"INDEX(TABLES!$A$3:$BB$200,MATCH(MID(CELL(\"nomfichier\",A16),FIND(\"]\",CELL(\"nomfichier\",A16))+1,20),TABLES!$A$3:$A$200,0),MATCH((TEXT(A18+6,\"j mmmm\")&\" \"&B$2)*1,TABLES!$A$3:$BB$3,0))","v":0},null,0,""]
["2022-04-24","24 AVRIL - 30 AVRIL",{"$f":"INDEX(TABLES!$A$3:$BB$200,MATCH(MID(CELL(\"nomfichier\",A17),FIND(\"]\",CELL(\"nomfichier\",A17))+1,20),TABLES!$A$3:$A$200,0),MATCH((TEXT(A19+6,\"j mmmm\")&\" \"&B$2)*1,TABLES!$A$3:$BB$3,0))","v":0},null,0,""]
["2022-05-01","1 MAI - 7 MAI",{"$f":"INDEX(TABLES!$A$3:$BB$200,MATCH(MID(CELL(\"nomfichier\",A18),FIND(\"]\",CELL(\"nomfichier\",A18))+1,20),TABLES!$A$3:$A$200,0),MATCH((TEXT(A20+6,\"j mmmm\")&\" \"&B$2)*1,TABLES!$A$3:$BB$3,0))","v":0},null,0,""]
["2022-05-08","8 MAI - 14 MAI",{"$f":"INDEX(TABLES!$A$3:$BB$200,MATCH(MID(CELL(\"nomfichier\",A19),FIND(\"]\",CELL(\"nomfichier\",A19))+1,20),TABLES!$A$3:$A$200,0),MATCH((TEXT(A21+6,\"j mmmm\")&\" \"&B$2)*1,TABLES!$A$3:$BB$3,0))","v":0},null,0,""]
["2022-05-15","15 MAI - 21 MAI",{"$f":"INDEX(TABLES!$A$3:$BB$200,MATCH(MID(CELL(\"nomfichier\",A20),FIND(\"]\",CELL(\"nomfichier\",A20))+1,20),TABLES!$A$3:$A$200,0),MATCH((TEXT(A22+6,\"j mmmm\")&\" \"&B$2)*1,TABLES!$A$3:$BB$3,0))","v":0},null,0,""]
["2022-05-22","22 MAI - 28 MAI",{"$f":"INDEX(TABLES!$A$3:$BB$200,MATCH(MID(CELL(\"nomfichier\",A21),FIND(\"]\",CELL(\"nomfichier\",A21))+1,20),TABLES!$A$3:$A$200,0),MATCH((TEXT(A23+6,\"j mmmm\")&\" \"&B$2)*1,TABLES!$A$3:$BB$3,0))","v":0},null,0,""]
["2022-05-29","29 MAI - 4 JUIN",{"$f":"INDEX(TABLES!$A$3:$BB$200,MATCH(MID(CELL(\"nomfichier\",A22),FIND(\"]\",CELL(\"nomfichier\",A22))+1,20),TABLES!$A$3:$A$200,0),MATCH((TEXT(A24+6,\"j mmmm\")&\" \"&B$2)*1,TABLES!$A$3:$BB$3,0))","v":0},null,0,""]
["2022-06-05","5 JUIN - 11 JUIN",{"$f":"INDEX(TABLES!$A$3:$BB$200,MATCH(MID(CELL(\"nomfichier\",A23),FIND(\"]\",CELL(\"nomfichier\",A23))+1,20),TABLES!$A$3:$A$200,0),MATCH((TEXT(A25+6,\"j mmmm\")&\" \"&B$2)*1,TABLES!$A$3:$BB$3,0))","v":0},null,0,"",null,null,null,null," "]
["2022-06-12","12 JUIN - 18 JUIN",{"$f":"INDEX(TABLES!$A$3:$BB$200,MATCH(MID(CELL(\"nomfichier\",A24),FIND(\"]\",CELL(\"nomfichier\",A24))+1,20),TABLES!$A$3:$A$200,0),MATCH((TEXT(A26+6,\"j mmmm\")&\" \"&B$2)*1,TABLES!$A$3:$BB$3,0))","v":0},null,0,""]
["2022-06-19","19 JUIN - 25 JUIN",{"$f":"INDEX(TABLES!$A$3:$BB$200,MATCH(MID(CELL(\"nomfichier\",A25),FIND(\"]\",CELL(\"nomfichier\",A25))+1,20),TABLES!$A$3:$A$200,0),MATCH((TEXT(A27+6,\"j mmmm\")&\" \"&B$2)*1,TABLES!$A$3:$BB$3,0))","v":0},null,0,""]
["2022-06-26","26 JUIN - 2 JUILLET",{"$f":"INDEX(TABLES!$A$3:$BB$200,MATCH(MID(CELL(\"nomfichier\",A26),FIND(\"]\",CELL(\"nomfichier\",A26))+1,20),TABLES!$A$3:$A$200,0),MATCH((TEXT(A28+6,\"j mmmm\")&\" \"&B$2)*1,TABLES!$A$3:$BB$3,0))","v":0},null,0,""]
["2022-07-03","3 JUILLET - 9 JUILLET",{"$f":"INDEX(TABLES!$A$3:$BB$200,MATCH(MID(CELL(\"nomfichier\",A27),FIND(\"]\",CELL(\"nomfichier\",A27))+1,20),TABLES!$A$3:$A$200,0),MATCH((TEXT(A29+6,\"j mmmm\")&\" \"&B$2)*1,TABLES!$A$3:$BB$3,0))","v":0},null,0,""]
["2022-07-10","10 JUILLET - 16 JUILLET",{"$f":"INDEX(TABLES!$A$3:$BB$200,MATCH(MID(CELL(\"nomfichier\",A28),FIND(\"]\",CELL(\"nomfichier\",A28))+1,20),TABLES!$A$3:$A$200,0),MATCH((TEXT(A30+6,\"j mmmm\")&\" \"&B$2)*1,TABLES!$A$3:$BB$3,0))","v":0},null,0,""]
["2022-07-17","17 JUILLET - 23 JUILLET",{"$f":"INDEX(TABLES!$A$3:$BB$200,MATCH(MID(CELL(\"nomfichier\",A29),FIND(\"]\",CELL(\"nomfichier\",A29))+1,20),TABLES!$A$3:$A$200,0),MATCH((TEXT(A31+6,\"j mmmm\")&\" \"&B$2)*1,TABLES!$A$3:$BB$3,0))","v":0},null,0,""]
["2022-07-24","24 JUILLET - 30 JUILLET",{"$f":"INDEX(TABLES!$A$3:$BB$200,MATCH(MID(CELL(\"nomfichier\",A30),FIND(\"]\",CELL(\"nomfichier\",A30))+1,20),TABLES!$A$3:$A$200,0),MATCH((TEXT(A32+6,\"j mmmm\")&\" \"&B$2)*1,TABLES!$A$3:$BB$3,0))","v":0},null,0,""]
["2022-07-31","31 JUILLET - 6 AOÛT",{"$f":"INDEX(TABLES!$A$3:$BB$200,MATCH(MID(CELL(\"nomfichier\",A31),FIND(\"]\",CELL(\"nomfichier\",A31))+1,20),TABLES!$A$3:$A$200,0),MATCH((TEXT(A33+6,\"j mmmm\")&\" \"&B$2)*1,TABLES!$A$3:$BB$3,0))","v":0},null,0,""]
["2022-08-07","7 AOÛT - 13 AOÛT",{"$f":"INDEX(TABLES!$A$3:$BB$200,MATCH(MID(CELL(\"nomfichier\",A32),FIND(\"]\",CELL(\"nomfichier\",A32))+1,20),TABLES!$A$3:$A$200,0),MATCH((TEXT(A34+6,\"j mmmm\")&\" \"&B$2)*1,TABLES!$A$3:$BB$3,0))","v":0},null,0,""]
["2022-08-14","14 AOÛT - 20 AOÛT",{"$f":"INDEX(TABLES!$A$3:$BB$200,MATCH(MID(CELL(\"nomfichier\",A33),FIND(\"]\",CELL(\"nomfichier\",A33))+1,20),TABLES!$A$3:$A$200,0),MATCH((TEXT(A35+6,\"j mmmm\")&\" \"&B$2)*1,TABLES!$A$3:$BB$3,0))","v":0},null,0,""]
["2022-08-21","21 AOÛT - 27 AOÛT",{"$f":"INDEX(TABLES!$A$3:$BB$200,MATCH(MID(CELL(\"nomfichier\",A34),FIND(\"]\",CELL(\"nomfichier\",A34))+1,20),TABLES!$A$3:$A$200,0),MATCH((TEXT(A36+6,\"j mmmm\")&\" \"&B$2)*1,TABLES!$A$3:$BB$3,0))","v":0},null,0,""]
["2022-08-28","28 AOÛT - 3 SEPTEMBRE",{"$f":"INDEX(TABLES!$A$3:$BB$200,MATCH(MID(CELL(\"nomfichier\",A35),FIND(\"]\",CELL(\"nomfichier\",A35))+1,20),TABLES!$A$3:$A$200,0),MATCH((TEXT(A37+6,\"j mmmm\")&\" \"&B$2)*1,TABLES!$A$3:$BB$3,0))","v":0},null,0,""]
["2022-09-04","4 SEPTEMBRE - 10 SEPTEMBRE",{"$f":"INDEX(TABLES!$A$3:$BB$200,MATCH(MID(CELL(\"nomfichier\",A36),FIND(\"]\",CELL(\"nomfichier\",A36))+1,20),TABLES!$A$3:$A$200,0),MATCH((TEXT(A38+6,\"j mmmm\")&\" \"&B$2)*1,TABLES!$A$3:$BB$3,0))","v":0},null,0,""]
["2022-09-11","11 SEPTEMBRE - 17 SEPTEMBRE",{"$f":"INDEX(TABLES!$A$3:$BB$200,MATCH(MID(CELL(\"nomfichier\",A37),FIND(\"]\",CELL(\"nomfichier\",A37))+1,20),TABLES!$A$3:$A$200,0),MATCH((TEXT(A39+6,\"j mmmm\")&\" \"&B$2)*1,TABLES!$A$3:$BB$3,0))","v":0},null,0,"",null,null,null,null," "]
["2022-09-18","18 SEPTEMBRE - 24 SEPTEMBRE",{"$f":"INDEX(TABLES!$A$3:$BB$200,MATCH(MID(CELL(\"nomfichier\",A38),FIND(\"]\",CELL(\"nomfichier\",A38))+1,20),TABLES!$A$3:$A$200,0),MATCH((TEXT(A40+6,\"j mmmm\")&\" \"&B$2)*1,TABLES!$A$3:$BB$3,0))","v":0},null,0,""]
["2022-09-25","25 SEPTEMBRE - 1 OCTOBRE",{"$f":"INDEX(TABLES!$A$3:$BB$200,MATCH(MID(CELL(\"nomfichier\",A39),FIND(\"]\",CELL(\"nomfichier\",A39))+1,20),TABLES!$A$3:$A$200,0),MATCH((TEXT(A41+6,\"j mmmm\")&\" \"&B$2)*1,TABLES!$A$3:$BB$3,0))","v":0},null,0,""]
["2022-10-02","2 OCTOBRE - 8 OCTOBRE",{"$f":"INDEX(TABLES!$A$3:$BB$200,MATCH(MID(CELL(\"nomfichier\",A40),FIND(\"]\",CELL(\"nomfichier\",A40))+1,20),TABLES!$A$3:$A$200,0),MATCH((TEXT(A42+6,\"j mmmm\")&\" \"&B$2)*1,TABLES!$A$3:$BB$3,0))","v":0},null,0,""]
["2022-10-09","9 OCTOBRE - 15 OCTOBRE",{"$f":"INDEX(TABLES!$A$3:$BB$200,MATCH(MID(CELL(\"nomfichier\",A41),FIND(\"]\",CELL(\"nomfichier\",A41))+1,20),TABLES!$A$3:$A$200,0),MATCH((TEXT(A43+6,\"j mmmm\")&\" \"&B$2)*1,TABLES!$A$3:$BB$3,0))","v":0},null,0,""]
["2022-10-16","16 OCTOBRE - 22 OCTOBRE",{"$f":"INDEX(TABLES!$A$3:$BB$200,MATCH(MID(CELL(\"nomfichier\",A42),FIND(\"]\",CELL(\"nomfichier\",A42))+1,20),TABLES!$A$3:$A$200,0),MATCH((TEXT(A44+6,\"j mmmm\")&\" \"&B$2)*1,TABLES!$A$3:$BB$3,0))","v":0},null,0,""]
["2022-10-23","23 OCTOBRE - 29 OCTOBRE",{"$f":"INDEX(TABLES!$A$3:$BB$200,MATCH(MID(CELL(\"nomfichier\",A43),FIND(\"]\",CELL(\"nomfichier\",A43))+1,20),TABLES!$A$3:$A$200,0),MATCH((TEXT(A45+6,\"j mmmm\")&\" \"&B$2)*1,TABLES!$A$3:$BB$3,0))","v":0},null,0,""]
["2022-10-30","30 OCTOBRE - 5 NOVEMBRE",{"$f":"INDEX(TABLES!$A$3:$BB$200,MATCH(MID(CELL(\"nomfichier\",A44),FIND(\"]\",CELL(\"nomfichier\",A44))+1,20),TABLES!$A$3:$A$200,0),MATCH((TEXT(A46+6,\"j mmmm\")&\" \"&B$2)*1,TABLES!$A$3:$BB$3,0))","v":0},null,0,""]
["2022-11-06","6 NOVEMBRE - 12 NOVEMBRE",{"$f":"INDEX(TABLES!$A$3:$BB$200,MATCH(MID(CELL(\"nomfichier\",A45),FIND(\"]\",CELL(\"nomfichier\",A45))+1,20),TABLES!$A$3:$A$200,0),MATCH((TEXT(A47+6,\"j mmmm\")&\" \"&B$2)*1,TABLES!$A$3:$BB$3,0))","v":0},null,0,""]
["2022-11-13","13 NOVEMBRE - 19 NOVEMBRE",{"$f":"INDEX(TABLES!$A$3:$BB$200,MATCH(MID(CELL(\"nomfichier\",A46),FIND(\"]\",CELL(\"nomfichier\",A46))+1,20),TABLES!$A$3:$A$200,0),MATCH((TEXT(A48+6,\"j mmmm\")&\" \"&B$2)*1,TABLES!$A$3:$BB$3,0))","v":0},null,0,""]
["2022-11-20","20 NOVEMBRE - 26 NOVEMBRE",{"$f":"INDEX(TABLES!$A$3:$BB$200,MATCH(MID(CELL(\"nomfichier\",A47),FIND(\"]\",CELL(\"nomfichier\",A47))+1,20),TABLES!$A$3:$A$200,0),MATCH((TEXT(A49+6,\"j mmmm\")&\" \"&B$2)*1,TABLES!$A$3:$BB$3,0))","v":0},null,0,""]
["2022-11-27","27 NOVEMBRE - 3 DÉCEMBRE",{"$f":"INDEX(TABLES!$A$3:$BB$200,MATCH(MID(CELL(\"nomfichier\",A48),FIND(\"]\",CELL(\"nomfichier\",A48))+1,20),TABLES!$A$3:$A$200,0),MATCH((TEXT(A50+6,\"j mmmm\")&\" \"&B$2)*1,TABLES!$A$3:$BB$3,0))","v":0},null,0,""]
["2022-12-04","4 DÉCEMBRE - 10 DÉCEMBRE",{"$f":"INDEX(TABLES!$A$3:$BB$200,MATCH(MID(CELL(\"nomfichier\",A49),FIND(\"]\",CELL(\"nomfichier\",A49))+1,20),TABLES!$A$3:$A$200,0),MATCH((TEXT(A51+6,\"j mmmm\")&\" \"&B$2)*1,TABLES!$A$3:$BB$3,0))","v":0},null,0,""]
["2022-12-11","11 DÉCEMBRE - 17 DÉCEMBRE",{"$f":"INDEX(TABLES!$A$3:$BB$200,MATCH(MID(CELL(\"nomfichier\",A50),FIND(\"]\",CELL(\"nomfichier\",A50))+1,20),TABLES!$A$3:$A$200,0),MATCH((TEXT(A52+6,\"j mmmm\")&\" \"&B$2)*1,TABLES!$A$3:$BB$3,0))","v":0},null,0,""]
["2022-12-18","18 DÉCEMBRE - 24 DÉCEMBRE",{"$f":"INDEX(TABLES!$A$3:$BB$200,MATCH(MID(CELL(\"nomfichier\",A51),FIND(\"]\",CELL(\"nomfichier\",A51))+1,20),TABLES!$A$3:$A$200,0),MATCH((TEXT(A53+6,\"j mmmm\")&\" \"&B$2)*1,TABLES!$A$3:$BB$3,0))","v":0},null,0,""]
["2022-12-25",{"$f":"UPPER(TEXT(A54,\"j mmmm\"))&\" - \"&UPPER(TEXT(A54+6,\"j mmmm\"))","v":"25 DÉCEMBRE - 31 DÉCEMBRE"},{"$f":"INDEX(TABLES!$A$3:$BB$200,MATCH(MID(CELL(\"nomfichier\",A52),FIND(\"]\",CELL(\"nomfichier\",A52))+1,20),TABLES!$A$3:$A$200,0),MATCH((TEXT(A54+6,\"j mmmm\")&\" \"&B$2)*1,TABLES!$A$3:$BB$3,0))","v":0},null,0,"",null,null,null,null," "]
[null,null,null,null,null,{"$f":"LOOKUP(9^9,F3:F54)","v":{"$error":"#N/A"}}]

{"sheet":"Auriville Hervieux","index":4,"n_rows":55,"n_cols":11,"rows_kept":55,"cut":false,"hidden":false,"merged":[[0,0,1,0]]}
["Semaine commencant le","SEMAINES","HRS TRAVAILLÉES","HRS PAYÉES","DIFFÉRENCE","ACCUMULÉES","COMMENTAIRE 1","COMMENTAIRE 2"]
[null,2022,null,null,null,0]
[{"$f":"DATE($B$2,1,3)-WEEKDAY(DATE($B$2,1,3))+1","v":"2022-01-02"},{"$f":"UPPER(TEXT(A3,\"j mmmm\"))&\" - \"&UPPER(TEXT(A3+6,\"j mmmm\"))","v":"2 JANVIER - 8 JANVIER"},{"$f":"INDEX(TABLES!$A$3:$BB$200,MATCH(MID(CELL(\"nomfichier\",A1),FIND(\"]\",CELL(\"nomfichier\",A1))+1,20),TABLES!$A$3:$A$200,0),MATCH((TEXT(A3+6,\"j mmmm\")&\" \"&B$2)*1,TABLES!$A$3:$BB$3,0))","v":0},null,{"$f":"C3-D3","v":0},{"$f":"IF(AND(C3<>\"\",D3<>\"\"),E3+F2,\"\")","v":""}]
[{"$f":"A3+7","v":"2022-01-09"},{"$f":"UPPER(TEXT(A4,\"j mmmm\"))&\" - \"&UPPER(TEXT(A4+6,\"j mmmm\"))","v":"9 JANVIER - 15 JANVIER"},{"$f":"INDEX(TABLES!$A$3:$BB$200,MATCH(MID(CELL(\"nomfichier\",A2),FIND(\"]\",CELL(\"nomfichier\",A2))+1,20),TABLES!$A$3:$A$200,0),MATCH((TEXT(A4+6,\"j mmmm\")&\" \"&B$2)*1,TABLES!$A$3:$BB$3,0))","v":15.5},null,{"$f":"C4-D4","v":15.5},""]
[{"$f":"A4+7","v":"2022-01-16"},"16 JANVIER - 22 JANVIER",{"$f":"INDEX(TABLES!$A$3:$BB$200,MATCH(MID(CELL(\"nomfichier\",A3),FIND(\"]\",CELL(\"nomfichier\",A3))+1,20),TABLES!$A$3:$A$200,0),MATCH((TEXT(A5+6,\"j mmmm\")&\" \"&B$2)*1,TABLES!$A$3:$BB$3,0))","v":0},null,0,""]
["2022-01-23","23 JANVIER - 29 JANVIER",{"$f":"INDEX(TABLES!$A$3:$BB$200,MATCH(MID(CELL(\"nomfichier\",A4),FIND(\"]\",CELL(\"nomfichier\",A4))+1,20),TABLES!$A$3:$A$200,0),MATCH((TEXT(A6+6,\"j mmmm\")&\" \"&B$2)*1,TABLES!$A$3:$BB$3,0))","v":0},null,0,""]
["2022-01-30","30 JANVIER - 5 FÉVRIER",{"$f":"INDEX(TABLES!$A$3:$BB$200,MATCH(MID(CELL(\"nomfichier\",A5),FIND(\"]\",CELL(\"nomfichier\",A5))+1,20),TABLES!$A$3:$A$200,0),MATCH((TEXT(A7+6,\"j mmmm\")&\" \"&B$2)*1,TABLES!$A$3:$BB$3,0))","v":0},null,0,""]
["2022-02-06","6 FÉVRIER - 12 FÉVRIER",{"$f":"INDEX(TABLES!$A$3:$BB$200,MATCH(MID(CELL(\"nomfichier\",A6),FIND(\"]\",CELL(\"nomfichier\",A6))+1,20),TABLES!$A$3:$A$200,0),MATCH((TEXT(A8+6,\"j mmmm\")&\" \"&B$2)*1,TABLES!$A$3:$BB$3,0))","v":0},null,0,""]
["2022-02-13","13 FÉVRIER - 19 FÉVRIER",{"$f":"INDEX(TABLES!$A$3:$BB$200,MATCH(MID(CELL(\"nomfichier\",A7),FIND(\"]\",CELL(\"nomfichier\",A7))+1,20),TABLES!$A$3:$A$200,0),MATCH((TEXT(A9+6,\"j mmmm\")&\" \"&B$2)*1,TABLES!$A$3:$BB$3,0))","v":0},null,0,""]
["2022-02-20","20 FÉVRIER - 26 FÉVRIER",{"$f":"INDEX(TABLES!$A$3:$BB$200,MATCH(MID(CELL(\"nomfichier\",A8),FIND(\"]\",CELL(\"nomfichier\",A8))+1,20),TABLES!$A$3:$A$200,0),MATCH((TEXT(A10+6,\"j mmmm\")&\" \"&B$2)*1,TABLES!$A$3:$BB$3,0))","v":0},null,0,""]
["2022-02-27","27 FÉVRIER - 5 MARS",{"$f":"INDEX(TABLES!$A$3:$BB$200,MATCH(MID(CELL(\"nomfichier\",A9),FIND(\"]\",CELL(\"nomfichier\",A9))+1,20),TABLES!$A$3:$A$200,0),MATCH((TEXT(A11+6,\"j mmmm\")&\" \"&B$2)*1,TABLES!$A$3:$BB$3,0))","v":0},null,0,""]
["2022-03-06","6 MARS - 12 MARS",{"$f":"INDEX(TABLES!$A$3:$BB$200,MATCH(MID(CELL(\"nomfichier\",A10),FIND(\"]\",CELL(\"nomfichier\",A10))+1,20),TABLES!$A$3:$A$200,0),MATCH((TEXT(A12+6,\"j mmmm\")&\" \"&B$2)*1,TABLES!$A$3:$BB$3,0))","v":0},null,0,""]
["2022-03-13","13 MARS - 19 MARS",{"$f":"INDEX(TABLES!$A$3:$BB$200,MATCH(MID(CELL(\"nomfichier\",A11),FIND(\"]\",CELL(\"nomfichier\",A11))+1,20),TABLES!$A$3:$A$200,0),MATCH((TEXT(A13+6,\"j mmmm\")&\" \"&B$2)*1,TABLES!$A$3:$BB$3,0))","v":0},null,0,""]
["2022-03-20","20 MARS - 26 MARS",{"$f":"INDEX(TABLES!$A$3:$BB$200,MATCH(MID(CELL(\"nomfichier\",A12),FIND(\"]\",CELL(\"nomfichier\",A12))+1,20),TABLES!$A$3:$A$200,0),MATCH((TEXT(A14+6,\"j mmmm\")&\" \"&B$2)*1,TABLES!$A$3:$BB$3,0))","v":0},null,0,""]
["2022-03-27","27 MARS - 2 AVRIL",{"$f":"INDEX(TABLES!$A$3:$BB$200,MATCH(MID(CELL(\"nomfichier\",A13),FIND(\"]\",CELL(\"nomfichier\",A13))+1,20),TABLES!$A$3:$A$200,0),MATCH((TEXT(A15+6,\"j mmmm\")&\" \"&B$2)*1,TABLES!$A$3:$BB$3,0))","v":0},null,0,""]
["2022-04-03","3 AVRIL - 9 AVRIL",{"$f":"INDEX(TABLES!$A$3:$BB$200,MATCH(MID(CELL(\"nomfichier\",A14),FIND(\"]\",CELL(\"nomfichier\",A14))+1,20),TABLES!$A$3:$A$200,0),MATCH((TEXT(A16+6,\"j mmmm\")&\" \"&B$2)*1,TABLES!$A$3:$BB$3,0))","v":0},null,0,""]
["2022-04-10","10 AVRIL - 16 AVRIL",{"$f":"INDEX(TABLES!$A$3:$BB$200,MATCH(MID(CELL(\"nomfichier\",A15),FIND(\"]\",CELL(\"nomfichier\",A15))+1,20),TABLES!$A$3:$A$200,0),MATCH((TEXT(A17+6,\"j mmmm\")&\" \"&B$2)*1,TABLES!$A$3:$BB$3,0))","v":0},null,0,""]
["2022-04-17","17 AVRIL - 23 AVRIL",{"$f":"INDEX(TABLES!$A$3:$BB$200,MATCH(MID(CELL(\"nomfichier\",A16),FIND(\"]\",CELL(\"nomfichier\",A16))+1,20),TABLES!$A$3:$A$200,0),MATCH((TEXT(A18+6,\"j mmmm\")&\" \"&B$2)*1,TABLES!$A$3:$BB$3,0))","v":0},null,0,""]
["2022-04-24","24 AVRIL - 30 AVRIL",{"$f":"INDEX(TABLES!$A$3:$BB$200,MATCH(MID(CELL(\"nomfichier\",A17),FIND(\"]\",CELL(\"nomfichier\",A17))+1,20),TABLES!$A$3:$A$200,0),MATCH((TEXT(A19+6,\"j mmmm\")&\" \"&B$2)*1,TABLES!$A$3:$BB$3,0))","v":0},null,0,""]
["2022-05-01","1 MAI - 7 MAI",{"$f":"INDEX(TABLES!$A$3:$BB$200,MATCH(MID(CELL(\"nomfichier\",A18),FIND(\"]\",CELL(\"nomfichier\",A18))+1,20),TABLES!$A$3:$A$200,0),MATCH((TEXT(A20+6,\"j mmmm\")&\" \"&B$2)*1,TABLES!$A$3:$BB$3,0))","v":0},null,0,""]
["2022-05-08","8 MAI - 14 MAI",{"$f":"INDEX(TABLES!$A$3:$BB$200,MATCH(MID(CELL(\"nomfichier\",A19),FIND(\"]\",CELL(\"nomfichier\",A19))+1,20),TABLES!$A$3:$A$200,0),MATCH((TEXT(A21+6,\"j mmmm\")&\" \"&B$2)*1,TABLES!$A$3:$BB$3,0))","v":0},null,0,""]
["2022-05-15","15 MAI - 21 MAI",{"$f":"INDEX(TABLES!$A$3:$BB$200,MATCH(MID(CELL(\"nomfichier\",A20),FIND(\"]\",CELL(\"nomfichier\",A20))+1,20),TABLES!$A$3:$A$200,0),MATCH((TEXT(A22+6,\"j mmmm\")&\" \"&B$2)*1,TABLES!$A$3:$BB$3,0))","v":0},null,0,""]
["2022-05-22","22 MAI - 28 MAI",{"$f":"INDEX(TABLES!$A$3:$BB$200,MATCH(MID(CELL(\"nomfichier\",A21),FIND(\"]\",CELL(\"nomfichier\",A21))+1,20),TABLES!$A$3:$A$200,0),MATCH((TEXT(A23+6,\"j mmmm\")&\" \"&B$2)*1,TABLES!$A$3:$BB$3,0))","v":0},null,0,""]
["2022-05-29","29 MAI - 4 JUIN",{"$f":"INDEX(TABLES!$A$3:$BB$200,MATCH(MID(CELL(\"nomfichier\",A22),FIND(\"]\",CELL(\"nomfichier\",A22))+1,20),TABLES!$A$3:$A$200,0),MATCH((TEXT(A24+6,\"j mmmm\")&\" \"&B$2)*1,TABLES!$A$3:$BB$3,0))","v":0},null,0,""]
["2022-06-05","5 JUIN - 11 JUIN",{"$f":"INDEX(TABLES!$A$3:$BB$200,MATCH(MID(CELL(\"nomfichier\",A23),FIND(\"]\",CELL(\"nomfichier\",A23))+1,20),TABLES!$A$3:$A$200,0),MATCH((TEXT(A25+6,\"j mmmm\")&\" \"&B$2)*1,TABLES!$A$3:$BB$3,0))","v":0},null,0,"",null,null,null,null," "]
["2022-06-12","12 JUIN - 18 JUIN",{"$f":"INDEX(TABLES!$A$3:$BB$200,MATCH(MID(CELL(\"nomfichier\",A24),FIND(\"]\",CELL(\"nomfichier\",A24))+1,20),TABLES!$A$3:$A$200,0),MATCH((TEXT(A26+6,\"j mmmm\")&\" \"&B$2)*1,TABLES!$A$3:$BB$3,0))","v":0},null,0,""]
["2022-06-19","19 JUIN - 25 JUIN",{"$f":"INDEX(TABLES!$A$3:$BB$200,MATCH(MID(CELL(\"nomfichier\",A25),FIND(\"]\",CELL(\"nomfichier\",A25))+1,20),TABLES!$A$3:$A$200,0),MATCH((TEXT(A27+6,\"j mmmm\")&\" \"&B$2)*1,TABLES!$A$3:$BB$3,0))","v":0},null,0,""]
["2022-06-26","26 JUIN - 2 JUILLET",{"$f":"INDEX(TABLES!$A$3:$BB$200,MATCH(MID(CELL(\"nomfichier\",A26),FIND(\"]\",CELL(\"nomfichier\",A26))+1,20),TABLES!$A$3:$A$200,0),MATCH((TEXT(A28+6,\"j mmmm\")&\" \"&B$2)*1,TABLES!$A$3:$BB$3,0))","v":0},null,0,""]
["2022-07-03","3 JUILLET - 9 JUILLET",{"$f":"INDEX(TABLES!$A$3:$BB$200,MATCH(MID(CELL(\"nomfichier\",A27),FIND(\"]\",CELL(\"nomfichier\",A27))+1,20),TABLES!$A$3:$A$200,0),MATCH((TEXT(A29+6,\"j mmmm\")&\" \"&B$2)*1,TABLES!$A$3:$BB$3,0))","v":0},null,0,""]
["2022-07-10","10 JUILLET - 16 JUILLET",{"$f":"INDEX(TABLES!$A$3:$BB$200,MATCH(MID(CELL(\"nomfichier\",A28),FIND(\"]\",CELL(\"nomfichier\",A28))+1,20),TABLES!$A$3:$A$200,0),MATCH((TEXT(A30+6,\"j mmmm\")&\" \"&B$2)*1,TABLES!$A$3:$BB$3,0))","v":0},null,0,""]
["2022-07-17","17 JUILLET - 23 JUILLET",{"$f":"INDEX(TABLES!$A$3:$BB$200,MATCH(MID(CELL(\"nomfichier\",A29),FIND(\"]\",CELL(\"nomfichier\",A29))+1,20),TABLES!$A$3:$A$200,0),MATCH((TEXT(A31+6,\"j mmmm\")&\" \"&B$2)*1,TABLES!$A$3:$BB$3,0))","v":0},null,0,""]
["2022-07-24","24 JUILLET - 30 JUILLET",{"$f":"INDEX(TABLES!$A$3:$BB$200,MATCH(MID(CELL(\"nomfichier\",A30),FIND(\"]\",CELL(\"nomfichier\",A30))+1,20),TABLES!$A$3:$A$200,0),MATCH((TEXT(A32+6,\"j mmmm\")&\" \"&B$2)*1,TABLES!$A$3:$BB$3,0))","v":0},null,0,""]
["2022-07-31","31 JUILLET - 6 AOÛT",{"$f":"INDEX(TABLES!$A$3:$BB$200,MATCH(MID(CELL(\"nomfichier\",A31),FIND(\"]\",CELL(\"nomfichier\",A31))+1,20),TABLES!$A$3:$A$200,0),MATCH((TEXT(A33+6,\"j mmmm\")&\" \"&B$2)*1,TABLES!$A$3:$BB$3,0))","v":0},null,0,""]
["2022-08-07","7 AOÛT - 13 AOÛT",{"$f":"INDEX(TABLES!$A$3:$BB$200,MATCH(MID(CELL(\"nomfichier\",A32),FIND(\"]\",CELL(\"nomfichier\",A32))+1,20),TABLES!$A$3:$A$200,0),MATCH((TEXT(A34+6,\"j mmmm\")&\" \"&B$2)*1,TABLES!$A$3:$BB$3,0))","v":0},null,0,""]
["2022-08-14","14 AOÛT - 20 AOÛT",{"$f":"INDEX(TABLES!$A$3:$BB$200,MATCH(MID(CELL(\"nomfichier\",A33),FIND(\"]\",CELL(\"nomfichier\",A33))+1,20),TABLES!$A$3:$A$200,0),MATCH((TEXT(A35+6,\"j mmmm\")&\" \"&B$2)*1,TABLES!$A$3:$BB$3,0))","v":0},null,0,""]
["2022-08-21","21 AOÛT - 27 AOÛT",{"$f":"INDEX(TABLES!$A$3:$BB$200,MATCH(MID(CELL(\"nomfichier\",A34),FIND(\"]\",CELL(\"nomfichier\",A34))+1,20),TABLES!$A$3:$A$200,0),MATCH((TEXT(A36+6,\"j mmmm\")&\" \"&B$2)*1,TABLES!$A$3:$BB$3,0))","v":0},null,0,""]
["2022-08-28","28 AOÛT - 3 SEPTEMBRE",{"$f":"INDEX(TABLES!$A$3:$BB$200,MATCH(MID(CELL(\"nomfichier\",A35),FIND(\"]\",CELL(\"nomfichier\",A35))+1,20),TABLES!$A$3:$A$200,0),MATCH((TEXT(A37+6,\"j mmmm\")&\" \"&B$2)*1,TABLES!$A$3:$BB$3,0))","v":0},null,0,""]
["2022-09-04","4 SEPTEMBRE - 10 SEPTEMBRE",{"$f":"INDEX(TABLES!$A$3:$BB$200,MATCH(MID(CELL(\"nomfichier\",A36),FIND(\"]\",CELL(\"nomfichier\",A36))+1,20),TABLES!$A$3:$A$200,0),MATCH((TEXT(A38+6,\"j mmmm\")&\" \"&B$2)*1,TABLES!$A$3:$BB$3,0))","v":0},null,0,""]
["2022-09-11","11 SEPTEMBRE - 17 SEPTEMBRE",{"$f":"INDEX(TABLES!$A$3:$BB$200,MATCH(MID(CELL(\"nomfichier\",A37),FIND(\"]\",CELL(\"nomfichier\",A37))+1,20),TABLES!$A$3:$A$200,0),MATCH((TEXT(A39+6,\"j mmmm\")&\" \"&B$2)*1,TABLES!$A$3:$BB$3,0))","v":0},null,0,"",null,null,null,null," "]
["2022-09-18","18 SEPTEMBRE - 24 SEPTEMBRE",{"$f":"INDEX(TABLES!$A$3:$BB$200,MATCH(MID(CELL(\"nomfichier\",A38),FIND(\"]\",CELL(\"nomfichier\",A38))+1,20),TABLES!$A$3:$A$200,0),MATCH((TEXT(A40+6,\"j mmmm\")&\" \"&B$2)*1,TABLES!$A$3:$BB$3,0))","v":0},null,0,""]
["2022-09-25","25 SEPTEMBRE - 1 OCTOBRE",{"$f":"INDEX(TABLES!$A$3:$BB$200,MATCH(MID(CELL(\"nomfichier\",A39),FIND(\"]\",CELL(\"nomfichier\",A39))+1,20),TABLES!$A$3:$A$200,0),MATCH((TEXT(A41+6,\"j mmmm\")&\" \"&B$2)*1,TABLES!$A$3:$BB$3,0))","v":0},null,0,""]
["2022-10-02","2 OCTOBRE - 8 OCTOBRE",{"$f":"INDEX(TABLES!$A$3:$BB$200,MATCH(MID(CELL(\"nomfichier\",A40),FIND(\"]\",CELL(\"nomfichier\",A40))+1,20),TABLES!$A$3:$A$200,0),MATCH((TEXT(A42+6,\"j mmmm\")&\" \"&B$2)*1,TABLES!$A$3:$BB$3,0))","v":0},null,0,""]
["2022-10-09","9 OCTOBRE - 15 OCTOBRE",{"$f":"INDEX(TABLES!$A$3:$BB$200,MATCH(MID(CELL(\"nomfichier\",A41),FIND(\"]\",CELL(\"nomfichier\",A41))+1,20),TABLES!$A$3:$A$200,0),MATCH((TEXT(A43+6,\"j mmmm\")&\" \"&B$2)*1,TABLES!$A$3:$BB$3,0))","v":0},null,0,""]
["2022-10-16","16 OCTOBRE - 22 OCTOBRE",{"$f":"INDEX(TABLES!$A$3:$BB$200,MATCH(MID(CELL(\"nomfichier\",A42),FIND(\"]\",CELL(\"nomfichier\",A42))+1,20),TABLES!$A$3:$A$200,0),MATCH((TEXT(A44+6,\"j mmmm\")&\" \"&B$2)*1,TABLES!$A$3:$BB$3,0))","v":0},null,0,""]
["2022-10-23","23 OCTOBRE - 29 OCTOBRE",{"$f":"INDEX(TABLES!$A$3:$BB$200,MATCH(MID(CELL(\"nomfichier\",A43),FIND(\"]\",CELL(\"nomfichier\",A43))+1,20),TABLES!$A$3:$A$200,0),MATCH((TEXT(A45+6,\"j mmmm\")&\" \"&B$2)*1,TABLES!$A$3:$BB$3,0))","v":0},null,0,""]
["2022-10-30","30 OCTOBRE - 5 NOVEMBRE",{"$f":"INDEX(TABLES!$A$3:$BB$200,MATCH(MID(CELL(\"nomfichier\",A44),FIND(\"]\",CELL(\"nomfichier\",A44))+1,20),TABLES!$A$3:$A$200,0),MATCH((TEXT(A46+6,\"j mmmm\")&\" \"&B$2)*1,TABLES!$A$3:$BB$3,0))","v":0},null,0,""]
["2022-11-06","6 NOVEMBRE - 12 NOVEMBRE",{"$f":"INDEX(TABLES!$A$3:$BB$200,MATCH(MID(CELL(\"nomfichier\",A45),FIND(\"]\",CELL(\"nomfichier\",A45))+1,20),TABLES!$A$3:$A$200,0),MATCH((TEXT(A47+6,\"j mmmm\")&\" \"&B$2)*1,TABLES!$A$3:$BB$3,0))","v":0},null,0,""]
["2022-11-13","13 NOVEMBRE - 19 NOVEMBRE",{"$f":"INDEX(TABLES!$A$3:$BB$200,MATCH(MID(CELL(\"nomfichier\",A46),FIND(\"]\",CELL(\"nomfichier\",A46))+1,20),TABLES!$A$3:$A$200,0),MATCH((TEXT(A48+6,\"j mmmm\")&\" \"&B$2)*1,TABLES!$A$3:$BB$3,0))","v":0},null,0,""]
["2022-11-20","20 NOVEMBRE - 26 NOVEMBRE",{"$f":"INDEX(TABLES!$A$3:$BB$200,MATCH(MID(CELL(\"nomfichier\",A47),FIND(\"]\",CELL(\"nomfichier\",A47))+1,20),TABLES!$A$3:$A$200,0),MATCH((TEXT(A49+6,\"j mmmm\")&\" \"&B$2)*1,TABLES!$A$3:$BB$3,0))","v":0},null,0,""]
["2022-11-27","27 NOVEMBRE - 3 DÉCEMBRE",{"$f":"INDEX(TABLES!$A$3:$BB$200,MATCH(MID(CELL(\"nomfichier\",A48),FIND(\"]\",CELL(\"nomfichier\",A48))+1,20),TABLES!$A$3:$A$200,0),MATCH((TEXT(A50+6,\"j mmmm\")&\" \"&B$2)*1,TABLES!$A$3:$BB$3,0))","v":0},null,0,""]
["2022-12-04","4 DÉCEMBRE - 10 DÉCEMBRE",{"$f":"INDEX(TABLES!$A$3:$BB$200,MATCH(MID(CELL(\"nomfichier\",A49),FIND(\"]\",CELL(\"nomfichier\",A49))+1,20),TABLES!$A$3:$A$200,0),MATCH((TEXT(A51+6,\"j mmmm\")&\" \"&B$2)*1,TABLES!$A$3:$BB$3,0))","v":0},null,0,""]
["2022-12-11","11 DÉCEMBRE - 17 DÉCEMBRE",{"$f":"INDEX(TABLES!$A$3:$BB$200,MATCH(MID(CELL(\"nomfichier\",A50),FIND(\"]\",CELL(\"nomfichier\",A50))+1,20),TABLES!$A$3:$A$200,0),MATCH((TEXT(A52+6,\"j mmmm\")&\" \"&B$2)*1,TABLES!$A$3:$BB$3,0))","v":0},null,0,""]
["2022-12-18","18 DÉCEMBRE - 24 DÉCEMBRE",{"$f":"INDEX(TABLES!$A$3:$BB$200,MATCH(MID(CELL(\"nomfichier\",A51),FIND(\"]\",CELL(\"nomfichier\",A51))+1,20),TABLES!$A$3:$A$200,0),MATCH((TEXT(A53+6,\"j mmmm\")&\" \"&B$2)*1,TABLES!$A$3:$BB$3,0))","v":0},null,0,""]
["2022-12-25",{"$f":"UPPER(TEXT(A54,\"j mmmm\"))&\" - \"&UPPER(TEXT(A54+6,\"j mmmm\"))","v":"25 DÉCEMBRE - 31 DÉCEMBRE"},{"$f":"INDEX(TABLES!$A$3:$BB$200,MATCH(MID(CELL(\"nomfichier\",A52),FIND(\"]\",CELL(\"nomfichier\",A52))+1,20),TABLES!$A$3:$A$200,0),MATCH((TEXT(A54+6,\"j mmmm\")&\" \"&B$2)*1,TABLES!$A$3:$BB$3,0))","v":0},null,0,"",null,null,null,null," "]
[null,null,null,null,null,{"$f":"LOOKUP(9^9,F3:F54)","v":{"$error":"#N/A"}}]

{"sheet":"Bevis Tessier","index":5,"n_rows":55,"n_cols":11,"rows_kept":55,"cut":false,"hidden":false,"merged":[[0,0,1,0]]}
["Semaine commencant le","SEMAINES","HRS TRAVAILLÉES","HRS PAYÉES","DIFFÉRENCE","ACCUMULÉES","COMMENTAIRE 1","COMMENTAIRE 2"]
[null,2022,null,null,null,0]
[{"$f":"DATE($B$2,1,3)-WEEKDAY(DATE($B$2,1,3))+1","v":"2022-01-02"},{"$f":"UPPER(TEXT(A3,\"j mmmm\"))&\" - \"&UPPER(TEXT(A3+6,\"j mmmm\"))","v":"2 JANVIER - 8 JANVIER"},{"$f":"INDEX(TABLES!$A$3:$BB$200,MATCH(MID(CELL(\"nomfichier\",A1),FIND(\"]\",CELL(\"nomfichier\",A1))+1,20),TABLES!$A$3:$A$200,0),MATCH((TEXT(A3+6,\"j mmmm\")&\" \"&B$2)*1,TABLES!$A$3:$BB$3,0))","v":40},null,{"$f":"C3-D3","v":40},{"$f":"IF(AND(C3<>\"\",D3<>\"\"),E3+F2,\"\")","v":""}]
[{"$f":"A3+7","v":"2022-01-09"},{"$f":"UPPER(TEXT(A4,\"j mmmm\"))&\" - \"&UPPER(TEXT(A4+6,\"j mmmm\"))","v":"9 JANVIER - 15 JANVIER"},{"$f":"INDEX(TABLES!$A$3:$BB$200,MATCH(MID(CELL(\"nomfichier\",A2),FIND(\"]\",CELL(\"nomfichier\",A2))+1,20),TABLES!$A$3:$A$200,0),MATCH((TEXT(A4+6,\"j mmmm\")&\" \"&B$2)*1,TABLES!$A$3:$BB$3,0))","v":40},null,{"$f":"C4-D4","v":40},""]
[{"$f":"A4+7","v":"2022-01-16"},"16 JANVIER - 22 JANVIER",{"$f":"INDEX(TABLES!$A$3:$BB$200,MATCH(MID(CELL(\"nomfichier\",A3),FIND(\"]\",CELL(\"nomfichier\",A3))+1,20),TABLES!$A$3:$A$200,0),MATCH((TEXT(A5+6,\"j mmmm\")&\" \"&B$2)*1,TABLES!$A$3:$BB$3,0))","v":35},null,35,""]
["2022-01-23","23 JANVIER - 29 JANVIER",{"$f":"INDEX(TABLES!$A$3:$BB$200,MATCH(MID(CELL(\"nomfichier\",A4),FIND(\"]\",CELL(\"nomfichier\",A4))+1,20),TABLES!$A$3:$A$200,0),MATCH((TEXT(A6+6,\"j mmmm\")&\" \"&B$2)*1,TABLES!$A$3:$BB$3,0))","v":40},null,40,""]
["2022-01-30","30 JANVIER - 5 FÉVRIER",{"$f":"INDEX(TABLES!$A$3:$BB$200,MATCH(MID(CELL(\"nomfichier\",A5),FIND(\"]\",CELL(\"nomfichier\",A5))+1,20),TABLES!$A$3:$A$200,0),MATCH((TEXT(A7+6,\"j mmmm\")&\" \"&B$2)*1,TABLES!$A$3:$BB$3,0))","v":32},null,32,""]
["2022-02-06","6 FÉVRIER - 12 FÉVRIER",{"$f":"INDEX(TABLES!$A$3:$BB$200,MATCH(MID(CELL(\"nomfichier\",A6),FIND(\"]\",CELL(\"nomfichier\",A6))+1,20),TABLES!$A$3:$A$200,0),MATCH((TEXT(A8+6,\"j mmmm\")&\" \"&B$2)*1,TABLES!$A$3:$BB$3,0))","v":41},null,41,""]
["2022-02-13","13 FÉVRIER - 19 FÉVRIER",{"$f":"INDEX(TABLES!$A$3:$BB$200,MATCH(MID(CELL(\"nomfichier\",A7),FIND(\"]\",CELL(\"nomfichier\",A7))+1,20),TABLES!$A$3:$A$200,0),MATCH((TEXT(A9+6,\"j mmmm\")&\" \"&B$2)*1,TABLES!$A$3:$BB$3,0))","v":0},null,0,""]
["2022-02-20","20 FÉVRIER - 26 FÉVRIER",{"$f":"INDEX(TABLES!$A$3:$BB$200,MATCH(MID(CELL(\"nomfichier\",A8),FIND(\"]\",CELL(\"nomfichier\",A8))+1,20),TABLES!$A$3:$A$200,0),MATCH((TEXT(A10+6,\"j mmmm\")&\" \"&B$2)*1,TABLES!$A$3:$BB$3,0))","v":0},null,0,""]
["2022-02-27","27 FÉVRIER - 5 MARS",{"$f":"INDEX(TABLES!$A$3:$BB$200,MATCH(MID(CELL(\"nomfichier\",A9),FIND(\"]\",CELL(\"nomfichier\",A9))+1,20),TABLES!$A$3:$A$200,0),MATCH((TEXT(A11+6,\"j mmmm\")&\" \"&B$2)*1,TABLES!$A$3:$BB$3,0))","v":0},null,0,""]
["2022-03-06","6 MARS - 12 MARS",{"$f":"INDEX(TABLES!$A$3:$BB$200,MATCH(MID(CELL(\"nomfichier\",A10),FIND(\"]\",CELL(\"nomfichier\",A10))+1,20),TABLES!$A$3:$A$200,0),MATCH((TEXT(A12+6,\"j mmmm\")&\" \"&B$2)*1,TABLES!$A$3:$BB$3,0))","v":0},null,0,""]
["2022-03-13","13 MARS - 19 MARS",{"$f":"INDEX(TABLES!$A$3:$BB$200,MATCH(MID(CELL(\"nomfichier\",A11),FIND(\"]\",CELL(\"nomfichier\",A11))+1,20),TABLES!$A$3:$A$200,0),MATCH((TEXT(A13+6,\"j mmmm\")&\" \"&B$2)*1,TABLES!$A$3:$BB$3,0))","v":0},null,0,""]
["2022-03-20","20 MARS - 26 MARS",{"$f":"INDEX(TABLES!$A$3:$BB$200,MATCH(MID(CELL(\"nomfichier\",A12),FIND(\"]\",CELL(\"nomfichier\",A12))+1,20),TABLES!$A$3:$A$200,0),MATCH((TEXT(A14+6,\"j mmmm\")&\" \"&B$2)*1,TABLES!$A$3:$BB$3,0))","v":0},null,0,""]
["2022-03-27","27 MARS - 2 AVRIL",{"$f":"INDEX(TABLES!$A$3:$BB$200,MATCH(MID(CELL(\"nomfichier\",A13),FIND(\"]\",CELL(\"nomfichier\",A13))+1,20),TABLES!$A$3:$A$200,0),MATCH((TEXT(A15+6,\"j mmmm\")&\" \"&B$2)*1,TABLES!$A$3:$BB$3,0))","v":0},null,0,""]
["2022-04-03","3 AVRIL - 9 AVRIL",{"$f":"INDEX(TABLES!$A$3:$BB$200,MATCH(MID(CELL(\"nomfichier\",A14),FIND(\"]\",CELL(\"nomfichier\",A14))+1,20),TABLES!$A$3:$A$200,0),MATCH((TEXT(A16+6,\"j mmmm\")&\" \"&B$2)*1,TABLES!$A$3:$BB$3,0))","v":0},null,0,""]
["2022-04-10","10 AVRIL - 16 AVRIL",{"$f":"INDEX(TABLES!$A$3:$BB$200,MATCH(MID(CELL(\"nomfichier\",A15),FIND(\"]\",CELL(\"nomfichier\",A15))+1,20),TABLES!$A$3:$A$200,0),MATCH((TEXT(A17+6,\"j mmmm\")&\" \"&B$2)*1,TABLES!$A$3:$BB$3,0))","v":0},null,0,""]
["2022-04-17","17 AVRIL - 23 AVRIL",{"$f":"INDEX(TABLES!$A$3:$BB$200,MATCH(MID(CELL(\"nomfichier\",A16),FIND(\"]\",CELL(\"nomfichier\",A16))+1,20),TABLES!$A$3:$A$200,0),MATCH((TEXT(A18+6,\"j mmmm\")&\" \"&B$2)*1,TABLES!$A$3:$BB$3,0))","v":0},null,0,""]
["2022-04-24","24 AVRIL - 30 AVRIL",{"$f":"INDEX(TABLES!$A$3:$BB$200,MATCH(MID(CELL(\"nomfichier\",A17),FIND(\"]\",CELL(\"nomfichier\",A17))+1,20),TABLES!$A$3:$A$200,0),MATCH((TEXT(A19+6,\"j mmmm\")&\" \"&B$2)*1,TABLES!$A$3:$BB$3,0))","v":0},null,0,""]
["2022-05-01","1 MAI - 7 MAI",{"$f":"INDEX(TABLES!$A$3:$BB$200,MATCH(MID(CELL(\"nomfichier\",A18),FIND(\"]\",CELL(\"nomfichier\",A18))+1,20),TABLES!$A$3:$A$200,0),MATCH((TEXT(A20+6,\"j mmmm\")&\" \"&B$2)*1,TABLES!$A$3:$BB$3,0))","v":0},null,0,""]
["2022-05-08","8 MAI - 14 MAI",{"$f":"INDEX(TABLES!$A$3:$BB$200,MATCH(MID(CELL(\"nomfichier\",A19),FIND(\"]\",CELL(\"nomfichier\",A19))+1,20),TABLES!$A$3:$A$200,0),MATCH((TEXT(A21+6,\"j mmmm\")&\" \"&B$2)*1,TABLES!$A$3:$BB$3,0))","v":0},null,0,""]
["2022-05-15","15 MAI - 21 MAI",{"$f":"INDEX(TABLES!$A$3:$BB$200,MATCH(MID(CELL(\"nomfichier\",A20),FIND(\"]\",CELL(\"nomfichier\",A20))+1,20),TABLES!$A$3:$A$200,0),MATCH((TEXT(A22+6,\"j mmmm\")&\" \"&B$2)*1,TABLES!$A$3:$BB$3,0))","v":0},null,0,""]
["2022-05-22","22 MAI - 28 MAI",{"$f":"INDEX(TABLES!$A$3:$BB$200,MATCH(MID(CELL(\"nomfichier\",A21),FIND(\"]\",CELL(\"nomfichier\",A21))+1,20),TABLES!$A$3:$A$200,0),MATCH((TEXT(A23+6,\"j mmmm\")&\" \"&B$2)*1,TABLES!$A$3:$BB$3,0))","v":0},null,0,""]
["2022-05-29","29 MAI - 4 JUIN",{"$f":"INDEX(TABLES!$A$3:$BB$200,MATCH(MID(CELL(\"nomfichier\",A22),FIND(\"]\",CELL(\"nomfichier\",A22))+1,20),TABLES!$A$3:$A$200,0),MATCH((TEXT(A24+6,\"j mmmm\")&\" \"&B$2)*1,TABLES!$A$3:$BB$3,0))","v":0},null,0,""]
["2022-06-05","5 JUIN - 11 JUIN",{"$f":"INDEX(TABLES!$A$3:$BB$200,MATCH(MID(CELL(\"nomfichier\",A23),FIND(\"]\",CELL(\"nomfichier\",A23))+1,20),TABLES!$A$3:$A$200,0),MATCH((TEXT(A25+6,\"j mmmm\")&\" \"&B$2)*1,TABLES!$A$3:$BB$3,0))","v":0},null,0,"",null,null,null,null," "]
["2022-06-12","12 JUIN - 18 JUIN",{"$f":"INDEX(TABLES!$A$3:$BB$200,MATCH(MID(CELL(\"nomfichier\",A24),FIND(\"]\",CELL(\"nomfichier\",A24))+1,20),TABLES!$A$3:$A$200,0),MATCH((TEXT(A26+6,\"j mmmm\")&\" \"&B$2)*1,TABLES!$A$3:$BB$3,0))","v":0},null,0,""]
["2022-06-19","19 JUIN - 25 JUIN",{"$f":"INDEX(TABLES!$A$3:$BB$200,MATCH(MID(CELL(\"nomfichier\",A25),FIND(\"]\",CELL(\"nomfichier\",A25))+1,20),TABLES!$A$3:$A$200,0),MATCH((TEXT(A27+6,\"j mmmm\")&\" \"&B$2)*1,TABLES!$A$3:$BB$3,0))","v":0},null,0,""]
["2022-06-26","26 JUIN - 2 JUILLET",{"$f":"INDEX(TABLES!$A$3:$BB$200,MATCH(MID(CELL(\"nomfichier\",A26),FIND(\"]\",CELL(\"nomfichier\",A26))+1,20),TABLES!$A$3:$A$200,0),MATCH((TEXT(A28+6,\"j mmmm\")&\" \"&B$2)*1,TABLES!$A$3:$BB$3,0))","v":0},null,0,""]
["2022-07-03","3 JUILLET - 9 JUILLET",{"$f":"INDEX(TABLES!$A$3:$BB$200,MATCH(MID(CELL(\"nomfichier\",A27),FIND(\"]\",CELL(\"nomfichier\",A27))+1,20),TABLES!$A$3:$A$200,0),MATCH((TEXT(A29+6,\"j mmmm\")&\" \"&B$2)*1,TABLES!$A$3:$BB$3,0))","v":0},null,0,""]
["2022-07-10","10 JUILLET - 16 JUILLET",{"$f":"INDEX(TABLES!$A$3:$BB$200,MATCH(MID(CELL(\"nomfichier\",A28),FIND(\"]\",CELL(\"nomfichier\",A28))+1,20),TABLES!$A$3:$A$200,0),MATCH((TEXT(A30+6,\"j mmmm\")&\" \"&B$2)*1,TABLES!$A$3:$BB$3,0))","v":0},null,0,""]
["2022-07-17","17 JUILLET - 23 JUILLET",{"$f":"INDEX(TABLES!$A$3:$BB$200,MATCH(MID(CELL(\"nomfichier\",A29),FIND(\"]\",CELL(\"nomfichier\",A29))+1,20),TABLES!$A$3:$A$200,0),MATCH((TEXT(A31+6,\"j mmmm\")&\" \"&B$2)*1,TABLES!$A$3:$BB$3,0))","v":0},null,0,""]
["2022-07-24","24 JUILLET - 30 JUILLET",{"$f":"INDEX(TABLES!$A$3:$BB$200,MATCH(MID(CELL(\"nomfichier\",A30),FIND(\"]\",CELL(\"nomfichier\",A30))+1,20),TABLES!$A$3:$A$200,0),MATCH((TEXT(A32+6,\"j mmmm\")&\" \"&B$2)*1,TABLES!$A$3:$BB$3,0))","v":0},null,0,""]
["2022-07-31","31 JUILLET - 6 AOÛT",{"$f":"INDEX(TABLES!$A$3:$BB$200,MATCH(MID(CELL(\"nomfichier\",A31),FIND(\"]\",CELL(\"nomfichier\",A31))+1,20),TABLES!$A$3:$A$200,0),MATCH((TEXT(A33+6,\"j mmmm\")&\" \"&B$2)*1,TABLES!$A$3:$BB$3,0))","v":0},null,0,""]
["2022-08-07","7 AOÛT - 13 AOÛT",{"$f":"INDEX(TABLES!$A$3:$BB$200,MATCH(MID(CELL(\"nomfichier\",A32),FIND(\"]\",CELL(\"nomfichier\",A32))+1,20),TABLES!$A$3:$A$200,0),MATCH((TEXT(A34+6,\"j mmmm\")&\" \"&B$2)*1,TABLES!$A$3:$BB$3,0))","v":0},null,0,""]
["2022-08-14","14 AOÛT - 20 AOÛT",{"$f":"INDEX(TABLES!$A$3:$BB$200,MATCH(MID(CELL(\"nomfichier\",A33),FIND(\"]\",CELL(\"nomfichier\",A33))+1,20),TABLES!$A$3:$A$200,0),MATCH((TEXT(A35+6,\"j mmmm\")&\" \"&B$2)*1,TABLES!$A$3:$BB$3,0))","v":0},null,0,""]
["2022-08-21","21 AOÛT - 27 AOÛT",{"$f":"INDEX(TABLES!$A$3:$BB$200,MATCH(MID(CELL(\"nomfichier\",A34),FIND(\"]\",CELL(\"nomfichier\",A34))+1,20),TABLES!$A$3:$A$200,0),MATCH((TEXT(A36+6,\"j mmmm\")&\" \"&B$2)*1,TABLES!$A$3:$BB$3,0))","v":0},null,0,""]
["2022-08-28","28 AOÛT - 3 SEPTEMBRE",{"$f":"INDEX(TABLES!$A$3:$BB$200,MATCH(MID(CELL(\"nomfichier\",A35),FIND(\"]\",CELL(\"nomfichier\",A35))+1,20),TABLES!$A$3:$A$200,0),MATCH((TEXT(A37+6,\"j mmmm\")&\" \"&B$2)*1,TABLES!$A$3:$BB$3,0))","v":0},null,0,""]
["2022-09-04","4 SEPTEMBRE - 10 SEPTEMBRE",{"$f":"INDEX(TABLES!$A$3:$BB$200,MATCH(MID(CELL(\"nomfichier\",A36),FIND(\"]\",CELL(\"nomfichier\",A36))+1,20),TABLES!$A$3:$A$200,0),MATCH((TEXT(A38+6,\"j mmmm\")&\" \"&B$2)*1,TABLES!$A$3:$BB$3,0))","v":0},null,0,""]
["2022-09-11","11 SEPTEMBRE - 17 SEPTEMBRE",{"$f":"INDEX(TABLES!$A$3:$BB$200,MATCH(MID(CELL(\"nomfichier\",A37),FIND(\"]\",CELL(\"nomfichier\",A37))+1,20),TABLES!$A$3:$A$200,0),MATCH((TEXT(A39+6,\"j mmmm\")&\" \"&B$2)*1,TABLES!$A$3:$BB$3,0))","v":0},null,0,"",null,null,null,null," "]
["2022-09-18","18 SEPTEMBRE - 24 SEPTEMBRE",{"$f":"INDEX(TABLES!$A$3:$BB$200,MATCH(MID(CELL(\"nomfichier\",A38),FIND(\"]\",CELL(\"nomfichier\",A38))+1,20),TABLES!$A$3:$A$200,0),MATCH((TEXT(A40+6,\"j mmmm\")&\" \"&B$2)*1,TABLES!$A$3:$BB$3,0))","v":0},null,0,""]
["2022-09-25","25 SEPTEMBRE - 1 OCTOBRE",{"$f":"INDEX(TABLES!$A$3:$BB$200,MATCH(MID(CELL(\"nomfichier\",A39),FIND(\"]\",CELL(\"nomfichier\",A39))+1,20),TABLES!$A$3:$A$200,0),MATCH((TEXT(A41+6,\"j mmmm\")&\" \"&B$2)*1,TABLES!$A$3:$BB$3,0))","v":0},null,0,""]
["2022-10-02","2 OCTOBRE - 8 OCTOBRE",{"$f":"INDEX(TABLES!$A$3:$BB$200,MATCH(MID(CELL(\"nomfichier\",A40),FIND(\"]\",CELL(\"nomfichier\",A40))+1,20),TABLES!$A$3:$A$200,0),MATCH((TEXT(A42+6,\"j mmmm\")&\" \"&B$2)*1,TABLES!$A$3:$BB$3,0))","v":0},null,0,""]
["2022-10-09","9 OCTOBRE - 15 OCTOBRE",{"$f":"INDEX(TABLES!$A$3:$BB$200,MATCH(MID(CELL(\"nomfichier\",A41),FIND(\"]\",CELL(\"nomfichier\",A41))+1,20),TABLES!$A$3:$A$200,0),MATCH((TEXT(A43+6,\"j mmmm\")&\" \"&B$2)*1,TABLES!$A$3:$BB$3,0))","v":0},null,0,""]
["2022-10-16","16 OCTOBRE - 22 OCTOBRE",{"$f":"INDEX(TABLES!$A$3:$BB$200,MATCH(MID(CELL(\"nomfichier\",A42),FIND(\"]\",CELL(\"nomfichier\",A42))+1,20),TABLES!$A$3:$A$200,0),MATCH((TEXT(A44+6,\"j mmmm\")&\" \"&B$2)*1,TABLES!$A$3:$BB$3,0))","v":0},null,0,""]
["2022-10-23","23 OCTOBRE - 29 OCTOBRE",{"$f":"INDEX(TABLES!$A$3:$BB$200,MATCH(MID(CELL(\"nomfichier\",A43),FIND(\"]\",CELL(\"nomfichier\",A43))+1,20),TABLES!$A$3:$A$200,0),MATCH((TEXT(A45+6,\"j mmmm\")&\" \"&B$2)*1,TABLES!$A$3:$BB$3,0))","v":0},null,0,""]
["2022-10-30","30 OCTOBRE - 5 NOVEMBRE",{"$f":"INDEX(TABLES!$A$3:$BB$200,MATCH(MID(CELL(\"nomfichier\",A44),FIND(\"]\",CELL(\"nomfichier\",A44))+1,20),TABLES!$A$3:$A$200,0),MATCH((TEXT(A46+6,\"j mmmm\")&\" \"&B$2)*1,TABLES!$A$3:$BB$3,0))","v":0},null,0,""]
["2022-11-06","6 NOVEMBRE - 12 NOVEMBRE",{"$f":"INDEX(TABLES!$A$3:$BB$200,MATCH(MID(CELL(\"nomfichier\",A45),FIND(\"]\",CELL(\"nomfichier\",A45))+1,20),TABLES!$A$3:$A$200,0),MATCH((TEXT(A47+6,\"j mmmm\")&\" \"&B$2)*1,TABLES!$A$3:$BB$3,0))","v":0},null,0,""]
["2022-11-13","13 NOVEMBRE - 19 NOVEMBRE",{"$f":"INDEX(TABLES!$A$3:$BB$200,MATCH(MID(CELL(\"nomfichier\",A46),FIND(\"]\",CELL(\"nomfichier\",A46))+1,20),TABLES!$A$3:$A$200,0),MATCH((TEXT(A48+6,\"j mmmm\")&\" \"&B$2)*1,TABLES!$A$3:$BB$3,0))","v":0},null,0,""]
["2022-11-20","20 NOVEMBRE - 26 NOVEMBRE",{"$f":"INDEX(TABLES!$A$3:$BB$200,MATCH(MID(CELL(\"nomfichier\",A47),FIND(\"]\",CELL(\"nomfichier\",A47))+1,20),TABLES!$A$3:$A$200,0),MATCH((TEXT(A49+6,\"j mmmm\")&\" \"&B$2)*1,TABLES!$A$3:$BB$3,0))","v":0},null,0,""]
["2022-11-27","27 NOVEMBRE - 3 DÉCEMBRE",{"$f":"INDEX(TABLES!$A$3:$BB$200,MATCH(MID(CELL(\"nomfichier\",A48),FIND(\"]\",CELL(\"nomfichier\",A48))+1,20),TABLES!$A$3:$A$200,0),MATCH((TEXT(A50+6,\"j mmmm\")&\" \"&B$2)*1,TABLES!$A$3:$BB$3,0))","v":0},null,0,""]
["2022-12-04","4 DÉCEMBRE - 10 DÉCEMBRE",{"$f":"INDEX(TABLES!$A$3:$BB$200,MATCH(MID(CELL(\"nomfichier\",A49),FIND(\"]\",CELL(\"nomfichier\",A49))+1,20),TABLES!$A$3:$A$200,0),MATCH((TEXT(A51+6,\"j mmmm\")&\" \"&B$2)*1,TABLES!$A$3:$BB$3,0))","v":0},null,0,""]
["2022-12-11","11 DÉCEMBRE - 17 DÉCEMBRE",{"$f":"INDEX(TABLES!$A$3:$BB$200,MATCH(MID(CELL(\"nomfichier\",A50),FIND(\"]\",CELL(\"nomfichier\",A50))+1,20),TABLES!$A$3:$A$200,0),MATCH((TEXT(A52+6,\"j mmmm\")&\" \"&B$2)*1,TABLES!$A$3:$BB$3,0))","v":0},null,0,""]
["2022-12-18","18 DÉCEMBRE - 24 DÉCEMBRE",{"$f":"INDEX(TABLES!$A$3:$BB$200,MATCH(MID(CELL(\"nomfichier\",A51),FIND(\"]\",CELL(\"nomfichier\",A51))+1,20),TABLES!$A$3:$A$200,0),MATCH((TEXT(A53+6,\"j mmmm\")&\" \"&B$2)*1,TABLES!$A$3:$BB$3,0))","v":0},null,0,""]
["2022-12-25",{"$f":"UPPER(TEXT(A54,\"j mmmm\"))&\" - \"&UPPER(TEXT(A54+6,\"j mmmm\"))","v":"25 DÉCEMBRE - 31 DÉCEMBRE"},{"$f":"INDEX(TABLES!$A$3:$BB$200,MATCH(MID(CELL(\"nomfichier\",A52),FIND(\"]\",CELL(\"nomfichier\",A52))+1,20),TABLES!$A$3:$A$200,0),MATCH((TEXT(A54+6,\"j mmmm\")&\" \"&B$2)*1,TABLES!$A$3:$BB$3,0))","v":0},null,0,"",null,null,null,null," "]
[null,null,null,null,null,{"$f":"LOOKUP(9^9,F3:F54)","v":{"$error":"#N/A"}}]

{"sheet":"Byron Daviau","index":6,"n_rows":55,"n_cols":11,"rows_kept":55,"cut":false,"hidden":false,"merged":[[0,0,1,0]]}
["Semaine commencant le","SEMAINES","HRS TRAVAILLÉES","HRS PAYÉES","DIFFÉRENCE","ACCUMULÉES","COMMENTAIRE 1","COMMENTAIRE 2"]
[null,2022,null,null,null,0]
[{"$f":"DATE($B$2,1,3)-WEEKDAY(DATE($B$2,1,3))+1","v":"2022-01-02"},{"$f":"UPPER(TEXT(A3,\"j mmmm\"))&\" - \"&UPPER(TEXT(A3+6,\"j mmmm\"))","v":"2 JANVIER - 8 JANVIER"},{"$f":"INDEX(TABLES!$A$3:$BB$200,MATCH(MID(CELL(\"nomfichier\",A1),FIND(\"]\",CELL(\"nomfichier\",A1))+1,20),TABLES!$A$3:$A$200,0),MATCH((TEXT(A3+6,\"j mmmm\")&\" \"&B$2)*1,TABLES!$A$3:$BB$3,0))","v":40},null,{"$f":"C3-D3","v":40},{"$f":"IF(AND(C3<>\"\",D3<>\"\"),E3+F2,\"\")","v":""}]
[{"$f":"A3+7","v":"2022-01-09"},{"$f":"UPPER(TEXT(A4,\"j mmmm\"))&\" - \"&UPPER(TEXT(A4+6,\"j mmmm\"))","v":"9 JANVIER - 15 JANVIER"},{"$f":"INDEX(TABLES!$A$3:$BB$200,MATCH(MID(CELL(\"nomfichier\",A2),FIND(\"]\",CELL(\"nomfichier\",A2))+1,20),TABLES!$A$3:$A$200,0),MATCH((TEXT(A4+6,\"j mmmm\")&\" \"&B$2)*1,TABLES!$A$3:$BB$3,0))","v":40},null,{"$f":"C4-D4","v":40},""]
[{"$f":"A4+7","v":"2022-01-16"},"16 JANVIER - 22 JANVIER",{"$f":"INDEX(TABLES!$A$3:$BB$200,MATCH(MID(CELL(\"nomfichier\",A3),FIND(\"]\",CELL(\"nomfichier\",A3))+1,20),TABLES!$A$3:$A$200,0),MATCH((TEXT(A5+6,\"j mmmm\")&\" \"&B$2)*1,TABLES!$A$3:$BB$3,0))","v":32},null,32,""]
["2022-01-23","23 JANVIER - 29 JANVIER",{"$f":"INDEX(TABLES!$A$3:$BB$200,MATCH(MID(CELL(\"nomfichier\",A4),FIND(\"]\",CELL(\"nomfichier\",A4))+1,20),TABLES!$A$3:$A$200,0),MATCH((TEXT(A6+6,\"j mmmm\")&\" \"&B$2)*1,TABLES!$A$3:$BB$3,0))","v":40},null,40,""]
["2022-01-30","30 JANVIER - 5 FÉVRIER",{"$f":"INDEX(TABLES!$A$3:$BB$200,MATCH(MID(CELL(\"nomfichier\",A5),FIND(\"]\",CELL(\"nomfichier\",A5))+1,20),TABLES!$A$3:$A$200,0),MATCH((TEXT(A7+6,\"j mmmm\")&\" \"&B$2)*1,TABLES!$A$3:$BB$3,0))","v":8},null,8,""]
["2022-02-06","6 FÉVRIER - 12 FÉVRIER",{"$f":"INDEX(TABLES!$A$3:$BB$200,MATCH(MID(CELL(\"nomfichier\",A6),FIND(\"]\",CELL(\"nomfichier\",A6))+1,20),TABLES!$A$3:$A$200,0),MATCH((TEXT(A8+6,\"j mmmm\")&\" \"&B$2)*1,TABLES!$A$3:$BB$3,0))","v":32},null,32,""]
["2022-02-13","13 FÉVRIER - 19 FÉVRIER",{"$f":"INDEX(TABLES!$A$3:$BB$200,MATCH(MID(CELL(\"nomfichier\",A7),FIND(\"]\",CELL(\"nomfichier\",A7))+1,20),TABLES!$A$3:$A$200,0),MATCH((TEXT(A9+6,\"j mmmm\")&\" \"&B$2)*1,TABLES!$A$3:$BB$3,0))","v":0},null,0,""]
["2022-02-20","20 FÉVRIER - 26 FÉVRIER",{"$f":"INDEX(TABLES!$A$3:$BB$200,MATCH(MID(CELL(\"nomfichier\",A8),FIND(\"]\",CELL(\"nomfichier\",A8))+1,20),TABLES!$A$3:$A$200,0),MATCH((TEXT(A10+6,\"j mmmm\")&\" \"&B$2)*1,TABLES!$A$3:$BB$3,0))","v":0},null,0,""]
["2022-02-27","27 FÉVRIER - 5 MARS",{"$f":"INDEX(TABLES!$A$3:$BB$200,MATCH(MID(CELL(\"nomfichier\",A9),FIND(\"]\",CELL(\"nomfichier\",A9))+1,20),TABLES!$A$3:$A$200,0),MATCH((TEXT(A11+6,\"j mmmm\")&\" \"&B$2)*1,TABLES!$A$3:$BB$3,0))","v":0},null,0,""]
["2022-03-06","6 MARS - 12 MARS",{"$f":"INDEX(TABLES!$A$3:$BB$200,MATCH(MID(CELL(\"nomfichier\",A10),FIND(\"]\",CELL(\"nomfichier\",A10))+1,20),TABLES!$A$3:$A$200,0),MATCH((TEXT(A12+6,\"j mmmm\")&\" \"&B$2)*1,TABLES!$A$3:$BB$3,0))","v":0},null,0,""]
["2022-03-13","13 MARS - 19 MARS",{"$f":"INDEX(TABLES!$A$3:$BB$200,MATCH(MID(CELL(\"nomfichier\",A11),FIND(\"]\",CELL(\"nomfichier\",A11))+1,20),TABLES!$A$3:$A$200,0),MATCH((TEXT(A13+6,\"j mmmm\")&\" \"&B$2)*1,TABLES!$A$3:$BB$3,0))","v":0},null,0,""]
["2022-03-20","20 MARS - 26 MARS",{"$f":"INDEX(TABLES!$A$3:$BB$200,MATCH(MID(CELL(\"nomfichier\",A12),FIND(\"]\",CELL(\"nomfichier\",A12))+1,20),TABLES!$A$3:$A$200,0),MATCH((TEXT(A14+6,\"j mmmm\")&\" \"&B$2)*1,TABLES!$A$3:$BB$3,0))","v":0},null,0,""]
["2022-03-27","27 MARS - 2 AVRIL",{"$f":"INDEX(TABLES!$A$3:$BB$200,MATCH(MID(CELL(\"nomfichier\",A13),FIND(\"]\",CELL(\"nomfichier\",A13))+1,20),TABLES!$A$3:$A$200,0),MATCH((TEXT(A15+6,\"j mmmm\")&\" \"&B$2)*1,TABLES!$A$3:$BB$3,0))","v":0},null,0,""]
["2022-04-03","3 AVRIL - 9 AVRIL",{"$f":"INDEX(TABLES!$A$3:$BB$200,MATCH(MID(CELL(\"nomfichier\",A14),FIND(\"]\",CELL(\"nomfichier\",A14))+1,20),TABLES!$A$3:$A$200,0),MATCH((TEXT(A16+6,\"j mmmm\")&\" \"&B$2)*1,TABLES!$A$3:$BB$3,0))","v":0},null,0,""]
["2022-04-10","10 AVRIL - 16 AVRIL",{"$f":"INDEX(TABLES!$A$3:$BB$200,MATCH(MID(CELL(\"nomfichier\",A15),FIND(\"]\",CELL(\"nomfichier\",A15))+1,20),TABLES!$A$3:$A$200,0),MATCH((TEXT(A17+6,\"j mmmm\")&\" \"&B$2)*1,TABLES!$A$3:$BB$3,0))","v":0},null,0,""]
["2022-04-17","17 AVRIL - 23 AVRIL",{"$f":"INDEX(TABLES!$A$3:$BB$200,MATCH(MID(CELL(\"nomfichier\",A16),FIND(\"]\",CELL(\"nomfichier\",A16))+1,20),TABLES!$A$3:$A$200,0),MATCH((TEXT(A18+6,\"j mmmm\")&\" \"&B$2)*1,TABLES!$A$3:$BB$3,0))","v":0},null,0,""]
["2022-04-24","24 AVRIL - 30 AVRIL",{"$f":"INDEX(TABLES!$A$3:$BB$200,MATCH(MID(CELL(\"nomfichier\",A17),FIND(\"]\",CELL(\"nomfichier\",A17))+1,20),TABLES!$A$3:$A$200,0),MATCH((TEXT(A19+6,\"j mmmm\")&\" \"&B$2)*1,TABLES!$A$3:$BB$3,0))","v":0},null,0,""]
["2022-05-01","1 MAI - 7 MAI",{"$f":"INDEX(TABLES!$A$3:$BB$200,MATCH(MID(CELL(\"nomfichier\",A18),FIND(\"]\",CELL(\"nomfichier\",A18))+1,20),TABLES!$A$3:$A$200,0),MATCH((TEXT(A20+6,\"j mmmm\")&\" \"&B$2)*1,TABLES!$A$3:$BB$3,0))","v":0},null,0,""]
["2022-05-08","8 MAI - 14 MAI",{"$f":"INDEX(TABLES!$A$3:$BB$200,MATCH(MID(CELL(\"nomfichier\",A19),FIND(\"]\",CELL(\"nomfichier\",A19))+1,20),TABLES!$A$3:$A$200,0),MATCH((TEXT(A21+6,\"j mmmm\")&\" \"&B$2)*1,TABLES!$A$3:$BB$3,0))","v":0},null,0,""]
["2022-05-15","15 MAI - 21 MAI",{"$f":"INDEX(TABLES!$A$3:$BB$200,MATCH(MID(CELL(\"nomfichier\",A20),FIND(\"]\",CELL(\"nomfichier\",A20))+1,20),TABLES!$A$3:$A$200,0),MATCH((TEXT(A22+6,\"j mmmm\")&\" \"&B$2)*1,TABLES!$A$3:$BB$3,0))","v":0},null,0,""]
["2022-05-22","22 MAI - 28 MAI",{"$f":"INDEX(TABLES!$A$3:$BB$200,MATCH(MID(CELL(\"nomfichier\",A21),FIND(\"]\",CELL(\"nomfichier\",A21))+1,20),TABLES!$A$3:$A$200,0),MATCH((TEXT(A23+6,\"j mmmm\")&\" \"&B$2)*1,TABLES!$A$3:$BB$3,0))","v":0},null,0,""]
["2022-05-29","29 MAI - 4 JUIN",{"$f":"INDEX(TABLES!$A$3:$BB$200,MATCH(MID(CELL(\"nomfichier\",A22),FIND(\"]\",CELL(\"nomfichier\",A22))+1,20),TABLES!$A$3:$A$200,0),MATCH((TEXT(A24+6,\"j mmmm\")&\" \"&B$2)*1,TABLES!$A$3:$BB$3,0))","v":0},null,0,""]
["2022-06-05","5 JUIN - 11 JUIN",{"$f":"INDEX(TABLES!$A$3:$BB$200,MATCH(MID(CELL(\"nomfichier\",A23),FIND(\"]\",CELL(\"nomfichier\",A23))+1,20),TABLES!$A$3:$A$200,0),MATCH((TEXT(A25+6,\"j mmmm\")&\" \"&B$2)*1,TABLES!$A$3:$BB$3,0))","v":0},null,0,"",null,null,null,null," "]
["2022-06-12","12 JUIN - 18 JUIN",{"$f":"INDEX(TABLES!$A$3:$BB$200,MATCH(MID(CELL(\"nomfichier\",A24),FIND(\"]\",CELL(\"nomfichier\",A24))+1,20),TABLES!$A$3:$A$200,0),MATCH((TEXT(A26+6,\"j mmmm\")&\" \"&B$2)*1,TABLES!$A$3:$BB$3,0))","v":0},null,0,""]
["2022-06-19","19 JUIN - 25 JUIN",{"$f":"INDEX(TABLES!$A$3:$BB$200,MATCH(MID(CELL(\"nomfichier\",A25),FIND(\"]\",CELL(\"nomfichier\",A25))+1,20),TABLES!$A$3:$A$200,0),MATCH((TEXT(A27+6,\"j mmmm\")&\" \"&B$2)*1,TABLES!$A$3:$BB$3,0))","v":0},null,0,""]
["2022-06-26","26 JUIN - 2 JUILLET",{"$f":"INDEX(TABLES!$A$3:$BB$200,MATCH(MID(CELL(\"nomfichier\",A26),FIND(\"]\",CELL(\"nomfichier\",A26))+1,20),TABLES!$A$3:$A$200,0),MATCH((TEXT(A28+6,\"j mmmm\")&\" \"&B$2)*1,TABLES!$A$3:$BB$3,0))","v":0},null,0,""]
["2022-07-03","3 JUILLET - 9 JUILLET",{"$f":"INDEX(TABLES!$A$3:$BB$200,MATCH(MID(CELL(\"nomfichier\",A27),FIND(\"]\",CELL(\"nomfichier\",A27))+1,20),TABLES!$A$3:$A$200,0),MATCH((TEXT(A29+6,\"j mmmm\")&\" \"&B$2)*1,TABLES!$A$3:$BB$3,0))","v":0},null,0,""]
["2022-07-10","10 JUILLET - 16 JUILLET",{"$f":"INDEX(TABLES!$A$3:$BB$200,MATCH(MID(CELL(\"nomfichier\",A28),FIND(\"]\",CELL(\"nomfichier\",A28))+1,20),TABLES!$A$3:$A$200,0),MATCH((TEXT(A30+6,\"j mmmm\")&\" \"&B$2)*1,TABLES!$A$3:$BB$3,0))","v":0},null,0,""]
["2022-07-17","17 JUILLET - 23 JUILLET",{"$f":"INDEX(TABLES!$A$3:$BB$200,MATCH(MID(CELL(\"nomfichier\",A29),FIND(\"]\",CELL(\"nomfichier\",A29))+1,20),TABLES!$A$3:$A$200,0),MATCH((TEXT(A31+6,\"j mmmm\")&\" \"&B$2)*1,TABLES!$A$3:$BB$3,0))","v":0},null,0,""]
["2022-07-24","24 JUILLET - 30 JUILLET",{"$f":"INDEX(TABLES!$A$3:$BB$200,MATCH(MID(CELL(\"nomfichier\",A30),FIND(\"]\",CELL(\"nomfichier\",A30))+1,20),TABLES!$A$3:$A$200,0),MATCH((TEXT(A32+6,\"j mmmm\")&\" \"&B$2)*1,TABLES!$A$3:$BB$3,0))","v":0},null,0,""]
["2022-07-31","31 JUILLET - 6 AOÛT",{"$f":"INDEX(TABLES!$A$3:$BB$200,MATCH(MID(CELL(\"nomfichier\",A31),FIND(\"]\",CELL(\"nomfichier\",A31))+1,20),TABLES!$A$3:$A$200,0),MATCH((TEXT(A33+6,\"j mmmm\")&\" \"&B$2)*1,TABLES!$A$3:$BB$3,0))","v":0},null,0,""]
["2022-08-07","7 AOÛT - 13 AOÛT",{"$f":"INDEX(TABLES!$A$3:$BB$200,MATCH(MID(CELL(\"nomfichier\",A32),FIND(\"]\",CELL(\"nomfichier\",A32))+1,20),TABLES!$A$3:$A$200,0),MATCH((TEXT(A34+6,\"j mmmm\")&\" \"&B$2)*1,TABLES!$A$3:$BB$3,0))","v":0},null,0,""]
["2022-08-14","14 AOÛT - 20 AOÛT",{"$f":"INDEX(TABLES!$A$3:$BB$200,MATCH(MID(CELL(\"nomfichier\",A33),FIND(\"]\",CELL(\"nomfichier\",A33))+1,20),TABLES!$A$3:$A$200,0),MATCH((TEXT(A35+6,\"j mmmm\")&\" \"&B$2)*1,TABLES!$A$3:$BB$3,0))","v":0},null,0,""]
["2022-08-21","21 AOÛT - 27 AOÛT",{"$f":"INDEX(TABLES!$A$3:$BB$200,MATCH(MID(CELL(\"nomfichier\",A34),FIND(\"]\",CELL(\"nomfichier\",A34))+1,20),TABLES!$A$3:$A$200,0),MATCH((TEXT(A36+6,\"j mmmm\")&\" \"&B$2)*1,TABLES!$A$3:$BB$3,0))","v":0},null,0,""]
["2022-08-28","28 AOÛT - 3 SEPTEMBRE",{"$f":"INDEX(TABLES!$A$3:$BB$200,MATCH(MID(CELL(\"nomfichier\",A35),FIND(\"]\",CELL(\"nomfichier\",A35))+1,20),TABLES!$A$3:$A$200,0),MATCH((TEXT(A37+6,\"j mmmm\")&\" \"&B$2)*1,TABLES!$A$3:$BB$3,0))","v":0},null,0,""]
["2022-09-04","4 SEPTEMBRE - 10 SEPTEMBRE",{"$f":"INDEX(TABLES!$A$3:$BB$200,MATCH(MID(CELL(\"nomfichier\",A36),FIND(\"]\",CELL(\"nomfichier\",A36))+1,20),TABLES!$A$3:$A$200,0),MATCH((TEXT(A38+6,\"j mmmm\")&\" \"&B$2)*1,TABLES!$A$3:$BB$3,0))","v":0},null,0,""]
["2022-09-11","11 SEPTEMBRE - 17 SEPTEMBRE",{"$f":"INDEX(TABLES!$A$3:$BB$200,MATCH(MID(CELL(\"nomfichier\",A37),FIND(\"]\",CELL(\"nomfichier\",A37))+1,20),TABLES!$A$3:$A$200,0),MATCH((TEXT(A39+6,\"j mmmm\")&\" \"&B$2)*1,TABLES!$A$3:$BB$3,0))","v":0},null,0,"",null,null,null,null," "]
["2022-09-18","18 SEPTEMBRE - 24 SEPTEMBRE",{"$f":"INDEX(TABLES!$A$3:$BB$200,MATCH(MID(CELL(\"nomfichier\",A38),FIND(\"]\",CELL(\"nomfichier\",A38))+1,20),TABLES!$A$3:$A$200,0),MATCH((TEXT(A40+6,\"j mmmm\")&\" \"&B$2)*1,TABLES!$A$3:$BB$3,0))","v":0},null,0,""]
["2022-09-25","25 SEPTEMBRE - 1 OCTOBRE",{"$f":"INDEX(TABLES!$A$3:$BB$200,MATCH(MID(CELL(\"nomfichier\",A39),FIND(\"]\",CELL(\"nomfichier\",A39))+1,20),TABLES!$A$3:$A$200,0),MATCH((TEXT(A41+6,\"j mmmm\")&\" \"&B$2)*1,TABLES!$A$3:$BB$3,0))","v":0},null,0,""]
["2022-10-02","2 OCTOBRE - 8 OCTOBRE",{"$f":"INDEX(TABLES!$A$3:$BB$200,MATCH(MID(CELL(\"nomfichier\",A40),FIND(\"]\",CELL(\"nomfichier\",A40))+1,20),TABLES!$A$3:$A$200,0),MATCH((TEXT(A42+6,\"j mmmm\")&\" \"&B$2)*1,TABLES!$A$3:$BB$3,0))","v":0},null,0,""]
["2022-10-09","9 OCTOBRE - 15 OCTOBRE",{"$f":"INDEX(TABLES!$A$3:$BB$200,MATCH(MID(CELL(\"nomfichier\",A41),FIND(\"]\",CELL(\"nomfichier\",A41))+1,20),TABLES!$A$3:$A$200,0),MATCH((TEXT(A43+6,\"j mmmm\")&\" \"&B$2)*1,TABLES!$A$3:$BB$3,0))","v":0},null,0,""]
["2022-10-16","16 OCTOBRE - 22 OCTOBRE",{"$f":"INDEX(TABLES!$A$3:$BB$200,MATCH(MID(CELL(\"nomfichier\",A42),FIND(\"]\",CELL(\"nomfichier\",A42))+1,20),TABLES!$A$3:$A$200,0),MATCH((TEXT(A44+6,\"j mmmm\")&\" \"&B$2)*1,TABLES!$A$3:$BB$3,0))","v":0},null,0,""]
["2022-10-23","23 OCTOBRE - 29 OCTOBRE",{"$f":"INDEX(TABLES!$A$3:$BB$200,MATCH(MID(CELL(\"nomfichier\",A43),FIND(\"]\",CELL(\"nomfichier\",A43))+1,20),TABLES!$A$3:$A$200,0),MATCH((TEXT(A45+6,\"j mmmm\")&\" \"&B$2)*1,TABLES!$A$3:$BB$3,0))","v":0},null,0,""]
["2022-10-30","30 OCTOBRE - 5 NOVEMBRE",{"$f":"INDEX(TABLES!$A$3:$BB$200,MATCH(MID(CELL(\"nomfichier\",A44),FIND(\"]\",CELL(\"nomfichier\",A44))+1,20),TABLES!$A$3:$A$200,0),MATCH((TEXT(A46+6,\"j mmmm\")&\" \"&B$2)*1,TABLES!$A$3:$BB$3,0))","v":0},null,0,""]
["2022-11-06","6 NOVEMBRE - 12 NOVEMBRE",{"$f":"INDEX(TABLES!$A$3:$BB$200,MATCH(MID(CELL(\"nomfichier\",A45),FIND(\"]\",CELL(\"nomfichier\",A45))+1,20),TABLES!$A$3:$A$200,0),MATCH((TEXT(A47+6,\"j mmmm\")&\" \"&B$2)*1,TABLES!$A$3:$BB$3,0))","v":0},null,0,""]
["2022-11-13","13 NOVEMBRE - 19 NOVEMBRE",{"$f":"INDEX(TABLES!$A$3:$BB$200,MATCH(MID(CELL(\"nomfichier\",A46),FIND(\"]\",CELL(\"nomfichier\",A46))+1,20),TABLES!$A$3:$A$200,0),MATCH((TEXT(A48+6,\"j mmmm\")&\" \"&B$2)*1,TABLES!$A$3:$BB$3,0))","v":0},null,0,""]
["2022-11-20","20 NOVEMBRE - 26 NOVEMBRE",{"$f":"INDEX(TABLES!$A$3:$BB$200,MATCH(MID(CELL(\"nomfichier\",A47),FIND(\"]\",CELL(\"nomfichier\",A47))+1,20),TABLES!$A$3:$A$200,0),MATCH((TEXT(A49+6,\"j mmmm\")&\" \"&B$2)*1,TABLES!$A$3:$BB$3,0))","v":0},null,0,""]
["2022-11-27","27 NOVEMBRE - 3 DÉCEMBRE",{"$f":"INDEX(TABLES!$A$3:$BB$200,MATCH(MID(CELL(\"nomfichier\",A48),FIND(\"]\",CELL(\"nomfichier\",A48))+1,20),TABLES!$A$3:$A$200,0),MATCH((TEXT(A50+6,\"j mmmm\")&\" \"&B$2)*1,TABLES!$A$3:$BB$3,0))","v":0},null,0,""]
["2022-12-04","4 DÉCEMBRE - 10 DÉCEMBRE",{"$f":"INDEX(TABLES!$A$3:$BB$200,MATCH(MID(CELL(\"nomfichier\",A49),FIND(\"]\",CELL(\"nomfichier\",A49))+1,20),TABLES!$A$3:$A$200,0),MATCH((TEXT(A51+6,\"j mmmm\")&\" \"&B$2)*1,TABLES!$A$3:$BB$3,0))","v":0},null,0,""]
["2022-12-11","11 DÉCEMBRE - 17 DÉCEMBRE",{"$f":"INDEX(TABLES!$A$3:$BB$200,MATCH(MID(CELL(\"nomfichier\",A50),FIND(\"]\",CELL(\"nomfichier\",A50))+1,20),TABLES!$A$3:$A$200,0),MATCH((TEXT(A52+6,\"j mmmm\")&\" \"&B$2)*1,TABLES!$A$3:$BB$3,0))","v":0},null,0,""]
["2022-12-18","18 DÉCEMBRE - 24 DÉCEMBRE",{"$f":"INDEX(TABLES!$A$3:$BB$200,MATCH(MID(CELL(\"nomfichier\",A51),FIND(\"]\",CELL(\"nomfichier\",A51))+1,20),TABLES!$A$3:$A$200,0),MATCH((TEXT(A53+6,\"j mmmm\")&\" \"&B$2)*1,TABLES!$A$3:$BB$3,0))","v":0},null,0,""]
["2022-12-25",{"$f":"UPPER(TEXT(A54,\"j mmmm\"))&\" - \"&UPPER(TEXT(A54+6,\"j mmmm\"))","v":"25 DÉCEMBRE - 31 DÉCEMBRE"},{"$f":"INDEX(TABLES!$A$3:$BB$200,MATCH(MID(CELL(\"nomfichier\",A52),FIND(\"]\",CELL(\"nomfichier\",A52))+1,20),TABLES!$A$3:$A$200,0),MATCH((TEXT(A54+6,\"j mmmm\")&\" \"&B$2)*1,TABLES!$A$3:$BB$3,0))","v":0},null,0,"",null,null,null,null," "]
[null,null,null,null,null,{"$f":"LOOKUP(9^9,F3:F54)","v":{"$error":"#N/A"}}]

{"sheet":"Chappell Chartré","index":7,"n_rows":55,"n_cols":11,"rows_kept":55,"cut":false,"hidden":false,"merged":[[0,0,1,0]]}
["Semaine commencant le","SEMAINES","HRS TRAVAILLÉES","HRS PAYÉES","DIFFÉRENCE","ACCUMULÉES","COMMENTAIRE 1","COMMENTAIRE 2"]
[null,2022,null,null,null,0]
[{"$f":"DATE($B$2,1,3)-WEEKDAY(DATE($B$2,1,3))+1","v":"2022-01-02"},{"$f":"UPPER(TEXT(A3,\"j mmmm\"))&\" - \"&UPPER(TEXT(A3+6,\"j mmmm\"))","v":"2 JANVIER - 8 JANVIER"},{"$f":"INDEX(TABLES!$A$3:$BB$200,MATCH(MID(CELL(\"nomfichier\",A1),FIND(\"]\",CELL(\"nomfichier\",A1))+1,20),TABLES!$A$3:$A$200,0),MATCH((TEXT(A3+6,\"j mmmm\")&\" \"&B$2)*1,TABLES!$A$3:$BB$3,0))","v":40},null,{"$f":"C3-D3","v":40},{"$f":"IF(AND(C3<>\"\",D3<>\"\"),E3+F2,\"\")","v":""}]
[{"$f":"A3+7","v":"2022-01-09"},{"$f":"UPPER(TEXT(A4,\"j mmmm\"))&\" - \"&UPPER(TEXT(A4+6,\"j mmmm\"))","v":"9 JANVIER - 15 JANVIER"},{"$f":"INDEX(TABLES!$A$3:$BB$200,MATCH(MID(CELL(\"nomfichier\",A2),FIND(\"]\",CELL(\"nomfichier\",A2))+1,20),TABLES!$A$3:$A$200,0),MATCH((TEXT(A4+6,\"j mmmm\")&\" \"&B$2)*1,TABLES!$A$3:$BB$3,0))","v":40},null,{"$f":"C4-D4","v":40},""]
[{"$f":"A4+7","v":"2022-01-16"},"16 JANVIER - 22 JANVIER",{"$f":"INDEX(TABLES!$A$3:$BB$200,MATCH(MID(CELL(\"nomfichier\",A3),FIND(\"]\",CELL(\"nomfichier\",A3))+1,20),TABLES!$A$3:$A$200,0),MATCH((TEXT(A5+6,\"j mmmm\")&\" \"&B$2)*1,TABLES!$A$3:$BB$3,0))","v":40},null,40,""]
["2022-01-23","23 JANVIER - 29 JANVIER",{"$f":"INDEX(TABLES!$A$3:$BB$200,MATCH(MID(CELL(\"nomfichier\",A4),FIND(\"]\",CELL(\"nomfichier\",A4))+1,20),TABLES!$A$3:$A$200,0),MATCH((TEXT(A6+6,\"j mmmm\")&\" \"&B$2)*1,TABLES!$A$3:$BB$3,0))","v":40},null,40,""]
["2022-01-30","30 JANVIER - 5 FÉVRIER",{"$f":"INDEX(TABLES!$A$3:$BB$200,MATCH(MID(CELL(\"nomfichier\",A5),FIND(\"]\",CELL(\"nomfichier\",A5))+1,20),TABLES!$A$3:$A$200,0),MATCH((TEXT(A7+6,\"j mmmm\")&\" \"&B$2)*1,TABLES!$A$3:$BB$3,0))","v":40},null,40,""]
["2022-02-06","6 FÉVRIER - 12 FÉVRIER",{"$f":"INDEX(TABLES!$A$3:$BB$200,MATCH(MID(CELL(\"nomfichier\",A6),FIND(\"]\",CELL(\"nomfichier\",A6))+1,20),TABLES!$A$3:$A$200,0),MATCH((TEXT(A8+6,\"j mmmm\")&\" \"&B$2)*1,TABLES!$A$3:$BB$3,0))","v":40},null,40,""]
["2022-02-13","13 FÉVRIER - 19 FÉVRIER",{"$f":"INDEX(TABLES!$A$3:$BB$200,MATCH(MID(CELL(\"nomfichier\",A7),FIND(\"]\",CELL(\"nomfichier\",A7))+1,20),TABLES!$A$3:$A$200,0),MATCH((TEXT(A9+6,\"j mmmm\")&\" \"&B$2)*1,TABLES!$A$3:$BB$3,0))","v":0},null,0,""]
["2022-02-20","20 FÉVRIER - 26 FÉVRIER",{"$f":"INDEX(TABLES!$A$3:$BB$200,MATCH(MID(CELL(\"nomfichier\",A8),FIND(\"]\",CELL(\"nomfichier\",A8))+1,20),TABLES!$A$3:$A$200,0),MATCH((TEXT(A10+6,\"j mmmm\")&\" \"&B$2)*1,TABLES!$A$3:$BB$3,0))","v":0},null,0,""]
["2022-02-27","27 FÉVRIER - 5 MARS",{"$f":"INDEX(TABLES!$A$3:$BB$200,MATCH(MID(CELL(\"nomfichier\",A9),FIND(\"]\",CELL(\"nomfichier\",A9))+1,20),TABLES!$A$3:$A$200,0),MATCH((TEXT(A11+6,\"j mmmm\")&\" \"&B$2)*1,TABLES!$A$3:$BB$3,0))","v":0},null,0,""]
["2022-03-06","6 MARS - 12 MARS",{"$f":"INDEX(TABLES!$A$3:$BB$200,MATCH(MID(CELL(\"nomfichier\",A10),FIND(\"]\",CELL(\"nomfichier\",A10))+1,20),TABLES!$A$3:$A$200,0),MATCH((TEXT(A12+6,\"j mmmm\")&\" \"&B$2)*1,TABLES!$A$3:$BB$3,0))","v":0},null,0,""]
["2022-03-13","13 MARS - 19 MARS",{"$f":"INDEX(TABLES!$A$3:$BB$200,MATCH(MID(CELL(\"nomfichier\",A11),FIND(\"]\",CELL(\"nomfichier\",A11))+1,20),TABLES!$A$3:$A$200,0),MATCH((TEXT(A13+6,\"j mmmm\")&\" \"&B$2)*1,TABLES!$A$3:$BB$3,0))","v":0},null,0,""]
["2022-03-20","20 MARS - 26 MARS",{"$f":"INDEX(TABLES!$A$3:$BB$200,MATCH(MID(CELL(\"nomfichier\",A12),FIND(\"]\",CELL(\"nomfichier\",A12))+1,20),TABLES!$A$3:$A$200,0),MATCH((TEXT(A14+6,\"j mmmm\")&\" \"&B$2)*1,TABLES!$A$3:$BB$3,0))","v":0},null,0,""]
["2022-03-27","27 MARS - 2 AVRIL",{"$f":"INDEX(TABLES!$A$3:$BB$200,MATCH(MID(CELL(\"nomfichier\",A13),FIND(\"]\",CELL(\"nomfichier\",A13))+1,20),TABLES!$A$3:$A$200,0),MATCH((TEXT(A15+6,\"j mmmm\")&\" \"&B$2)*1,TABLES!$A$3:$BB$3,0))","v":0},null,0,""]
["2022-04-03","3 AVRIL - 9 AVRIL",{"$f":"INDEX(TABLES!$A$3:$BB$200,MATCH(MID(CELL(\"nomfichier\",A14),FIND(\"]\",CELL(\"nomfichier\",A14))+1,20),TABLES!$A$3:$A$200,0),MATCH((TEXT(A16+6,\"j mmmm\")&\" \"&B$2)*1,TABLES!$A$3:$BB$3,0))","v":0},null,0,""]
["2022-04-10","10 AVRIL - 16 AVRIL",{"$f":"INDEX(TABLES!$A$3:$BB$200,MATCH(MID(CELL(\"nomfichier\",A15),FIND(\"]\",CELL(\"nomfichier\",A15))+1,20),TABLES!$A$3:$A$200,0),MATCH((TEXT(A17+6,\"j mmmm\")&\" \"&B$2)*1,TABLES!$A$3:$BB$3,0))","v":0},null,0,""]
["2022-04-17","17 AVRIL - 23 AVRIL",{"$f":"INDEX(TABLES!$A$3:$BB$200,MATCH(MID(CELL(\"nomfichier\",A16),FIND(\"]\",CELL(\"nomfichier\",A16))+1,20),TABLES!$A$3:$A$200,0),MATCH((TEXT(A18+6,\"j mmmm\")&\" \"&B$2)*1,TABLES!$A$3:$BB$3,0))","v":0},null,0,""]
["2022-04-24","24 AVRIL - 30 AVRIL",{"$f":"INDEX(TABLES!$A$3:$BB$200,MATCH(MID(CELL(\"nomfichier\",A17),FIND(\"]\",CELL(\"nomfichier\",A17))+1,20),TABLES!$A$3:$A$200,0),MATCH((TEXT(A19+6,\"j mmmm\")&\" \"&B$2)*1,TABLES!$A$3:$BB$3,0))","v":0},null,0,""]
["2022-05-01","1 MAI - 7 MAI",{"$f":"INDEX(TABLES!$A$3:$BB$200,MATCH(MID(CELL(\"nomfichier\",A18),FIND(\"]\",CELL(\"nomfichier\",A18))+1,20),TABLES!$A$3:$A$200,0),MATCH((TEXT(A20+6,\"j mmmm\")&\" \"&B$2)*1,TABLES!$A$3:$BB$3,0))","v":0},null,0,""]
["2022-05-08","8 MAI - 14 MAI",{"$f":"INDEX(TABLES!$A$3:$BB$200,MATCH(MID(CELL(\"nomfichier\",A19),FIND(\"]\",CELL(\"nomfichier\",A19))+1,20),TABLES!$A$3:$A$200,0),MATCH((TEXT(A21+6,\"j mmmm\")&\" \"&B$2)*1,TABLES!$A$3:$BB$3,0))","v":0},null,0,""]
["2022-05-15","15 MAI - 21 MAI",{"$f":"INDEX(TABLES!$A$3:$BB$200,MATCH(MID(CELL(\"nomfichier\",A20),FIND(\"]\",CELL(\"nomfichier\",A20))+1,20),TABLES!$A$3:$A$200,0),MATCH((TEXT(A22+6,\"j mmmm\")&\" \"&B$2)*1,TABLES!$A$3:$BB$3,0))","v":0},null,0,""]
["2022-05-22","22 MAI - 28 MAI",{"$f":"INDEX(TABLES!$A$3:$BB$200,MATCH(MID(CELL(\"nomfichier\",A21),FIND(\"]\",CELL(\"nomfichier\",A21))+1,20),TABLES!$A$3:$A$200,0),MATCH((TEXT(A23+6,\"j mmmm\")&\" \"&B$2)*1,TABLES!$A$3:$BB$3,0))","v":0},null,0,""]
["2022-05-29","29 MAI - 4 JUIN",{"$f":"INDEX(TABLES!$A$3:$BB$200,MATCH(MID(CELL(\"nomfichier\",A22),FIND(\"]\",CELL(\"nomfichier\",A22))+1,20),TABLES!$A$3:$A$200,0),MATCH((TEXT(A24+6,\"j mmmm\")&\" \"&B$2)*1,TABLES!$A$3:$BB$3,0))","v":0},null,0,""]
["2022-06-05","5 JUIN - 11 JUIN",{"$f":"INDEX(TABLES!$A$3:$BB$200,MATCH(MID(CELL(\"nomfichier\",A23),FIND(\"]\",CELL(\"nomfichier\",A23))+1,20),TABLES!$A$3:$A$200,0),MATCH((TEXT(A25+6,\"j mmmm\")&\" \"&B$2)*1,TABLES!$A$3:$BB$3,0))","v":0},null,0,"",null,null,null,null," "]
["2022-06-12","12 JUIN - 18 JUIN",{"$f":"INDEX(TABLES!$A$3:$BB$200,MATCH(MID(CELL(\"nomfichier\",A24),FIND(\"]\",CELL(\"nomfichier\",A24))+1,20),TABLES!$A$3:$A$200,0),MATCH((TEXT(A26+6,\"j mmmm\")&\" \"&B$2)*1,TABLES!$A$3:$BB$3,0))","v":0},null,0,""]
["2022-06-19","19 JUIN - 25 JUIN",{"$f":"INDEX(TABLES!$A$3:$BB$200,MATCH(MID(CELL(\"nomfichier\",A25),FIND(\"]\",CELL(\"nomfichier\",A25))+1,20),TABLES!$A$3:$A$200,0),MATCH((TEXT(A27+6,\"j mmmm\")&\" \"&B$2)*1,TABLES!$A$3:$BB$3,0))","v":0},null,0,""]
["2022-06-26","26 JUIN - 2 JUILLET",{"$f":"INDEX(TABLES!$A$3:$BB$200,MATCH(MID(CELL(\"nomfichier\",A26),FIND(\"]\",CELL(\"nomfichier\",A26))+1,20),TABLES!$A$3:$A$200,0),MATCH((TEXT(A28+6,\"j mmmm\")&\" \"&B$2)*1,TABLES!$A$3:$BB$3,0))","v":0},null,0,""]
["2022-07-03","3 JUILLET - 9 JUILLET",{"$f":"INDEX(TABLES!$A$3:$BB$200,MATCH(MID(CELL(\"nomfichier\",A27),FIND(\"]\",CELL(\"nomfichier\",A27))+1,20),TABLES!$A$3:$A$200,0),MATCH((TEXT(A29+6,\"j mmmm\")&\" \"&B$2)*1,TABLES!$A$3:$BB$3,0))","v":0},null,0,""]
["2022-07-10","10 JUILLET - 16 JUILLET",{"$f":"INDEX(TABLES!$A$3:$BB$200,MATCH(MID(CELL(\"nomfichier\",A28),FIND(\"]\",CELL(\"nomfichier\",A28))+1,20),TABLES!$A$3:$A$200,0),MATCH((TEXT(A30+6,\"j mmmm\")&\" \"&B$2)*1,TABLES!$A$3:$BB$3,0))","v":0},null,0,""]
["2022-07-17","17 JUILLET - 23 JUILLET",{"$f":"INDEX(TABLES!$A$3:$BB$200,MATCH(MID(CELL(\"nomfichier\",A29),FIND(\"]\",CELL(\"nomfichier\",A29))+1,20),TABLES!$A$3:$A$200,0),MATCH((TEXT(A31+6,\"j mmmm\")&\" \"&B$2)*1,TABLES!$A$3:$BB$3,0))","v":0},null,0,""]
["2022-07-24","24 JUILLET - 30 JUILLET",{"$f":"INDEX(TABLES!$A$3:$BB$200,MATCH(MID(CELL(\"nomfichier\",A30),FIND(\"]\",CELL(\"nomfichier\",A30))+1,20),TABLES!$A$3:$A$200,0),MATCH((TEXT(A32+6,\"j mmmm\")&\" \"&B$2)*1,TABLES!$A$3:$BB$3,0))","v":0},null,0,""]
["2022-07-31","31 JUILLET - 6 AOÛT",{"$f":"INDEX(TABLES!$A$3:$BB$200,MATCH(MID(CELL(\"nomfichier\",A31),FIND(\"]\",CELL(\"nomfichier\",A31))+1,20),TABLES!$A$3:$A$200,0),MATCH((TEXT(A33+6,\"j mmmm\")&\" \"&B$2)*1,TABLES!$A$3:$BB$3,0))","v":0},null,0,""]
["2022-08-07","7 AOÛT - 13 AOÛT",{"$f":"INDEX(TABLES!$A$3:$BB$200,MATCH(MID(CELL(\"nomfichier\",A32),FIND(\"]\",CELL(\"nomfichier\",A32))+1,20),TABLES!$A$3:$A$200,0),MATCH((TEXT(A34+6,\"j mmmm\")&\" \"&B$2)*1,TABLES!$A$3:$BB$3,0))","v":0},null,0,""]
["2022-08-14","14 AOÛT - 20 AOÛT",{"$f":"INDEX(TABLES!$A$3:$BB$200,MATCH(MID(CELL(\"nomfichier\",A33),FIND(\"]\",CELL(\"nomfichier\",A33))+1,20),TABLES!$A$3:$A$200,0),MATCH((TEXT(A35+6,\"j mmmm\")&\" \"&B$2)*1,TABLES!$A$3:$BB$3,0))","v":0},null,0,""]
["2022-08-21","21 AOÛT - 27 AOÛT",{"$f":"INDEX(TABLES!$A$3:$BB$200,MATCH(MID(CELL(\"nomfichier\",A34),FIND(\"]\",CELL(\"nomfichier\",A34))+1,20),TABLES!$A$3:$A$200,0),MATCH((TEXT(A36+6,\"j mmmm\")&\" \"&B$2)*1,TABLES!$A$3:$BB$3,0))","v":0},null,0,""]
["2022-08-28","28 AOÛT - 3 SEPTEMBRE",{"$f":"INDEX(TABLES!$A$3:$BB$200,MATCH(MID(CELL(\"nomfichier\",A35),FIND(\"]\",CELL(\"nomfichier\",A35))+1,20),TABLES!$A$3:$A$200,0),MATCH((TEXT(A37+6,\"j mmmm\")&\" \"&B$2)*1,TABLES!$A$3:$BB$3,0))","v":0},null,0,""]
["2022-09-04","4 SEPTEMBRE - 10 SEPTEMBRE",{"$f":"INDEX(TABLES!$A$3:$BB$200,MATCH(MID(CELL(\"nomfichier\",A36),FIND(\"]\",CELL(\"nomfichier\",A36))+1,20),TABLES!$A$3:$A$200,0),MATCH((TEXT(A38+6,\"j mmmm\")&\" \"&B$2)*1,TABLES!$A$3:$BB$3,0))","v":0},null,0,""]
["2022-09-11","11 SEPTEMBRE - 17 SEPTEMBRE",{"$f":"INDEX(TABLES!$A$3:$BB$200,MATCH(MID(CELL(\"nomfichier\",A37),FIND(\"]\",CELL(\"nomfichier\",A37))+1,20),TABLES!$A$3:$A$200,0),MATCH((TEXT(A39+6,\"j mmmm\")&\" \"&B$2)*1,TABLES!$A$3:$BB$3,0))","v":0},null,0,"",null,null,null,null," "]
["2022-09-18","18 SEPTEMBRE - 24 SEPTEMBRE",{"$f":"INDEX(TABLES!$A$3:$BB$200,MATCH(MID(CELL(\"nomfichier\",A38),FIND(\"]\",CELL(\"nomfichier\",A38))+1,20),TABLES!$A$3:$A$200,0),MATCH((TEXT(A40+6,\"j mmmm\")&\" \"&B$2)*1,TABLES!$A$3:$BB$3,0))","v":0},null,0,""]
["2022-09-25","25 SEPTEMBRE - 1 OCTOBRE",{"$f":"INDEX(TABLES!$A$3:$BB$200,MATCH(MID(CELL(\"nomfichier\",A39),FIND(\"]\",CELL(\"nomfichier\",A39))+1,20),TABLES!$A$3:$A$200,0),MATCH((TEXT(A41+6,\"j mmmm\")&\" \"&B$2)*1,TABLES!$A$3:$BB$3,0))","v":0},null,0,""]
["2022-10-02","2 OCTOBRE - 8 OCTOBRE",{"$f":"INDEX(TABLES!$A$3:$BB$200,MATCH(MID(CELL(\"nomfichier\",A40),FIND(\"]\",CELL(\"nomfichier\",A40))+1,20),TABLES!$A$3:$A$200,0),MATCH((TEXT(A42+6,\"j mmmm\")&\" \"&B$2)*1,TABLES!$A$3:$BB$3,0))","v":0},null,0,""]
["2022-10-09","9 OCTOBRE - 15 OCTOBRE",{"$f":"INDEX(TABLES!$A$3:$BB$200,MATCH(MID(CELL(\"nomfichier\",A41),FIND(\"]\",CELL(\"nomfichier\",A41))+1,20),TABLES!$A$3:$A$200,0),MATCH((TEXT(A43+6,\"j mmmm\")&\" \"&B$2)*1,TABLES!$A$3:$BB$3,0))","v":0},null,0,""]
["2022-10-16","16 OCTOBRE - 22 OCTOBRE",{"$f":"INDEX(TABLES!$A$3:$BB$200,MATCH(MID(CELL(\"nomfichier\",A42),FIND(\"]\",CELL(\"nomfichier\",A42))+1,20),TABLES!$A$3:$A$200,0),MATCH((TEXT(A44+6,\"j mmmm\")&\" \"&B$2)*1,TABLES!$A$3:$BB$3,0))","v":0},null,0,""]
["2022-10-23","23 OCTOBRE - 29 OCTOBRE",{"$f":"INDEX(TABLES!$A$3:$BB$200,MATCH(MID(CELL(\"nomfichier\",A43),FIND(\"]\",CELL(\"nomfichier\",A43))+1,20),TABLES!$A$3:$A$200,0),MATCH((TEXT(A45+6,\"j mmmm\")&\" \"&B$2)*1,TABLES!$A$3:$BB$3,0))","v":0},null,0,""]
["2022-10-30","30 OCTOBRE - 5 NOVEMBRE",{"$f":"INDEX(TABLES!$A$3:$BB$200,MATCH(MID(CELL(\"nomfichier\",A44),FIND(\"]\",CELL(\"nomfichier\",A44))+1,20),TABLES!$A$3:$A$200,0),MATCH((TEXT(A46+6,\"j mmmm\")&\" \"&B$2)*1,TABLES!$A$3:$BB$3,0))","v":0},null,0,""]
["2022-11-06","6 NOVEMBRE - 12 NOVEMBRE",{"$f":"INDEX(TABLES!$A$3:$BB$200,MATCH(MID(CELL(\"nomfichier\",A45),FIND(\"]\",CELL(\"nomfichier\",A45))+1,20),TABLES!$A$3:$A$200,0),MATCH((TEXT(A47+6,\"j mmmm\")&\" \"&B$2)*1,TABLES!$A$3:$BB$3,0))","v":0},null,0,""]
["2022-11-13","13 NOVEMBRE - 19 NOVEMBRE",{"$f":"INDEX(TABLES!$A$3:$BB$200,MATCH(MID(CELL(\"nomfichier\",A46),FIND(\"]\",CELL(\"nomfichier\",A46))+1,20),TABLES!$A$3:$A$200,0),MATCH((TEXT(A48+6,\"j mmmm\")&\" \"&B$2)*1,TABLES!$A$3:$BB$3,0))","v":0},null,0,""]
["2022-11-20","20 NOVEMBRE - 26 NOVEMBRE",{"$f":"INDEX(TABLES!$A$3:$BB$200,MATCH(MID(CELL(\"nomfichier\",A47),FIND(\"]\",CELL(\"nomfichier\",A47))+1,20),TABLES!$A$3:$A$200,0),MATCH((TEXT(A49+6,\"j mmmm\")&\" \"&B$2)*1,TABLES!$A$3:$BB$3,0))","v":0},null,0,""]
["2022-11-27","27 NOVEMBRE - 3 DÉCEMBRE",{"$f":"INDEX(TABLES!$A$3:$BB$200,MATCH(MID(CELL(\"nomfichier\",A48),FIND(\"]\",CELL(\"nomfichier\",A48))+1,20),TABLES!$A$3:$A$200,0),MATCH((TEXT(A50+6,\"j mmmm\")&\" \"&B$2)*1,TABLES!$A$3:$BB$3,0))","v":0},null,0,""]
["2022-12-04","4 DÉCEMBRE - 10 DÉCEMBRE",{"$f":"INDEX(TABLES!$A$3:$BB$200,MATCH(MID(CELL(\"nomfichier\",A49),FIND(\"]\",CELL(\"nomfichier\",A49))+1,20),TABLES!$A$3:$A$200,0),MATCH((TEXT(A51+6,\"j mmmm\")&\" \"&B$2)*1,TABLES!$A$3:$BB$3,0))","v":0},null,0,""]
["2022-12-11","11 DÉCEMBRE - 17 DÉCEMBRE",{"$f":"INDEX(TABLES!$A$3:$BB$200,MATCH(MID(CELL(\"nomfichier\",A50),FIND(\"]\",CELL(\"nomfichier\",A50))+1,20),TABLES!$A$3:$A$200,0),MATCH((TEXT(A52+6,\"j mmmm\")&\" \"&B$2)*1,TABLES!$A$3:$BB$3,0))","v":0},null,0,""]
["2022-12-18","18 DÉCEMBRE - 24 DÉCEMBRE",{"$f":"INDEX(TABLES!$A$3:$BB$200,MATCH(MID(CELL(\"nomfichier\",A51),FIND(\"]\",CELL(\"nomfichier\",A51))+1,20),TABLES!$A$3:$A$200,0),MATCH((TEXT(A53+6,\"j mmmm\")&\" \"&B$2)*1,TABLES!$A$3:$BB$3,0))","v":0},null,0,""]
["2022-12-25",{"$f":"UPPER(TEXT(A54,\"j mmmm\"))&\" - \"&UPPER(TEXT(A54+6,\"j mmmm\"))","v":"25 DÉCEMBRE - 31 DÉCEMBRE"},{"$f":"INDEX(TABLES!$A$3:$BB$200,MATCH(MID(CELL(\"nomfichier\",A52),FIND(\"]\",CELL(\"nomfichier\",A52))+1,20),TABLES!$A$3:$A$200,0),MATCH((TEXT(A54+6,\"j mmmm\")&\" \"&B$2)*1,TABLES!$A$3:$BB$3,0))","v":0},null,0,"",null,null,null,null," "]
[null,null,null,null,null,{"$f":"LOOKUP(9^9,F3:F54)","v":{"$error":"#N/A"}}]