{"text_format":"1","workbook":"xlsx","n_sheets":6,"sheets":["Codes Projet","Codes Société","Codes TVA","Codes O","Codes CO","Fichier de saisie"],"not_rendered":{"charts":0,"images":1,"macros":1,"external_links":0,"defined_names":18,"comments":0,"pivot_tables":0},"unopened":[],"bounds":{"document_bytes":16777216,"sheet_cells":100000,"rows_first":2000,"rows_last":500,"rows_between":2000,"halvings":0,"cell_chars":16384,"cell_head_chars":4096},"cells_cut":0,"cells_raw":0,"read":"whole","date_system":"1900"}

{"sheet":"Codes Projet","index":0,"n_rows":3664,"n_cols":2,"rows_kept":3664,"cut":false,"hidden":false,"merged":[]}
["Projet","Libellé long Projet"]
["PROJ1","PROJET 1"]
["PROJ2","PROJET 2"]
["PROJ3","PROJET 3"]
["PROJ4","PROJET 4"]
["PROJ5","PROJET 5"]
["PROJ6","PROJET 6"]
["PROJ7","PROJET 7"]
["PROJ8","PROJET 8"]
["PROJ9","PROJET 9"]
["PROJ10","PROJET 10"]
["PROJ11","PROJET 11"]
["PROJ12","PROJET 12"]
["PROJ13","PROJET 13"]
["PROJ14","PROJET 14"]
["PROJ15","PROJET 15"]
["PROJ16","PROJET 16"]
["PROJ17","PROJET 17"]
["PROJ18","PROJET 18"]
["PROJ19","PROJET 19"]
["PROJ20","PROJET 20"]
["PROJ21","PROJET 21"]
["PROJ22","PROJET 22"]
["PROJ23","PROJET 23"]
["PROJ24","PROJET 24"]
["PROJ25","PROJET 25"]
["PROJ26","PROJET 26"]
["PROJ27","PROJET 27"]
["PROJ28","PROJET 28"]
["PROJ29","PROJET 29"]
["PROJ30","PROJET 30"]
["PROJ31","PROJET 31"]
["PROJ32","PROJET 32"]
["PROJ33","PROJET 33"]
["PROJ34","PROJET 34"]
["PROJ35","PROJET 35"]
["PROJ36","PROJET 36"]
["PROJ37","PROJET 37"]
["PROJ38","PROJET 38"]
["PROJ39","PROJET 39"]
["PROJ40","PROJET 40"]
["PROJ41","PROJET 41"]
["PROJ42","PROJET 42"]
["PROJ43","PROJET 43"]
["PROJ44","PROJET 44"]
["PROJ45","PROJET 45"]
["PROJ46","PROJET 46"]
["PROJ47","PROJET 47"]
["PROJ48","PROJET 48"]
["PROJ49","PROJET 49"]
["PROJ50","PROJET 50"]
["PROJ51","PROJET 51"]
["PROJ52","PROJET 52"]
["PROJ53","PROJET 53"]
["PROJ54","PROJET 54"]
["PROJ55","PROJET 55"]
["PROJ56","PROJET 56"]
["PROJ57","PROJET 57"]
["PROJ58","PROJET 58"]
["PROJ59","PROJET 59"]
["PROJ60","PROJET 60"]
["PROJ61","PROJET 61"]
["PROJ62","PROJET 62"]
["PROJ63","PROJET 63"]
["PROJ64","PROJET 64"]
["PROJ65","PROJET 65"]
["PROJ66","PROJET 66"]
["PROJ67","PROJET 67"]
["PROJ68","PROJET 68"]
["PROJ69","PROJET 69"]
["PROJ70","PROJET 70"]
["PROJ71","PROJET 71"]
["PROJ72","PROJET 72"]
["PROJ73","PROJET 73"]
["PROJ74","PROJET 74"]
["PROJ75","PROJET 75"]
["PROJ76","PROJET 76"]
["PROJ77","PROJET 77"]
["PROJ78","PROJET 78"]
["PROJ79","PROJET 79"]
["PROJ80","PROJET 80"]
["PROJ81","PROJET 81"]
["PROJ82","PROJET 82"]
["PROJ83","PROJET 83"]
["PROJ84","PROJET 84"]
["PROJ85","PROJET 85"]
["PROJ86","PROJET 86"]
["PROJ87","PROJET 87"]
["PROJ88","PROJET 88"]
["PROJ89","PROJET 89"]
["PROJ90","PROJET 90"]
["PROJ91","PROJET 91"]
["PROJ92","PROJET 92"]
["PROJ93","PROJET 93"]
["PROJ94","PROJET 94"]
["PROJ95","PROJET 95"]
["PROJ96","PROJET 96"]
["PROJ97","PROJET 97"]
["PROJ98","PROJET 98"]
["PROJ99","PROJET 99"]
["PROJ100","PROJET 100"]
["PROJ101","PROJET 101"]
["PROJ102","PROJET 102"]
["PROJ103","PROJET 103"]
["PROJ104","PROJET 104"]
["PROJ105","PROJET 105"]
["PROJ106","PROJET 106"]
["PROJ107","PROJET 107"]
["PROJ108","PROJET 108"]
["PROJ109","PROJET 109"]
["PROJ110","PROJET 110"]
["PROJ111","PROJET 111"]
["PROJ112","PROJET 112"]
["PROJ113","PROJET 113"]
["PROJ114","PROJET 114"]
["PROJ115","PROJET 115"]
["PROJ116","PROJET 116"]
["PROJ117","PROJET 117"]
["PROJ118","PROJET 118"]
["PROJ119","PROJET 119"]
["PROJ120","PROJET 120"]
["PROJ121","PROJET 121"]
["PROJ122","PROJET 122"]
["PROJ123","PROJET 123"]
["PROJ124","PROJET 124"]
["PROJ125","PROJET 125"]
["PROJ126","PROJET 126"]
["PROJ127","PROJET 127"]
["PROJ128","PROJET 128"]
["PROJ129","PROJET 129"]
["PROJ130","PROJET 130"]
["PROJ131","PROJET 131"]
["PROJ132","PROJET 132"]
["PROJ133","PROJET 133"]
["PROJ134","PROJET 134"]
["PROJ135","PROJET 135"]
["PROJ136","PROJET 136"]
["PROJ137","PROJET 137"]
["PROJ138","PROJET 138"]
["PROJ139","PROJET 139"]
["PROJ140","PROJET 140"]
["PROJ141","PROJET 141"]
["PROJ142","PROJET 142"]
["PROJ143","PROJET 143"]
["PROJ144","PROJET 144"]
["PROJ145","PROJET 145"]
["PROJ146","PROJET 146"]
["PROJ147","PROJET 147"]
["PROJ148","PROJET 148"]
["PROJ149","PROJET 149"]
["PROJ150","PROJET 150"]
["PROJ151","PROJET 151"]
["PROJ152","PROJET 152"]
["PROJ153","PROJET 153"]
["PROJ154","PROJET 154"]
["PROJ155","PROJET 155"]
["PROJ156","PROJET 156"]
["PROJ157","PROJET 157"]
["PROJ158","PROJET 158"]
["PROJ159","PROJET 159"]
["PROJ160","PROJET 160"]
["PROJ161","PROJET 161"]
["PROJ162","PROJET 162"]
["PROJ163","PROJET 163"]
["PROJ164","PROJET 164"]
["PROJ165","PROJET 165"]
["PROJ166","PROJET 166"]
["PROJ167","PROJET 167"]
["PROJ168","PROJET 168"]
["PROJ169","PROJET 169"]
["PROJ170","PROJET 170"]
["PROJ171","PROJET 171"]
["PROJ172","PROJET 172"]
["PROJ173","PROJET 173"]
["PROJ174","PROJET 174"]
["PROJ175","PROJET 175"]
["PROJ176","PROJET 176"]
["PROJ177","PROJET 177"]
["PROJ178","PROJET 178"]
["PROJ179","PROJET 179"]
["PROJ180","PROJET 180"]
["PROJ181","PROJET 181"]
["PROJ182","PROJET 182"]
["PROJ183","PROJET 183"]
["PROJ184","PROJET 184"]
["PROJ185","PROJET 185"]
["PROJ186","PROJET 186"]
["PROJ187","PROJET 187"]
["PROJ188","PROJET 188"]
["PROJ189","PROJET 189"]
["PROJ190","PROJET 190"]
["PROJ191","PROJET 191"]
["PROJ192","PROJET 192"]
["PROJ193","PROJET 193"]
["PROJ194","PROJET 194"]
["PROJ195","PROJET 195"]
["PROJ196","PROJET 196"]
["PROJ197","PROJET 197"]
["PROJ198","PROJET 198"]
["PROJ199","PROJET 199"]
["PROJ200","PROJET 200"]
["PROJ201","PROJET 201"]
["PROJ202","PROJET 202"]
["PROJ203","PROJET 203"]
["PROJ204","PROJET 204"]
["PROJ205","PROJET 205"]
["PROJ206","PROJET 206"]
["PROJ207","PROJET 207"]
["PROJ208","PROJET 208"]
["PROJ209","PROJET 209"]
["PROJ210","PROJET 210"]
["PROJ211","PROJET 211"]
["PROJ212","PROJET 212"]
["PROJ213","PROJET 213"]
["PROJ214","PROJET 214"]
["PROJ215","PROJET 215"]
["PROJ216","PROJET 216"]
["PROJ217","PROJET 217"]
["PROJ218","PROJET 218"]
["PROJ219","PROJET 219"]
["PROJ220","PROJET 220"]
["PROJ221","PROJET 221"]
["PROJ222","PROJET 222"]
["PROJ223","PROJET 223"]
["PROJ224","PROJET 224"]
["PROJ225","PROJET 225"]
["PROJ226","PROJET 226"]
["PROJ227","PROJET 227"]
["PROJ228","PROJET 228"]
["PROJ229","PROJET 229"]
["PROJ230","PROJET 230"]
["PROJ231","PROJET 231"]
["PROJ232","PROJET 232"]
["PROJ233","PROJET 233"]
["PROJ234","PROJET 234"]
["PROJ235","PROJET 235"]
["PROJ236","PROJET 236"]
["PROJ237","PROJET 237"]
["PROJ238","PROJET 238"]
["PROJ239","PROJET 239"]
["PROJ240","PROJET 240"]
["PROJ241","PROJET 241"]
["PROJ242","PROJET 242"]
["PROJ243","PROJET 243"]
["PROJ244","PROJET 244"]
["PROJ245","PROJET 245"]
["PROJ246","PROJET 246"]
["PROJ247","PROJET 247"]
["PROJ248","PROJET 248"]
["PROJ249","PROJET 249"]
["PROJ250","PROJET 250"]
["PROJ251","PROJET 251"]
["PROJ252","PROJET 252"]
["PROJ253","PROJET 253"]
["PROJ254","PROJET 254"]
["PROJ255","PROJET 255"]
["PROJ256","PROJET 256"]
["PROJ257","PROJET 257"]
["PROJ258","PROJET 258"]
["PROJ259","PROJET 259"]
["PROJ260","PROJET 260"]
["PROJ261","PROJET 261"]
["PROJ262","PROJET 262"]
["PROJ263","PROJET 263"]
["PROJ264","PROJET 264"]
["PROJ265","PROJET 265"]
["PROJ266","PROJET 266"]
["PROJ267","PROJET 267"]
["PROJ268","PROJET 268"]
["PROJ269","PROJET 269"]
["PROJ270","PROJET 270"]
["PROJ271","PROJET 271"]
["PROJ272","PROJET 272"]
["PROJ273","PROJET 273"]
["PROJ274","PROJET 274"]
["PROJ275","PROJET 275"]
["PROJ276","PROJET 276"]
["PROJ277","PROJET 277"]
["PROJ278","PROJET 278"]
["PROJ279","PROJET 279"]
["PROJ280","PROJET 280"]
["PROJ281","PROJET 281"]
["PROJ282","PROJET 282"]
["PROJ283","PROJET 283"]
["PROJ284","PROJET 284"]
["PROJ285","PROJET 285"]
["PROJ286","PROJET 286"]
["PROJ287","PROJET 287"]
["PROJ288","PROJET 288"]
["PROJ289","PROJET 289"]
["PROJ290","PROJET 290"]
["PROJ291","PROJET 291"]
["PROJ292","PROJET 292"]
["PROJ293","PROJET 293"]
["PROJ294","PROJET 294"]
["PROJ295","PROJET 295"]
["PROJ296","PROJET 296"]
["PROJ297","PROJET 297"]
["PROJ298","PROJET 298"]
["PROJ299","PROJET 299"]
["PROJ300","PROJET 300"]
["PROJ301","PROJET 301"]
["PROJ302","PROJET 302"]
["PROJ303","PROJET 303"]
["PROJ304","PROJET 304"]
["PROJ305","PROJET 305"]
["PROJ306","PROJET 306"]
["PROJ307","PROJET 307"]
["PROJ308","PROJET 308"]
["PROJ309","PROJET 309"]
["PROJ310","PROJET 310"]
["PROJ311","PROJET 311"]
["PROJ312","PROJET 312"]
["PROJ313","PROJET 313"]
["PROJ314","PROJET 314"]
["PROJ315","PROJET 315"]
["PROJ316","PROJET 316"]
["PROJ317","PROJET 317"]
["PROJ318","PROJET 318"]
["PROJ319","PROJET 319"]
["PROJ320","PROJET 320"]
["PROJ321","PROJET 321"]
["PROJ322","PROJET 322"]
["PROJ323","PROJET 323"]
["PROJ324","PROJET 324"]
["PROJ325","PROJET 325"]
["PROJ326","PROJET 326"]
["PROJ327","PROJET 327"]
["PROJ328","PROJET 328"]
["PROJ329","PROJET 329"]
["PROJ330","PROJET 330"]
["PROJ331","PROJET 331"]
["PROJ332","PROJET 332"]
["PROJ333","PROJET 333"]
["PROJ334","PROJET 334"]
["PROJ335","PROJET 335"]
["PROJ336","PROJET 336"]
["PROJ337","PROJET 337"]
["PROJ338","PROJET 338"]
["PROJ339","PROJET 339"]
["PROJ340","PROJET 340"]
["PROJ341","PROJET 341"]
["PROJ342","PROJET 342"]
["PROJ343","PROJET 343"]
["PROJ344","PROJET 344"]
["PROJ345","PROJET 345"]
["PROJ346","PROJET 346"]
["PROJ347","PROJET 347"]
["PROJ348","PROJET 348"]
["PROJ349","PROJET 349"]
["PROJ350","PROJET 350"]
["PROJ351","PROJET 351"]
["PROJ352","PROJET 352"]
["PROJ353","PROJET 353"]
["PROJ354","PROJET 354"]
["PROJ355","PROJET 355"]
["PROJ356","PROJET 356"]
["PROJ357","PROJET 357"]
["PROJ358","PROJET 358"]
["PROJ359","PROJET 359"]
["PROJ360","PROJET 360"]
["PROJ361","PROJET 361"]
["PROJ362","PROJET 362"]
["PROJ363","PROJET 363"]
["PROJ364","PROJET 364"]
["PROJ365","PROJET 365"]
["PROJ366","PROJET 366"]
["PROJ367","PROJET 367"]
["PROJ368","PROJET 368"]
["PROJ369","PROJET 369"]
["PROJ370","PROJET 370"]
["PROJ371","PROJET 371"]
["PROJ372","PROJET 372"]
["PROJ373","PROJET 373"]
["PROJ374","PROJET 374"]
["PROJ375","PROJET 375"]
["PROJ376","PROJET 376"]
["PROJ377","PROJET 377"]
["PROJ378","PROJET 378"]
["PROJ379","PROJET 379"]
["PROJ380","PROJET 380"]
["PROJ381","PROJET 381"]
["PROJ382","PROJET 382"]
["PROJ383","PROJET 383"]
["PROJ384","PROJET 384"]
["PROJ385","PROJET 385"]
["PROJ386","PROJET 386"]
["PROJ387","PROJET 387"]
["PROJ388","PROJET 388"]
["PROJ389","PROJET 389"]
["PROJ390","PROJET 390"]
["PROJ391","PROJET 391"]
["PROJ392","PROJET 392"]
["PROJ393","PROJET 393"]
["PROJ394","PROJET 394"]
["PROJ395","PROJET 395"]
["PROJ396","PROJET 396"]
["PROJ397","PROJET 397"]
["PROJ398","PROJET 398"]
["PROJ399","PROJET 399"]
["PROJ400","PROJET 400"]
["PROJ401","PROJET 401"]
["PROJ402","PROJET 402"]
["PROJ403","PROJET 403"]
["PROJ404","PROJET 404"]
["PROJ405","PROJET 405"]
["PROJ406","PROJET 406"]
["PROJ407","PROJET 407"]
["PROJ408","PROJET 408"]
["PROJ409","PROJET 409"]
["PROJ410","PROJET 410"]
["PROJ411","PROJET 411"]
["PROJ412","PROJET 412"]
["PROJ413","PROJET 413"]
["PROJ414","PROJET 414"]
["PROJ415","PROJET 415"]
["PROJ416","PROJET 416"]
["PROJ417","PROJET 417"]
["PROJ418","PROJET 418"]
["PROJ419","PROJET 419"]
["PROJ420","PROJET 420"]
["PROJ421","PROJET 421"]
["PROJ422","PROJET 422"]
["PROJ423","PROJET 423"]
["PROJ424","PROJET 424"]
["PROJ425","PROJET 425"]
["PROJ426","PROJET 426"]
["PROJ427","PROJET 427"]
["PROJ428","PROJET 428"]
["PROJ429","PROJET 429"]
["PROJ430","PROJET 430"]
["PROJ431","PROJET 431"]
["PROJ432","PROJET 432"]
["PROJ433","PROJET 433"]
["PROJ434","PROJET 434"]
["PROJ435","PROJET 435"]
["PROJ436","PROJET 436"]
["PROJ437","PROJET 437"]
["PROJ438","PROJET 438"]
["PROJ439","PROJET 439"]
["PROJ440","PROJET 440"]
["PROJ441","PROJET 441"]
["PROJ442","PROJET 442"]
["PROJ443","PROJET 443"]
["PROJ444","PROJET 444"]
["PROJ445","PROJET 445"]
["PROJ446","PROJET 446"]
["PROJ447","PROJET 447"]
["PROJ448","PROJET 448"]
["PROJ449","PROJET 449"]
["PROJ450","PROJET 450"]
["PROJ451","PROJET 451"]
["PROJ452","PROJET 452"]
["PROJ453","PROJET 453"]
["PROJ454","PROJET 454"]
["PROJ455","PROJET 455"]
["PROJ456","PROJET 456"]
["PROJ457","PROJET 457"]
["PROJ458","PROJET 458"]
["PROJ459","PROJET 459"]
["PROJ460","PROJET 460"]
["PROJ461","PROJET 461"]
["PROJ462","PROJET 462"]
["PROJ463","PROJET 463"]
["PROJ464","PROJET 464"]
["PROJ465","PROJET 465"]
["PROJ466","PROJET 466"]
["PROJ467","PROJET 467"]
["PROJ468","PROJET 468"]
["PROJ469","PROJET 469"]
["PROJ470","PROJET 470"]
["PROJ471","PROJET 471"]
["PROJ472","PROJET 472"]
["PROJ473","PROJET 473"]
["PROJ474","PROJET 474"]
["PROJ475","PROJET 475"]
["PROJ476","PROJET 476"]
["PROJ477","PROJET 477"]
["PROJ478","PROJET 478"]
["PROJ479","PROJET 479"]
["PROJ480","PROJET 480"]
["PROJ481","PROJET 481"]
["PROJ482","PROJET 482"]
["PROJ483","PROJET 483"]
["PROJ484","PROJET 484"]
["PROJ485","PROJET 485"]
["PROJ486","PROJET 486"]
["PROJ487","PROJET 487"]
["PROJ488","PROJET 488"]
["PROJ489","PROJET 489"]
["PROJ490","PROJET 490"]
["PROJ491","PROJET 491"]
["PROJ492","PROJET 492"]
["PROJ493","PROJET 493"]
["PROJ494","PROJET 494"]
["PROJ495","PROJET 495"]
["PROJ496","PROJET 496"]
["PROJ497","PROJET 497"]
["PROJ498","PROJET 498"]
["PROJ499","PROJET 499"]
["PROJ500","PROJET 500"]
["PROJ501","PROJET 501"]
["PROJ502","PROJET 502"]
["PROJ503","PROJET 503"]
["PROJ504","PROJET 504"]
["PROJ505","PROJET 505"]
["PROJ506","PROJET 506"]
["PROJ507","PROJET 507"]
["PROJ508","PROJET 508"]
["PROJ509","PROJET 509"]
["PROJ510","PROJET 510"]
["PROJ511","PROJET 511"]
["PROJ512","PROJET 512"]
["PROJ513","PROJET 513"]
["PROJ514","PROJET 514"]
["PROJ515","PROJET 515"]
["PROJ516","PROJET 516"]
["PROJ517","PROJET 517"]
["PROJ518","PROJET 518"]
["PROJ519","PROJET 519"]
["PROJ520","PROJET 520"]
["PROJ521","PROJET 521"]
["PROJ522","PROJET 522"]
["PROJ523","PROJET 523"]
["PROJ524","PROJET 524"]
["PROJ525","PROJET 525"]
["PROJ526","PROJET 526"]
["PROJ527","PROJET 527"]
["PROJ528","PROJET 528"]
["PROJ529","PROJET 529"]
["PROJ530","PROJET 530"]
["PROJ531","PROJET 531"]
["PROJ532","PROJET 532"]
["PROJ533","PROJET 533"]
["PROJ534","PROJET 534"]
["PROJ535","PROJET 535"]
["PROJ536","PROJET 536"]
["PROJ537","PROJET 537"]
["PROJ538","PROJET 538"]
["PROJ539","PROJET 539"]
["PROJ540","PROJET 540"]
["PROJ541","PROJET 541"]
["PROJ542","PROJET 542"]
["PROJ543","PROJET 543"]
["PROJ544","PROJET 544"]
["PROJ545","PROJET 545"]
["PROJ546","PROJET 546"]
["PROJ547","PROJET 547"]
["PROJ548","PROJET 548"]
["PROJ549","PROJET 549"]
["PROJ550","PROJET 550"]
["PROJ551","PROJET 551"]
["PROJ552","PROJET 552"]
["PROJ553","PROJET 553"]
["PROJ554","PROJET 554"]
["PROJ555","PROJET 555"]
["PROJ556","PROJET 556"]
["PROJ557","PROJET 557"]
["PROJ558","PROJET 558"]
["PROJ559","PROJET 559"]
["PROJ560","PROJET 560"]
["PROJ561","PROJET 561"]
["PROJ562","PROJET 562"]
["PROJ563","PROJET 563"]
["PROJ564","PROJET 564"]
["PROJ565","PROJET 565"]
["PROJ566","PROJET 566"]
["PROJ567","PROJET 567"]
["PROJ568","PROJET 568"]
["PROJ569","PROJET 569"]
["PROJ570","PROJET 570"]
["PROJ571","PROJET 571"]
["PROJ572","PROJET 572"]
["PROJ573","PROJET 573"]
["PROJ574","PROJET 574"]
["PROJ575","PROJET 575"]
["PROJ576","PROJET 576"]
["PROJ577","PROJET 577"]
["PROJ578","PROJET 578"]
["PROJ579","PROJET 579"]
["PROJ580","PROJET 580"]
["PROJ581","PROJET 581"]
["PROJ582","PROJET 582"]
["PROJ583","PROJET 583"]
["PROJ584","PROJET 584"]
["PROJ585","PROJET 585"]
["PROJ586","PROJET 586"]
["PROJ587","PROJET 587"]
["PROJ588","PROJET 588"]
["PROJ589","PROJET 589"]
["PROJ590","PROJET 590"]
["PROJ591","PROJET 591"]
["PROJ592","PROJET 592"]
["PROJ593","PROJET 593"]
["PROJ594","PROJET 594"]
["PROJ595","PROJET 595"]
["PROJ596","PROJET 596"]
["PROJ597","PROJET 597"]
["PROJ598","PROJET 598"]
["PROJ599","PROJET 599"]
["PROJ600","PROJET 600"]
["PROJ601","PROJET 601"]
["PROJ602","PROJET 602"]
["PROJ603","PROJET 603"]
["PROJ604","PROJET 604"]
["PROJ605","PROJET 605"]
["PROJ606","PROJET 606"]
["PROJ607","PROJET 607"]
["PROJ608","PROJET 608"]
["PROJ609","PROJET 609"]
["PROJ610","PROJET 610"]
["PROJ611","PROJET 611"]
["PROJ612","PROJET 612"]
["PROJ613","PROJET 613"]
["PROJ614","PROJET 614"]
["PROJ615","PROJET 615"]
["PROJ616","PROJET 616"]
["PROJ617","PROJET 617"]
["PROJ618","PROJET 618"]
["PROJ619","PROJET 619"]
["PROJ620","PROJET 620"]
["PROJ621","PROJET 621"]
["PROJ622","PROJET 622"]
["PROJ623","PROJET 623"]
["PROJ624","PROJET 624"]
["PROJ625","PROJET 625"]
["PROJ626","PROJET 626"]
["PROJ627","PROJET 627"]
["PROJ628","PROJET 628"]
["PROJ629","PROJET 629"]
["PROJ630","PROJET 630"]
["PROJ631","PROJET 631"]
["PROJ632","PROJET 632"]
["PROJ633","PROJET 633"]
["PROJ634","PROJET 634"]
["PROJ635","PROJET 635"]
["PROJ636","PROJET 636"]
["PROJ637","PROJET 637"]
["PROJ638","PROJET 638"]
["PROJ639","PROJET 639"]
["PROJ640","PROJET 640"]
["PROJ641","PROJET 641"]
["PROJ642","PROJET 642"]
["PROJ643","PROJET 643"]
["PROJ644","PROJET 644"]
["PROJ645","PROJET 645"]
["PROJ646","PROJET 646"]
["PROJ647","PROJET 647"]
["PROJ648","PROJET 648"]
["PROJ649","PROJET 649"]
["PROJ650","PROJET 650"]
["PROJ651","PROJET 651"]
["PROJ652","PROJET 652"]
["PROJ653","PROJET 653"]
["PROJ654","PROJET 654"]
["PROJ655","PROJET 655"]
["PROJ656","PROJET 656"]
["PROJ657","PROJET 657"]
["PROJ658","PROJET 658"]
["PROJ659","PROJET 659"]
["PROJ660","PROJET 660"]
["PROJ661","PROJET 661"]
["PROJ662","PROJET 662"]
["PROJ663","PROJET 663"]
["PROJ664","PROJET 664"]
["PROJ665","PROJET 665"]
["PROJ666","PROJET 666"]
["PROJ667","PROJET 667"]
["PROJ668","PROJET 668"]
["PROJ669","PROJET 669"]
["PROJ670","PROJET 670"]
["PROJ671","PROJET 671"]
["PROJ672","PROJET 672"]
["PROJ673","PROJET 673"]
["PROJ674","PROJET 674"]
["PROJ675","PROJET 675"]
["PROJ676","PROJET 676"]
["PROJ677","PROJET 677"]
["PROJ678","PROJET 678"]
["PROJ679","PROJET 679"]
["PROJ680","PROJET 680"]
["PROJ681","PROJET 681"]
["PROJ682","PROJET 682"]
["PROJ683","PROJET 683"]
["PROJ684","PROJET 684"]
["PROJ685","PROJET 685"]
["PROJ686","PROJET 686"]
["PROJ687","PROJET 687"]
["PROJ688","PROJET 688"]
["PROJ689","PROJET 689"]
["PROJ690","PROJET 690"]
["PROJ691","PROJET 691"]
["PROJ692","PROJET 692"]
["PROJ693","PROJET 693"]
["PROJ694","PROJET 694"]
["PROJ695","PROJET 695"]
["PROJ696","PROJET 696"]
["PROJ697","PROJET 697"]
["PROJ698","PROJET 698"]
["PROJ699","PROJET 699"]
["PROJ700","PROJET 700"]
["PROJ701","PROJET 701"]
["PROJ702","PROJET 702"]
["PROJ703","PROJET 703"]
["PROJ704","PROJET 704"]
["PROJ705","PROJET 705"]
["PROJ706","PROJET 706"]
["PROJ707","PROJET 707"]
["PROJ708","PROJET 708"]
["PROJ709","PROJET 709"]
["PROJ710","PROJET 710"]
["PROJ711","PROJET 711"]
["PROJ712","PROJET 712"]
["PROJ713","PROJET 713"]
["PROJ714","PROJET 714"]
["PROJ715","PROJET 715"]
["PROJ716","PROJET 716"]
["PROJ717","PROJET 717"]
["PROJ718","PROJET 718"]
["PROJ719","PROJET 719"]
["PROJ720","PROJET 720"]
["PROJ721","PROJET 721"]
["PROJ722","PROJET 722"]
["PROJ723","PROJET 723"]
["PROJ724","PROJET 724"]
["PROJ725","PROJET 725"]
["PROJ726","PROJET 726"]
["PROJ727","PROJET 727"]
["PROJ728","PROJET 728"]
["PROJ729","PROJET 729"]
["PROJ730","PROJET 730"]
["PROJ731","PROJET 731"]
["PROJ732","PROJET 732"]
["PROJ733","PROJET 733"]
["PROJ734","PROJET 734"]
["PROJ735","PROJET 735"]
["PROJ736","PROJET 736"]
["PROJ737","PROJET 737"]
["PROJ738","PROJET 738"]
["PROJ739","PROJET 739"]
["PROJ740","PROJET 740"]
["PROJ741","PROJET 741"]
["PROJ742","PROJET 742"]
["PROJ743","PROJET 743"]
["PROJ744","PROJET 744"]
["PROJ745","PROJET 745"]
["PROJ746","PROJET 746"]
["PROJ747","PROJET 747"]
["PROJ748","PROJET 748"]
["PROJ749","PROJET 749"]
["PROJ750","PROJET 750"]
["PROJ751","PROJET 751"]
["PROJ752","PROJET 752"]
["PROJ753","PROJET 753"]
["PROJ754","PROJET 754"]
["PROJ755","PROJET 755"]
["PROJ756","PROJET 756"]
["PROJ757","PROJET 757"]
["PROJ758","PROJET 758"]
["PROJ759","PROJET 759"]
["PROJ760","PROJET 760"]
["PROJ761","PROJET 761"]
["PROJ762","PROJET 762"]
["PROJ763","PROJET 763"]
["PROJ764","PROJET 764"]
["PROJ765","PROJET 765"]
["PROJ766","PROJET 766"]
["PROJ767","PROJET 767"]
["PROJ768","PROJET 768"]
["PROJ769","PROJET 769"]
["PROJ770","PROJET 770"]
["PROJ771","PROJET 771"]
["PROJ772","PROJET 772"]
["PROJ773","PROJET 773"]
["PROJ774","PROJET 774"]
["PROJ775","PROJET 775"]
["PROJ776","PROJET 776"]
["PROJ777","PROJET 777"]
["PROJ778","PROJET 778"]
["PROJ779","PROJET 779"]
["PROJ780","PROJET 780"]
["PROJ781","PROJET 781"]
["PROJ782","PROJET 782"]
["PROJ783","PROJET 783"]
["PROJ784","PROJET 784"]
["PROJ785","PROJET 785"]
["PROJ786","PROJET 786"]
["PROJ787","PROJET 787"]
["PROJ788","PROJET 788"]
["PROJ789","PROJET 789"]
["PROJ790","PROJET 790"]
["PROJ791","PROJET 791"]
["PROJ792","PROJET 792"]
["PROJ793","PROJET 793"]
["PROJ794","PROJET 794"]
["PROJ795","PROJET 795"]
["PROJ796","PROJET 796"]
["PROJ797","PROJET 797"]
["PROJ798","PROJET 798"]
["PROJ799","PROJET 799"]
["PROJ800","PROJET 800"]
["PROJ801","PROJET 801"]
["PROJ802","PROJET 802"]
["PROJ803","PROJET 803"]
["PROJ804","PROJET 804"]
["PROJ805","PROJET 805"]
["PROJ806","PROJET 806"]
["PROJ807","PROJET 807"]
["PROJ808","PROJET 808"]
["PROJ809","PROJET 809"]
["PROJ810","PROJET 810"]
["PROJ811","PROJET 811"]
["PROJ812","PROJET 812"]
["PROJ813","PROJET 813"]
["PROJ814","PROJET 814"]
["PROJ815","PROJET 815"]
["PROJ816","PROJET 816"]
["PROJ817","PROJET 817"]
["PROJ818","PROJET 818"]
["PROJ819","PROJET 819"]
["PROJ820","PROJET 820"]
["PROJ821","PROJET 821"]
["PROJ822","PROJET 822"]
["PROJ823","PROJET 823"]
["PROJ824","PROJET 824"]
["PROJ825","PROJET 825"]
["PROJ826","PROJET 826"]
["PROJ827","PROJET 827"]
["PROJ828","PROJET 828"]
["PROJ829","PROJET 829"]
["PROJ830","PROJET 830"]
["PROJ831","PROJET 831"]
["PROJ832","PROJET 832"]
["PROJ833","PROJET 833"]
["PROJ834","PROJET 834"]
["PROJ835","PROJET 835"]
["PROJ836","PROJET 836"]
["PROJ837","PROJET 837"]
["PROJ838","PROJET 838"]
["PROJ839","PROJET 839"]
["PROJ840","PROJET 840"]
["PROJ841","PROJET 841"]
["PROJ842","PROJET 842"]
["PROJ843","PROJET 843"]
["PROJ844","PROJET 844"]
["PROJ845","PROJET 845"]
["PROJ846","PROJET 846"]
["PROJ847","PROJET 847"]
["PROJ848","PROJET 848"]
["PROJ849","PROJET 849"]
["PROJ850","PROJET 850"]
["PROJ851","PROJET 851"]
["PROJ852","PROJET 852"]
["PROJ853","PROJET 853"]
["PROJ854","PROJET 854"]
["PROJ855","PROJET 855"]
["PROJ856","PROJET 856"]
["PROJ857","PROJET 857"]
["PROJ858","PROJET 858"]
["PROJ859","PROJET 859"]
["PROJ860","PROJET 860"]
["PROJ861","PROJET 861"]
["PROJ862","PROJET 862"]
["PROJ863","PROJET 863"]
["PROJ864","PROJET 864"]
["PROJ865","PROJET 865"]
["PROJ866","PROJET 866"]
["PROJ867","PROJET 867"]
["PROJ868","PROJET 868"]
["PROJ869","PROJET 869"]
["PROJ870","PROJET 870"]
["PROJ871","PROJET 871"]
["PROJ872","PROJET 872"]
["PROJ873","PROJET 873"]
["PROJ874","PROJET 874"]
["PROJ875","PROJET 875"]
["PROJ876","PROJET 876"]
["PROJ877","PROJET 877"]
["PROJ878","PROJET 878"]
["PROJ879","PROJET 879"]
["PROJ880","PROJET 880"]
["PROJ881","PROJET 881"]
["PROJ882","PROJET 882"]
["PROJ883","PROJET 883"]
["PROJ884","PROJET 884"]
["PROJ885","PROJET 885"]
["PROJ886","PROJET 886"]
["PROJ887","PROJET 887"]
["PROJ888","PROJET 888"]
["PROJ889","PROJET 889"]
["PROJ890","PROJET 890"]
["PROJ891","PROJET 891"]
["PROJ892","PROJET 892"]
["PROJ893","PROJET 893"]
["PROJ894","PROJET 894"]
["PROJ895","PROJET 895"]
["PROJ896","PROJET 896"]
["PROJ897","PROJET 897"]
["PROJ898","PROJET 898"]
["PROJ899","PROJET 899"]
["PROJ900","PROJET 900"]
["PROJ901","PROJET 901"]
["PROJ902","PROJET 902"]
["PROJ903","PROJET 903"]
["PROJ904","PROJET 904"]
["PROJ905","PROJET 905"]
["PROJ906","PROJET 906"]
["PROJ907","PROJET 907"]
["PROJ908","PROJET 908"]
["PROJ909","PROJET 909"]
["PROJ910","PROJET 910"]
["PROJ911","PROJET 911"]
["PROJ912","PROJET 912"]
["PROJ913","PROJET 913"]
["PROJ914","PROJET 914"]
["PROJ915","PROJET 915"]
["PROJ916","PROJET 916"]
["PROJ917","PROJET 917"]
["PROJ918","PROJET 918"]
["PROJ919","PROJET 919"]
["PROJ920","PROJET 920"]
["PROJ921","PROJET 921"]
["PROJ922","PROJET 922"]
["PROJ923","PROJET 923"]
["PROJ924","PROJET 924"]
["PROJ925","PROJET 925"]
["PROJ926","PROJET 926"]
["PROJ927","PROJET 927"]
["PROJ928","PROJET 928"]
["PROJ929","PROJET 929"]
["PROJ930","PROJET 930"]
["PROJ931","PROJET 931"]
["PROJ932","PROJET 932"]
["PROJ933","PROJET 933"]
["PROJ934","PROJET 934"]
["PROJ935","PROJET 935"]
["PROJ936","PROJET 936"]
["PROJ937","PROJET 937"]
["PROJ938","PROJET 938"]
["PROJ939","PROJET 939"]
["PROJ940","PROJET 940"]
["PROJ941","PROJET 941"]
["PROJ942","PROJET 942"]
["PROJ943","PROJET 943"]
["PROJ944","PROJET 944"]
["PROJ945","PROJET 945"]
["PROJ946","PROJET 946"]
["PROJ947","PROJET 947"]
["PROJ948","PROJET 948"]
["PROJ949","PROJET 949"]
["PROJ950","PROJET 950"]
["PROJ951","PROJET 951"]
["PROJ952","PROJET 952"]
["PROJ953","PROJET 953"]
["PROJ954","PROJET 954"]
["PROJ955","PROJET 955"]
["PROJ956","PROJET 956"]
["PROJ957","PROJET 957"]
["PROJ958","PROJET 958"]
["PROJ959","PROJET 959"]
["PROJ960","PROJET 960"]
["PROJ961","PROJET 961"]
["PROJ962","PROJET 962"]
["PROJ963","PROJET 963"]
["PROJ964","PROJET 964"]
["PROJ965","PROJET 965"]
["PROJ966","PROJET 966"]
["PROJ967","PROJET 967"]
["PROJ968","PROJET 968"]
["PROJ969","PROJET 969"]
["PROJ970","PROJET 970"]
["PROJ971","PROJET 971"]
["PROJ972","PROJET 972"]
["PROJ973","PROJET 973"]
["PROJ974","PROJET 974"]
["PROJ975","PROJET 975"]
["PROJ976","PROJET 976"]
["PROJ977","PROJET 977"]
["PROJ978","PROJET 978"]
["PROJ979","PROJET 979"]
["PROJ980","PROJET 980"]
["PROJ981","PROJET 981"]
["PROJ982","PROJET 982"]
["PROJ983","PROJET 983"]
["PROJ984","PROJET 984"]
["PROJ985","PROJET 985"]
["PROJ986","PROJET 986"]
["PROJ987","PROJET 987"]
["PROJ988","PROJET 988"]
["PROJ989","PROJET 989"]
["PROJ990","PROJET 990"]
["PROJ991","PROJET 991"]
["PROJ992","PROJET 992"]
["PROJ993","PROJET 993"]
["PROJ994","PROJET 994"]
["PROJ995","PROJET 995"]
["PROJ996","PROJET 996"]
["PROJ997","PROJET 997"]
["PROJ998","PROJET 998"]
["PROJ999","PROJET 999"]
["PROJ1000","PROJET 1000"]
["PROJ1001","PROJET 1001"]
["PROJ1002","PROJET 1002"]
["PROJ1003","PROJET 1003"]
["PROJ1004","PROJET 1004"]
["PROJ1005","PROJET 1005"]
["PROJ1006","PROJET 1006"]
["PROJ1007","PROJET 1007"]
["PROJ1008","PROJET 1008"]
["PROJ1009","PROJET 1009"]
["PROJ1010","PROJET 1010"]
["PROJ1011","PROJET 1011"]
["PROJ1012","PROJET 1012"]
["PROJ1013","PROJET 1013"]
["PROJ1014","PROJET 1014"]
["PROJ1015","PROJET 1015"]
["PROJ1016","PROJET 1016"]
["PROJ1017","PROJET 1017"]
["PROJ1018","PROJET 1018"]
["PROJ1019","PROJET 1019"]
["PROJ1020","PROJET 1020"]
["PROJ1021","PROJET 1021"]
["PROJ1022","PROJET 1022"]
["PROJ1023","PROJET 1023"]
["PROJ1024","PROJET 1024"]
["PROJ1025","PROJET 1025"]
["PROJ1026","PROJET 1026"]
["PROJ1027","PROJET 1027"]
["PROJ1028","PROJET 1028"]
["PROJ1029","PROJET 1029"]
["PROJ1030","PROJET 1030"]
["PROJ1031","PROJET 1031"]
["PROJ1032","PROJET 1032"]
["PROJ1033","PROJET 1033"]
["PROJ1034","PROJET 1034"]
["PROJ1035","PROJET 1035"]
["PROJ1036","PROJET 1036"]
["PROJ1037","PROJET 1037"]
["PROJ1038","PROJET 1038"]
["PROJ1039","PROJET 1039"]
["PROJ1040","PROJET 1040"]
["PROJ1041","PROJET 1041"]
["PROJ1042","PROJET 1042"]
["PROJ1043","PROJET 1043"]
["PROJ1044","PROJET 1044"]
["PROJ1045","PROJET 1045"]
["PROJ1046","PROJET 1046"]
["PROJ1047","PROJET 1047"]
["PROJ1048","PROJET 1048"]
["PROJ1049","PROJET 1049"]
["PROJ1050","PROJET 1050"]
["PROJ1051","PROJET 1051"]
["PROJ1052","PROJET 1052"]
["PROJ1053","PROJET 1053"]
["PROJ1054","PROJET 1054"]
["PROJ1055","PROJET 1055"]
["PROJ1056","PROJET 1056"]
["PROJ1057","PROJET 1057"]
["PROJ1058","PROJET 1058"]
["PROJ1059","PROJET 1059"]
["PROJ1060","PROJET 1060"]
["PROJ1061","PROJET 1061"]
["PROJ1062","PROJET 1062"]
["PROJ1063","PROJET 1063"]
["PROJ1064","PROJET 1064"]
["PROJ1065","PROJET 1065"]
["PROJ1066","PROJET 1066"]
["PROJ1067","PROJET 1067"]
["PROJ1068","PROJET 1068"]
["PROJ1069","PROJET 1069"]
["PROJ1070","PROJET 1070"]
["PROJ1071","PROJET 1071"]
["PROJ1072","PROJET 1072"]
["PROJ1073","PROJET 1073"]
["PROJ1074","PROJET 1074"]
["PROJ1075","PROJET 1075"]
["PROJ1076","PROJET 1076"]
["PROJ1077","PROJET 1077"]
["PROJ1078","PROJET 1078"]
["PROJ1079","PROJET 1079"]
["PROJ1080","PROJET 1080"]
["PROJ1081","PROJET 1081"]
["PROJ1082","PROJET 1082"]
["PROJ1083","PROJET 1083"]
["PROJ1084","PROJET 1084"]
["PROJ1085","PROJET 1085"]
["PROJ1086","PROJET 1086"]
["PROJ1087","PROJET 1087"]
["PROJ1088","PROJET 1088"]
["PROJ1089","PROJET 1089"]
["PROJ1090","PROJET 1090"]
["PROJ1091","PROJET 1091"]
["PROJ1092","PROJET 1092"]
["PROJ1093","PROJET 1093"]
["PROJ1094","PROJET 1094"]
["PROJ1095","PROJET 1095"]
["PROJ1096","PROJET 1096"]
["PROJ1097","PROJET 1097"]
["PROJ1098","PROJET 1098"]
["PROJ1099","PROJET 1099"]
["PROJ1100","PROJET 1100"]
["PROJ1101","PROJET 1101"]
["PROJ1102","PROJET 1102"]
["PROJ1103","PROJET 1103"]
["PROJ1104","PROJET 1104"]
["PROJ1105","PROJET 1105"]
["PROJ1106","PROJET 1106"]
["PROJ1107","PROJET 1107"]
["PROJ1108","PROJET 1108"]
["PROJ1109","PROJET 1109"]
["PROJ1110","PROJET 1110"]
["PROJ1111","PROJET 1111"]
["PROJ1112","PROJET 1112"]
["PROJ1113","PROJET 1113"]
["PROJ1114","PROJET 1114"]
["PROJ1115","PROJET 1115"]
["PROJ1116","PROJET 1116"]
["PROJ1117","PROJET 1117"]
["PROJ1118","PROJET 1118"]
["PROJ1119","PROJET 1119"]
["PROJ1120","PROJET 1120"]
["PROJ1121","PROJET 1121"]
["PROJ1122","PROJET 1122"]
["PROJ1123","PROJET 1123"]
["PROJ1124","PROJET 1124"]
["PROJ1125","PROJET 1125"]
["PROJ1126","PROJET 1126"]
["PROJ1127","PROJET 1127"]
["PROJ1128","PROJET 1128"]
["PROJ1129","PROJET 1129"]
["PROJ1130","PROJET 1130"]
["PROJ1131","PROJET 1131"]
["PROJ1132","PROJET 1132"]
["PROJ1133","PROJET 1133"]
["PROJ1134","PROJET 1134"]
["PROJ1135","PROJET 1135"]
["PROJ1136","PROJET 1136"]
["PROJ1137","PROJET 1137"]
["PROJ1138","PROJET 1138"]
["PROJ1139","PROJET 1139"]
["PROJ1140","PROJET 1140"]
["PROJ1141","PROJET 1141"]
["PROJ1142","PROJET 1142"]
["PROJ1143","PROJET 1143"]
["PROJ1144","PROJET 1144"]
["PROJ1145","PROJET 1145"]
["PROJ1146","PROJET 1146"]
["PROJ1147","PROJET 1147"]
["PROJ1148","PROJET 1148"]
["PROJ1149","PROJET 1149"]
["PROJ1150","PROJET 1150"]
["PROJ1151","PROJET 1151"]
["PROJ1152","PROJET 1152"]
["PROJ1153","PROJET 1153"]
["PROJ1154","PROJET 1154"]
["PROJ1155","PROJET 1155"]
["PROJ1156","PROJET 1156"]
["PROJ1157","PROJET 1157"]
["PROJ1158","PROJET 1158"]
["PROJ1159","PROJET 1159"]
["PROJ1160","PROJET 1160"]
["PROJ1161","PROJET 1161"]
["PROJ1162","PROJET 1162"]
["PROJ1163","PROJET 1163"]
["PROJ1164","PROJET 1164"]
["PROJ1165","PROJET 1165"]
["PROJ1166","PROJET 1166"]
["PROJ1167","PROJET 1167"]
["PROJ1168","PROJET 1168"]
["PROJ1169","PROJET 1169"]
["PROJ1170","PROJET 1170"]
["PROJ1171","PROJET 1171"]
["PROJ1172","PROJET 1172"]
["PROJ1173","PROJET 1173"]
["PROJ1174","PROJET 1174"]
["PROJ1175","PROJET 1175"]
["PROJ1176","PROJET 1176"]
["PROJ1177","PROJET 1177"]
["PROJ1178","PROJET 1178"]
["PROJ1179","PROJET 1179"]
["PROJ1180","PROJET 1180"]
["PROJ1181","PROJET 1181"]
["PROJ1182","PROJET 1182"]
["PROJ1183","PROJET 1183"]
["PROJ1184","PROJET 1184"]
["PROJ1185","PROJET 1185"]
["PROJ1186","PROJET 1186"]
["PROJ1187","PROJET 1187"]
["PROJ1188","PROJET 1188"]
["PROJ1189","PROJET 1189"]
["PROJ1190","PROJET 1190"]
["PROJ1191","PROJET 1191"]
["PROJ1192","PROJET 1192"]
["PROJ1193","PROJET 1193"]
["PROJ1194","PROJET 1194"]
["PROJ1195","PROJET 1195"]
["PROJ1196","PROJET 1196"]
["PROJ1197","PROJET 1197"]
["PROJ1198","PROJET 1198"]
["PROJ1199","PROJET 1199"]
["PROJ1200","PROJET 1200"]
["PROJ1201","PROJET 1201"]
["PROJ1202","PROJET 1202"]
["PROJ1203","PROJET 1203"]
["PROJ1204","PROJET 1204"]
["PROJ1205","PROJET 1205"]
["PROJ1206","PROJET 1206"]
["PROJ1207","PROJET 1207"]
["PROJ1208","PROJET 1208"]
["PROJ1209","PROJET 1209"]
["PROJ1210","PROJET 1210"]
["PROJ1211","PROJET 1211"]
["PROJ1212","PROJET 1212"]
["PROJ1213","PROJET 1213"]
["PROJ1214","PROJET 1214"]
["PROJ1215","PROJET 1215"]
["PROJ1216","PROJET 1216"]
["PROJ1217","PROJET 1217"]
["PROJ1218","PROJET 1218"]
["PROJ1219","PROJET 1219"]
["PROJ1220","PROJET 1220"]
["PROJ1221","PROJET 1221"]
["PROJ1222","PROJET 1222"]
["PROJ1223","PROJET 1223"]
["PROJ1224","PROJET 1224"]
["PROJ1225","PROJET 1225"]
["PROJ1226","PROJET 1226"]
["PROJ1227","PROJET 1227"]
["PROJ1228","PROJET 1228"]
["PROJ1229","PROJET 1229"]
["PROJ1230","PROJET 1230"]
["PROJ1231","PROJET 1231"]
["PROJ1232","PROJET 1232"]
["PROJ1233","PROJET 1233"]
["PROJ1234","PROJET 1234"]
["PROJ1235","PROJET 1235"]
["PROJ1236","PROJET 1236"]
["PROJ1237","PROJET 1237"]
["PROJ1238","PROJET 1238"]
["PROJ1239","PROJET 1239"]
["PROJ1240","PROJET 1240"]
["PROJ1241","PROJET 1241"]
["PROJ1242","PROJET 1242"]
["PROJ1243","PROJET 1243"]
["PROJ1244","PROJET 1244"]
["PROJ1245","PROJET 1245"]
["PROJ1246","PROJET 1246"]
["PROJ1247","PROJET 1247"]
["PROJ1248","PROJET 1248"]
["PROJ1249","PROJET 1249"]
["PROJ1250","PROJET 1250"]
["PROJ1251","PROJET 1251"]
["PROJ1252","PROJET 1252"]
["PROJ1253","PROJET 1253"]
["PROJ1254","PROJET 1254"]
["PROJ1255","PROJET 1255"]
["PROJ1256","PROJET 1256"]
["PROJ1257","PROJET 1257"]
["PROJ1258","PROJET 1258"]
["PROJ1259","PROJET 1259"]
["PROJ1260","PROJET 1260"]
["PROJ1261","PROJET 1261"]
["PROJ1262","PROJET 1262"]
["PROJ1263","PROJET 1263"]
["PROJ1264","PROJET 1264"]
["PROJ1265","PROJET 1265"]
["PROJ1266","PROJET 1266"]
["PROJ1267","PROJET 1267"]
["PROJ1268","PROJET 1268"]
["PROJ1269","PROJET 1269"]
["PROJ1270","PROJET 1270"]
["PROJ1271","PROJET 1271"]
["PROJ1272","PROJET 1272"]
["PROJ1273","PROJET 1273"]
["PROJ1274","PROJET 1274"]
["PROJ1275","PROJET 1275"]
["PROJ1276","PROJET 1276"]
["PROJ1277","PROJET 1277"]
["PROJ1278","PROJET 1278"]
["PROJ1279","PROJET 1279"]
["PROJ1280","PROJET 1280"]
["PROJ1281","PROJET 1281"]
["PROJ1282","PROJET 1282"]
["PROJ1283","PROJET 1283"]
["PROJ1284","PROJET 1284"]
["PROJ1285","PROJET 1285"]
["PROJ1286","PROJET 1286"]
["PROJ1287","PROJET 1287"]
["PROJ1288","PROJET 1288"]
["PROJ1289","PROJET 1289"]
["PROJ1290","PROJET 1290"]
["PROJ1291","PROJET 1291"]
["PROJ1292","PROJET 1292"]
["PROJ1293","PROJET 1293"]
["PROJ1294","PROJET 1294"]
["PROJ1295","PROJET 1295"]
["PROJ1296","PROJET 1296"]
["PROJ1297","PROJET 1297"]
["PROJ1298","PROJET 1298"]
["PROJ1299","PROJET 1299"]
["PROJ1300","PROJET 1300"]
["PROJ1301","PROJET 1301"]
["PROJ1302","PROJET 1302"]
["PROJ1303","PROJET 1303"]
["PROJ1304","PROJET 1304"]
["PROJ1305","PROJET 1305"]
["PROJ1306","PROJET 1306"]
["PROJ1307","PROJET 1307"]
["PROJ1308","PROJET 1308"]
["PROJ1309","PROJET 1309"]
["PROJ1310","PROJET 1310"]
["PROJ1311","PROJET 1311"]
["PROJ1312","PROJET 1312"]
["PROJ1313","PROJET 1313"]
["PROJ1314","PROJET 1314"]
["PROJ1315","PROJET 1315"]
["PROJ1316","PROJET 1316"]
["PROJ1317","PROJET 1317"]
["PROJ1318","PROJET 1318"]
["PROJ1319","PROJET 1319"]
["PROJ1320","PROJET 1320"]
["PROJ1321","PROJET 1321"]
["PROJ1322","PROJET 1322"]
["PROJ1323","PROJET 1323"]
["PROJ1324","PROJET 1324"]
["PROJ1325","PROJET 1325"]
["PROJ1326","PROJET 1326"]
["PROJ1327","PROJET 1327"]
["PROJ1328","PROJET 1328"]
["PROJ1329","PROJET 1329"]
["PROJ1330","PROJET 1330"]
["PROJ1331","PROJET 1331"]
["PROJ1332","PROJET 1332"]
["PROJ1333","PROJET 1333"]
["PROJ1334","PROJET 1334"]
["PROJ1335","PROJET 1335"]
["PROJ1336","PROJET 1336"]
["PROJ1337","PROJET 1337"]
["PROJ1338","PROJET 1338"]
["PROJ1339","PROJET 1339"]
["PROJ1340","PROJET 1340"]
["PROJ1341","PROJET 1341"]
["PROJ1342","PROJET 1342"]
["PROJ1343","PROJET 1343"]
["PROJ1344","PROJET 1344"]
["PROJ1345","PROJET 1345"]
["PROJ1346","PROJET 1346"]
["PROJ1347","PROJET 1347"]
["PROJ1348","PROJET 1348"]
["PROJ1349","PROJET 1349"]
["PROJ1350","PROJET 1350"]
["PROJ1351","PROJET 1351"]
["PROJ1352","PROJET 1352"]
["PROJ1353","PROJET 1353"]
["PROJ1354","PROJET 1354"]
["PROJ1355","PROJET 1355"]
["PROJ1356","PROJET 1356"]
["PROJ1357","PROJET 1357"]
["PROJ1358","PROJET 1358"]
["PROJ1359","PROJET 1359"]
["PROJ1360","PROJET 1360"]
["PROJ1361","PROJET 1361"]
["PROJ1362","PROJET 1362"]
["PROJ1363","PROJET 1363"]
["PROJ1364","PROJET 1364"]
["PROJ1365","PROJET 1365"]
["PROJ1366","PROJET 1366"]
["PROJ1367","PROJET 1367"]
["PROJ1368","PROJET 1368"]
["PROJ1369","PROJET 1369"]
["PROJ1370","PROJET 1370"]
["PROJ1371","PROJET 1371"]
["PROJ1372","PROJET 1372"]
["PROJ1373","PROJET 1373"]
["PROJ1374","PROJET 1374"]
["PROJ1375","PROJET 1375"]
["PROJ1376","PROJET 1376"]
["PROJ1377","PROJET 1377"]
["PROJ1378","PROJET 1378"]
["PROJ1379","PROJET 1379"]
["PROJ1380","PROJET 1380"]
["PROJ1381","PROJET 1381"]
["PROJ1382","PROJET 1382"]
["PROJ1383","PROJET 1383"]
["PROJ1384","PROJET 1384"]
["PROJ1385","PROJET 1385"]
["PROJ1386","PROJET 1386"]
["PROJ1387","PROJET 1387"]
["PROJ1388","PROJET 1388"]
["PROJ1389","PROJET 1389"]
["PROJ1390","PROJET 1390"]
["PROJ1391","PROJET 1391"]
["PROJ1392","PROJET 1392"]
["PROJ1393","PROJET 1393"]
["PROJ1394","PROJET 1394"]
["PROJ1395","PROJET 1395"]
["PROJ1396","PROJET 1396"]
["PROJ1397","PROJET 1397"]
["PROJ1398","PROJET 1398"]
["PROJ1399","PROJET 1399"]
["PROJ1400","PROJET 1400"]
["PROJ1401","PROJET 1401"]
["PROJ1402","PROJET 1402"]
["PROJ1403","PROJET 1403"]
["PROJ1404","PROJET 1404"]
["PROJ1405","PROJET 1405"]
["PROJ1406","PROJET 1406"]
["PROJ1407","PROJET 1407"]
["PROJ1408","PROJET 1408"]
["PROJ1409","PROJET 1409"]
["PROJ1410","PROJET 1410"]
["PROJ1411","PROJET 1411"]
["PROJ1412","PROJET 1412"]
["PROJ1413","PROJET 1413"]
["PROJ1414","PROJET 1414"]
["PROJ1415","PROJET 1415"]
["PROJ1416","PROJET 1416"]
["PROJ1417","PROJET 1417"]
["PROJ1418","PROJET 1418"]
["PROJ1419","PROJET 1419"]
["PROJ1420","PROJET 1420"]
["PROJ1421","PROJET 1421"]
["PROJ1422","PROJET 1422"]
["PROJ1423","PROJET 1423"]
["PROJ1424","PROJET 1424"]
["PROJ1425","PROJET 1425"]
["PROJ1426","PROJET 1426"]
["PROJ1427","PROJET 1427"]
["PROJ1428","PROJET 1428"]
["PROJ1429","PROJET 1429"]
["PROJ1430","PROJET 1430"]
["PROJ1431","PROJET 1431"]
["PROJ1432","PROJET 1432"]
["PROJ1433","PROJET 1433"]
["PROJ1434","PROJET 1434"]
["PROJ1435","PROJET 1435"]
["PROJ1436","PROJET 1436"]
["PROJ1437","PROJET 1437"]
["PROJ1438","PROJET 1438"]
["PROJ1439","PROJET 1439"]
["PROJ1440","PROJET 1440"]
["PROJ1441","PROJET 1441"]
["PROJ1442","PROJET 1442"]
["PROJ1443","PROJET 1443"]
["PROJ1444","PROJET 1444"]
["PROJ1445","PROJET 1445"]
["PROJ1446","PROJET 1446"]
["PROJ1447","PROJET 1447"]
["PROJ1448","PROJET 1448"]
["PROJ1449","PROJET 1449"]
["PROJ1450","PROJET 1450"]
["PROJ1451","PROJET 1451"]
["PROJ1452","PROJET 1452"]
["PROJ1453","PROJET 1453"]
["PROJ1454","PROJET 1454"]
["PROJ1455","PROJET 1455"]
["PROJ1456","PROJET 1456"]
["PROJ1457","PROJET 1457"]
["PROJ1458","PROJET 1458"]
["PROJ1459","PROJET 1459"]
["PROJ1460","PROJET 1460"]
["PROJ1461","PROJET 1461"]
["PROJ1462","PROJET 1462"]
["PROJ1463","PROJET 1463"]
["PROJ1464","PROJET 1464"]
["PROJ1465","PROJET 1465"]
["PROJ1466","PROJET 1466"]
["PROJ1467","PROJET 1467"]
["PROJ1468","PROJET 1468"]
["PROJ1469","PROJET 1469"]
["PROJ1470","PROJET 1470"]
["PROJ1471","PROJET 1471"]
["PROJ1472","PROJET 1472"]
["PROJ1473","PROJET 1473"]
["PROJ1474","PROJET 1474"]
["PROJ1475","PROJET 1475"]
["PROJ1476","PROJET 1476"]
["PROJ1477","PROJET 1477"]
["PROJ1478","PROJET 1478"]
["PROJ1479","PROJET 1479"]
["PROJ1480","PROJET 1480"]
["PROJ1481","PROJET 1481"]
["PROJ1482","PROJET 1482"]
["PROJ1483","PROJET 1483"]
["PROJ1484","PROJET 1484"]
["PROJ1485","PROJET 1485"]
["PROJ1486","PROJET 1486"]
["PROJ1487","PROJET 1487"]
["PROJ1488","PROJET 1488"]
["PROJ1489","PROJET 1489"]
["PROJ1490","PROJET 1490"]
["PROJ1491","PROJET 1491"]
["PROJ1492","PROJET 1492"]
["PROJ1493","PROJET 1493"]
["PROJ1494","PROJET 1494"]
["PROJ1495","PROJET 1495"]
["PROJ1496","PROJET 1496"]
["PROJ1497","PROJET 1497"]
["PROJ1498","PROJET 1498"]
["PROJ1499","PROJET 1499"]
["PROJ1500","PROJET 1500"]
["PROJ1501","PROJET 1501"]
["PROJ1502","PROJET 1502"]
["PROJ1503","PROJET 1503"]
["PROJ1504","PROJET 1504"]
["PROJ1505","PROJET 1505"]
["PROJ1506","PROJET 1506"]
["PROJ1507","PROJET 1507"]
["PROJ1508","PROJET 1508"]
["PROJ1509","PROJET 1509"]
["PROJ1510","PROJET 1510"]
["PROJ1511","PROJET 1511"]
["PROJ1512","PROJET 1512"]
["PROJ1513","PROJET 1513"]
["PROJ1514","PROJET 1514"]
["PROJ1515","PROJET 1515"]
["PROJ1516","PROJET 1516"]
["PROJ1517","PROJET 1517"]
["PROJ1518","PROJET 1518"]
["PROJ1519","PROJET 1519"]
["PROJ1520","PROJET 1520"]
["PROJ1521","PROJET 1521"]
["PROJ1522","PROJET 1522"]
["PROJ1523","PROJET 1523"]
["PROJ1524","PROJET 1524"]
["PROJ1525","PROJET 1525"]
["PROJ1526","PROJET 1526"]
["PROJ1527","PROJET 1527"]
["PROJ1528","PROJET 1528"]
["PROJ1529","PROJET 1529"]
["PROJ1530","PROJET 1530"]
["PROJ1531","PROJET 1531"]
["PROJ1532","PROJET 1532"]
["PROJ1533","PROJET 1533"]
["PROJ1534","PROJET 1534"]
["PROJ1535","PROJET 1535"]
["PROJ1536","PROJET 1536"]
["PROJ1537","PROJET 1537"]
["PROJ1538","PROJET 1538"]
["PROJ1539","PROJET 1539"]
["PROJ1540","PROJET 1540"]
["PROJ1541","PROJET 1541"]
["PROJ1542","PROJET 1542"]
["PROJ1543","PROJET 1543"]
["PROJ1544","PROJET 1544"]
["PROJ1545","PROJET 1545"]
["PROJ1546","PROJET 1546"]
["PROJ1547","PROJET 1547"]
["PROJ1548","PROJET 1548"]
["PROJ1549","PROJET 1549"]
["PROJ1550","PROJET 1550"]
["PROJ1551","PROJET 1551"]
["PROJ1552","PROJET 1552"]
["PROJ1553","PROJET 1553"]
["PROJ1554","PROJET 1554"]
["PROJ1555","PROJET 1555"]
["PROJ1556","PROJET 1556"]
["PROJ1557","PROJET 1557"]
["PROJ1558","PROJET 1558"]
["PROJ1559","PROJET 1559"]
["PROJ1560","PROJET 1560"]
["PROJ1561","PROJET 1561"]
["PROJ1562","PROJET 1562"]
["PROJ1563","PROJET 1563"]
["PROJ1564","PROJET 1564"]
["PROJ1565","PROJET 1565"]
["PROJ1566","PROJET 1566"]
["PROJ1567","PROJET 1567"]
["PROJ1568","PROJET 1568"]
["PROJ1569","PROJET 1569"]
["PROJ1570","PROJET 1570"]
["PROJ1571","PROJET 1571"]
["PROJ1572","PROJET 1572"]
["PROJ1573","PROJET 1573"]
["PROJ1574","PROJET 1574"]
["PROJ1575","PROJET 1575"]
["PROJ1576","PROJET 1576"]
["PROJ1577","PROJET 1577"]
["PROJ1578","PROJET 1578"]
["PROJ1579","PROJET 1579"]
["PROJ1580","PROJET 1580"]
["PROJ1581","PROJET 1581"]
["PROJ1582","PROJET 1582"]
["PROJ1583","PROJET 1583"]
["PROJ1584","PROJET 1584"]
["PROJ1585","PROJET 1585"]
["PROJ1586","PROJET 1586"]
["PROJ1587","PROJET 1587"]
["PROJ1588","PROJET 1588"]
["PROJ1589","PROJET 1589"]
["PROJ1590","PROJET 1590"]
["PROJ1591","PROJET 1591"]
["PROJ1592","PROJET 1592"]
["PROJ1593","PROJET 1593"]
["PROJ1594","PROJET 1594"]
["PROJ1595","PROJET 1595"]
["PROJ1596","PROJET 1596"]
["PROJ1597","PROJET 1597"]
["PROJ1598","PROJET 1598"]
["PROJ1599","PROJET 1599"]
["PROJ1600","PROJET 1600"]
["PROJ1601","PROJET 1601"]
["PROJ1602","PROJET 1602"]
["PROJ1603","PROJET 1603"]
["PROJ1604","PROJET 1604"]
["PROJ1605","PROJET 1605"]
["PROJ1606","PROJET 1606"]
["PROJ1607","PROJET 1607"]
["PROJ1608","PROJET 1608"]
["PROJ1609","PROJET 1609"]
["PROJ1610","PROJET 1610"]
["PROJ1611","PROJET 1611"]
["PROJ1612","PROJET 1612"]
["PROJ1613","PROJET 1613"]
["PROJ1614","PROJET 1614"]
["PROJ1615","PROJET 1615"]
["PROJ1616","PROJET 1616"]
["PROJ1617","PROJET 1617"]
["PROJ1618","PROJET 1618"]
["PROJ1619","PROJET 1619"]
["PROJ1620","PROJET 1620"]
["PROJ1621","PROJET 1621"]
["PROJ1622","PROJET 1622"]
["PROJ1623","PROJET 1623"]
["PROJ1624","PROJET 1624"]
["PROJ1625","PROJET 1625"]
["PROJ1626","PROJET 1626"]
["PROJ1627","PROJET 1627"]
["PROJ1628","PROJET 1628"]
["PROJ1629","PROJET 1629"]
["PROJ1630","PROJET 1630"]
["PROJ1631","PROJET 1631"]
["PROJ1632","PROJET 1632"]
["PROJ1633","PROJET 1633"]
["PROJ1634","PROJET 1634"]
["PROJ1635","PROJET 1635"]
["PROJ1636","PROJET 1636"]
["PROJ1637","PROJET 1637"]
["PROJ1638","PROJET 1638"]
["PROJ1639","PROJET 1639"]
["PROJ1640","PROJET 1640"]
["PROJ1641","PROJET 1641"]
["PROJ1642","PROJET 1642"]
["PROJ1643","PROJET 1643"]
["PROJ1644","PROJET 1644"]
["PROJ1645","PROJET 1645"]
["PROJ1646","PROJET 1646"]
["PROJ1647","PROJET 1647"]
["PROJ1648","PROJET 1648"]
["PROJ1649","PROJET 1649"]
["PROJ1650","PROJET 1650"]
["PROJ1651","PROJET 1651"]
["PROJ1652","PROJET 1652"]
["PROJ1653","PROJET 1653"]
["PROJ1654","PROJET 1654"]
["PROJ1655","PROJET 1655"]
["PROJ1656","PROJET 1656"]
["PROJ1657","PROJET 1657"]
["PROJ1658","PROJET 1658"]
["PROJ1659","PROJET 1659"]
["PROJ1660","PROJET 1660"]
["PROJ1661","PROJET 1661"]
["PROJ1662","PROJET 1662"]
["PROJ1663","PROJET 1663"]
["PROJ1664","PROJET 1664"]
["PROJ1665","PROJET 1665"]
["PROJ1666","PROJET 1666"]
["PROJ1667","PROJET 1667"]
["PROJ1668","PROJET 1668"]
["PROJ1669","PROJET 1669"]
["PROJ1670","PROJET 1670"]
["PROJ1671","PROJET 1671"]
["PROJ1672","PROJET 1672"]
["PROJ1673","PROJET 1673"]
["PROJ1674","PROJET 1674"]
["PROJ1675","PROJET 1675"]
["PROJ1676","PROJET 1676"]
["PROJ1677","PROJET 1677"]
["PROJ1678","PROJET 1678"]
["PROJ1679","PROJET 1679"]
["PROJ1680","PROJET 1680"]
["PROJ1681","PROJET 1681"]
["PROJ1682","PROJET 1682"]
["PROJ1683","PROJET 1683"]
["PROJ1684","PROJET 1684"]
["PROJ1685","PROJET 1685"]
["PROJ1686","PROJET 1686"]
["PROJ1687","PROJET 1687"]
["PROJ1688","PROJET 1688"]
["PROJ1689","PROJET 1689"]
["PROJ1690","PROJET 1690"]
["PROJ1691","PROJET 1691"]
["PROJ1692","PROJET 1692"]
["PROJ1693","PROJET 1693"]
["PROJ1694","PROJET 1694"]
["PROJ1695","PROJET 1695"]
["PROJ1696","PROJET 1696"]
["PROJ1697","PROJET 1697"]
["PROJ1698","PROJET 1698"]
["PROJ1699","PROJET 1699"]
["PROJ1700","PROJET 1700"]
["PROJ1701","PROJET 1701"]
["PROJ1702","PROJET 1702"]
["PROJ1703","PROJET 1703"]
["PROJ1704","PROJET 1704"]
["PROJ1705","PROJET 1705"]
["PROJ1706","PROJET 1706"]
["PROJ1707","PROJET 1707"]
["PROJ1708","PROJET 1708"]
["PROJ1709","PROJET 1709"]
["PROJ1710","PROJET 1710"]
["PROJ1711","PROJET 1711"]
["PROJ1712","PROJET 1712"]
["PROJ1713","PROJET 1713"]
["PROJ1714","PROJET 1714"]
["PROJ1715","PROJET 1715"]
["PROJ1716","PROJET 1716"]
["PROJ1717","PROJET 1717"]
["PROJ1718","PROJET 1718"]
["PROJ1719","PROJET 1719"]
["PROJ1720","PROJET 1720"]
["PROJ1721","PROJET 1721"]
["PROJ1722","PROJET 1722"]
["PROJ1723","PROJET 1723"]
["PROJ1724","PROJET 1724"]
["PROJ1725","PROJET 1725"]
["PROJ1726","PROJET 1726"]
["PROJ1727","PROJET 1727"]
["PROJ1728","PROJET 1728"]
["PROJ1729","PROJET 1729"]
["PROJ1730","PROJET 1730"]
["PROJ1731","PROJET 1731"]
["PROJ1732","PROJET 1732"]
["PROJ1733","PROJET 1733"]
["PROJ1734","PROJET 1734"]
["PROJ1735","PROJET 1735"]
["PROJ1736","PROJET 1736"]
["PROJ1737","PROJET 1737"]
["PROJ1738","PROJET 1738"]
["PROJ1739","PROJET 1739"]
["PROJ1740","PROJET 1740"]
["PROJ1741","PROJET 1741"]
["PROJ1742","PROJET 1742"]
["PROJ1743","PROJET 1743"]
["PROJ1744","PROJET 1744"]
["PROJ1745","PROJET 1745"]
["PROJ1746","PROJET 1746"]
["PROJ1747","PROJET 1747"]
["PROJ1748","PROJET 1748"]
["PROJ1749","PROJET 1749"]
["PROJ1750","PROJET 1750"]
["PROJ1751","PROJET 1751"]
["PROJ1752","PROJET 1752"]
["PROJ1753","PROJET 1753"]
["PROJ1754","PROJET 1754"]
["PROJ1755","PROJET 1755"]
["PROJ1756","PROJET 1756"]
["PROJ1757","PROJET 1757"]
["PROJ1758","PROJET 1758"]
["PROJ1759","PROJET 1759"]
["PROJ1760","PROJET 1760"]
["PROJ1761","PROJET 1761"]
["PROJ1762","PROJET 1762"]
["PROJ1763","PROJET 1763"]
["PROJ1764","PROJET 1764"]
["PROJ1765","PROJET 1765"]
["PROJ1766","PROJET 1766"]
["PROJ1767","PROJET 1767"]
["PROJ1768","PROJET 1768"]
["PROJ1769","PROJET 1769"]
["PROJ1770","PROJET 1770"]
["PROJ1771","PROJET 1771"]
["PROJ1772","PROJET 1772"]
["PROJ1773","PROJET 1773"]
["PROJ1774","PROJET 1774"]
["PROJ1775","PROJET 1775"]
["PROJ1776","PROJET 1776"]
["PROJ1777","PROJET 1777"]
["PROJ1778","PROJET 1778"]
["PROJ1779","PROJET 1779"]
["PROJ1780","PROJET 1780"]
["PROJ1781","PROJET 1781"]
["PROJ1782","PROJET 1782"]
["PROJ1783","PROJET 1783"]
["PROJ1784","PROJET 1784"]
["PROJ1785","PROJET 1785"]
["PROJ1786","PROJET 1786"]
["PROJ1787","PROJET 1787"]
["PROJ1788","PROJET 1788"]
["PROJ1789","PROJET 1789"]
["PROJ1790","PROJET 1790"]
["PROJ1791","PROJET 1791"]
["PROJ1792","PROJET 1792"]
["PROJ1793","PROJET 1793"]
["PROJ1794","PROJET 1794"]
["PROJ1795","PROJET 1795"]
["PROJ1796","PROJET 1796"]
["PROJ1797","PROJET 1797"]
["PROJ1798","PROJET 1798"]
["PROJ1799","PROJET 1799"]
["PROJ1800","PROJET 1800"]
["PROJ1801","PROJET 1801"]
["PROJ1802","PROJET 1802"]
["PROJ1803","PROJET 1803"]
["PROJ1804","PROJET 1804"]
["PROJ1805","PROJET 1805"]
["PROJ1806","PROJET 1806"]
["PROJ1807","PROJET 1807"]
["PROJ1808","PROJET 1808"]
["PROJ1809","PROJET 1809"]
["PROJ1810","PROJET 1810"]
["PROJ1811","PROJET 1811"]
["PROJ1812","PROJET 1812"]
["PROJ1813","PROJET 1813"]
["PROJ1814","PROJET 1814"]
["PROJ1815","PROJET 1815"]
["PROJ1816","PROJET 1816"]
["PROJ1817","PROJET 1817"]
["PROJ1818","PROJET 1818"]
["PROJ1819","PROJET 1819"]
["PROJ1820","PROJET 1820"]
["PROJ1821","PROJET 1821"]
["PROJ1822","PROJET 1822"]
["PROJ1823","PROJET 1823"]
["PROJ1824","PROJET 1824"]
["PROJ1825","PROJET 1825"]
["PROJ1826","PROJET 1826"]
["PROJ1827","PROJET 1827"]
["PROJ1828","PROJET 1828"]
["PROJ1829","PROJET 1829"]
["PROJ1830","PROJET 1830"]
["PROJ1831","PROJET 1831"]
["PROJ1832","PROJET 1832"]
["PROJ1833","PROJET 1833"]
["PROJ1834","PROJET 1834"]
["PROJ1835","PROJET 1835"]
["PROJ1836","PROJET 1836"]
["PROJ1837","PROJET 1837"]
["PROJ1838","PROJET 1838"]
["PROJ1839","PROJET 1839"]
["PROJ1840","PROJET 1840"]
["PROJ1841","PROJET 1841"]
["PROJ1842","PROJET 1842"]
["PROJ1843","PROJET 1843"]
["PROJ1844","PROJET 1844"]
["PROJ1845","PROJET 1845"]
["PROJ1846","PROJET 1846"]
["PROJ1847","PROJET 1847"]
["PROJ1848","PROJET 1848"]
["PROJ1849","PROJET 1849"]
["PROJ1850","PROJET 1850"]
["PROJ1851","PROJET 1851"]
["PROJ1852","PROJET 1852"]
["PROJ1853","PROJET 1853"]
["PROJ1854","PROJET 1854"]
["PROJ1855","PROJET 1855"]
["PROJ1856","PROJET 1856"]
["PROJ1857","PROJET 1857"]
["PROJ1858","PROJET 1858"]
["PROJ1859","PROJET 1859"]
["PROJ1860","PROJET 1860"]
["PROJ1861","PROJET 1861"]
["PROJ1862","PROJET 1862"]
["PROJ1863","PROJET 1863"]
["PROJ1864","PROJET 1864"]
["PROJ1865","PROJET 1865"]
["PROJ1866","PROJET 1866"]
["PROJ1867","PROJET 1867"]
["PROJ1868","PROJET 1868"]
["PROJ1869","PROJET 1869"]
["PROJ1870","PROJET 1870"]
["PROJ1871","PROJET 1871"]
["PROJ1872","PROJET 1872"]
["PROJ1873","PROJET 1873"]
["PROJ1874","PROJET 1874"]
["PROJ1875","PROJET 1875"]
["PROJ1876","PROJET 1876"]
["PROJ1877","PROJET 1877"]
["PROJ1878","PROJET 1878"]
["PROJ1879","PROJET 1879"]
["PROJ1880","PROJET 1880"]
["PROJ1881","PROJET 1881"]
["PROJ1882","PROJET 1882"]
["PROJ1883","PROJET 1883"]
["PROJ1884","PROJET 1884"]
["PROJ1885","PROJET 1885"]
["PROJ1886","PROJET 1886"]
["PROJ1887","PROJET 1887"]
["PROJ1888","PROJET 1888"]
["PROJ1889","PROJET 1889"]
["PROJ1890","PROJET 1890"]
["PROJ1891","PROJET 1891"]
["PROJ1892","PROJET 1892"]
["PROJ1893","PROJET 1893"]
["PROJ1894","PROJET 1894"]
["PROJ1895","PROJET 1895"]
["PROJ1896","PROJET 1896"]
["PROJ1897","PROJET 1897"]
["PROJ1898","PROJET 1898"]
["PROJ1899","PROJET 1899"]
["PROJ1900","PROJET 1900"]
["PROJ1901","PROJET 1901"]
["PROJ1902","PROJET 1902"]
["PROJ1903","PROJET 1903"]
["PROJ1904","PROJET 1904"]
["PROJ1905","PROJET 1905"]
["PROJ1906","PROJET 1906"]
["PROJ1907","PROJET 1907"]
["PROJ1908","PROJET 1908"]
["PROJ1909","PROJET 1909"]
["PROJ1910","PROJET 1910"]
["PROJ1911","PROJET 1911"]
["PROJ1912","PROJET 1912"]
["PROJ1913","PROJET 1913"]
["PROJ1914","PROJET 1914"]
["PROJ1915","PROJET 1915"]
["PROJ1916","PROJET 1916"]
["PROJ1917","PROJET 1917"]
["PROJ1918","PROJET 1918"]
["PROJ1919","PROJET 1919"]
["PROJ1920","PROJET 1920"]
["PROJ1921","PROJET 1921"]
["PROJ1922","PROJET 1922"]
["PROJ1923","PROJET 1923"]
["PROJ1924","PROJET 1924"]
["PROJ1925","PROJET 1925"]
["PROJ1926","PROJET 1926"]
["PROJ1927","PROJET 1927"]
["PROJ1928","PROJET 1928"]
["PROJ1929","PROJET 1929"]
["PROJ1930","PROJET 1930"]
["PROJ1931","PROJET 1931"]
["PROJ1932","PROJET 1932"]
["PROJ1933","PROJET 1933"]
["PROJ1934","PROJET 1934"]
["PROJ1935","PROJET 1935"]
["PROJ1936","PROJET 1936"]
["PROJ1937","PROJET 1937"]
["PROJ1938","PROJET 1938"]
["PROJ1939","PROJET 1939"]
["PROJ1940","PROJET 1940"]
["PROJ1941","PROJET 1941"]
["PROJ1942","PROJET 1942"]
["PROJ1943","PROJET 1943"]
["PROJ1944","PROJET 1944"]
["PROJ1945","PROJET 1945"]
["PROJ1946","PROJET 1946"]
["PROJ1947","PROJET 1947"]
["PROJ1948","PROJET 1948"]
["PROJ1949","PROJET 1949"]
["PROJ1950","PROJET 1950"]
["PROJ1951","PROJET 1951"]
["PROJ1952","PROJET 1952"]
["PROJ1953","PROJET 1953"]
["PROJ1954","PROJET 1954"]
["PROJ1955","PROJET 1955"]
["PROJ1956","PROJET 1956"]
["PROJ1957","PROJET 1957"]
["PROJ1958","PROJET 1958"]
["PROJ1959","PROJET 1959"]
["PROJ1960","PROJET 1960"]
["PROJ1961","PROJET 1961"]
["PROJ1962","PROJET 1962"]
["PROJ1963","PROJET 1963"]
["PROJ1964","PROJET 1964"]
["PROJ1965","PROJET 1965"]
["PROJ1966","PROJET 1966"]
["PROJ1967","PROJET 1967"]
["PROJ1968","PROJET 1968"]
["PROJ1969","PROJET 1969"]
["PROJ1970","PROJET 1970"]
["PROJ1971","PROJET 1971"]
["PROJ1972","PROJET 1972"]
["PROJ1973","PROJET 1973"]
["PROJ1974","PROJET 1974"]
["PROJ1975","PROJET 1975"]
["PROJ1976","PROJET 1976"]
["PROJ1977","PROJET 1977"]
["PROJ1978","PROJET 1978"]
["PROJ1979","PROJET 1979"]
["PROJ1980","PROJET 1980"]
["PROJ1981","PROJET 1981"]
["PROJ1982","PROJET 1982"]
["PROJ1983","PROJET 1983"]
["PROJ1984","PROJET 1984"]
["PROJ1985","PROJET 1985"]
["PROJ1986","PROJET 1986"]
["PROJ1987","PROJET 1987"]
["PROJ1988","PROJET 1988"]
["PROJ1989","PROJET 1989"]
["PROJ1990","PROJET 1990"]
["PROJ1991","PROJET 1991"]
["PROJ1992","PROJET 1992"]
["PROJ1993","PROJET 1993"]
["PROJ1994","PROJET 1994"]
["PROJ1995","PROJET 1995"]
["PROJ1996","PROJET 1996"]
["PROJ1997","PROJET 1997"]
["PROJ1998","PROJET 1998"]
["PROJ1999","PROJET 1999"]
["PROJ2000","PROJET 2000"]
["PROJ2001","PROJET 2001"]
["PROJ2002","PROJET 2002"]
["PROJ2003","PROJET 2003"]
["PROJ2004","PROJET 2004"]
["PROJ2005","PROJET 2005"]
["PROJ2006","PROJET 2006"]
["PROJ2007","PROJET 2007"]
["PROJ2008","PROJET 2008"]
["PROJ2009","PROJET 2009"]
["PROJ2010","PROJET 2010"]
["PROJ2011","PROJET 2011"]
["PROJ2012","PROJET 2012"]
["PROJ2013","PROJET 2013"]
["PROJ2014","PROJET 2014"]
["PROJ2015","PROJET 2015"]
["PROJ2016","PROJET 2016"]
["PROJ2017","PROJET 2017"]
["PROJ2018","PROJET 2018"]
["PROJ2019","PROJET 2019"]
["PROJ2020","PROJET 2020"]
["PROJ2021","PROJET 2021"]
["PROJ2022","PROJET 2022"]
["PROJ2023","PROJET 2023"]
["PROJ2024","PROJET 2024"]
["PROJ2025","PROJET 2025"]
["PROJ2026","PROJET 2026"]
["PROJ2027","PROJET 2027"]
["PROJ2028","PROJET 2028"]
["PROJ2029","PROJET 2029"]
["PROJ2030","PROJET 2030"]
["PROJ2031","PROJET 2031"]
["PROJ2032","PROJET 2032"]
["PROJ2033","PROJET 2033"]
["PROJ2034","PROJET 2034"]
["PROJ2035","PROJET 2035"]
["PROJ2036","PROJET 2036"]
["PROJ2037","PROJET 2037"]
["PROJ2038","PROJET 2038"]
["PROJ2039","PROJET 2039"]
["PROJ2040","PROJET 2040"]
["PROJ2041","PROJET 2041"]
["PROJ2042","PROJET 2042"]
["PROJ2043","PROJET 2043"]
["PROJ2044","PROJET 2044"]
["PROJ2045","PROJET 2045"]
["PROJ2046","PROJET 2046"]
["PROJ2047","PROJET 2047"]
["PROJ2048","PROJET 2048"]
["PROJ2049","PROJET 2049"]
["PROJ2050","PROJET 2050"]
["PROJ2051","PROJET 2051"]
["PROJ2052","PROJET 2052"]
["PROJ2053","PROJET 2053"]
["PROJ2054","PROJET 2054"]
["PROJ2055","PROJET 2055"]
["PROJ2056","PROJET 2056"]
["PROJ2057","PROJET 2057"]
["PROJ2058","PROJET 2058"]
["PROJ2059","PROJET 2059"]
["PROJ2060","PROJET 2060"]
["PROJ2061","PROJET 2061"]
["PROJ2062","PROJET 2062"]
["PROJ2063","PROJET 2063"]
["PROJ2064","PROJET 2064"]
["PROJ2065","PROJET 2065"]
["PROJ2066","PROJET 2066"]
["PROJ2067","PROJET 2067"]
["PROJ2068","PROJET 2068"]
["PROJ2069","PROJET 2069"]
["PROJ2070","PROJET 2070"]
["PROJ2071","PROJET 2071"]
["PROJ2072","PROJET 2072"]
["PROJ2073","PROJET 2073"]
["PROJ2074","PROJET 2074"]
["PROJ2075","PROJET 2075"]
["PROJ2076","PROJET 2076"]
["PROJ2077","PROJET 2077"]
["PROJ2078","PROJET 2078"]
["PROJ2079","PROJET 2079"]
["PROJ2080","PROJET 2080"]
["PROJ2081","PROJET 2081"]
["PROJ2082","PROJET 2082"]
["PROJ2083","PROJET 2083"]
["PROJ2084","PROJET 2084"]
["PROJ2085","PROJET 2085"]
["PROJ2086","PROJET 2086"]
["PROJ2087","PROJET 2087"]
["PROJ2088","PROJET 2088"]
["PROJ2089","PROJET 2089"]
["PROJ2090","PROJET 2090"]
["PROJ2091","PROJET 2091"]
["PROJ2092","PROJET 2092"]
["PROJ2093","PROJET 2093"]
["PROJ2094","PROJET 2094"]
["PROJ2095","PROJET 2095"]
["PROJ2096","PROJET 2096"]
["PROJ2097","PROJET 2097"]
["PROJ2098","PROJET 2098"]
["PROJ2099","PROJET 2099"]
["PROJ2100","PROJET 2100"]
["PROJ2101","PROJET 2101"]
["PROJ2102","PROJET 2102"]
["PROJ2103","PROJET 2103"]
["PROJ2104","PROJET 2104"]
["PROJ2105","PROJET 2105"]
["PROJ2106","PROJET 2106"]
["PROJ2107","PROJET 2107"]
["PROJ2108","PROJET 2108"]
["PROJ2109","PROJET 2109"]
["PROJ2110","PROJET 2110"]
["PROJ2111","PROJET 2111"]
["PROJ2112","PROJET 2112"]
["PROJ2113","PROJET 2113"]
["PROJ2114","PROJET 2114"]
["PROJ2115","PROJET 2115"]
["PROJ2116","PROJET 2116"]
["PROJ2117","PROJET 2117"]
["PROJ2118","PROJET 2118"]
["PROJ2119","PROJET 2119"]
["PROJ2120","PROJET 2120"]
["PROJ2121","PROJET 2121"]
["PROJ2122","PROJET 2122"]
["PROJ2123","PROJET 2123"]
["PROJ2124","PROJET 2124"]
["PROJ2125","PROJET 2125"]
["PROJ2126","PROJET 2126"]
["PROJ2127","PROJET 2127"]
["PROJ2128","PROJET 2128"]
["PROJ2129","PROJET 2129"]
["PROJ2130","PROJET 2130"]
["PROJ2131","PROJET 2131"]
["PROJ2132","PROJET 2132"]
["PROJ2133","PROJET 2133"]
["PROJ2134","PROJET 2134"]
["PROJ2135","PROJET 2135"]
["PROJ2136","PROJET 2136"]
["PROJ2137","PROJET 2137"]
["PROJ2138","PROJET 2138"]
["PROJ2139","PROJET 2139"]
["PROJ2140","PROJET 2140"]
["PROJ2141","PROJET 2141"]
["PROJ2142","PROJET 2142"]
["PROJ2143","PROJET 2143"]
["PROJ2144","PROJET 2144"]
["PROJ2145","PROJET 2145"]
["PROJ2146","PROJET 2146"]
["PROJ2147","PROJET 2147"]
["PROJ2148","PROJET 2148"]
["PROJ2149","PROJET 2149"]
["PROJ2150","PROJET 2150"]
["PROJ2151","PROJET 2151"]
["PROJ2152","PROJET 2152"]
["PROJ2153","PROJET 2153"]
["PROJ2154","PROJET 2154"]
["PROJ2155","PROJET 2155"]
["PROJ2156","PROJET 2156"]
["PROJ2157","PROJET 2157"]
["PROJ2158","PROJET 2158"]
["PROJ2159","PROJET 2159"]
["PROJ2160","PROJET 2160"]
["PROJ2161","PROJET 2161"]
["PROJ2162","PROJET 2162"]
["PROJ2163","PROJET 2163"]
["PROJ2164","PROJET 2164"]
["PROJ2165","PROJET 2165"]
["PROJ2166","PROJET 2166"]
["PROJ2167","PROJET 2167"]
["PROJ2168","PROJET 2168"]
["PROJ2169","PROJET 2169"]
["PROJ2170","PROJET 2170"]
["PROJ2171","PROJET 2171"]
["PROJ2172","PROJET 2172"]
["PROJ2173","PROJET 2173"]
["PROJ2174","PROJET 2174"]
["PROJ2175","PROJET 2175"]
["PROJ2176","PROJET 2176"]
["PROJ2177","PROJET 2177"]
["PROJ2178","PROJET 2178"]
["PROJ2179","PROJET 2179"]
["PROJ2180","PROJET 2180"]
["PROJ2181","PROJET 2181"]
["PROJ2182","PROJET 2182"]
["PROJ2183","PROJET 2183"]
["PROJ2184","PROJET 2184"]
["PROJ2185","PROJET 2185"]
["PROJ2186","PROJET 2186"]
["PROJ2187","PROJET 2187"]
["PROJ2188","PROJET 2188"]
["PROJ2189","PROJET 2189"]
["PROJ2190","PROJET 2190"]
["PROJ2191","PROJET 2191"]
["PROJ2192","PROJET 2192"]
["PROJ2193","PROJET 2193"]
["PROJ2194","PROJET 2194"]
["PROJ2195","PROJET 2195"]
["PROJ2196","PROJET 2196"]
["PROJ2197","PROJET 2197"]
["PROJ2198","PROJET 2198"]
["PROJ2199","PROJET 2199"]
["PROJ2200","PROJET 2200"]
["PROJ2201","PROJET 2201"]
["PROJ2202","PROJET 2202"]
["PROJ2203","PROJET 2203"]
["PROJ2204","PROJET 2204"]
["PROJ2205","PROJET 2205"]
["PROJ2206","PROJET 2206"]
["PROJ2207","PROJET 2207"]
["PROJ2208","PROJET 2208"]
["PROJ2209","PROJET 2209"]
["PROJ2210","PROJET 2210"]
["PROJ2211","PROJET 2211"]
["PROJ2212","PROJET 2212"]
["PROJ2213","PROJET 2213"]
["PROJ2214","PROJET 2214"]
["PROJ2215","PROJET 2215"]
["PROJ2216","PROJET 2216"]
["PROJ2217","PROJET 2217"]
["PROJ2218","PROJET 2218"]
["PROJ2219","PROJET 2219"]
["PROJ2220","PROJET 2220"]
["PROJ2221","PROJET 2221"]
["PROJ2222","PROJET 2222"]
["PROJ2223","PROJET 2223"]
["PROJ2224","PROJET 2224"]
["PROJ2225","PROJET 2225"]
["PROJ2226","PROJET 2226"]
["PROJ2227","PROJET 2227"]
["PROJ2228","PROJET 2228"]
["PROJ2229","PROJET 2229"]
["PROJ2230","PROJET 2230"]
["PROJ2231","PROJET 2231"]
["PROJ2232","PROJET 2232"]
["PROJ2233","PROJET 2233"]
["PROJ2234","PROJET 2234"]
["PROJ2235","PROJET 2235"]
["PROJ2236","PROJET 2236"]
["PROJ2237","PROJET 2237"]
["PROJ2238","PROJET 2238"]
["PROJ2239","PROJET 2239"]
["PROJ2240","PROJET 2240"]
["PROJ2241","PROJET 2241"]
["PROJ2242","PROJET 2242"]
["PROJ2243","PROJET 2243"]
["PROJ2244","PROJET 2244"]
["PROJ2245","PROJET 2245"]
["PROJ2246","PROJET 2246"]
["PROJ2247","PROJET 2247"]
["PROJ2248","PROJET 2248"]
["PROJ2249","PROJET 2249"]
["PROJ2250","PROJET 2250"]
["PROJ2251","PROJET 2251"]
["PROJ2252","PROJET 2252"]
["PROJ2253","PROJET 2253"]
["PROJ2254","PROJET 2254"]
["PROJ2255","PROJET 2255"]
["PROJ2256","PROJET 2256"]
["PROJ2257","PROJET 2257"]
["PROJ2258","PROJET 2258"]
["PROJ2259","PROJET 2259"]
["PROJ2260","PROJET 2260"]
["PROJ2261","PROJET 2261"]
["PROJ2262","PROJET 2262"]
["PROJ2263","PROJET 2263"]
["PROJ2264","PROJET 2264"]
["PROJ2265","PROJET 2265"]
["PROJ2266","PROJET 2266"]
["PROJ2267","PROJET 2267"]
["PROJ2268","PROJET 2268"]
["PROJ2269","PROJET 2269"]
["PROJ2270","PROJET 2270"]
["PROJ2271","PROJET 2271"]
["PROJ2272","PROJET 2272"]
["PROJ2273","PROJET 2273"]
["PROJ2274","PROJET 2274"]
["PROJ2275","PROJET 2275"]
["PROJ2276","PROJET 2276"]
["PROJ2277","PROJET 2277"]
["PROJ2278","PROJET 2278"]
["PROJ2279","PROJET 2279"]
["PROJ2280","PROJET 2280"]
["PROJ2281","PROJET 2281"]
["PROJ2282","PROJET 2282"]
["PROJ2283","PROJET 2283"]
["PROJ2284","PROJET 2284"]
["PROJ2285","PROJET 2285"]
["PROJ2286","PROJET 2286"]
["PROJ2287","PROJET 2287"]
["PROJ2288","PROJET 2288"]
["PROJ2289","PROJET 2289"]
["PROJ2290","PROJET 2290"]
["PROJ2291","PROJET 2291"]
["PROJ2292","PROJET 2292"]
["PROJ2293","PROJET 2293"]
["PROJ2294","PROJET 2294"]
["PROJ2295","PROJET 2295"]
["PROJ2296","PROJET 2296"]
["PROJ2297","PROJET 2297"]
["PROJ2298","PROJET 2298"]
["PROJ2299","PROJET 2299"]
["PROJ2300","PROJET 2300"]
["PROJ2301","PROJET 2301"]
["PROJ2302","PROJET 2302"]
["PROJ2303","PROJET 2303"]
["PROJ2304","PROJET 2304"]
["PROJ2305","PROJET 2305"]
["PROJ2306","PROJET 2306"]
["PROJ2307","PROJET 2307"]
["PROJ2308","PROJET 2308"]
["PROJ2309","PROJET 2309"]
["PROJ2310","PROJET 2310"]
["PROJ2311","PROJET 2311"]
["PROJ2312","PROJET 2312"]
["PROJ2313","PROJET 2313"]
["PROJ2314","PROJET 2314"]
["PROJ2315","PROJET 2315"]
["PROJ2316","PROJET 2316"]
["PROJ2317","PROJET 2317"]
["PROJ2318","PROJET 2318"]
["PROJ2319","PROJET 2319"]
["PROJ2320","PROJET 2320"]
["PROJ2321","PROJET 2321"]
["PROJ2322","PROJET 2322"]
["PROJ2323","PROJET 2323"]
["PROJ2324","PROJET 2324"]
["PROJ2325","PROJET 2325"]
["PROJ2326","PROJET 2326"]
["PROJ2327","PROJET 2327"]
["PROJ2328","PROJET 2328"]
["PROJ2329","PROJET 2329"]
["PROJ2330","PROJET 2330"]
["PROJ2331","PROJET 2331"]
["PROJ2332","PROJET 2332"]
["PROJ2333","PROJET 2333"]
["PROJ2334","PROJET 2334"]
["PROJ2335","PROJET 2335"]
["PROJ2336","PROJET 2336"]
["PROJ2337","PROJET 2337"]
["PROJ2338","PROJET 2338"]
["PROJ2339","PROJET 2339"]
["PROJ2340","PROJET 2340"]
["PROJ2341","PROJET 2341"]
["PROJ2342","PROJET 2342"]
["PROJ2343","PROJET 2343"]
["PROJ2344","PROJET 2344"]
["PROJ2345","PROJET 2345"]
["PROJ2346","PROJET 2346"]
["PROJ2347","PROJET 2347"]
["PROJ2348","PROJET 2348"]
["PROJ2349","PROJET 2349"]
["PROJ2350","PROJET 2350"]
["PROJ2351","PROJET 2351"]
["PROJ2352","PROJET 2352"]
["PROJ2353","PROJET 2353"]
["PROJ2354","PROJET 2354"]
["PROJ2355","PROJET 2355"]
["PROJ2356","PROJET 2356"]
["PROJ2357","PROJET 2357"]
["PROJ2358","PROJET 2358"]
["PROJ2359","PROJET 2359"]
["PROJ2360","PROJET 2360"]
["PROJ2361","PROJET 2361"]
["PROJ2362","PROJET 2362"]
["PROJ2363","PROJET 2363"]
["PROJ2364","PROJET 2364"]
["PROJ2365","PROJET 2365"]
["PROJ2366","PROJET 2366"]
["PROJ2367","PROJET 2367"]
["PROJ2368","PROJET 2368"]
["PROJ2369","PROJET 2369"]
["PROJ2370","PROJET 2370"]
["PROJ2371","PROJET 2371"]
["PROJ2372","PROJET 2372"]
["PROJ2373","PROJET 2373"]
["PROJ2374","PROJET 2374"]
["PROJ2375","PROJET 2375"]
["PROJ2376","PROJET 2376"]
["PROJ2377","PROJET 2377"]
["PROJ2378","PROJET 2378"]
["PROJ2379","PROJET 2379"]
["PROJ2380","PROJET 2380"]
["PROJ2381","PROJET 2381"]
["PROJ2382","PROJET 2382"]
["PROJ2383","PROJET 2383"]
["PROJ2384","PROJET 2384"]
["PROJ2385","PROJET 2385"]
["PROJ2386","PROJET 2386"]
["PROJ2387","PROJET 2387"]
["PROJ2388","PROJET 2388"]
["PROJ2389","PROJET 2389"]
["PROJ2390","PROJET 2390"]
["PROJ2391","PROJET 2391"]
["PROJ2392","PROJET 2392"]
["PROJ2393","PROJET 2393"]
["PROJ2394","PROJET 2394"]
["PROJ2395","PROJET 2395"]
["PROJ2396","PROJET 2396"]
["PROJ2397","PROJET 2397"]
["PROJ2398","PROJET 2398"]
["PROJ2399","PROJET 2399"]
["PROJ2400","PROJET 2400"]
["PROJ2401","PROJET 2401"]
["PROJ2402","PROJET 2402"]
["PROJ2403","PROJET 2403"]
["PROJ2404","PROJET 2404"]
["PROJ2405","PROJET 2405"]
["PROJ2406","PROJET 2406"]
["PROJ2407","PROJET 2407"]
["PROJ2408","PROJET 2408"]
["PROJ2409","PROJET 2409"]
["PROJ2410","PROJET 2410"]
["PROJ2411","PROJET 2411"]
["PROJ2412","PROJET 2412"]
["PROJ2413","PROJET 2413"]
["PROJ2414","PROJET 2414"]
["PROJ2415","PROJET 2415"]
["PROJ2416","PROJET 2416"]
["PROJ2417","PROJET 2417"]
["PROJ2418","PROJET 2418"]
["PROJ2419","PROJET 2419"]
["PROJ2420","PROJET 2420"]
["PROJ2421","PROJET 2421"]
["PROJ2422","PROJET 2422"]
["PROJ2423","PROJET 2423"]
["PROJ2424","PROJET 2424"]
["PROJ2425","PROJET 2425"]
["PROJ2426","PROJET 2426"]
["PROJ2427","PROJET 2427"]
["PROJ2428","PROJET 2428"]
["PROJ2429","PROJET 2429"]
["PROJ2430","PROJET 2430"]
["PROJ2431","PROJET 2431"]
["PROJ2432","PROJET 2432"]
["PROJ2433","PROJET 2433"]
["PROJ2434","PROJET 2434"]
["PROJ2435","PROJET 2435"]
["PROJ2436","PROJET 2436"]
["PROJ2437","PROJET 2437"]
["PROJ2438","PROJET 2438"]
["PROJ2439","PROJET 2439"]
["PROJ2440","PROJET 2440"]
["PROJ2441","PROJET 2441"]
["PROJ2442","PROJET 2442"]
["PROJ2443","PROJET 2443"]
["PROJ2444","PROJET 2444"]
["PROJ2445","PROJET 2445"]
["PROJ2446","PROJET 2446"]
["PROJ2447","PROJET 2447"]
["PROJ2448","PROJET 2448"]
["PROJ2449","PROJET 2449"]
["PROJ2450","PROJET 2450"]
["PROJ2451","PROJET 2451"]
["PROJ2452","PROJET 2452"]
["PROJ2453","PROJET 2453"]
["PROJ2454","PROJET 2454"]
["PROJ2455","PROJET 2455"]
["PROJ2456","PROJET 2456"]
["PROJ2457","PROJET 2457"]
["PROJ2458","PROJET 2458"]
["PROJ2459","PROJET 2459"]
["PROJ2460","PROJET 2460"]
["PROJ2461","PROJET 2461"]
["PROJ2462","PROJET 2462"]
["PROJ2463","PROJET 2463"]
["PROJ2464","PROJET 2464"]
["PROJ2465","PROJET 2465"]
["PROJ2466","PROJET 2466"]
["PROJ2467","PROJET 2467"]
["PROJ2468","PROJET 2468"]
["PROJ2469","PROJET 2469"]
["PROJ2470","PROJET 2470"]
["PROJ2471","PROJET 2471"]
["PROJ2472","PROJET 2472"]
["PROJ2473","PROJET 2473"]
["PROJ2474","PROJET 2474"]
["PROJ2475","PROJET 2475"]
["PROJ2476","PROJET 2476"]
["PROJ2477","PROJET 2477"]
["PROJ2478","PROJET 2478"]
["PROJ2479","PROJET 2479"]
["PROJ2480","PROJET 2480"]
["PROJ2481","PROJET 2481"]
["PROJ2482","PROJET 2482"]
["PROJ2483","PROJET 2483"]
["PROJ2484","PROJET 2484"]
["PROJ2485","PROJET 2485"]
["PROJ2486","PROJET 2486"]
["PROJ2487","PROJET 2487"]
["PROJ2488","PROJET 2488"]
["PROJ2489","PROJET 2489"]
["PROJ2490","PROJET 2490"]
["PROJ2491","PROJET 2491"]
["PROJ2492","PROJET 2492"]
["PROJ2493","PROJET 2493"]
["PROJ2494","PROJET 2494"]
["PROJ2495","PROJET 2495"]
["PROJ2496","PROJET 2496"]
["PROJ2497","PROJET 2497"]
["PROJ2498","PROJET 2498"]
["PROJ2499","PROJET 2499"]
["PROJ2500","PROJET 2500"]
["PROJ2501","PROJET 2501"]
["PROJ2502","PROJET 2502"]
["PROJ2503","PROJET 2503"]
["PROJ2504","PROJET 2504"]
["PROJ2505","PROJET 2505"]
["PROJ2506","PROJET 2506"]
["PROJ2507","PROJET 2507"]
["PROJ2508","PROJET 2508"]
["PROJ2509","PROJET 2509"]
["PROJ2510","PROJET 2510"]
["PROJ2511","PROJET 2511"]
["PROJ2512","PROJET 2512"]
["PROJ2513","PROJET 2513"]
["PROJ2514","PROJET 2514"]
["PROJ2515","PROJET 2515"]
["PROJ2516","PROJET 2516"]
["PROJ2517","PROJET 2517"]
["PROJ2518","PROJET 2518"]
["PROJ2519","PROJET 2519"]
["PROJ2520","PROJET 2520"]
["PROJ2521","PROJET 2521"]
["PROJ2522","PROJET 2522"]
["PROJ2523","PROJET 2523"]
["PROJ2524","PROJET 2524"]
["PROJ2525","PROJET 2525"]
["PROJ2526","PROJET 2526"]
["PROJ2527","PROJET 2527"]
["PROJ2528","PROJET 2528"]
["PROJ2529","PROJET 2529"]
["PROJ2530","PROJET 2530"]
["PROJ2531","PROJET 2531"]
["PROJ2532","PROJET 2532"]
["PROJ2533","PROJET 2533"]
["PROJ2534","PROJET 2534"]
["PROJ2535","PROJET 2535"]
["PROJ2536","PROJET 2536"]
["PROJ2537","PROJET 2537"]
["PROJ2538","PROJET 2538"]
["PROJ2539","PROJET 2539"]
["PROJ2540","PROJET 2540"]
["PROJ2541","PROJET 2541"]
["PROJ2542","PROJET 2542"]
["PROJ2543","PROJET 2543"]
["PROJ2544","PROJET 2544"]
["PROJ2545","PROJET 2545"]
["PROJ2546","PROJET 2546"]
["PROJ2547","PROJET 2547"]
["PROJ2548","PROJET 2548"]
["PROJ2549","PROJET 2549"]
["PROJ2550","PROJET 2550"]
["PROJ2551","PROJET 2551"]
["PROJ2552","PROJET 2552"]
["PROJ2553","PROJET 2553"]
["PROJ2554","PROJET 2554"]
["PROJ2555","PROJET 2555"]
["PROJ2556","PROJET 2556"]
["PROJ2557","PROJET 2557"]
["PROJ2558","PROJET 2558"]
["PROJ2559","PROJET 2559"]
["PROJ2560","PROJET 2560"]
["PROJ2561","PROJET 2561"]
["PROJ2562","PROJET 2562"]
["PROJ2563","PROJET 2563"]
["PROJ2564","PROJET 2564"]
["PROJ2565","PROJET 2565"]
["PROJ2566","PROJET 2566"]
["PROJ2567","PROJET 2567"]
["PROJ2568","PROJET 2568"]
["PROJ2569","PROJET 2569"]
["PROJ2570","PROJET 2570"]
["PROJ2571","PROJET 2571"]
["PROJ2572","PROJET 2572"]
["PROJ2573","PROJET 2573"]
["PROJ2574","PROJET 2574"]
["PROJ2575","PROJET 2575"]
["PROJ2576","PROJET 2576"]
["PROJ2577","PROJET 2577"]
["PROJ2578","PROJET 2578"]
["PROJ2579","PROJET 2579"]
["PROJ2580","PROJET 2580"]
["PROJ2581","PROJET 2581"]
["PROJ2582","PROJET 2582"]
["PROJ2583","PROJET 2583"]
["PROJ2584","PROJET 2584"]
["PROJ2585","PROJET 2585"]
["PROJ2586","PROJET 2586"]
["PROJ2587","PROJET 2587"]
["PROJ2588","PROJET 2588"]
["PROJ2589","PROJET 2589"]
["PROJ2590","PROJET 2590"]
["PROJ2591","PROJET 2591"]
["PROJ2592","PROJET 2592"]
["PROJ2593","PROJET 2593"]
["PROJ2594","PROJET 2594"]
["PROJ2595","PROJET 2595"]
["PROJ2596","PROJET 2596"]
["PROJ2597","PROJET 2597"]
["PROJ2598","PROJET 2598"]
["PROJ2599","PROJET 2599"]
["PROJ2600","PROJET 2600"]
["PROJ2601","PROJET 2601"]
["PROJ2602","PROJET 2602"]
["PROJ2603","PROJET 2603"]
["PROJ2604","PROJET 2604"]
["PROJ2605","PROJET 2605"]
["PROJ2606","PROJET 2606"]
["PROJ2607","PROJET 2607"]
["PROJ2608","PROJET 2608"]
["PROJ2609","PROJET 2609"]
["PROJ2610","PROJET 2610"]
["PROJ2611","PROJET 2611"]
["PROJ2612","PROJET 2612"]
["PROJ2613","PROJET 2613"]
["PROJ2614","PROJET 2614"]
["PROJ2615","PROJET 2615"]
["PROJ2616","PROJET 2616"]
["PROJ2617","PROJET 2617"]
["PROJ2618","PROJET 2618"]
["PROJ2619","PROJET 2619"]
["PROJ2620","PROJET 2620"]
["PROJ2621","PROJET 2621"]
["PROJ2622","PROJET 2622"]
["PROJ2623","PROJET 2623"]
["PROJ2624","PROJET 2624"]
["PROJ2625","PROJET 2625"]
["PROJ2626","PROJET 2626"]
["PROJ2627","PROJET 2627"]
["PROJ2628","PROJET 2628"]
["PROJ2629","PROJET 2629"]
["PROJ2630","PROJET 2630"]
["PROJ2631","PROJET 2631"]
["PROJ2632","PROJET 2632"]
["PROJ2633","PROJET 2633"]
["PROJ2634","PROJET 2634"]
["PROJ2635","PROJET 2635"]
["PROJ2636","PROJET 2636"]
["PROJ2637","PROJET 2637"]
["PROJ2638","PROJET 2638"]
["PROJ2639","PROJET 2639"]
["PROJ2640","PROJET 2640"]
["PROJ2641","PROJET 2641"]
["PROJ2642","PROJET 2642"]
["PROJ2643","PROJET 2643"]
["PROJ2644","PROJET 2644"]
["PROJ2645","PROJET 2645"]
["PROJ2646","PROJET 2646"]
["PROJ2647","PROJET 2647"]
["PROJ2648","PROJET 2648"]
["PROJ2649","PROJET 2649"]
["PROJ2650","PROJET 2650"]
["PROJ2651","PROJET 2651"]
["PROJ2652","PROJET 2652"]
["PROJ2653","PROJET 2653"]
["PROJ2654","PROJET 2654"]
["PROJ2655","PROJET 2655"]
["PROJ2656","PROJET 2656"]
["PROJ2657","PROJET 2657"]
["PROJ2658","PROJET 2658"]
["PROJ2659","PROJET 2659"]
["PROJ2660","PROJET 2660"]
["PROJ2661","PROJET 2661"]
["PROJ2662","PROJET 2662"]
["PROJ2663","PROJET 2663"]
["PROJ2664","PROJET 2664"]
["PROJ2665","PROJET 2665"]
["PROJ2666","PROJET 2666"]
["PROJ2667","PROJET 2667"]
["PROJ2668","PROJET 2668"]
["PROJ2669","PROJET 2669"]
["PROJ2670","PROJET 2670"]
["PROJ2671","PROJET 2671"]
["PROJ2672","PROJET 2672"]
["PROJ2673","PROJET 2673"]
["PROJ2674","PROJET 2674"]
["PROJ2675","PROJET 2675"]
["PROJ2676","PROJET 2676"]
["PROJ2677","PROJET 2677"]
["PROJ2678","PROJET 2678"]
["PROJ2679","PROJET 2679"]
["PROJ2680","PROJET 2680"]
["PROJ2681","PROJET 2681"]
["PROJ2682","PROJET 2682"]
["PROJ2683","PROJET 2683"]
["PROJ2684","PROJET 2684"]
["PROJ2685","PROJET 2685"]
["PROJ2686","PROJET 2686"]
["PROJ2687","PROJET 2687"]
["PROJ2688","PROJET 2688"]
["PROJ2689","PROJET 2689"]
["PROJ2690","PROJET 2690"]
["PROJ2691","PROJET 2691"]
["PROJ2692","PROJET 2692"]
["PROJ2693","PROJET 2693"]
["PROJ2694","PROJET 2694"]
["PROJ2695","PROJET 2695"]
["PROJ2696","PROJET 2696"]
["PROJ2697","PROJET 2697"]
["PROJ2698","PROJET 2698"]
["PROJ2699","PROJET 2699"]
["PROJ2700","PROJET 2700"]
["PROJ2701","PROJET 2701"]
["PROJ2702","PROJET 2702"]
["PROJ2703","PROJET 2703"]
["PROJ2704","PROJET 2704"]
["PROJ2705","PROJET 2705"]
["PROJ2706","PROJET 2706"]
["PROJ2707","PROJET 2707"]
["PROJ2708","PROJET 2708"]
["PROJ2709","PROJET 2709"]
["PROJ2710","PROJET 2710"]
["PROJ2711","PROJET 2711"]
["PROJ2712","PROJET 2712"]
["PROJ2713","PROJET 2713"]
["PROJ2714","PROJET 2714"]
["PROJ2715","PROJET 2715"]
["PROJ2716","PROJET 2716"]
["PROJ2717","PROJET 2717"]
["PROJ2718","PROJET 2718"]
["PROJ2719","PROJET 2719"]
["PROJ2720","PROJET 2720"]
["PROJ2721","PROJET 2721"]
["PROJ2722","PROJET 2722"]
["PROJ2723","PROJET 2723"]
["PROJ2724","PROJET 2724"]
["PROJ2725","PROJET 2725"]
["PROJ2726","PROJET 2726"]
["PROJ2727","PROJET 2727"]
["PROJ2728","PROJET 2728"]
["PROJ2729","PROJET 2729"]
["PROJ2730","PROJET 2730"]
["PROJ2731","PROJET 2731"]
["PROJ2732","PROJET 2732"]
["PROJ2733","PROJET 2733"]
["PROJ2734","PROJET 2734"]
["PROJ2735","PROJET 2735"]
["PROJ2736","PROJET 2736"]
["PROJ2737","PROJET 2737"]
["PROJ2738","PROJET 2738"]
["PROJ2739","PROJET 2739"]
["PROJ2740","PROJET 2740"]
["PROJ2741","PROJET 2741"]
["PROJ2742","PROJET 2742"]
["PROJ2743","PROJET 2743"]
["PROJ2744","PROJET 2744"]
["PROJ2745","PROJET 2745"]
["PROJ2746","PROJET 2746"]
["PROJ2747","PROJET 2747"]
["PROJ2748","PROJET 2748"]
["PROJ2749","PROJET 2749"]
["PROJ2750","PROJET 2750"]
["PROJ2751","PROJET 2751"]
["PROJ2752","PROJET 2752"]
["PROJ2753","PROJET 2753"]
["PROJ2754","PROJET 2754"]
["PROJ2755","PROJET 2755"]
["PROJ2756","PROJET 2756"]
["PROJ2757","PROJET 2757"]
["PROJ2758","PROJET 2758"]
["PROJ2759","PROJET 2759"]
["PROJ2760","PROJET 2760"]
["PROJ2761","PROJET 2761"]
["PROJ2762","PROJET 2762"]
["PROJ2763","PROJET 2763"]
["PROJ2764","PROJET 2764"]
["PROJ2765","PROJET 2765"]
["PROJ2766","PROJET 2766"]
["PROJ2767","PROJET 2767"]
["PROJ2768","PROJET 2768"]
["PROJ2769","PROJET 2769"]
["PROJ2770","PROJET 2770"]
["PROJ2771","PROJET 2771"]
["PROJ2772","PROJET 2772"]
["PROJ2773","PROJET 2773"]
["PROJ2774","PROJET 2774"]
["PROJ2775","PROJET 2775"]
["PROJ2776","PROJET 2776"]
["PROJ2777","PROJET 2777"]
["PROJ2778","PROJET 2778"]
["PROJ2779","PROJET 2779"]
["PROJ2780","PROJET 2780"]
["PROJ2781","PROJET 2781"]
["PROJ2782","PROJET 2782"]
["PROJ2783","PROJET 2783"]
["PROJ2784","PROJET 2784"]
["PROJ2785","PROJET 2785"]
["PROJ2786","PROJET 2786"]
["PROJ2787","PROJET 2787"]
["PROJ2788","PROJET 2788"]
["PROJ2789","PROJET 2789"]
["PROJ2790","PROJET 2790"]
["PROJ2791","PROJET 2791"]
["PROJ2792","PROJET 2792"]
["PROJ2793","PROJET 2793"]
["PROJ2794","PROJET 2794"]
["PROJ2795","PROJET 2795"]
["PROJ2796","PROJET 2796"]
["PROJ2797","PROJET 2797"]
["PROJ2798","PROJET 2798"]
["PROJ2799","PROJET 2799"]
["PROJ2800","PROJET 2800"]
["PROJ2801","PROJET 2801"]
["PROJ2802","PROJET 2802"]
["PROJ2803","PROJET 2803"]
["PROJ2804","PROJET 2804"]
["PROJ2805","PROJET 2805"]
["PROJ2806","PROJET 2806"]
["PROJ2807","PROJET 2807"]
["PROJ2808","PROJET 2808"]
["PROJ2809","PROJET 2809"]
["PROJ2810","PROJET 2810"]
["PROJ2811","PROJET 2811"]
["PROJ2812","PROJET 2812"]
["PROJ2813","PROJET 2813"]
["PROJ2814","PROJET 2814"]
["PROJ2815","PROJET 2815"]
["PROJ2816","PROJET 2816"]
["PROJ2817","PROJET 2817"]
["PROJ2818","PROJET 2818"]
["PROJ2819","PROJET 2819"]
["PROJ2820","PROJET 2820"]
["PROJ2821","PROJET 2821"]
["PROJ2822","PROJET 2822"]
["PROJ2823","PROJET 2823"]
["PROJ2824","PROJET 2824"]
["PROJ2825","PROJET 2825"]
["PROJ2826","PROJET 2826"]
["PROJ2827","PROJET 2827"]
["PROJ2828","PROJET 2828"]
["PROJ2829","PROJET 2829"]
["PROJ2830","PROJET 2830"]
["PROJ2831","PROJET 2831"]
["PROJ2832","PROJET 2832"]
["PROJ2833","PROJET 2833"]
["PROJ2834","PROJET 2834"]
["PROJ2835","PROJET 2835"]
["PROJ2836","PROJET 2836"]
["PROJ2837","PROJET 2837"]
["PROJ2838","PROJET 2838"]
["PROJ2839","PROJET 2839"]
["PROJ2840","PROJET 2840"]
["PROJ2841","PROJET 2841"]
["PROJ2842","PROJET 2842"]
["PROJ2843","PROJET 2843"]
["PROJ2844","PROJET 2844"]
["PROJ2845","PROJET 2845"]
["PROJ2846","PROJET 2846"]
["PROJ2847","PROJET 2847"]
["PROJ2848","PROJET 2848"]
["PROJ2849","PROJET 2849"]
["PROJ2850","PROJET 2850"]
["PROJ2851","PROJET 2851"]
["PROJ2852","PROJET 2852"]
["PROJ2853","PROJET 2853"]
["PROJ2854","PROJET 2854"]
["PROJ2855","PROJET 2855"]
["PROJ2856","PROJET 2856"]
["PROJ2857","PROJET 2857"]
["PROJ2858","PROJET 2858"]
["PROJ2859","PROJET 2859"]
["PROJ2860","PROJET 2860"]
["PROJ2861","PROJET 2861"]
["PROJ2862","PROJET 2862"]
["PROJ2863","PROJET 2863"]
["PROJ2864","PROJET 2864"]
["PROJ2865","PROJET 2865"]
["PROJ2866","PROJET 2866"]
["PROJ2867","PROJET 2867"]
["PROJ2868","PROJET 2868"]
["PROJ2869","PROJET 2869"]
["PROJ2870","PROJET 2870"]
["PROJ2871","PROJET 2871"]
["PROJ2872","PROJET 2872"]
["PROJ2873","PROJET 2873"]
["PROJ2874","PROJET 2874"]
["PROJ2875","PROJET 2875"]
["PROJ2876","PROJET 2876"]
["PROJ2877","PROJET 2877"]
["PROJ2878","PROJET 2878"]
["PROJ2879","PROJET 2879"]
["PROJ2880","PROJET 2880"]
["PROJ2881","PROJET 2881"]
["PROJ2882","PROJET 2882"]
["PROJ2883","PROJET 2883"]
["PROJ2884","PROJET 2884"]
["PROJ2885","PROJET 2885"]
["PROJ2886","PROJET 2886"]
["PROJ2887","PROJET 2887"]
["PROJ2888","PROJET 2888"]
["PROJ2889","PROJET 2889"]
["PROJ2890","PROJET 2890"]
["PROJ2891","PROJET 2891"]
["PROJ2892","PROJET 2892"]
["PROJ2893","PROJET 2893"]
["PROJ2894","PROJET 2894"]
["PROJ2895","PROJET 2895"]
["PROJ2896","PROJET 2896"]
["PROJ2897","PROJET 2897"]
["PROJ2898","PROJET 2898"]
["PROJ2899","PROJET 2899"]
["PROJ2900","PROJET 2900"]
["PROJ2901","PROJET 2901"]
["PROJ2902","PROJET 2902"]
["PROJ2903","PROJET 2903"]
["PROJ2904","PROJET 2904"]
["PROJ2905","PROJET 2905"]
["PROJ2906","PROJET 2906"]
["PROJ2907","PROJET 2907"]
["PROJ2908","PROJET 2908"]
["PROJ2909","PROJET 2909"]
["PROJ2910","PROJET 2910"]
["PROJ2911","PROJET 2911"]
["PROJ2912","PROJET 2912"]
["PROJ2913","PROJET 2913"]
["PROJ2914","PROJET 2914"]
["PROJ2915","PROJET 2915"]
["PROJ2916","PROJET 2916"]
["PROJ2917","PROJET 2917"]
["PROJ2918","PROJET 2918"]
["PROJ2919","PROJET 2919"]
["PROJ2920","PROJET 2920"]
["PROJ2921","PROJET 2921"]
["PROJ2922","PROJET 2922"]
["PROJ2923","PROJET 2923"]
["PROJ2924","PROJET 2924"]
["PROJ2925","PROJET 2925"]
["PROJ2926","PROJET 2926"]
["PROJ2927","PROJET 2927"]
["PROJ2928","PROJET 2928"]
["PROJ2929","PROJET 2929"]
["PROJ2930","PROJET 2930"]
["PROJ2931","PROJET 2931"]
["PROJ2932","PROJET 2932"]
["PROJ2933","PROJET 2933"]
["PROJ2934","PROJET 2934"]
["PROJ2935","PROJET 2935"]
["PROJ2936","PROJET 2936"]
["PROJ2937","PROJET 2937"]
["PROJ2938","PROJET 2938"]
["PROJ2939","PROJET 2939"]
["PROJ2940","PROJET 2940"]
["PROJ2941","PROJET 2941"]
["PROJ2942","PROJET 2942"]
["PROJ2943","PROJET 2943"]
["PROJ2944","PROJET 2944"]
["PROJ2945","PROJET 2945"]
["PROJ2946","PROJET 2946"]
["PROJ2947","PROJET 2947"]
["PROJ2948","PROJET 2948"]
["PROJ2949","PROJET 2949"]
["PROJ2950","PROJET 2950"]
["PROJ2951","PROJET 2951"]
["PROJ2952","PROJET 2952"]
["PROJ2953","PROJET 2953"]
["PROJ2954","PROJET 2954"]
["PROJ2955","PROJET 2955"]
["PROJ2956","PROJET 2956"]
["PROJ2957","PROJET 2957"]
["PROJ2958","PROJET 2958"]
["PROJ2959","PROJET 2959"]
["PROJ2960","PROJET 2960"]
["PROJ2961","PROJET 2961"]
["PROJ2962","PROJET 2962"]
["PROJ2963","PROJET 2963"]
["PROJ2964","PROJET 2964"]
["PROJ2965","PROJET 2965"]
["PROJ2966","PROJET 2966"]
["PROJ2967","PROJET 2967"]
["PROJ2968","PROJET 2968"]
["PROJ2969","PROJET 2969"]
["PROJ2970","PROJET 2970"]
["PROJ2971","PROJET 2971"]
["PROJ2972","PROJET 2972"]
["PROJ2973","PROJET 2973"]
["PROJ2974","PROJET 2974"]
["PROJ2975","PROJET 2975"]
["PROJ2976","PROJET 2976"]
["PROJ2977","PROJET 2977"]
["PROJ2978","PROJET 2978"]
["PROJ2979","PROJET 2979"]
["PROJ2980","PROJET 2980"]
["PROJ2981","PROJET 2981"]
["PROJ2982","PROJET 2982"]
["PROJ2983","PROJET 2983"]
["PROJ2984","PROJET 2984"]
["PROJ2985","PROJET 2985"]
["PROJ2986","PROJET 2986"]
["PROJ2987","PROJET 2987"]
["PROJ2988","PROJET 2988"]
["PROJ2989","PROJET 2989"]
["PROJ2990","PROJET 2990"]
["PROJ2991","PROJET 2991"]
["PROJ2992","PROJET 2992"]
["PROJ2993","PROJET 2993"]
["PROJ2994","PROJET 2994"]
["PROJ2995","PROJET 2995"]
["PROJ2996","PROJET 2996"]
["PROJ2997","PROJET 2997"]
["PROJ2998","PROJET 2998"]
["PROJ2999","PROJET 2999"]
["PROJ3000","PROJET 3000"]
["PROJ3001","PROJET 3001"]
["PROJ3002","PROJET 3002"]
["PROJ3003","PROJET 3003"]
["PROJ3004","PROJET 3004"]
["PROJ3005","PROJET 3005"]
["PROJ3006","PROJET 3006"]
["PROJ3007","PROJET 3007"]
["PROJ3008","PROJET 3008"]
["PROJ3009","PROJET 3009"]
["PROJ3010","PROJET 3010"]
["PROJ3011","PROJET 3011"]
["PROJ3012","PROJET 3012"]
["PROJ3013","PROJET 3013"]
["PROJ3014","PROJET 3014"]
["PROJ3015","PROJET 3015"]
["PROJ3016","PROJET 3016"]
["PROJ3017","PROJET 3017"]
["PROJ3018","PROJET 3018"]
["PROJ3019","PROJET 3019"]
["PROJ3020","PROJET 3020"]
["PROJ3021","PROJET 3021"]
["PROJ3022","PROJET 3022"]
["PROJ3023","PROJET 3023"]
["PROJ3024","PROJET 3024"]
["PROJ3025","PROJET 3025"]
["PROJ3026","PROJET 3026"]
["PROJ3027","PROJET 3027"]
["PROJ3028","PROJET 3028"]
["PROJ3029","PROJET 3029"]
["PROJ3030","PROJET 3030"]
["PROJ3031","PROJET 3031"]
["PROJ3032","PROJET 3032"]
["PROJ3033","PROJET 3033"]
["PROJ3034","PROJET 3034"]
["PROJ3035","PROJET 3035"]
["PROJ3036","PROJET 3036"]
["PROJ3037","PROJET 3037"]
["PROJ3038","PROJET 3038"]
["PROJ3039","PROJET 3039"]
["PROJ3040","PROJET 3040"]
["PROJ3041","PROJET 3041"]
["PROJ3042","PROJET 3042"]
["PROJ3043","PROJET 3043"]
["PROJ3044","PROJET 3044"]
["PROJ3045","PROJET 3045"]
["PROJ3046","PROJET 3046"]
["PROJ3047","PROJET 3047"]
["PROJ3048","PROJET 3048"]
["PROJ3049","PROJET 3049"]
["PROJ3050","PROJET 3050"]
["PROJ3051","PROJET 3051"]
["PROJ3052","PROJET 3052"]
["PROJ3053","PROJET 3053"]
["PROJ3054","PROJET 3054"]
["PROJ3055","PROJET 3055"]
["PROJ3056","PROJET 3056"]
["PROJ3057","PROJET 3057"]
["PROJ3058","PROJET 3058"]
["PROJ3059","PROJET 3059"]
["PROJ3060","PROJET 3060"]
["PROJ3061","PROJET 3061"]
["PROJ3062","PROJET 3062"]
["PROJ3063","PROJET 3063"]
["PROJ3064","PROJET 3064"]
["PROJ3065","PROJET 3065"]
["PROJ3066","PROJET 3066"]
["PROJ3067","PROJET 3067"]
["PROJ3068","PROJET 3068"]
["PROJ3069","PROJET 3069"]
["PROJ3070","PROJET 3070"]
["PROJ3071","PROJET 3071"]
["PROJ3072","PROJET 3072"]
["PROJ3073","PROJET 3073"]
["PROJ3074","PROJET 3074"]
["PROJ3075","PROJET 3075"]
["PROJ3076","PROJET 3076"]
["PROJ3077","PROJET 3077"]
["PROJ3078","PROJET 3078"]
["PROJ3079","PROJET 3079"]
["PROJ3080","PROJET 3080"]
["PROJ3081","PROJET 3081"]
["PROJ3082","PROJET 3082"]
["PROJ3083","PROJET 3083"]
["PROJ3084","PROJET 3084"]
["PROJ3085","PROJET 3085"]
["PROJ3086","PROJET 3086"]
["PROJ3087","PROJET 3087"]
["PROJ3088","PROJET 3088"]
["PROJ3089","PROJET 3089"]
["PROJ3090","PROJET 3090"]
["PROJ3091","PROJET 3091"]
["PROJ3092","PROJET 3092"]
["PROJ3093","PROJET 3093"]
["PROJ3094","PROJET 3094"]
["PROJ3095","PROJET 3095"]
["PROJ3096","PROJET 3096"]
["PROJ3097","PROJET 3097"]
["PROJ3098","PROJET 3098"]
["PROJ3099","PROJET 3099"]
["PROJ3100","PROJET 3100"]
["PROJ3101","PROJET 3101"]
["PROJ3102","PROJET 3102"]
["PROJ3103","PROJET 3103"]
["PROJ3104","PROJET 3104"]
["PROJ3105","PROJET 3105"]
["PROJ3106","PROJET 3106"]
["PROJ3107","PROJET 3107"]
["PROJ3108","PROJET 3108"]
["PROJ3109","PROJET 3109"]
["PROJ3110","PROJET 3110"]
["PROJ3111","PROJET 3111"]
["PROJ3112","PROJET 3112"]
["PROJ3113","PROJET 3113"]
["PROJ3114","PROJET 3114"]
["PROJ3115","PROJET 3115"]
["PROJ3116","PROJET 3116"]
["PROJ3117","PROJET 3117"]
["PROJ3118","PROJET 3118"]
["PROJ3119","PROJET 3119"]
["PROJ3120","PROJET 3120"]
["PROJ3121","PROJET 3121"]
["PROJ3122","PROJET 3122"]
["PROJ3123","PROJET 3123"]
["PROJ3124","PROJET 3124"]
["PROJ3125","PROJET 3125"]
["PROJ3126","PROJET 3126"]
["PROJ3127","PROJET 3127"]
["PROJ3128","PROJET 3128"]
["PROJ3129","PROJET 3129"]
["PROJ3130","PROJET 3130"]
["PROJ3131","PROJET 3131"]
["PROJ3132","PROJET 3132"]
["PROJ3133","PROJET 3133"]
["PROJ3134","PROJET 3134"]
["PROJ3135","PROJET 3135"]
["PROJ3136","PROJET 3136"]
["PROJ3137","PROJET 3137"]
["PROJ3138","PROJET 3138"]
["PROJ3139","PROJET 3139"]
["PROJ3140","PROJET 3140"]
["PROJ3141","PROJET 3141"]
["PROJ3142","PROJET 3142"]
["PROJ3143","PROJET 3143"]
["PROJ3144","PROJET 3144"]
["PROJ3145","PROJET 3145"]
["PROJ3146","PROJET 3146"]
["PROJ3147","PROJET 3147"]
["PROJ3148","PROJET 3148"]
["PROJ3149","PROJET 3149"]
["PROJ3150","PROJET 3150"]
["PROJ3151","PROJET 3151"]
["PROJ3152","PROJET 3152"]
["PROJ3153","PROJET 3153"]
["PROJ3154","PROJET 3154"]
["PROJ3155","PROJET 3155"]
["PROJ3156","PROJET 3156"]
["PROJ3157","PROJET 3157"]
["PROJ3158","PROJET 3158"]
["PROJ3159","PROJET 3159"]
["PROJ3160","PROJET 3160"]
["PROJ3161","PROJET 3161"]
["PROJ3162","PROJET 3162"]
["PROJ3163","PROJET 3163"]
["PROJ3164","PROJET 3164"]
["PROJ3165","PROJET 3165"]
["PROJ3166","PROJET 3166"]
["PROJ3167","PROJET 3167"]
["PROJ3168","PROJET 3168"]
["PROJ3169","PROJET 3169"]
["PROJ3170","PROJET 3170"]
["PROJ3171","PROJET 3171"]
["PROJ3172","PROJET 3172"]
["PROJ3173","PROJET 3173"]
["PROJ3174","PROJET 3174"]
["PROJ3175","PROJET 3175"]
["PROJ3176","PROJET 3176"]
["PROJ3177","PROJET 3177"]
["PROJ3178","PROJET 3178"]
["PROJ3179","PROJET 3179"]
["PROJ3180","PROJET 3180"]
["PROJ3181","PROJET 3181"]
["PROJ3182","PROJET 3182"]
["PROJ3183","PROJET 3183"]
["PROJ3184","PROJET 3184"]
["PROJ3185","PROJET 3185"]
["PROJ3186","PROJET 3186"]
["PROJ3187","PROJET 3187"]
["PROJ3188","PROJET 3188"]
["PROJ3189","PROJET 3189"]
["PROJ3190","PROJET 3190"]
["PROJ3191","PROJET 3191"]
["PROJ3192","PROJET 3192"]
["PROJ3193","PROJET 3193"]
["PROJ3194","PROJET 3194"]
["PROJ3195","PROJET 3195"]
["PROJ3196","PROJET 3196"]
["PROJ3197","PROJET 3197"]
["PROJ3198","PROJET 3198"]
["PROJ3199","PROJET 3199"]
["PROJ3200","PROJET 3200"]
["PROJ3201","PROJET 3201"]
["PROJ3202","PROJET 3202"]
["PROJ3203","PROJET 3203"]
["PROJ3204","PROJET 3204"]
["PROJ3205","PROJET 3205"]
["PROJ3206","PROJET 3206"]
["PROJ3207","PROJET 3207"]
["PROJ3208","PROJET 3208"]
["PROJ3209","PROJET 3209"]
["PROJ3210","PROJET 3210"]
["PROJ3211","PROJET 3211"]
["PROJ3212","PROJET 3212"]
["PROJ3213","PROJET 3213"]
["PROJ3214","PROJET 3214"]
["PROJ3215","PROJET 3215"]
["PROJ3216","PROJET 3216"]
["PROJ3217","PROJET 3217"]
["PROJ3218","PROJET 3218"]
["PROJ3219","PROJET 3219"]
["PROJ3220","PROJET 3220"]
["PROJ3221","PROJET 3221"]
["PROJ3222","PROJET 3222"]
["PROJ3223","PROJET 3223"]
["PROJ3224","PROJET 3224"]
["PROJ3225","PROJET 3225"]
["PROJ3226","PROJET 3226"]
["PROJ3227","PROJET 3227"]
["PROJ3228","PROJET 3228"]
["PROJ3229","PROJET 3229"]
["PROJ3230","PROJET 3230"]
["PROJ3231","PROJET 3231"]
["PROJ3232","PROJET 3232"]
["PROJ3233","PROJET 3233"]
["PROJ3234","PROJET 3234"]
["PROJ3235","PROJET 3235"]
["PROJ3236","PROJET 3236"]
["PROJ3237","PROJET 3237"]
["PROJ3238","PROJET 3238"]
["PROJ3239","PROJET 3239"]
["PROJ3240","PROJET 3240"]
["PROJ3241","PROJET 3241"]
["PROJ3242","PROJET 3242"]
["PROJ3243","PROJET 3243"]
["PROJ3244","PROJET 3244"]
["PROJ3245","PROJET 3245"]
["PROJ3246","PROJET 3246"]
["PROJ3247","PROJET 3247"]
["PROJ3248","PROJET 3248"]
["PROJ3249","PROJET 3249"]
["PROJ3250","PROJET 3250"]
["PROJ3251","PROJET 3251"]
["PROJ3252","PROJET 3252"]
["PROJ3253","PROJET 3253"]
["PROJ3254","PROJET 3254"]
["PROJ3255","PROJET 3255"]
["PROJ3256","PROJET 3256"]
["PROJ3257","PROJET 3257"]
["PROJ3258","PROJET 3258"]
["PROJ3259","PROJET 3259"]
["PROJ3260","PROJET 3260"]
["PROJ3261","PROJET 3261"]
["PROJ3262","PROJET 3262"]
["PROJ3263","PROJET 3263"]
["PROJ3264","PROJET 3264"]
["PROJ3265","PROJET 3265"]
["PROJ3266","PROJET 3266"]
["PROJ3267","PROJET 3267"]
["PROJ3268","PROJET 3268"]
["PROJ3269","PROJET 3269"]
["PROJ3270","PROJET 3270"]
["PROJ3271","PROJET 3271"]
["PROJ3272","PROJET 3272"]
["PROJ3273","PROJET 3273"]
["PROJ3274","PROJET 3274"]
["PROJ3275","PROJET 3275"]
["PROJ3276","PROJET 3276"]
["PROJ3277","PROJET 3277"]
["PROJ3278","PROJET 3278"]
["PROJ3279","PROJET 3279"]
["PROJ3280","PROJET 3280"]
["PROJ3281","PROJET 3281"]
["PROJ3282","PROJET 3282"]
["PROJ3283","PROJET 3283"]
["PROJ3284","PROJET 3284"]
["PROJ3285","PROJET 3285"]
["PROJ3286","PROJET 3286"]
["PROJ3287","PROJET 3287"]
["PROJ3288","PROJET 3288"]
["PROJ3289","PROJET 3289"]
["PROJ3290","PROJET 3290"]
["PROJ3291","PROJET 3291"]
["PROJ3292","PROJET 3292"]
["PROJ3293","PROJET 3293"]
["PROJ3294","PROJET 3294"]
["PROJ3295","PROJET 3295"]
["PROJ3296","PROJET 3296"]
["PROJ3297","PROJET 3297"]
["PROJ3298","PROJET 3298"]
["PROJ3299","PROJET 3299"]
["PROJ3300","PROJET 3300"]
["PROJ3301","PROJET 3301"]
["PROJ3302","PROJET 3302"]
["PROJ3303","PROJET 3303"]
["PROJ3304","PROJET 3304"]
["PROJ3305","PROJET 3305"]
["PROJ3306","PROJET 3306"]
["PROJ3307","PROJET 3307"]
["PROJ3308","PROJET 3308"]
["PROJ3309","PROJET 3309"]
["PROJ3310","PROJET 3310"]
["PROJ3311","PROJET 3311"]
["PROJ3312","PROJET 3312"]
["PROJ3313","PROJET 3313"]
["PROJ3314","PROJET 3314"]
["PROJ3315","PROJET 3315"]
["PROJ3316","PROJET 3316"]
["PROJ3317","PROJET 3317"]
["PROJ3318","PROJET 3318"]
["PROJ3319","PROJET 3319"]
["PROJ3320","PROJET 3320"]
["PROJ3321","PROJET 3321"]
["PROJ3322","PROJET 3322"]
["PROJ3323","PROJET 3323"]
["PROJ3324","PROJET 3324"]
["PROJ3325","PROJET 3325"]
["PROJ3326","PROJET 3326"]
["PROJ3327","PROJET 3327"]
["PROJ3328","PROJET 3328"]
["PROJ3329","PROJET 3329"]
["PROJ3330","PROJET 3330"]
["PROJ3331","PROJET 3331"]
["PROJ3332","PROJET 3332"]
["PROJ3333","PROJET 3333"]
["PROJ3334","PROJET 3334"]
["PROJ3335","PROJET 3335"]
["PROJ3336","PROJET 3336"]
["PROJ3337","PROJET 3337"]
["PROJ3338","PROJET 3338"]
["PROJ3339","PROJET 3339"]
["PROJ3340","PROJET 3340"]
["PROJ3341","PROJET 3341"]
["PROJ3342","PROJET 3342"]
["PROJ3343","PROJET 3343"]
["PROJ3344","PROJET 3344"]
["PROJ3345","PROJET 3345"]
["PROJ3346","PROJET 3346"]
["PROJ3347","PROJET 3347"]
["PROJ3348","PROJET 3348"]
["PROJ3349","PROJET 3349"]
["PROJ3350","PROJET 3350"]
["PROJ3351","PROJET 3351"]
["PROJ3352","PROJET 3352"]
["PROJ3353","PROJET 3353"]
["PROJ3354","PROJET 3354"]
["PROJ3355","PROJET 3355"]
["PROJ3356","PROJET 3356"]
["PROJ3357","PROJET 3357"]
["PROJ3358","PROJET 3358"]
["PROJ3359","PROJET 3359"]
["PROJ3360","PROJET 3360"]
["PROJ3361","PROJET 3361"]
["PROJ3362","PROJET 3362"]
["PROJ3363","PROJET 3363"]
["PROJ3364","PROJET 3364"]
["PROJ3365","PROJET 3365"]
["PROJ3366","PROJET 3366"]
["PROJ3367","PROJET 3367"]
["PROJ3368","PROJET 3368"]
["PROJ3369","PROJET 3369"]
["PROJ3370","PROJET 3370"]
["PROJ3371","PROJET 3371"]
["PROJ3372","PROJET 3372"]
["PROJ3373","PROJET 3373"]
["PROJ3374","PROJET 3374"]
["PROJ3375","PROJET 3375"]
["PROJ3376","PROJET 3376"]
["PROJ3377","PROJET 3377"]
["PROJ3378","PROJET 3378"]
["PROJ3379","PROJET 3379"]
["PROJ3380","PROJET 3380"]
["PROJ3381","PROJET 3381"]
["PROJ3382","PROJET 3382"]
["PROJ3383","PROJET 3383"]
["PROJ3384","PROJET 3384"]
["PROJ3385","PROJET 3385"]
["PROJ3386","PROJET 3386"]
["PROJ3387","PROJET 3387"]
["PROJ3388","PROJET 3388"]
["PROJ3389","PROJET 3389"]
["PROJ3390","PROJET 3390"]
["PROJ3391","PROJET 3391"]
["PROJ3392","PROJET 3392"]
["PROJ3393","PROJET 3393"]
["PROJ3394","PROJET 3394"]
["PROJ3395","PROJET 3395"]
["PROJ3396","PROJET 3396"]
["PROJ3397","PROJET 3397"]
["PROJ3398","PROJET 3398"]
["PROJ3399","PROJET 3399"]
["PROJ3400","PROJET 3400"]
["PROJ3401","PROJET 3401"]
["PROJ3402","PROJET 3402"]
["PROJ3403","PROJET 3403"]
["PROJ3404","PROJET 3404"]
["PROJ3405","PROJET 3405"]
["PROJ3406","PROJET 3406"]
["PROJ3407","PROJET 3407"]
["PROJ3408","PROJET 3408"]
["PROJ3409","PROJET 3409"]
["PROJ3410","PROJET 3410"]
["PROJ3411","PROJET 3411"]
["PROJ3412","PROJET 3412"]
["PROJ3413","PROJET 3413"]
["PROJ3414","PROJET 3414"]
["PROJ3415","PROJET 3415"]
["PROJ3416","PROJET 3416"]
["PROJ3417","PROJET 3417"]
["PROJ3418","PROJET 3418"]
["PROJ3419","PROJET 3419"]
["PROJ3420","PROJET 3420"]
["PROJ3421","PROJET 3421"]
["PROJ3422","PROJET 3422"]
["PROJ3423","PROJET 3423"]
["PROJ3424","PROJET 3424"]
["PROJ3425","PROJET 3425"]
["PROJ3426","PROJET 3426"]
["PROJ3427","PROJET 3427"]
["PROJ3428","PROJET 3428"]
["PROJ3429","PROJET 3429"]
["PROJ3430","PROJET 3430"]
["PROJ3431","PROJET 3431"]
["PROJ3432","PROJET 3432"]
["PROJ3433","PROJET 3433"]
["PROJ3434","PROJET 3434"]
["PROJ3435","PROJET 3435"]
["PROJ3436","PROJET 3436"]
["PROJ3437","PROJET 3437"]
["PROJ3438","PROJET 3438"]
["PROJ3439","PROJET 3439"]
["PROJ3440","PROJET 3440"]
["PROJ3441","PROJET 3441"]
["PROJ3442","PROJET 3442"]
["PROJ3443","PROJET 3443"]
["PROJ3444","PROJET 3444"]
["PROJ3445","PROJET 3445"]
["PROJ3446","PROJET 3446"]
["PROJ3447","PROJET 3447"]
["PROJ3448","PROJET 3448"]
["PROJ3449","PROJET 3449"]
["PROJ3450","PROJET 3450"]
["PROJ3451","PROJET 3451"]
["PROJ3452","PROJET 3452"]
["PROJ3453","PROJET 3453"]
["PROJ3454","PROJET 3454"]
["PROJ3455","PROJET 3455"]
["PROJ3456","PROJET 3456"]
["PROJ3457","PROJET 3457"]
["PROJ3458","PROJET 3458"]
["PROJ3459","PROJET 3459"]
["PROJ3460","PROJET 3460"]
["PROJ3461","PROJET 3461"]
["PROJ3462","PROJET 3462"]
["PROJ3463","PROJET 3463"]
["PROJ3464","PROJET 3464"]
["PROJ3465","PROJET 3465"]
["PROJ3466","PROJET 3466"]
["PROJ3467","PROJET 3467"]
["PROJ3468","PROJET 3468"]
["PROJ3469","PROJET 3469"]
["PROJ3470","PROJET 3470"]
["PROJ3471","PROJET 3471"]
["PROJ3472","PROJET 3472"]
["PROJ3473","PROJET 3473"]
["PROJ3474","PROJET 3474"]
["PROJ3475","PROJET 3475"]
["PROJ3476","PROJET 3476"]
["PROJ3477","PROJET 3477"]
["PROJ3478","PROJET 3478"]
["PROJ3479","PROJET 3479"]
["PROJ3480","PROJET 3480"]
["PROJ3481","PROJET 3481"]
["PROJ3482","PROJET 3482"]
["PROJ3483","PROJET 3483"]
["PROJ3484","PROJET 3484"]
["PROJ3485","PROJET 3485"]
["PROJ3486","PROJET 3486"]
["PROJ3487","PROJET 3487"]
["PROJ3488","PROJET 3488"]
["PROJ3489","PROJET 3489"]
["PROJ3490","PROJET 3490"]
["PROJ3491","PROJET 3491"]
["PROJ3492","PROJET 3492"]
["PROJ3493","PROJET 3493"]
["PROJ3494","PROJET 3494"]
["PROJ3495","PROJET 3495"]
["PROJ3496","PROJET 3496"]
["PROJ3497","PROJET 3497"]
["PROJ3498","PROJET 3498"]
["PROJ3499","PROJET 3499"]
["PROJ3500","PROJET 3500"]
["PROJ3501","PROJET 3501"]
["PROJ3502","PROJET 3502"]
["PROJ3503","PROJET 3503"]
["PROJ3504","PROJET 3504"]
["PROJ3505","PROJET 3505"]
["PROJ3506","PROJET 3506"]
["PROJ3507","PROJET 3507"]
["PROJ3508","PROJET 3508"]
["PROJ3509","PROJET 3509"]
["PROJ3510","PROJET 3510"]
["PROJ3511","PROJET 3511"]
["PROJ3512","PROJET 3512"]
["PROJ3513","PROJET 3513"]
["PROJ3514","PROJET 3514"]
["PROJ3515","PROJET 3515"]
["PROJ3516","PROJET 3516"]
["PROJ3517","PROJET 3517"]
["PROJ3518","PROJET 3518"]
["PROJ3519","PROJET 3519"]
["PROJ3520","PROJET 3520"]
["PROJ3521","PROJET 3521"]
["PROJ3522","PROJET 3522"]
["PROJ3523","PROJET 3523"]
["PROJ3524","PROJET 3524"]
["PROJ3525","PROJET 3525"]
["PROJ3526","PROJET 3526"]
["PROJ3527","PROJET 3527"]
["PROJ3528","PROJET 3528"]
["PROJ3529","PROJET 3529"]
["PROJ3530","PROJET 3530"]
["PROJ3531","PROJET 3531"]
["PROJ3532","PROJET 3532"]
["PROJ3533","PROJET 3533"]
["PROJ3534","PROJET 3534"]
["PROJ3535","PROJET 3535"]
["PROJ3536","PROJET 3536"]
["PROJ3537","PROJET 3537"]
["PROJ3538","PROJET 3538"]
["PROJ3539","PROJET 3539"]
["PROJ3540","PROJET 3540"]
["PROJ3541","PROJET 3541"]
["PROJ3542","PROJET 3542"]
["PROJ3543","PROJET 3543"]
["PROJ3544","PROJET 3544"]
["PROJ3545","PROJET 3545"]
["PROJ3546","PROJET 3546"]
["PROJ3547","PROJET 3547"]
["PROJ3548","PROJET 3548"]
["PROJ3549","PROJET 3549"]
["PROJ3550","PROJET 3550"]
["PROJ3551","PROJET 3551"]
["PROJ3552","PROJET 3552"]
["PROJ3553","PROJET 3553"]
["PROJ3554","PROJET 3554"]
["PROJ3555","PROJET 3555"]
["PROJ3556","PROJET 3556"]
["PROJ3557","PROJET 3557"]
["PROJ3558","PROJET 3558"]
["PROJ3559","PROJET 3559"]
["PROJ3560","PROJET 3560"]
["PROJ3561","PROJET 3561"]
["PROJ3562","PROJET 3562"]
["PROJ3563","PROJET 3563"]
["PROJ3564","PROJET 3564"]
["PROJ3565","PROJET 3565"]
["PROJ3566","PROJET 3566"]
["PROJ3567","PROJET 3567"]
["PROJ3568","PROJET 3568"]
["PROJ3569","PROJET 3569"]
["PROJ3570","PROJET 3570"]
["PROJ3571","PROJET 3571"]
["PROJ3572","PROJET 3572"]
["PROJ3573","PROJET 3573"]
["PROJ3574","PROJET 3574"]
["PROJ3575","PROJET 3575"]
["PROJ3576","PROJET 3576"]
["PROJ3577","PROJET 3577"]
["PROJ3578","PROJET 3578"]
["PROJ3579","PROJET 3579"]
["PROJ3580","PROJET 3580"]
["PROJ3581","PROJET 3581"]
["PROJ3582","PROJET 3582"]
["PROJ3583","PROJET 3583"]
["PROJ3584","PROJET 3584"]
["PROJ3585","PROJET 3585"]
["PROJ3586","PROJET 3586"]
["PROJ3587","PROJET 3587"]
["PROJ3588","PROJET 3588"]
["PROJ3589","PROJET 3589"]
["PROJ3590","PROJET 3590"]
["PROJ3591","PROJET 3591"]
["PROJ3592","PROJET 3592"]
["PROJ3593","PROJET 3593"]
["PROJ3594","PROJET 3594"]
["PROJ3595","PROJET 3595"]
["PROJ3596","PROJET 3596"]
["PROJ3597","PROJET 3597"]
["PROJ3598","PROJET 3598"]
["PROJ3599","PROJET 3599"]
["PROJ3600","PROJET 3600"]
["PROJ3601","PROJET 3601"]
["PROJ3602","PROJET 3602"]
["PROJ3603","PROJET 3603"]
["PROJ3604","PROJET 3604"]
["PROJ3605","PROJET 3605"]
["PROJ3606","PROJET 3606"]
["PROJ3607","PROJET 3607"]
["PROJ3608","PROJET 3608"]
["PROJ3609","PROJET 3609"]
["PROJ3610","PROJET 3610"]
["PROJ3611","PROJET 3611"]
["PROJ3612","PROJET 3612"]
["PROJ3613","PROJET 3613"]
["PROJ3614","PROJET 3614"]
["PROJ3615","PROJET 3615"]
["PROJ3616","PROJET 3616"]
["PROJ3617","PROJET 3617"]
["PROJ3618","PROJET 3618"]
["PROJ3619","PROJET 3619"]
["PROJ3620","PROJET 3620"]
["PROJ3621","PROJET 3621"]
["PROJ3622","PROJET 3622"]
["PROJ3623","PROJET 3623"]
["PROJ3624","PROJET 3624"]
["PROJ3625","PROJET 3625"]
["PROJ3626","PROJET 3626"]
["PROJ3627","PROJET 3627"]
["PROJ3628","PROJET 3628"]
["PROJ3629","PROJET 3629"]
["PROJ3630","PROJET 3630"]
["PROJ3631","PROJET 3631"]
["PROJ3632","PROJET 3632"]
["PROJ3633","PROJET 3633"]
["PROJ3634","PROJET 3634"]
["PROJ3635","PROJET 3635"]
["PROJ3636","PROJET 3636"]
["PROJ3637","PROJET 3637"]
["PROJ3638","PROJET 3638"]
["PROJ3639","PROJET 3639"]
["PROJ3640","PROJET 3640"]
["PROJ3641","PROJET 3641"]
["PROJ3642","PROJET 3642"]
["PROJ3643","PROJET 3643"]
["PROJ3644","PROJET 3644"]
["PROJ3645","PROJET 3645"]
["PROJ3646","PROJET 3646"]
["PROJ3647","PROJET 3647"]
["PROJ3648","PROJET 3648"]
["PROJ3649","PROJET 3649"]
["PROJ3650","PROJET 3650"]
["PROJ3651","PROJET 3651"]
["PROJ3652","PROJET 3652"]
["PROJ3653","PROJET 3653"]
["PROJ3654","PROJET 3654"]
["PROJ3655","PROJET 3655"]
["PROJ3656","PROJET 3656"]
["PROJ3657","PROJET 3657"]
["PROJ3658","PROJET 3658"]
["PROJ3659","PROJET 3659"]
["PROJ3660","PROJET 3660"]
["PROJ3661","PROJET 3661"]
["PROJ3662","PROJET 3662"]
["PROJ3663","PROJET 3663"]

{"sheet":"Codes Société","index":1,"n_rows":259,"n_cols":2,"rows_kept":259,"cut":false,"hidden":false,"merged":[]}
["ORIGINE CIALE","Nom de CIALE"]
[1,"SOCIETE1"]
[2,"SOCIETE2"]
[3,"SOCIETE3"]
[4,"SOCIETE4"]
[5,"SOCIETE5"]
[6,"SOCIETE6"]
[7,"SOCIETE7"]
[8,"SOCIETE8"]
[9,"SOCIETE9"]
[10,"SOCIETE10"]
[11,"SOCIETE11"]
[12,"SOCIETE12"]
[13,"SOCIETE13"]
[14,"SOCIETE14"]
[15,"SOCIETE15"]
[16,"SOCIETE16"]
[17,"SOCIETE17"]
[18,"SOCIETE18"]
[19,"SOCIETE19"]
[20,"SOCIETE20"]
[21,"SOCIETE21"]
[22,"SOCIETE22"]
[23,"SOCIETE23"]
[24,"SOCIETE24"]
[25,"SOCIETE25"]
[26,"SOCIETE26"]
[27,"SOCIETE27"]
[28,"SOCIETE28"]
[29,"SOCIETE29"]
[30,"SOCIETE30"]
[31,"SOCIETE31"]
[32,"SOCIETE32"]
[33,"SOCIETE33"]
[34,"SOCIETE34"]
[35,"SOCIETE35"]
[36,"SOCIETE36"]
[37,"SOCIETE37"]
[38,"SOCIETE38"]
[39,"SOCIETE39"]
[40,"SOCIETE40"]
[41,"SOCIETE41"]
[42,"SOCIETE42"]
[43,"SOCIETE43"]
[44,"SOCIETE44"]
[45,"SOCIETE45"]
[46,"SOCIETE46"]
[47,"SOCIETE47"]
[48,"SOCIETE48"]
[49,"SOCIETE49"]
[50,"SOCIETE50"]
[51,"SOCIETE51"]
[52,"SOCIETE52"]
[53,"SOCIETE53"]
[54,"SOCIETE54"]
[55,"SOCIETE55"]
[56,"SOCIETE56"]
[57,"SOCIETE57"]
[58,"SOCIETE58"]
[59,"SOCIETE59"]
[60,"SOCIETE60"]
[61,"SOCIETE61"]
[62,"SOCIETE62"]
[63,"SOCIETE63"]
[64,"SOCIETE64"]
[65,"SOCIETE65"]
[66,"SOCIETE66"]
[67,"SOCIETE67"]
[68,"SOCIETE68"]
[69,"SOCIETE69"]
[70,"SOCIETE70"]
[71,"SOCIETE71"]
[72,"SOCIETE72"]
[73,"SOCIETE73"]
[74,"SOCIETE74"]
[75,"SOCIETE75"]
[76,"SOCIETE76"]
[77,"SOCIETE77"]
[78,"SOCIETE78"]
[79,"SOCIETE79"]
[80,"SOCIETE80"]
[81,"SOCIETE81"]
[82,"SOCIETE82"]
[83,"SOCIETE83"]
[84,"SOCIETE84"]
[85,"SOCIETE85"]
[86,"SOCIETE86"]
[87,"SOCIETE87"]
[88,"SOCIETE88"]
[89,"SOCIETE89"]
[90,"SOCIETE90"]
[91,"SOCIETE91"]
[92,"SOCIETE92"]
[93,"SOCIETE93"]
[94,"SOCIETE94"]
[95,"SOCIETE95"]
[96,"SOCIETE96"]
[97,"SOCIETE97"]
[98,"SOCIETE98"]
[99,"SOCIETE99"]
[100,"SOCIETE100"]
[101,"SOCIETE101"]
[102,"SOCIETE102"]
[103,"SOCIETE103"]
[104,"SOCIETE104"]
[105,"SOCIETE105"]
[106,"SOCIETE106"]
[107,"SOCIETE107"]
[108,"SOCIETE108"]
[109,"SOCIETE109"]
[110,"SOCIETE110"]
[111,"SOCIETE111"]
[112,"SOCIETE112"]
[113,"SOCIETE113"]
[114,"SOCIETE114"]
[115,"SOCIETE115"]
[116,"SOCIETE116"]
[117,"SOCIETE117"]
[118,"SOCIETE118"]
[119,"SOCIETE119"]
[120,"SOCIETE120"]
[121,"SOCIETE121"]
[122,"SOCIETE122"]
[123,"SOCIETE123"]
[124,"SOCIETE124"]
[125,"SOCIETE125"]
[126,"SOCIETE126"]
[127,"SOCIETE127"]
[128,"SOCIETE128"]
[129,"SOCIETE129"]
[130,"SOCIETE130"]
[131,"SOCIETE131"]
[132,"SOCIETE132"]
[133,"SOCIETE133"]
[134,"SOCIETE134"]
[135,"SOCIETE135"]
[136,"SOCIETE136"]
[137,"SOCIETE137"]
[138,"SOCIETE138"]
[139,"SOCIETE139"]
[140,"SOCIETE140"]
[141,"SOCIETE141"]
[142,"SOCIETE142"]
[143,"SOCIETE143"]
[144,"SOCIETE144"]
[145,"SOCIETE145"]
[146,"SOCIETE146"]
[147,"SOCIETE147"]
[148,"SOCIETE148"]
[149,"SOCIETE149"]
[150,"SOCIETE150"]
[151,"SOCIETE151"]
[152,"SOCIETE152"]
[153,"SOCIETE153"]
[154,"SOCIETE154"]
[155,"SOCIETE155"]
[156,"SOCIETE156"]
[157,"SOCIETE157"]
[158,"SOCIETE158"]
[159,"SOCIETE159"]
[160,"SOCIETE160"]
[161,"SOCIETE161"]
[162,"SOCIETE162"]
[163,"SOCIETE163"]
[164,"SOCIETE164"]
[165,"SOCIETE165"]
[166,"SOCIETE166"]
[167,"SOCIETE167"]
[168,"SOCIETE168"]
[169,"SOCIETE169"]
[170,"SOCIETE170"]
[171,"SOCIETE171"]
[172,"SOCIETE172"]
[173,"SOCIETE173"]
[174,"SOCIETE174"]
[175,"SOCIETE175"]
[176,"SOCIETE176"]
[177,"SOCIETE177"]
[178,"SOCIETE178"]
[179,"SOCIETE179"]
[180,"SOCIETE180"]
[181,"SOCIETE181"]
[182,"SOCIETE182"]
[183,"SOCIETE183"]
[184,"SOCIETE184"]
[185,"SOCIETE185"]
[186,"SOCIETE186"]
[187,"SOCIETE187"]
[188,"SOCIETE188"]
[189,"SOCIETE189"]
[190,"SOCIETE190"]
[191,"SOCIETE191"]
[192,"SOCIETE192"]
[193,"SOCIETE193"]
[194,"SOCIETE194"]
[195,"SOCIETE195"]
[196,"SOCIETE196"]
[197,"SOCIETE197"]
[198,"SOCIETE198"]
[199,"SOCIETE199"]
[200,"SOCIETE200"]
[201,"SOCIETE201"]
[202,"SOCIETE202"]
[203,"SOCIETE203"]
[204,"SOCIETE204"]
[205,"SOCIETE205"]
[206,"SOCIETE206"]
[207,"SOCIETE207"]
[208,"SOCIETE208"]
[209,"SOCIETE209"]
[210,"SOCIETE210"]
[211,"SOCIETE211"]
[212,"SOCIETE212"]
[213,"SOCIETE213"]
[214,"SOCIETE214"]
[215,"SOCIETE215"]
[216,"SOCIETE216"]
[217,"SOCIETE217"]
[218,"SOCIETE218"]
[219,"SOCIETE219"]
[220,"SOCIETE220"]
[221,"SOCIETE221"]
[222,"SOCIETE222"]
[223,"SOCIETE223"]
[224,"SOCIETE224"]
[225,"SOCIETE225"]
[226,"SOCIETE226"]
[227,"SOCIETE227"]
[228,"SOCIETE228"]
[229,"SOCIETE229"]
[230,"SOCIETE230"]
[231,"SOCIETE231"]
[232,"SOCIETE232"]
[233,"SOCIETE233"]
[234,"SOCIETE234"]
[235,"SOCIETE235"]
[236,"SOCIETE236"]
[237,"SOCIETE237"]
[238,"SOCIETE238"]
[239,"SOCIETE239"]
[240,"SOCIETE240"]
[241,"SOCIETE241"]
[242,"SOCIETE242"]
[243,"SOCIETE243"]
[244,"SOCIETE244"]
[245,"SOCIETE245"]
[246,"SOCIETE246"]
[247,"SOCIETE247"]
[248,"SOCIETE248"]
[249,"SOCIETE249"]
[250,"SOCIETE250"]
[251,"SOCIETE251"]
[252,"SOCIETE252"]
[253,"SOCIETE253"]
[254,"SOCIETE254"]
[255,"SOCIETE255"]
[256,"SOCIETE256"]
[257,"SOCIETE257"]
[258,"SOCIETE258"]

{"sheet":"Codes TVA","index":2,"n_rows":377,"n_cols":3,"rows_kept":377,"cut":false,"hidden":false,"merged":[]}
[]
[]
[]
[]
[]
["CODES","INTITULES","COMPTES"]
[]
[1111,"NATURE1",60000000]
[1112,"NATURE2",60000001]
[1113,"NATURE3",60000002]
[1114,"NATURE4",60000003]
[1115,"NATURE5",60000004]
[1116,"NATURE6",60000005]
[1117,"NATURE7",60000006]
[1118,"NATURE8",60000007]
[1119,"NATURE9",60000008]
[1120,"NATURE10",60000009]
[1121,"NATURE11",60000010]
[1122,"NATURE12",60000011]
[1123,"NATURE13",60000012]
[1124,"NATURE14",60000013]
[1125,"NATURE15",60000014]
[1126,"NATURE16",60000015]
[1127,"NATURE17",60000016]
[1128,"NATURE18",60000017]
[1129,"NATURE19",60000018]
[1130,"NATURE20",60000019]
[1131,"NATURE21",60000020]
[1132,"NATURE22",60000021]
[1133,"NATURE23",60000022]
[1134,"NATURE24",60000023]
[1135,"NATURE25",60000024]
[1136,"NATURE26",60000025]
[1137,"NATURE27",60000026]
[1138,"NATURE28",60000027]
[1139,"NATURE29",60000028]
[1140,"NATURE30",60000029]
[1141,"NATURE31",60000030]
[1142,"NATURE32",60000031]
[1143,"NATURE33",60000032]
[1144,"NATURE34",60000033]
[1145,"NATURE35",60000034]
[1146,"NATURE36",60000035]
[1147,"NATURE37",60000036]
[1148,"NATURE38",60000037]
[1149,"NATURE39",60000038]
[1150,"NATURE40",60000039]
[1151,"NATURE41",60000040]
[1152,"NATURE42",60000041]
[1153,"NATURE43",60000042]
[1154,"NATURE44",60000043]
[1155,"NATURE45",60000044]
[1156,"NATURE46",60000045]
[1157,"NATURE47",60000046]
[1158,"NATURE48",60000047]
[1159,"NATURE49",60000048]
[1160,"NATURE50",60000049]
[1161,"NATURE51",60000050]
[1162,"NATURE52",60000051]
[1163,"NATURE53",60000052]
[1164,"NATURE54",60000053]
[1165,"NATURE55",60000054]
[1166,"NATURE56",60000055]
[1167,"NATURE57",60000056]
[1168,"NATURE58",60000057]
[1169,"NATURE59",60000058]
[1170,"NATURE60",60000059]
[1171,"NATURE61",60000060]
[1172,"NATURE62",60000061]
[1173,"NATURE63",60000062]
[1174,"NATURE64",60000063]
[1175,"NATURE65",60000064]
[1176,"NATURE66",60000065]
[1177,"NATURE67",60000066]
[1178,"NATURE68",60000067]
[1179,"NATURE69",60000068]
[1180,"NATURE70",60000069]
[1181,"NATURE71",60000070]
[1182,"NATURE72",60000071]
[1183,"NATURE73",60000072]
[1184,"NATURE74",60000073]
[1185,"NATURE75",60000074]
[1186,"NATURE76",60000075]
[1187,"NATURE77",60000076]
[1188,"NATURE78",60000077]
[1189,"NATURE79",60000078]
[1190,"NATURE80",60000079]
[1191,"NATURE81",60000080]
[1192,"NATURE82",60000081]
[1193,"NATURE83",60000082]
[1194,"NATURE84",60000083]
[1195,"NATURE85",60000084]
[1196,"NATURE86",60000085]
[1197,"NATURE87",60000086]
[1198,"NATURE88",60000087]
[1199,"NATURE89",60000088]
[1200,"NATURE90",60000089]
[1201,"NATURE91",60000090]
[1202,"NATURE92",60000091]
[1203,"NATURE93",60000092]
[1204,"NATURE94",60000093]
[1205,"NATURE95",60000094]
[1206,"NATURE96",60000095]
[1207,"NATURE97",60000096]
[1208,"NATURE98",60000097]
[1209,"NATURE99",60000098]
[1210,"NATURE100",60000099]
[1211,"NATURE101",60000100]
[1212,"NATURE102",60000101]
[1213,"NATURE103",60000102]
[1214,"NATURE104",60000103]
[1215,"NATURE105",60000104]
[1216,"NATURE106",60000105]
[1217,"NATURE107",60000106]
[1218,"NATURE108",60000107]
[1219,"NATURE109",60000108]
[1220,"NATURE110",60000109]
[1221,"NATURE111",60000110]
[1222,"NATURE112",60000111]
[1223,"NATURE113",60000112]
[1224,"NATURE114",60000113]
[1225,"NATURE115",60000114]
[1226,"NATURE116",60000115]
[1227,"NATURE117",60000116]
[1228,"NATURE118",60000117]
[1229,"NATURE119",60000118]
[1230,"NATURE120",60000119]
[1231,"NATURE121",60000120]
[1232,"NATURE122",60000121]
[1233,"NATURE123",60000122]
[1234,"NATURE124",60000123]
[1235,"NATURE125",60000124]
[1236,"NATURE126",60000125]
[1237,"NATURE127",60000126]
[1238,"NATURE128",60000127]
[1239,"NATURE129",60000128]
[1240,"NATURE130",60000129]
[1241,"NATURE131",60000130]
[1242,"NATURE132",60000131]
[1243,"NATURE133",60000132]
[1244,"NATURE134",60000133]
[1245,"NATURE135",60000134]
[1246,"NATURE136",60000135]
[1247,"NATURE137",60000136]
[1248,"NATURE138",60000137]
[1249,"NATURE139",60000138]
[1250,"NATURE140",60000139]
[1251,"NATURE141",60000140]
[1252,"NATURE142",60000141]
[1253,"NATURE143",60000142]
[1254,"NATURE144",60000143]
[1255,"NATURE145",60000144]
[1256,"NATURE146",60000145]
[1257,"NATURE147",60000146]
[1258,"NATURE148",60000147]
[1259,"NATURE149",60000148]
[1260,"NATURE150",60000149]
[1261,"NATURE151",60000150]
[1262,"NATURE152",60000151]
[1263,"NATURE153",60000152]
[1264,"NATURE154",60000153]
[1265,"NATURE155",60000154]
[1266,"NATURE156",60000155]
[1267,"NATURE157",60000156]
[1268,"NATURE158",60000157]
[1269,"NATURE159",60000158]
[1270,"NATURE160",60000159]
[1271,"NATURE161",60000160]
[1272,"NATURE162",60000161]
[1273,"NATURE163",60000162]
[1274,"NATURE164",60000163]
[1275,"NATURE165",60000164]
[1276,"NATURE166",60000165]
[1277,"NATURE167",60000166]
[1278,"NATURE168",60000167]
[1279,"NATURE169",60000168]
[1280,"NATURE170",60000169]
[1281,"NATURE171",60000170]
[1282,"NATURE172",60000171]
[1283,"NATURE173",60000172]
[1284,"NATURE174",60000173]
[1285,"NATURE175",60000174]
[1286,"NATURE176",60000175]
[1287,"NATURE177",60000176]
[1288,"NATURE178",60000177]
[1289,"NATURE179",60000178]
[1290,"NATURE180",60000179]
[1291,"NATURE181",60000180]
[1292,"NATURE182",60000181]
[1293,"NATURE183",60000182]
[1294,"NATURE184",60000183]
[1295,"NATURE185",60000184]
[1296,"NATURE186",60000185]
[1297,"NATURE187",60000186]
[1298,"NATURE188",60000187]
[1299,"NATURE189",60000188]
[1300,"NATURE190",60000189]
[1301,"NATURE191",60000190]
[1302,"NATURE192",60000191]
[1303,"NATURE193",60000192]
[1304,"NATURE194",60000193]
[1305,"NATURE195",60000194]
[1306,"NATURE196",60000195]
[1307,"NATURE197",60000196]
[1308,"NATURE198",60000197]
[1309,"NATURE199",60000198]
[1310,"NATURE200",60000199]
[1311,"NATURE201",60000200]
[1312,"NATURE202",60000201]
[1313,"NATURE203",60000202]
[1314,"NATURE204",60000203]
[1315,"NATURE205",60000204]
[1316,"NATURE206",60000205]
[1317,"NATURE207",60000206]
[1318,"NATURE208",60000207]
[1319,"NATURE209",60000208]
[1320,"NATURE210",60000209]
[1321,"NATURE211",60000210]
[1322,"NATURE212",60000211]
[1323,"NATURE213",60000212]
[1324,"NATURE214",60000213]
[1325,"NATURE215",60000214]
[1326,"NATURE216",60000215]
[1327,"NATURE217",60000216]
[1328,"NATURE218",60000217]
[1329,"NATURE219",60000218]
[1330,"NATURE220",60000219]
[1331,"NATURE221",60000220]
[1332,"NATURE222",60000221]
[1333,"NATURE223",60000222]
[1334,"NATURE224",60000223]
[1335,"NATURE225",60000224]
[1336,"NATURE226",60000225]
[1337,"NATURE227",60000226]
[1338,"NATURE228",60000227]
[1339,"NATURE229",60000228]
[1340,"NATURE230",60000229]
[1341,"NATURE231",60000230]
[1342,"NATURE232",60000231]
[1343,"NATURE233",60000232]
[1344,"NATURE234",60000233]
[1345,"NATURE235",60000234]
[1346,"NATURE236",60000235]
[1347,"NATURE237",60000236]
[1348,"NATURE238",60000237]
[1349,"NATURE239",60000238]
[1350,"NATURE240",60000239]
[1351,"NATURE241",60000240]
[1352,"NATURE242",60000241]
[1353,"NATURE243",60000242]
[1354,"NATURE244",60000243]
[1355,"NATURE245",60000244]
[1356,"NATURE246",60000245]
[1357,"NATURE247",60000246]
[1358,"NATURE248",60000247]
[1359,"NATURE249",60000248]
[1360,"NATURE250",60000249]
[1361,"NATURE251",60000250]
[1362,"NATURE252",60000251]
[1363,"NATURE253",60000252]
[1364,"NATURE254",60000253]
[1365,"NATURE255",60000254]
[1366,"NATURE256",60000255]
[1367,"NATURE257",60000256]
[1368,"NATURE258",60000257]
[1369,"NATURE259",60000258]
[1370,"NATURE260",60000259]
[1371,"NATURE261",60000260]
[1372,"NATURE262",60000261]
[1373,"NATURE263",60000262]
[1374,"NATURE264",60000263]
[1375,"NATURE265",60000264]
[1376,"NATURE266",60000265]
[1377,"NATURE267",60000266]
[1378,"NATURE268",60000267]
[1379,"NATURE269",60000268]
[1380,"NATURE270",60000269]
[1381,"NATURE271",60000270]
[1382,"NATURE272",60000271]
[1383,"NATURE273",60000272]
[1384,"NATURE274",60000273]
[1385,"NATURE275",60000274]
[1386,"NATURE276",60000275]
[1387,"NATURE277",60000276]
[1388,"NATURE278",60000277]
[1389,"NATURE279",60000278]
[1390,"NATURE280",60000279]
[1391,"NATURE281",60000280]
[1392,"NATURE282",60000281]
[1393,"NATURE283",60000282]
[1394,"NATURE284",60000283]
[1395,"NATURE285",60000284]
[1396,"NATURE286",60000285]
[1397,"NATURE287",60000286]
[1398,"NATURE288",60000287]
[1399,"NATURE289",60000288]
[1400,"NATURE290",60000289]
[1401,"NATURE291",60000290]
[1402,"NATURE292",60000291]
[1403,"NATURE293",60000292]
[1404,"NATURE294",60000293]
[1405,"NATURE295",60000294]
[1406,"NATURE296",60000295]
[1407,"NATURE297",60000296]
[1408,"NATURE298",60000297]
[1409,"NATURE299",60000298]
[1410,"NATURE300",60000299]
[1411,"NATURE301",60000300]
[1412,"NATURE302",60000301]
[1413,"NATURE303",60000302]
[1414,"NATURE304",60000303]
[1415,"NATURE305",60000304]
[1416,"NATURE306",60000305]
[1417,"NATURE307",60000306]
[1418,"NATURE308",60000307]
[1419,"NATURE309",60000308]
[1420,"NATURE310",60000309]
[1421,"NATURE311",60000310]
[1422,"NATURE312",60000311]
[1423,"NATURE313",60000312]
[1424,"NATURE314",60000313]
[1425,"NATURE315",60000314]
[1426,"NATURE316",60000315]
[1427,"NATURE317",60000316]
[1428,"NATURE318",60000317]
[1429,"NATURE319",60000318]
[1430,"NATURE320",60000319]
[1431,"NATURE321",60000320]
[1432,"NATURE322",60000321]
[1433,"NATURE323",60000322]
[1434,"NATURE324",60000323]
[1435,"NATURE325",60000324]
[1436,"NATURE326",60000325]
[1437,"NATURE327",60000326]
[1438,"NATURE328",60000327]
[1439,"NATURE329",60000328]
[1440,"NATURE330",60000329]
[1441,"NATURE331",60000330]
[1442,"NATURE332",60000331]
[1443,"NATURE333",60000332]
[1444,"NATURE334",60000333]
[1445,"NATURE335",60000334]
[1446,"NATURE336",60000335]
[1447,"NATURE337",60000336]
[1448,"NATURE338",60000337]
[1449,"NATURE339",60000338]
[1450,"NATURE340",60000339]
[1451,"NATURE341",60000340]
[1452,"NATURE342",60000341]
[1453,"NATURE343",60000342]
[1454,"NATURE344",60000343]
[1455,"NATURE345",60000344]
[1456,"NATURE346",60000345]
[1457,"NATURE347",60000346]
[1458,"NATURE348",60000347]
[1459,"NATURE349",60000348]
[1460,"NATURE350",60000349]
[1461,"NATURE351",60000350]
[1462,"NATURE352",60000351]
[1463,"NATURE353",60000352]
[1464,"NATURE354",60000353]
[1465,"NATURE355",60000354]
[1466,"NATURE356",60000355]
[1467,"NATURE357",60000356]
[1468,"NATURE358",60000357]
[1469,"NATURE359",60000358]
[1470,"NATURE360",60000359]
[1471,"NATURE361",60000360]
[1472,"NATURE362",60000361]
[1473,"NATURE363",60000362]
[1474,"NATURE364",60000363]
[1475,"NATURE365",60000364]
[1476,"NATURE366",60000365]
[1477,"NATURE367",60000366]
[1478,"NATURE368",60000367]
[1479,"NATURE369",60000368]
[1480,"NATURE370",60000369]

{"sheet":"Codes O","index":3,"n_rows":21,"n_cols":5,"rows_kept":21,"cut":false,"hidden":false,"merged":[]}
["Code","DIRECTION","SOUS DIRECTION","ORDRE","Code"]
[0,"DIRECTION1","DIRECTION1","DIRECTION1",0]
[1,"DIRECTION1","SOUSDIRECTION1","SOUSDIRECTION1",1]
[2,"DIRECTION1","SOUSDIRECTION1","O1",2]
[3,"DIRECTION1","SOUSDIRECTION1","O2",3]
[4,"DIRECTION1","SOUSDIRECTION1","O3",4]
[5,"DIRECTION1","SOUSDIRECTION1","O4",5]
[6,"DIRECTION1","SOUSDIRECTION1","O5",6]
[7,"DIRECTION1","SOUSDIRECTION1","O6",7]
[8,"DIRECTION1","SOUSDIRECTION1","O7",8]
[9,"DIRECTION1","SOUSDIRECTION2","SOUSDIRECTION2",9]
[10,"DIRECTION1","SOUSDIRECTION2","PREVENTION DU RISQUE  ET INNOVATION",10]
[11,"DIRECTION1","SOUSDIRECTION2","RECOUVREMENT SURENDETTEMENT",11]
[12,"DIRECTION1","SOUSDIRECTION2","SUPPORT ET DEVELOPPEMENT CREDIT",12]
[13,"DIRECTION2","DIRECTION2","DIRECTION2",13]
[14,"DIRECTION2","SOUSDIRECTION1","O8",14]
[15,"DIRECTION2","SOUSDIRECTION1","O9",15]
[16,"DIRECTION2","SOUSDIRECTION1","O10",16]
[17,"DIRECTION2","SOUSDIRECTION2","O11",17]
[18,"DIRECTION2","SOUSDIRECTION2","O12",18]
[19,"DIRECTION2","SOUSDIRECTION2","O13",19]

{"sheet":"Codes CO","index":4,"n_rows":21,"n_cols":5,"rows_kept":21,"cut":false,"hidden":false,"merged":[]}
["Code","DIRECTION","SOUS DIRECTION","ORDRE","Code"]
[0,"DIRECTION1","DIRECTION1","DIRECTION1",0]
[1,"DIRECTION1","SOUSDIRECTION1","SOUSDIRECTION1",1]
[2,"DIRECTION1","SOUSDIRECTION1","S1",2]
[3,"DIRECTION1","SOUSDIRECTION1","S2",3]
[4,"DIRECTION1","SOUSDIRECTION1","S3",4]
[5,"DIRECTION1","SOUSDIRECTION1","S4",5]
[6,"DIRECTION1","SOUSDIRECTION1","S5",6]
[7,"DIRECTION1","SOUSDIRECTION1","S6",7]
[8,"DIRECTION1","SOUSDIRECTION1","S7",8]
[9,"DIRECTION1","SOUSDIRECTION2","SOUSDIRECTION2",9]
[10,"DIRECTION1","SOUSDIRECTION2","PREVENTION DU RISQUE  ET INNOVATION",10]
[11,"DIRECTION1","SOUSDIRECTION2","RECOUVREMENT SURENDETTEMENT",11]
[12,"DIRECTION1","SOUSDIRECTION2","SUPPORT ET DEVELOPPEMENT CREDIT",12]
[13,"DIRECTION2","DIRECTION2","DIRECTION2",13]
[14,"DIRECTION2","SOUSDIRECTION1","S8",14]
[15,"DIRECTION2","SOUSDIRECTION1","S9",15]
[16,"DIRECTION2","SOUSDIRECTION1","S10",16]
[17,"DIRECTION2","SOUSDIRECTION2","S11",17]
[18,"DIRECTION2","SOUSDIRECTION2","S12",18]
[19,"DIRECTION2","SOUSDIRECTION2","S13",19]

{"sheet":"Fichier de saisie","index":5,"n_rows":20,"n_cols":16,"rows_kept":20,"cut":false,"hidden":false,"merged":[]}
["Sté de gestion","Nom société de gestion","CODES tva","INTITULES TVA","COMPTES","Direction O","Sous Direction O","Libellé O","code O",null,"Direction CO","Sous Direction CO","Libellé CO","code CO","code projet","nom projet"]
[]
[]
[]
[]
["   ",{"$f":"IFERROR(VLOOKUP(A6,'Codes Société'!A:B,2,0),\"\")","v":""}]
["   ",{"$f":"IFERROR(VLOOKUP(A7,'Codes Société'!A:B,2,0),\"\")","v":""}]
["   ",{"$f":"IFERROR(VLOOKUP(A8,'Codes Société'!A:B,2,0),\"\")","v":""}]
["   ",{"$f":"IFERROR(VLOOKUP(A9,'Codes Société'!A:B,2,0),\"\")","v":""}]
["   ",{"$f":"IFERROR(VLOOKUP(A10,'Codes Société'!A:B,2,0),\"\")","v":""}]
[null,{"$f":"IFERROR(VLOOKUP(A11,'Codes Société'!A:B,2,0),\"\")","v":""}]
["   ",{"$f":"IFERROR(VLOOKUP(A12,'Codes Société'!A:B,2,0),\"\")","v":""}]
["   ",{"$f":"IFERROR(VLOOKUP(A13,'Codes Société'!A:B,2,0),\"\")","v":""}]
["   ",{"$f":"IFERROR(VLOOKUP(A14,'Codes Société'!A:B,2,0),\"\")","v":""}]
[null,{"$f":"IFERROR(VLOOKUP(A15,'Codes Société'!A:B,2,0),\"\")","v":""}]
[null,{"$f":"IFERROR(VLOOKUP(A16,'Codes Société'!A:B,2,0),\"\")","v":""}]
[null,{"$f":"IFERROR(VLOOKUP(A17,'Codes Société'!A:B,2,0),\"\")","v":""}]
[null,{"$f":"IFERROR(VLOOKUP(A18,'Codes Société'!A:B,2,0),\"\")","v":""}]
[null,{"$f":"IFERROR(VLOOKUP(A19,'Codes Société'!A:B,2,0),\"\")","v":""}]
[null,{"$f":"IFERROR(VLOOKUP(A20,'Codes Société'!A:B,2,0),\"\")","v":""}]