I/RenderThread( 2033): RenderThread paused, waiting for signal
E/qcom_sensors_hal( 1822): hal_sam_gen_prox: prox data: state=0, mean=83, distance=5.000305
D/BatteryInfoReceiver( 2487): 现有电量:92
D/QcrilMsgTunnelSocket(32542): readRilMessage: Buffer = [B@41eabd38 HexData = [010000000404000011000000514f454d484f4f4bef0308000100000003]
D/QcrilMsgTunnelSocket(32542): Rcvd UNSOL response with 28 bytes data for SUB0
D/QcrilMsgTunnelSocket(32542): Response ID 525295 is not served in this process.
D/QcrilMsgTunnelSocket(32542): To broadcast an Intent via the notifier to external apps
D/QcrilMsgTunnelIfaceManager(32542): handleMessage what = 0
D/QcrilMsgTunnelIfaceManager(32542): Broadcasting intent ACTION_UNSOL_RESPONSE_OEM_HOOK_RAW
D/AlarmManagerService( 1822): Kernel timezone updated to -120 minutes west of GMT
W/dalvikvm( 2632): No implementation found for native Lorg/nemomobile/lipstick/LipstickNativeMethods;.nativeOnNotificationPosted:(I)V
W/Lipstick( 2632): Lipstick not loaded yet
D/LEDBlinker( 2627): Notification onNotificationPosted: StatusBarNotification(pkg=org.pixmob.freemobile.netstat user=UserHandle{0} id=2131296258 tag=null score=-10: Notification(pri=-1 contentView=org.pixmob.freemobile.netstat/0x1090066 vibrate=null sound=null defaults=0x0 flags=0x62 kind=[null] 1 action))
D/MobileDataStateTracker( 1822): default: Broadcast received: android.intent.action.ANY_DATA_STATE apnType=default
D/StatusBar.NetworkController( 2033): updateTelephonySignalStrength: mSignalStrength == 7(GSM) 99(CDMA) 255(LTE)
D/MobileDataStateTracker( 1822): default: Received state=CONNECTED, old=CONNECTED, reason=(unspecified)
D/ConnectivityService( 1822): Setting TCP values: [0] which comes from [net.tcp.usercfg.default]
D/ConnectivityService( 1822): Setting TCP values: [1] which comes from [net.tcp.delack.default]
W/dalvikvm( 2632): No implementation found for native Lorg/nemomobile/lipstick/LipstickNativeMethods;.nativeOnNotificationPosted:(I)V
W/Lipstick( 2632): Lipstick not loaded yet
D/LEDBlinker( 2627): Notification onNotificationPosted: StatusBarNotification(pkg=org.pixmob.freemobile.netstat user=UserHandle{0} id=2131296258 tag=null score=-10: Notification(pri=-1 contentView=org.pixmob.freemobile.netstat/0x1090066 vibrate=null sound=null defaults=0x0 flags=0x62 kind=[null] 1 action))
I/XIAOMIANALYTICS( 2033): start session(com.android.systemui)
I/XIAOMIANALYTICS( 2033): end session(com.android.systemui)
D/StatusBar.NetworkController( 2033): updateTelephonySignalStrength: mSignalStrength == 7(GSM) 99(CDMA) 255(LTE)
I/XIAOMIANALYTICS( 2033): start session(com.android.systemui)
I/XIAOMIANALYTICS( 2033): end session(com.android.systemui)
D/PhoneStatusBar( 2033): updateNotification pkg=org.pixmob.freemobile.netstat;id=2131296258
D/PhoneStatusBar( 2033): updateNotification pkg=org.pixmob.freemobile.netstat;id=2131296258
D/SizeAdaptiveLayout( 2033): com.android.internal.widget.SizeAdaptiveLayout{44835ab0 V.E..... ......ID 0,0-1053,143 #7f0d00b6 app:id/adaptive}child view android.widget.FrameLayout{42151cb0 V.E..... ......ID 0,0-1053,142 #10202e3 android:id/status_bar_latest_event_content} measured out of bounds at 142px clamped to 143px
W/PushService( 2270): 2014-09-22 08:58:18,340 - [WARN::PushService] - [Thread:151] SMACK 08:58:18 AM RCV (1106398560):
D/LEDBlinker( 2627): ShowLED ignored because screen on and screen led not running!
D/QcrilMsgTunnelSocket(32542): readRilMessage: Buffer = [B@41eabd38 HexData = [010000000404000011000000514f454d484f4f4bef0308000100000003]
D/QcrilMsgTunnelSocket(32542): Rcvd UNSOL response with 28 bytes data for SUB0
D/QcrilMsgTunnelSocket(32542): Response ID 525295 is not served in this process.
D/QcrilMsgTunnelSocket(32542): To broadcast an Intent via the notifier to external apps
D/QcrilMsgTunnelIfaceManager(32542): handleMessage what = 0
D/QcrilMsgTunnelIfaceManager(32542): Broadcasting intent ACTION_UNSOL_RESPONSE_OEM_HOOK_RAW
D/AlarmManagerService( 1822): Kernel timezone updated to -120 minutes west of GMT
D/LEDBlinker( 2627): Notification onNotificationPosted: StatusBarNotification(pkg=org.pixmob.freemobile.netstat user=UserHandle{0} id=2131296258 tag=null score=-10: Notification(pri=-1 contentView=org.pixmob.freemobile.netstat/0x1090066 vibrate=null sound=null defaults=0x0 flags=0x62 kind=[null] 1 action))
D/StatusBar.NetworkController( 2033): updateTelephonySignalStrength: mSignalStrength == 7(GSM) 99(CDMA) 255(LTE)
D/MobileDataStateTracker( 1822): default: Broadcast received: android.intent.action.ANY_DATA_STATE apnType=default
W/dalvikvm( 2632): No implementation found for native Lorg/nemomobile/lipstick/LipstickNativeMethods;.nativeOnNotificationPosted:(I)V
W/Lipstick( 2632): Lipstick not loaded yet
D/MobileDataStateTracker( 1822): default: Received state=CONNECTED, old=CONNECTED, reason=(unspecified)
D/ConnectivityService( 1822): Setting TCP values: [0] which comes from [net.tcp.usercfg.default]
D/ConnectivityService( 1822): Setting TCP values: [1] which comes from [net.tcp.delack.default]
D/StatusBar.NetworkController( 2033): updateTelephonySignalStrength: mSignalStrength == 7(GSM) 99(CDMA) 255(LTE)
D/LEDBlinker( 2627): Notification onNotificationPosted: StatusBarNotification(pkg=org.pixmob.freemobile.netstat user=UserHandle{0} id=2131296258 tag=null score=-10: Notification(pri=-1 contentView=org.pixmob.freemobile.netstat/0x1090066 vibrate=null sound=null defaults=0x0 flags=0x62 kind=[null] 1 action))
W/dalvikvm( 2632): No implementation found for native Lorg/nemomobile/lipstick/LipstickNativeMethods;.nativeOnNotificationPosted:(I)V
W/Lipstick( 2632): Lipstick not loaded yet
D/PhoneStatusBar( 2033): updateNotification pkg=org.pixmob.freemobile.netstat;id=2131296258
D/SizeAdaptiveLayout( 2033): com.android.internal.widget.SizeAdaptiveLayout{44835ab0 V.E..... ......ID 0,0-1053,143 #7f0d00b6 app:id/adaptive}child view android.widget.FrameLayout{42151cb0 V.E..... ......ID 0,0-1053,142 #10202e3 android:id/status_bar_latest_event_content} measured out of bounds at 142px clamped to 143px
D/PhoneStatusBar( 2033): updateNotification pkg=org.pixmob.freemobile.netstat;id=2131296258
D/SizeAdaptiveLayout( 2033): com.android.internal.widget.SizeAdaptiveLayout{44835ab0 V.E..... ......ID 0,0-1053,143 #7f0d00b6 app:id/adaptive}child view android.widget.FrameLayout{42151cb0 V.E..... ......ID 0,0-1053,142 #10202e3 android:id/status_bar_latest_event_content} measured out of bounds at 142px clamped to 143px
D/StatusBar.NetworkController( 2033): updateTelephonySignalStrength: mSignalStrength == 6(GSM) 99(CDMA) 255(LTE)
V/PhoneStatusBar( 2033): setLightsOn(true)
D/AwesomeLockScreen( 2033): onWindowFocusChanged true
D/AwesomeLockScreen( 2033): onRefreshBatteryInfo: false false 92
D/AwesomeLockScreen( 2033): onRefreshCarrierInfo(null, Free 3G)
I/RenderThread( 2033): RenderThread resumed
D/PhoneStatusBar( 2033): disable: < expand icons alerts ticker* system_info BACK* HOME* RECENT clock > I/NotifierManager( 2033): onRegister: miui.maml.NotifierManager$MultiBroadcastNotifier@44972480
I/NotifierManager( 2033): onRegister: miui.maml.NotifierManager$BroadcastNotifier@4219fef8
I/NotifierManager( 2033): onRegister: miui.maml.NotifierManager$BroadcastNotifier@420e1d78
I/NotifierManager( 2033): onRegister: miui.maml.NotifierManager$BroadcastNotifier@41f6bf68
I/NotifierManager( 2033): onNotify: miui.maml.NotifierManager$BroadcastNotifier@420e1d78
D/BatteryInfoReceiver( 2487): 现有电量:92
I/NotifierManager( 2033): onNotify: miui.maml.NotifierManager$BroadcastNotifier@420e1d78
I/LockScreen_AdvancedSlider( 2033): unlock touch up
D/AwesomeLockScreen( 2033): lockscreen awake time: [8271 sec] in time range: [16118 sec]
W/ContextImpl( 2033): Calling a method in the system process without a qualified user: android.app.ContextImpl.sendBroadcast:1217 android.content.ContextWrapper.sendBroadcast:370 android.content.ContextWrapper.sendBroadcast:370 com.android.keyguard.AwesomeLockScreen.sendLockscreenIntentTypeAnalytics:314 com.android.keyguard.AwesomeLockScreen.unlocked:285
W/ContextImpl( 2166): Calling a method in the system process without a qualified user: android.app.ContextImpl.startService:1560 android.content.ContextWrapper.startService:494 android.content.ContextWrapper.startService:494 com.android.settings.AnalyticsReceiver.onReceive:23 android.app.ActivityThread.handleReceiver:2440
I/XIAOMIANALYTICS( 2166): start session(com.android.settings)
I/XIAOMIANALYTICS( 2166): end session(com.android.settings)
W/ContextImpl( 2033): Calling a method in the system process without a qualified user: android.app.ContextImpl.sendBroadcast:1217 android.content.ContextWrapper.sendBroadcast:370 android.content.ContextWrapper.sendBroadcast:370 com.android.keyguard.MiuiLockPatternKeyguardView.sendKeyguardDurationAnalytics:818 com.android.keyguard.MiuiLockPatternKeyguardView.access$900:100
W/ContextImpl( 2166): Calling a method in the system process without a qualified user: android.app.ContextImpl.startService:1560 android.content.ContextWrapper.startService:494 android.content.ContextWrapper.startService:494 com.android.settings.AnalyticsReceiver.onReceive:23 android.app.ActivityThread.handleReceiver:2440
I/RenderThread(20916): RenderThread resumed
W/ContextImpl( 2033): Calling a method in the system process without a qualified user: android.app.ContextImpl.sendBroadcast:1203 android.content.ContextWrapper.sendBroadcast:365 com.android.keyguard.MiuiKeyguardViewMediator.handleKeyguardDone:1510 com.android.keyguard.MiuiKeyguardViewMediator.access$3200:141 com.android.keyguard.MiuiKeyguardViewMediator$9.handleMessage:1431
I/NotifierManager(20916): onRegister: miui.maml.NotifierManager$MultiBroadcastNotifier@42572020
I/RenderThread(20916): Sleep for long time:9223372036850350899 ms
I/XIAOMIANALYTICS( 2166): start session(com.android.settings)
I/XIAOMIANALYTICS( 2166): end session(com.android.settings)
D/AwesomeLockScreen( 2033): onPause
I/NotifierManager( 2033): onUnregister: miui.maml.NotifierManager$BroadcastNotifier@4219fef8
I/NotifierManager( 2033): onUnregister: miui.maml.NotifierManager$MultiBroadcastNotifier@44972480
I/NotifierManager( 2033): onUnregister: miui.maml.NotifierManager$BroadcastNotifier@420e1d78
I/NotifierManager( 2033): onUnregister: miui.maml.NotifierManager$BroadcastNotifier@41f6bf68
I/RenderThread( 2033): RenderThread paused, waiting for signal
I/NotifierManager( 2033): releaseNotifier:TimeChanged miui.maml.elements.TimepanelScreenElement$1@420ffc88
I/NotifierManager( 2033): releaseNotifier:android.intent.action.TIME_TICK miui.maml.elements.TimepanelScreenElement$1@420ffc88
I/Timeline(20916): Timeline: Activity_idle id: android.os.BinderProxy@41cffc88 time:13690413
I/NotifierManager( 2033): releaseNotifier:TimeChanged miui.maml.data.DateTimeVariableUpdater@4467f3a0
I/NotifierManager( 2033): releaseNotifier:android.intent.action.BATTERY_CHANGED miui.maml.data.BatteryVariableUpdater@41ddd438
I/NotifierManager( 2033): releaseNotifier:android.media.VOLUME_CHANGED_ACTION miui.maml.data.VolumeVariableUpdater@41e9a008
D/RootHolder( 2033): cleanUp: com.android.keyguard.AwesomeLockScreen{41d135f8 VFE..... .F....ID 0,0-1080,1920} size:0
D/RootHolder( 2033): cleanUp finish
W/InputMethodManagerService( 1822): Window already focused, ignoring focus gain of: com.android.internal.view.IInputMethodClient$Stub$Proxy@427cbd68 attribute=android.view.inputmethod.EditorInfo@431ce5a0, token = android.os.BinderProxy@42b78a40
V/PhoneStatusBar( 2033): setLightsOn(true)
D/PhoneStatusBar( 2033): disable: < expand icons alerts ticker system_info back* home* recent* clock > W/System.err(20916): org.json.JSONException: No value for city_code
W/System.err(20916): at org.json.JSONObject.get(JSONObject.java:355)
W/System.err(20916): at org.json.JSONObject.getString(JSONObject.java:515)
W/System.err(20916): at com.miui.home.launcher.gadget.ab.T(WeatherBase.java:312)
W/System.err(20916): at com.miui.home.launcher.gadget.ab.it(WeatherBase.java:696)
W/System.err(20916): at com.miui.home.launcher.gadget.m.eu(Weather_2x4.java:229)
W/System.err(20916): at com.miui.home.launcher.gadget.m.ev(Weather_2x4.java:242)
W/System.err(20916): at com.miui.home.launcher.gadget.m.aA(Weather_2x4.java:516)
W/System.err(20916): at com.miui.home.launcher.gadget.aa.run(WeatherBase.java:475)
W/System.err(20916): at android.os.Handler.handleCallback(Handler.java:733)
W/System.err(20916): at android.os.Handler.dispatchMessage(Handler.java:95)
W/System.err(20916): at android.os.Looper.loop(Looper.java:136)
W/System.err(20916): at android.app.ActivityThread.main(ActivityThread.java:5141)
W/System.err(20916): at java.lang.reflect.Method.invokeNative(Native Method)
W/System.err(20916): at java.lang.reflect.Method.invoke(Method.java:515)
W/System.err(20916): at com.android.internal.os.ZygoteInit$MethodAndArgsCaller.run(ZygoteInit.java:814)
W/System.err(20916): at com.android.internal.os.ZygoteInit.main(ZygoteInit.java:630)
W/System.err(20916): at de.robv.android.xposed.XposedBridge.main(XposedBridge.java:136)
W/System.err(20916): at dalvik.system.NativeStart.main(Native Method)
D/QcrilMsgTunnelSocket(32542): readRilMessage: Buffer = [B@41eabd38 HexData = [010000000404000011000000514f454d484f4f4bef0308000100000003]
D/QcrilMsgTunnelSocket(32542): Rcvd UNSOL response with 28 bytes data for SUB0
D/QcrilMsgTunnelSocket(32542): Response ID 525295 is not served in this process.
D/QcrilMsgTunnelSocket(32542): To broadcast an Intent via the notifier to external apps
D/StatusBar.NetworkController( 2033): updateTelephonySignalStrength: mSignalStrength == 6(GSM) 99(CDMA) 255(LTE)
D/QcrilMsgTunnelIfaceManager(32542): handleMessage what = 0
D/QcrilMsgTunnelIfaceManager(32542): Broadcasting intent ACTION_UNSOL_RESPONSE_OEM_HOOK_RAW
D/AlarmManagerService( 1822): Kernel timezone updated to -120 minutes west of GMT
D/StatusBar.NetworkController( 2033): updateTelephonySignalStrength: mSignalStrength == 6(GSM) 99(CDMA) 255(LTE)
D/MobileDataStateTracker( 1822): default: Broadcast received: android.intent.action.ANY_DATA_STATE apnType=default
D/MobileDataStateTracker( 1822): default: Received state=CONNECTED, old=CONNECTED, reason=(unspecified)
D/ConnectivityService( 1822): Setting TCP values: [0] which comes from [net.tcp.usercfg.default]
D/ConnectivityService( 1822): Setting TCP values: [1] which comes from [net.tcp.delack.default]
W/dalvikvm( 2632): No implementation found for native Lorg/nemomobile/lipstick/LipstickNativeMethods;.nativeOnNotificationPosted:(I)V
W/Lipstick( 2632): Lipstick not loaded yet
D/PhoneStatusBar( 2033): updateNotification pkg=org.pixmob.freemobile.netstat;id=2131296258
D/LEDBlinker( 2627): Notification onNotificationPosted: StatusBarNotification(pkg=org.pixmob.freemobile.netstat user=UserHandle{0} id=2131296258 tag=null score=-10: Notification(pri=-1 contentView=org.pixmob.freemobile.netstat/0x1090066 vibrate=null sound=null defaults=0x0 flags=0x62 kind=[null] 1 action))
D/SizeAdaptiveLayout( 2033): com.android.internal.widget.SizeAdaptiveLayout{44835ab0 V.E..... ......ID 0,0-1053,143 #7f0d00b6 app:id/adaptive}child view android.widget.FrameLayout{42151cb0 V.E..... ......ID 0,0-1053,142 #10202e3 android:id/status_bar_latest_event_content} measured out of bounds at 142px clamped to 143px
D/PhoneStatusBar( 2033): updateNotification pkg=org.pixmob.freemobile.netstat;id=2131296258
D/LEDBlinker( 2627): Notification onNotificationPosted: StatusBarNotification(pkg=org.pixmob.freemobile.netstat user=UserHandle{0} id=2131296258 tag=null score=-10: Notification(pri=-1 contentView=org.pixmob.freemobile.netstat/0x1090066 vibrate=null sound=null defaults=0x0 flags=0x62 kind=[null] 1 action))
W/dalvikvm( 2632): No implementation found for native Lorg/nemomobile/lipstick/LipstickNativeMethods;.nativeOnNotificationPosted:(I)V
W/Lipstick( 2632): Lipstick not loaded yet
D/SizeAdaptiveLayout( 2033): com.android.internal.widget.SizeAdaptiveLayout{44835ab0 V.E..... ......ID 0,0-1053,143 #7f0d00b6 app:id/adaptive}child view android.widget.FrameLayout{42151cb0 V.E..... ......ID 0,0-1053,142 #10202e3 android:id/status_bar_latest_event_content} measured out of bounds at 142px clamped to 143px
W/ContextImpl( 1822): Calling a method in the system process without a qualified user: android.app.ContextImpl.sendBroadcast:1203 com.android.internal.policy.impl.BaseMiuiPhoneWindowManager.interceptKeyBeforeQueueing:587 com.android.server.wm.InputMonitor.interceptKeyBeforeQueueing:357 com.android.server.input.InputManagerService.interceptKeyBeforeQueueing:1424 dalvik.system.NativeStart.run:-2
D/LEDBlinker( 2627): ShowLED ignored because screen on and screen led not running!
W/ContextImpl( 1822): Calling a method in the system process without a qualified user: android.app.ContextImpl.sendBroadcast:1203 com.android.internal.policy.impl.PhoneWindowManager$Injector.sendPowerUpBroadcast:229 com.android.internal.policy.impl.PhoneWindowManager.interceptKeyBeforeQueueing:5128 com.android.internal.policy.impl.BaseMiuiPhoneWindowManager.interceptKeyBeforeQueueing:622 com.android.server.wm.InputMonitor.interceptKeyBeforeQueueing:357
I/PowerManagerService( 1822): Going to sleep by user request...
D/SurfaceFlinger( 310): Screen released, type=0 flinger=0xb79ac450
D/qdhwcomposer( 310): hwc_blank: Blanking display: 0
I/qdhwcomposer( 310): handle_blank_event: dpy:0 panel power state: 0
D/qdhwcomposer( 310): hwc_blank: Done blanking display: 0
D/SurfaceControl( 1822): Excessive delay in blankDisplay() while turning screen off: 303ms
I/QCOM PowerHAL( 1822): Got set_interactive hint
D/AbstractScreenOnProximityLock( 1822): try to release
V/LockPatternKeyguardView( 2033): Set visibility on com.android.keyguard.MiuiLockPatternKeyguardView$4@426a59b8 to 0
D/RootHolder( 2033): init:com.android.keyguard.AwesomeLockScreen{41f00798 VFE..... ......I. 0,0-0,0}
I/NotifierManager(20916): onUnregister: miui.maml.NotifierManager$MultiBroadcastNotifier@42572020
I/RenderThread(20916): RenderThread paused, waiting for signal
D/LockScreenRoot( 2033): get init signal strength error.
D/LockScreenRoot( 2033): java.lang.ClassCastException: android.telephony.CellInfoWcdma cannot be cast to android.telephony.CellInfoGsm
D/LockScreenRoot( 2033): at com.miui.internal.policy.impl.AwesomeLockScreenImp.LockScreenRoot.init(LockScreenRoot.java:260)
D/LockScreenRoot( 2033): at miui.maml.SingleRootListener.init(SingleRootListener.java:37)
D/LockScreenRoot( 2033): at miui.maml.RendererController.init(RendererController.java:143)
D/LockScreenRoot( 2033): at miui.maml.ScreenElementRoot.selfInit(ScreenElementRoot.java:945)
D/LockScreenRoot( 2033): at miui.maml.MiAdvancedView.init(MiAdvancedView.java:58)
D/LockScreenRoot( 2033): at miui.maml.MiAdvancedView.(MiAdvancedView.java:51)
D/LockScreenRoot( 2033): at com.miui.internal.policy.impl.AwesomeLockScreenImp.AwesomeLockScreenView.(AwesomeLockScreenView.java:26)
D/LockScreenRoot( 2033): at com.android.keyguard.RootHolder.createView(RootHolder.java:95)
D/LockScreenRoot( 2033): at com.android.keyguard.AwesomeLockScreen.(AwesomeLockScreen.java:128)
D/LockScreenRoot( 2033): at com.android.keyguard.MiuiLockPatternKeyguardView.createLockScreen(MiuiLockPatternKeyguardView.java:1172)
D/LockScreenRoot( 2033): at com.android.keyguard.MiuiLockPatternKeyguardView.recreateLockScreen(MiuiLockPatternKeyguardView.java:889)
D/LockScreenRoot( 2033): at com.android.keyguard.MiuiLockPatternKeyguardView.updateScreen(MiuiLockPatternKeyguardView.java:1103)
D/LockScreenRoot( 2033): at com.android.keyguard.MiuiLockPatternKeyguardView.keyguardScreenCallback(MiuiLockPatternKeyguardView.java:366)
D/LockScreenRoot( 2033): at com.android.keyguard.MiuiLockPatternKeyguardView.(MiuiLockPatternKeyguardView.java:643)
D/LockScreenRoot( 2033): at com.android.keyguard.MiuiLockPatternKeyguardViewProperties.createKeyguardView(MiuiLockPatternKeyguardViewProperties.java:23)
D/LockScreenRoot( 2033): at com.android.keyguard.AbstractKeyguardViewManager.show(AbstractKeyguardViewManager.java:152)
D/LockScreenRoot( 2033): at com.android.keyguard.MiuiKeyguardViewMediator.handleShow(MiuiKeyguardViewMediator.java:1602)
D/LockScreenRoot( 2033): at com.android.keyguard.MiuiKeyguardViewMediator.access$2600(MiuiKeyguardViewMediator.java:141)
D/LockScreenRoot( 2033): at com.android.keyguard.MiuiKeyguardViewMediator$9.handleMessage(MiuiKeyguardViewMediator.java:1410)
D/LockScreenRoot( 2033): at android.os.Handler.dispatchMessage(Handler.java:102)
D/LockScreenRoot( 2033): at android.os.Looper.loop(Looper.java:136)
D/LockScreenRoot( 2033): at android.app.ActivityThread.main(ActivityThread.java:5141)
D/LockScreenRoot( 2033): at java.lang.reflect.Method.invokeNative(Native Method)
D/LockScreenRoot( 2033): at java.lang.reflect.Method.invoke(Method.java:515)
D/LockScreenRoot( 2033): at com.android.internal.os.ZygoteInit$MethodAndArgsCaller.run(ZygoteInit.java:814)
D/LockScreenRoot( 2033): at com.android.internal.os.ZygoteInit.main(ZygoteInit.java:630)
D/LockScreenRoot( 2033): at de.robv.android.xposed.XposedBridge.main(XposedBridge.java:136)
D/LockScreenRoot( 2033): at dalvik.system.NativeStart.main(Native Method)
D/FramerateTokenList( 2033): createToken: com.miui.internal.policy.impl.AwesomeLockScreenImp.LockScreenRoot@41d07308
I/NotifierManager( 2033): acquireNotifier:TimeChanged miui.maml.data.DateTimeVariableUpdater@4467f3a0
I/NotifierManager( 2033): acquireNotifier:android.intent.action.BATTERY_CHANGED miui.maml.data.BatteryVariableUpdater@41ddd438
I/NotifierManager( 2033): createNotifier:android.intent.action.BATTERY_CHANGED
I/NotifierManager( 2033): onRegister: miui.maml.NotifierManager$BroadcastNotifier@42553940
I/NotifierManager( 2033): acquireNotifier:android.media.VOLUME_CHANGED_ACTION miui.maml.data.VolumeVariableUpdater@41e9a008
I/NotifierManager( 2033): createNotifier:android.media.VOLUME_CHANGED_ACTION
I/NotifierManager( 2033): onRegister: miui.maml.NotifierManager$BroadcastNotifier@44558050
I/NotifierManager( 2033): acquireNotifier:TimeChanged miui.maml.elements.TimepanelScreenElement$1@420ffc88
I/NotifierManager( 2033): acquireNotifier:android.intent.action.TIME_TICK miui.maml.elements.TimepanelScreenElement$1@420ffc88
I/NotifierManager( 2033): createNotifier:android.intent.action.TIME_TICK
I/NotifierManager( 2033): onRegister: miui.maml.NotifierManager$BroadcastNotifier@420d8b00
I/RenderThread( 2033): RenderThread resumed
I/RenderThread( 2033): RenderThread paused, waiting for signal
D/RootHolder( 2033): createView
D/AwesomeLockScreen( 2033): onRefreshBatteryInfo: false false 92
D/AwesomeLockScreen( 2033): onRefreshCarrierInfo(null, Free 3G)
D/AwesomeLockScreen( 2033): onPause
D/AwesomeLockScreen( 2033): onResume
D/AwesomeLockScreen( 2033): onRefreshBatteryInfo: false false 92
D/AwesomeLockScreen( 2033): onRefreshCarrierInfo(null, Free 3G)
I/RenderThread( 2033): RenderThread resumed
V/KeyguardViewManager( 2033): KGVM: Set visibility on com.android.keyguard.AbstractKeyguardViewManager$KeyguardViewHost{41d1afd0 G.E..... ......ID 0,0-1080,1920} to 6291456
D/AwesomeLockScreen( 2033): onPause
I/NotifierManager( 2033): onUnregister: miui.maml.NotifierManager$BroadcastNotifier@420d8b00
I/NotifierManager( 2033): onUnregister: miui.maml.NotifierManager$BroadcastNotifier@42553940
I/NotifierManager( 2033): onUnregister: miui.maml.NotifierManager$BroadcastNotifier@44558050
I/XIAOMIANALYTICS( 2166): start session(com.android.settings)
I/XIAOMIANALYTICS( 2166): end session(com.android.settings)
W/ContextImpl( 2033): Calling a method in the system process without a qualified user: android.app.ContextImpl.sendBroadcast:1217 android.content.ContextWrapper.sendBroadcast:370 android.content.ContextWrapper.sendBroadcast:370 com.android.keyguard.MiuiLockPatternKeyguardView.sendKeyguardUsageAnalytics:809 com.android.keyguard.MiuiLockPatternKeyguardView.onScreenTurnedOff:778
W/ContextImpl( 2166): Calling a method in the system process without a qualified user: android.app.ContextImpl.startService:1560 android.content.ContextWrapper.startService:494 android.content.ContextWrapper.startService:494 com.android.settings.AnalyticsReceiver.onReceive:23 android.app.ActivityThread.handleReceiver:2440
I/RenderThread( 2033): RenderThread paused, waiting for signal
I/ContentProviderBinder( 2033): query result count: 0 content://call_log/calls
I/ContentProviderBinder( 2033): query result count: 0 content://sms/inbox
I/ContentProviderBinder( 2033): query result count: 0 content://call_log/calls
I/ContentProviderBinder( 2033): query result count: 0 content://sms/inbox
D/PhoneStatusBar( 2033): disable: < expand icons alerts ticker system_info BACK* HOME* RECENT* clock > V/PhoneStatusBar( 2033): setLightsOn(true)
D/AwesomeLockScreen( 2033): onWindowFocusChanged true
D/MiAdvancedView( 2033): canvas hardware render: true
I/EventHandler( 3228): [ScreenStateReceiver] screen off
I/ContentProviderBinder( 2033): query result count: 0 content://com.android.contacts/data
I/ContentProviderBinder( 2033): query result count: 0 content://com.android.contacts/data
D/audio_hw_primary( 313): adev_set_parameters: enter: screen_state=off
D/audio_hw_extn( 313): audio_extn_set_anc_parameters: anc_enabled:0
D/LEDBlinker( 2627): isBlack: true, color: -16777216, isCustomBlink: false, blinkFrequeny: 3000
D/LEDBlinker( 2627): Shows hardware led for packname 'DUMMY_LED' (genericID: 'DUMMY_LED') with color -16777216
D/LEDBlinker( 2627): Screen off
E/NotificationService( 1822): Not posting notification with icon==0: Notification(pri=0 contentView=com.ledblinker.pro/0x1090066 vibrate=null sound=null defaults=0x0 flags=0x1 kind=[null])
E/NotificationService( 1822): WARNING: In a future release this will crash the app: com.ledblinker.pro
D/LEDBlinker( 2627): Has missed call: false
D/LEDBlinker( 2627): Remove charging colors
E/LocSvc_eng( 1822): W/int loc_eng_inject_location(loc_eng_data_s_type&, double, double, float): log_eng state error: instance not initialized
D/LBSSystemMonitorService( 1822): handleMessage what - 7
D/Wiper_jni( 1822): Send Passive Location.
I/GCoreUlr( 2637): Successfully inserted location
I/GCoreUlr( 2637): Not calling LocationReportingService, hasMoved: true, elapsed millis: 59926, request: Phone
D/StatusBar.NetworkController( 2033): updateTelephonySignalStrength: mSignalStrength == 6(GSM) 99(CDMA) 255(LTE)
D/AlarmManagerService( 1822): Kernel timezone updated to -120 minutes west of GMT
D/StatusBar.NetworkController( 2033): updateTelephonySignalStrength: mSignalStrength == 6(GSM) 99(CDMA) 255(LTE)
D/PhoneStatusBar( 2033): updateNotification pkg=org.pixmob.freemobile.netstat;id=2131296258
D/LEDBlinker( 2627): Notification onNotificationPosted: StatusBarNotification(pkg=org.pixmob.freemobile.netstat user=UserHandle{0} id=2131296258 tag=null score=-10: Notification(pri=-1 contentView=org.pixmob.freemobile.netstat/0x1090066 vibrate=null sound=null defaults=0x0 flags=0x62 kind=[null] 1 action))
W/dalvikvm( 2632): No implementation found for native Lorg/nemomobile/lipstick/LipstickNativeMethods;.nativeOnNotificationPosted:(I)V
W/Lipstick( 2632): Lipstick not loaded yet
D/MobileDataStateTracker( 1822): default: Broadcast received: android.intent.action.ANY_DATA_STATE apnType=default
D/MobileDataStateTracker( 1822): default: Received state=CONNECTED, old=CONNECTED, reason=(unspecified)
D/SizeAdaptiveLayout( 2033): com.android.internal.widget.SizeAdaptiveLayout{44835ab0 V.E..... ......ID 0,0-1053,143 #7f0d00b6 app:id/adaptive}child view android.widget.FrameLayout{42151cb0 V.E..... ......ID 0,0-1053,142 #10202e3 android:id/status_bar_latest_event_content} measured out of bounds at 142px clamped to 143px
D/ConnectivityService( 1822): Setting TCP values: [0] which comes from [net.tcp.usercfg.default]
D/ConnectivityService( 1822): Setting TCP values: [1] which comes from [net.tcp.delack.default]
D/LEDBlinker( 2627): Notification onNotificationPosted: StatusBarNotification(pkg=org.pixmob.freemobile.netstat user=UserHandle{0} id=2131296258 tag=null score=-10: Notification(pri=-1 contentView=org.pixmob.freemobile.netstat/0x1090066 vibrate=null sound=null defaults=0x0 flags=0x62 kind=[null] 1 action))
W/dalvikvm( 2632): No implementation found for native Lorg/nemomobile/lipstick/LipstickNativeMethods;.nativeOnNotificationPosted:(I)V
W/Lipstick( 2632): Lipstick not loaded yet
D/PhoneStatusBar( 2033): updateNotification pkg=org.pixmob.freemobile.netstat;id=2131296258
D/SizeAdaptiveLayout( 2033): com.android.internal.widget.SizeAdaptiveLayout{44835ab0 V.E..... ......ID 0,0-1053,143 #7f0d00b6 app:id/adaptive}child view android.widget.FrameLayout{42151cb0 V.E..... ......ID 0,0-1053,142 #10202e3 android:id/status_bar_latest_event_content} measured out of bounds at 142px clamped to 143px
D/BatteryInfoReceiver( 2487): 现有电量:92
D/LEDBlinker( 2627): isBlack: false, color: -65281, isCustomBlink: false, blinkFrequeny: 3000
D/LEDBlinker( 2627): Shows hardware led for packname 'com.quoord.tapatalkpro.activity' (genericID: 'com.quoord.tapatalkpro.activity') with color -65281
E/NotificationService( 1822): Not posting notification with icon==0: Notification(pri=0 contentView=com.ledblinker.pro/0x1090066 vibrate=null sound=null defaults=0x0 flags=0x1 kind=[null])
E/NotificationService( 1822): WARNING: In a future release this will crash the app: com.ledblinker.pro
I/qdhwcomposer( 310): handle_blank_event: dpy:0 panel power state: 0
W/PushService( 2270): 2014-09-22 08:58:35,146 - [WARN::PushService] - JOB: check the ping-pong.
D/LEDBlinker( 2627): isBlack: false, color: -65281, isCustomBlink: false, blinkFrequeny: 3000
D/LEDBlinker( 2627): Shows hardware led for packname 'com.quoord.tapatalkpro.activity' (genericID: 'com.quoord.tapatalkpro.activity') with color -65281
E/NotificationService( 1822): Not posting notification with icon==0: Notification(pri=0 contentView=com.ledblinker.pro/0x1090066 vibrate=null sound=null defaults=0x0 flags=0x1 kind=[null])
E/NotificationService( 1822): WARNING: In a future release this will crash the app: com.ledblinker.pro
I/qdhwcomposer( 310): handle_blank_event: dpy:0 panel power state: 0
D/LEDBlinker( 2627): isBlack: false, color: -65281, isCustomBlink: false, blinkFrequeny: 3000
D/LEDBlinker( 2627): Shows hardware led for packname 'com.quoord.tapatalkpro.activity' (genericID: 'com.quoord.tapatalkpro.activity') with color -65281
E/NotificationService( 1822): Not posting notification with icon==0: Notification(pri=0 contentView=com.ledblinker.pro/0x1090066 vibrate=null sound=null defaults=0x0 flags=0x1 kind=[null])
E/NotificationService( 1822): WARNING: In a future release this will crash the app: com.ledblinker.pro
I/qdhwcomposer( 310): handle_blank_event: dpy:0 panel power state: 0
D/LEDBlinker( 2627): isBlack: false, color: -65281, isCustomBlink: false, blinkFrequeny: 3000
D/LEDBlinker( 2627): Shows hardware led for packname 'com.quoord.tapatalkpro.activity' (genericID: 'com.quoord.tapatalkpro.activity') with color -65281
E/NotificationService( 1822): Not posting notification with icon==0: Notification(pri=0 contentView=com.ledblinker.pro/0x1090066 vibrate=null sound=null defaults=0x0 flags=0x1 kind=[null])
E/NotificationService( 1822): WARNING: In a future release this will crash the app: com.ledblinker.pro
I/qdhwcomposer( 310): handle_blank_event: dpy:0 panel power state: 0
D/LEDBlinker( 2627): isBlack: false, color: -65281, isCustomBlink: false, blinkFrequeny: 3000
D/LEDBlinker( 2627): Shows hardware led for packname 'com.quoord.tapatalkpro.activity' (genericID: 'com.quoord.tapatalkpro.activity') with color -65281
E/NotificationService( 1822): Not posting notification with icon==0: Notification(pri=0 contentView=com.ledblinker.pro/0x1090066 vibrate=null sound=null defaults=0x0 flags=0x1 kind=[null])
E/NotificationService( 1822): WARNING: In a future release this will crash the app: com.ledblinker.pro
I/qdhwcomposer( 310): handle_blank_event: dpy:0 panel power state: 0
D/LEDBlinker( 2627): isBlack: false, color: -65281, isCustomBlink: false, blinkFrequeny: 3000
D/LEDBlinker( 2627): Shows hardware led for packname 'com.quoord.tapatalkpro.activity' (genericID: 'com.quoord.tapatalkpro.activity') with color -65281
E/NotificationService( 1822): Not posting notification with icon==0: Notification(pri=0 contentView=com.ledblinker.pro/0x1090066 vibrate=null sound=null defaults=0x0 flags=0x1 kind=[null])
E/NotificationService( 1822): WARNING: In a future release this will crash the app: com.ledblinker.pro
I/qdhwcomposer( 310): handle_blank_event: dpy:0 panel power state: 0
D/PictureClock( 2033): newTime=08:59
D/LEDBlinker( 2627): isBlack: false, color: -65281, isCustomBlink: false, blinkFrequeny: 3000
D/LEDBlinker( 2627): Shows hardware led for packname 'com.quoord.tapatalkpro.activity' (genericID: 'com.quoord.tapatalkpro.activity') with color -65281
E/NotificationService( 1822): Not posting notification with icon==0: Notification(pri=0 contentView=com.ledblinker.pro/0x1090066 vibrate=null sound=null defaults=0x0 flags=0x1 kind=[null])
E/NotificationService( 1822): WARNING: In a future release this will crash the app: com.ledblinker.pro
I/qdhwcomposer( 310): handle_blank_event: dpy:0 panel power state: 0
D/LEDBlinker( 2627): isBlack: false, color: -65281, isCustomBlink: false, blinkFrequeny: 3000
D/LEDBlinker( 2627): Shows hardware led for packname 'com.quoord.tapatalkpro.activity' (genericID: 'com.quoord.tapatalkpro.activity') with color -65281
E/NotificationService( 1822): Not posting notification with icon==0: Notification(pri=0 contentView=com.ledblinker.pro/0x1090066 vibrate=null sound=null defaults=0x0 flags=0x1 kind=[null])
E/NotificationService( 1822): WARNING: In a future release this will crash the app: com.ledblinker.pro
I/qdhwcomposer( 310): handle_blank_event: dpy:0 panel power state: 0
D/LEDBlinker( 2627): isBlack: false, color: -65281, isCustomBlink: false, blinkFrequeny: 3000
D/LEDBlinker( 2627): Shows hardware led for packname 'com.quoord.tapatalkpro.activity' (genericID: 'com.quoord.tapatalkpro.activity') with color -65281
E/NotificationService( 1822): Not posting notification with icon==0: Notification(pri=0 contentView=com.ledblinker.pro/0x1090066 vibrate=null sound=null defaults=0x0 flags=0x1 kind=[null])
E/NotificationService( 1822): WARNING: In a future release this will crash the app: com.ledblinker.pro
I/qdhwcomposer( 310): handle_blank_event: dpy:0 panel power state: 0
W/PushService( 2270): 2014-09-22 08:59:13,200 - [WARN::PushService] - [Thread:1] register timer
W/PushService( 2270): 2014-09-22 08:59:13,201 - [WARN::PushService] - [Thread:1] com.xiaomi.xmsf is the package name
W/PushService( 2270): 2014-09-22 08:59:13,201 - [WARN::PushService] - [Thread:1] Ping XMChannelService on timer
W/PushService( 2270): 2014-09-22 08:59:13,203 - [WARN::PushService] - [Thread:1] onStart() with intent.Action = com.xiaomi.push.timer
I/drm ( 1822): check theme drm event received
W/PushService( 2270): 2014-09-22 08:59:13,205 - [WARN::PushService] - Service called on timer
W/PushService( 2270): 2014-09-22 08:59:13,206 - [WARN::PushService] - [Thread:57] SMACK 08:59:13 AM SENT (1106398560):

t:2803

W/PushService( 2270):
I/drm ( 1822): validate theme in /data/system/theme/
I/drm ( 1822): validate theme in /data/system/theme/.runtime
I/drm ( 1822): validate theme in /data/system/theme/icons
I/drm ( 1822): checking component /data/system/theme/icons with /data/system/theme/rights
D/dalvikvm( 1822): wrong object type: Ljava/lang/Boolean; Lmiui/drm/DrmManager$DrmResult;
W/dalvikvm( 1822): threadid=75: thread exiting with uncaught exception (group=0x41781ce0)
E/AndroidRuntime( 1822): *** FATAL EXCEPTION IN SYSTEM PROCESS: Thread-451
E/AndroidRuntime( 1822): java.lang.ClassCastException: java.lang.Boolean cannot be cast to miui.drm.DrmManager$DrmResult
E/AndroidRuntime( 1822): at miui.drm.DrmManager.isLegal(Native Method)
E/AndroidRuntime( 1822): at miui.drm.ThemeReceiver.validateTheme(ThemeReceiver.java:71)
E/AndroidRuntime( 1822): at miui.drm.ThemeReceiver.validateTheme(ThemeReceiver.java:65)
E/AndroidRuntime( 1822): at miui.drm.ThemeReceiver.access$100(ThemeReceiver.java:19)
E/AndroidRuntime( 1822): at miui.drm.ThemeReceiver$1.run(ThemeReceiver.java:44)
E/AndroidRuntime( 1822): at java.lang.Thread.run(Thread.java:841)
I/Process ( 1822): Sending signal. PID: 1822 SIG: 9
W/Sensors ( 2893): sensorservice died [0x7bf4c6f8]
W/Sensors (20916): sensorservice died [0x779b9ca0]
W/Sensors ( 5224): sensorservice died [0x756e6058]
W/Sensors ( 2637): sensorservice died [0x7635e270]
W/AudioFlinger( 313): power manager service died !!!
E/WifiManager(20916): Channel connection lost
W/Sensors ( 2200): sensorservice died [0x75f04b00]
E/WifiManager( 2166): Channel connection lost
I/ServiceManager( 301): service 'netpolicy' died
I/ServiceManager( 301): service 'activity' died
I/ServiceManager( 301): service 'package' died
I/ServiceManager( 301): service 'sensorservice' died
I/ServiceManager( 301): service 'wifi' died
I/ServiceManager( 301): service 'power' died
I/ServiceManager( 301): service 'usagestats' died
I/ServiceManager( 301): service 'batterystats' died
I/ServiceManager( 301): service 'appops' died
I/ServiceManager( 301): service 'display' died
I/ServiceManager( 301): service 'XHaloFloatingWindow-Service' died
I/ServiceManager( 301): service 'telephony.registry' died
I/ServiceManager( 301): service 'scheduling_policy' died
I/ServiceManager( 301): service 'account' died
I/ServiceManager( 301): service 'cpuinfo' died
I/ServiceManager( 301): service 'procstats' died
I/ServiceManager( 301): service 'permission' died
I/ServiceManager( 301): service 'meminfo' died
I/ServiceManager( 301): service 'consumer_ir' died
I/ServiceManager( 301): service 'hardware' died
I/ServiceManager( 301): service 'entropy' died
I/ServiceManager( 301): service 'user' died
I/ServiceManager( 301): service 'content' died
I/ServiceManager( 301): service 'dbinfo' died
I/ServiceManager( 301): service 'gfxinfo' died
I/ServiceManager( 301): service 'input_method' died
I/ServiceManager( 301): service 'accessibility' died
I/ServiceManager( 301): service 'device_policy' died
I/ServiceManager( 301): service 'statusbar' died
I/ServiceManager( 301): service 'lock_settings' died
I/ServiceManager( 301): service 'mount' died
I/ServiceManager( 301): service 'window' died
I/ServiceManager( 301): service 'input' died
I/ServiceManager( 301): service 'textservices' died
I/ServiceManager( 301): service 'bluetooth_manager' died
I/ServiceManager( 301): service 'audio' died
I/ServiceManager( 301): service 'servicediscovery' died
I/ServiceManager( 301): service 'updatelock' died
I/ServiceManager( 301): service 'miui.clipserviceext' died
I/ServiceManager( 301): service 'network_management' died
I/ServiceManager( 301): service 'vibrator' died
I/ServiceManager( 301): service 'battery' died
I/ServiceManager( 301): service 'usb' died
I/ServiceManager( 301): service 'miui.usb.service' died
I/ServiceManager( 301): service 'miui.os.servicemanager' died
I/ServiceManager( 301): service 'serial' died
I/ServiceManager( 301): service 'security' died
I/ServiceManager( 301): service 'uimode' died
I/ServiceManager( 301): service 'backup' died
I/ServiceManager( 301): service 'appwidget' died
I/ServiceManager( 301): service 'diskstats' died
I/ServiceManager( 301): service 'samplingprofiler' died
I/ServiceManager( 301): service 'commontime_management' died
I/ServiceManager( 301): service 'dreams' died
I/ServiceManager( 301): service 'assetatlas' died
I/ServiceManager( 301): service 'print' died
I/ServiceManager( 301): service 'themes' died
I/ServiceManager( 301): service 'media_router' died
I/ServiceManager( 301): service 'edgegestureservice' died
I/ServiceManager( 301): service 'alarm' died
I/ServiceManager( 301): service 'wifip2p' died
I/ServiceManager( 301): service 'profile' died
I/ServiceManager( 301): service 'notification' died
I/ServiceManager( 301): service 'devicestoragemonitor' died
I/ServiceManager( 301): service 'location' died
I/ServiceManager( 301): service 'country_detector' died
I/ServiceManager( 301): service 'search' died
I/ServiceManager( 301): service 'dropbox' died
I/ServiceManager( 301): service 'wallpaper' died
I/ServiceManager( 301): service 'miui.Firewall' died
I/ServiceManager( 301): service 'netstats' died
I/ServiceManager( 301): service 'clipboard' died
I/ServiceManager( 301): service 'connectivity' died
E/WifiManager(32148): Channel connection lost
E/WifiManager( 5224): Channel connection lost
E/WifiManager( 2033): Channel connection lost
E/WifiManager( 3228): Channel connection lost
E/WifiManager( 2637): Channel connection lost
D/SurfaceFlinger( 310): Screen acquired, type=0 flinger=0xb79ac450
D/qdhwcomposer( 310): hwc_blank: Unblanking display: 0
E/WifiManager( 2200): Channel connection lost
E/WifiManager(32720): Channel connection lost
E/WifiManager( 2893): Channel connection lost
E/installd( 314): eof
E/installd( 314): failed to read transaction id
I/installd( 314): closing connection
I/qdhwcomposer( 310): handle_blank_event: dpy:0 panel power state: 1
D/qdhwcomposer( 310): hwc_blank: Done unblanking display: 0
W/AudioFlinger( 313): Thread AudioOut_2 cannot connect to the power manager service
W/AudioFlinger( 313): Thread AudioOut_2 cannot connect to the power manager service
E/AudioFlinger( 313): no wake lock to update!
D/libEGL ( 1369): loaded /vendor/lib/egl/libEGL_adreno.so
D/libEGL ( 1369): loaded /vendor/lib/egl/libGLESv1_CM_adreno.so
D/libEGL ( 1369): loaded /vendor/lib/egl/libGLESv2_adreno.so
I/Adreno-EGL( 1369): : EGL 1.4 QUALCOMM build: AU_LINUX_ANDROID_LNX.LA.3.5.2.2_RB1.04.04.02.087.006_msm8974_LNX.LA.3.5.2.2_RB1__release_AU ()
I/Adreno-EGL( 1369): OpenGL ES Shader Compiler Version: E031.24.00.14
I/Adreno-EGL( 1369): Build Date: 04/29/14 Tue I/Adreno-EGL( 1369): Local Branch: mybranch3162585
I/Adreno-EGL( 1369): Remote Branch: quic/LNX.LA.3.5.2.2_rb1
I/Adreno-EGL( 1369): Local Patches: NONE
I/Adreno-EGL( 1369): Reconstruct Branch: AU_LINUX_ANDROID_LNX.LA.3.5.2.2_RB1.04.04.02.087.006 + NOTHING
I/Zygote ( 311): Exit zygote because system server (1822) has terminated
I/Netd ( 1375): Netd 1.0 starting
W/InterfaceController( 1375): Warning (dlopen failed: library "/system/lib/libnetcmdiface.so" not found) while opening the net interface command library
I/ServiceManager( 301): service 'media.audio_policy' died
I/ServiceManager( 301): service 'media.audio_flinger' died
I/ServiceManager( 301): service 'media.player' died
I/ServiceManager( 301): service 'media.camera' died
I/ThermalEngine( 319): Thermal-Server: removing client on fd 11
W/AudioSystem( 1369): AudioFlinger server died!
I/ServiceManager( 301): service 'simphonebook' died
I/ServiceManager( 301): service 'iphonesubinfo' died
I/ServiceManager( 301): service 'isms' died
I/ServiceManager( 301): service 'sip' died
I/ServiceManager( 301): service 'phone' died
I/ServiceManager( 301): service 'nfc' died
I/mediaserver( 1385): ServiceManager: 0xb7340448
I/AudioFlinger( 1385): Using default 3000 mSec as standby time.
E/MediaPlayerFactory( 1385): calling dlopen on FACTORY_LIB
E/MediaPlayerFactory( 1385): calling dlsym on pFactoryLib for FACTORY_CREATE_FN
E/MediaPlayerFactory( 1385): registering DASH Player factory...
I/CameraService( 1385): CameraService started (pid=1385)
D/mm-camera-intf( 1385): index = 0 flag = 1 mount_angle = 90 facing = 0
D/mm-camera-intf( 1385): index = 1 flag = 103 mount_angle = 270 facing = 1
I/CameraService( 1385): Loaded "QCamera Module" camera module
I/AudioPolicyManagerBase( 1385): loadAudioPolicyConfig() loaded /system/etc/audio_policy.conf
D/audio_hw_primary( 1385): adev_open: enter
D/msm8974_platform( 1385): platform_init: Opened sound card:0
D/ACDB-LOADER( 1385): ACDB -> Load file: /etc/acdbdata/MTP/MTP_Bluetooth_cal.acdb
D/ACDB-LOADER( 1385): ACDB -> Load file: /etc/acdbdata/MTP/MTP_General_cal.acdb
D/ACDB-LOADER( 1385): ACDB -> Load file: /etc/acdbdata/MTP/MTP_Global_cal.acdb
D/ACDB-LOADER( 1385): ACDB -> Load file: /etc/acdbdata/MTP/MTP_Handset_cal.acdb
D/ACDB-LOADER( 1385): ACDB -> Load file: /etc/acdbdata/MTP/MTP_Hdmi_cal.acdb
D/ACDB-LOADER( 1385): ACDB -> Load file: /etc/acdbdata/MTP/MTP_Headset_cal.acdb
D/ACDB-LOADER( 1385): ACDB -> Load file: /etc/acdbdata/MTP/MTP_Speaker_cal.acdb
D/ACDB-LOADER( 1385): ACDB -> ACDB_CMD_INITIALIZE_V2
D/ACDB-LOADER( 1385): ACDB -> ACPH INIT
D/ ( 1385): [ACPH]->Online service registered with ACPH
D/ ( 1385): [ACPH]->ACPH init success
D/ACDB-LOADER( 1385): ACDB -> RTAC INIT
D/ ( 1385): [ACPH]->DSP RTC service registered with ACPH
D/ACDB-LOADER( 1385): ACDB -> ADIE RTAC INIT
D/ ( 1385): [ACPH]->ADIE RTC service registered with ACPH
D/ACDB-LOADER( 1385): No existing ION info in ACDB driver
D/ACDB-LOADER( 1385): ACDB -> ION_IOC_ALLOC
D/ACDB-LOADER( 1385): ACDB -> ION_IOC_SHARE
D/ACDB-LOADER( 1385): ACDB -> MMAP ADDR
D/ACDB-LOADER( 1385): ACDB -> register MEM to ACDB driver: 0xb32bd000
D/ACDB-LOADER( 1385): ACDB -> send_asm_topology
D/ACDB-LOADER( 1385): ACDB -> ACDB_CMD_GET_AUDPROC_STREAM_TOPOLOGY_ID
D/ACDB-LOADER( 1385): ACDB -> send_adm_custom_topology
D/ACDB-LOADER( 1385): ACDB -> ACDB_CMD_GET_AUDIO_COPP_TOPOLOGIES
D/ACDB-LOADER( 1385): ACDB -> AUDIO_SET_ADM_CUSTOM_TOPOLOGY
D/ACDB-LOADER( 1385): ACDB -> send_asm_custom_topology
D/ACDB-LOADER( 1385): ACDB -> ACDB_CMD_GET_AUDIO_POPP_TOPOLOGIES
D/ACDB-LOADER( 1385): ACDB -> AUDIO_SET_ASM_CUSTOM_TOPOLOGY
D/ACDB-LOADER( 1385): send mbhc data
D/ACDB-LOADER( 1385): ACDB -> ACDB_CMD_GET_ANC_SETTING
D/ACDB-LOADER( 1385): ACDB -> ACDB_CMD_GET_ANC_SETTING
D/ACDB-LOADER( 1385): ACDB -> ACDB_CMD_GET_ANC_SETTING
D/ACDB-LOADER( 1385): ACDB -> ACDB_CMD_GET_ANC_SETTING
D/ACDB-LOADER( 1385): ACDB -> ACDB_CMD_GET_ANC_SETTING
D/ACDB-LOADER( 1385): ACDB -> ACDB_CMD_GET_ANC_SETTING
D/ACDB-LOADER( 1385): ACDB -> ACDB_CMD_GET_ANC_SETTING
D/ACDB-LOADER( 1385): ACDB -> init done!
D/audio_hw_spkr_prot( 1385): audio_extn_spkr_prot_init: Initialize speaker protection module
D/audio_hw_spkr_prot( 1385): audio_extn_spkr_prot_init: Speaker protection disabled
I/AudioFlinger( 1385): loadHwModule() Loaded primary audio interface from QCOM Audio HAL (audio) handle 1
D/audio_hw_primary( 1385): adev_open_output_stream: enter: sample_rate(8000) channel_mask(0x3) devices(0x2) flags(0x6) stream_handle(0xb73617c8)
D/audio_hw_primary( 1385): adev_open_output_stream: Stream (0xb73617c8) picks up usecase (low-latency-playback)
I/AudioFlinger( 1385): HAL output buffer size 240 frames, normal mix buffer size 960 frames
I/AudioMixer( 1385): found effect "Multichannel Downmix To Stereo" from The Android Open Source Project
E/MonoPipe( 1385): Failed to fetch local time frequency when constructing a MonoPipe (res = -32). getNextWriteTimestamp calls will be non-functional
V/NatController( 1375): runCmd(/system/bin/iptables -F natctrl_FORWARD) res=0
V/NatController( 1375): runCmd(/system/bin/iptables -A natctrl_FORWARD -j DROP) res=0
V/NatController( 1375): runCmd(/system/bin/iptables -t nat -F natctrl_nat_POSTROUTING) res=0
V/NatController( 1375): runCmd(/system/bin/ip route flush cache) res=0
V/NatController( 1375): runCmd(/system/bin/iptables -F natctrl_tether_counters) res=0
V/NatController( 1375): runCmd(/system/bin/iptables -X natctrl_tether_counters) res=0
V/NatController( 1375): runCmd(/system/bin/iptables -N natctrl_tether_counters) res=0
D/MDnsDS ( 1375): MDnsSdListener::Hander starting up
D/MDnsDS ( 1375): MDnsSdListener starting to monitor
D/MDnsDS ( 1375): Going to poll with pollCount 1
D/Xposed ( 1376): Starting Xposed binary version 58, compiled for SDK 16
D/Xposed ( 1376): Phone: One (OnePlus), Android version 4.4.4 (SDK 19)
D/Xposed ( 1376): ROM: KTU84P
D/Xposed ( 1376): Build fingerprint: oneplus/bacon/A0001:4.4.2/KVT49L/XNPH22R:user/release-keys
I/Xposed ( 1376): -----------------
I/Xposed ( 1376): Added Xposed (/data/data/pro.burgerz.wsm.manager/bin/XposedBridge.jar) to CLASSPATH.
D/AndroidRuntime( 1376):
D/AndroidRuntime( 1376): >>>>>> AndroidRuntime START de.robv.android.xposed.XposedBridge <<<<<<
D/AndroidRuntime( 1376): CheckJNI is OFF
D/dalvikvm( 1376): Trying to load lib libjavacore.so 0x0
D/dalvikvm( 1376): Added shared lib libjavacore.so 0x0
D/dalvikvm( 1376): Trying to load lib libnativehelper.so 0x0
D/dalvikvm( 1376): Added shared lib libnativehelper.so 0x0
D/dalvikvm( 1376): No JNI_OnLoad found in libnativehelper.so 0x0, skipping init
D/Xposed ( 1376): Using structure member offsets for mode WITH_JIT
D/Xposed ( 1376): Removing final flag for class 'android/content/res/MiuiResources'
I/Xposed ( 1376): Found Xposed class 'de/robv/android/xposed/XposedBridge', now initializing
D/dalvikvm( 1376): Note: class Landroid/app/ActivityManagerNative; has 180 unimplemented (abstract) methods
I/Xposed ( 1376): -----------------
I/Xposed ( 1376): 22 sept. 2014 06:59:17 UTC
I/Xposed ( 1376): Loading Xposed v56 (for Zygote)...
I/Xposed ( 1376): Running ROM 'KTU84P' with fingerprint 'oneplus/bacon/A0001:4.4.2/KVT49L/XNPH22R:user/release-keys'
D/idmap ( 1641): error: no read access to /vendor/overlay: No such file or directory
I/Xposed ( 1376): Loading modules from /data/app/pro.burgerz.wsm.mods.wsm_playstorefix-1.apk
I/Xposed ( 1376): Loading class pro.burgerz.wsm.mods.wsm_playstorefix.PlayStoreFix
I/Xposed ( 1376): Loading modules from /data/app/pro.burgerz.wsm.mods.mitools-1.apk
I/Xposed ( 1376): Loading class pro.burgerz.wsm.mods.mitools.MiTools
I/Xposed ( 1376): [06:59] [MiTools] [Android] Method not found! Skipping...
I/Xposed ( 1376): [06:59] [MiTools] [Android] Method not found! Skipping...
I/Xposed ( 1376): [06:59] [MiTools] [VolumeSteps] Class: "android.media.AudioService$RemotePlaybackState" not found.
I/Xposed ( 1376): java.lang.NoSuchMethodError: com.android.internal.policy.impl.PhoneWindowManager#applyStableConstraints(int,int,android.graphics.Rect)#exact
I/Xposed ( 1376): at de.robv.android.xposed.XposedHelpers.findMethodExact(XposedHelpers.java:196)
I/Xposed ( 1376): at de.robv.android.xposed.XposedHelpers.findAndHookMethod(XposedHelpers.java:146)
I/Xposed ( 1376): at pro.burgerz.wsm.mods.mitools.classes.launcher.ExpandedDesktop.initZygote(ExpandedDesktop.java:611)
